5.253.204.82 - - [29/Jul/2026:19:17:02 +0530] "GET /wp-includes/js/media-grid.min.js?ver=7.0.2 HTTP/2" 200 3681 "https://nanotechtechnologies.com/wp-admin/post-new.php" "Mozilla/5.0 (Windows NT 10.0; Win64; x64) AppleWebKit/537.36 (KHTML, like Gecko) Chrome/149.0.0.0 Safari/537.36"
5.253.204.82 - - [29/Jul/2026:19:17:02 +0530] "GET /wp-includes/js/quicktags.min.js?ver=7.0.2 HTTP/2" 200 3331 "https://nanotechtechnologies.com/wp-admin/post-new.php" "Mozilla/5.0 (Windows NT 10.0; Win64; x64) AppleWebKit/537.36 (KHTML, like Gecko) Chrome/149.0.0.0 Safari/537.36"
5.253.204.82 - - [29/Jul/2026:19:17:02 +0530] "GET /wp-includes/js/wplink.min.js?ver=7.0.2 HTTP/2" 200 3693 "https://nanotechtechnologies.com/wp-admin/post-new.php" "Mozilla/5.0 (Windows NT 10.0; Win64; x64) AppleWebKit/537.36 (KHTML, like Gecko) Chrome/149.0.0.0 Safari/537.36"
5.253.204.82 - - [29/Jul/2026:19:17:02 +0530] "GET /wp-includes/js/jquery/ui/menu.min.js?ver=1.13.3 HTTP/2" 200 2917 "https://nanotechtechnologies.com/wp-admin/post-new.php" "Mozilla/5.0 (Windows NT 10.0; Win64; x64) AppleWebKit/537.36 (KHTML, like Gecko) Chrome/149.0.0.0 Safari/537.36"
5.253.204.82 - - [29/Jul/2026:19:17:02 +0530] "GET /wp-includes/js/jquery/ui/autocomplete.min.js?ver=1.13.3 HTTP/2" 200 2715 "https://nanotechtechnologies.com/wp-admin/post-new.php" "Mozilla/5.0 (Windows NT 10.0; Win64; x64) AppleWebKit/537.36 (KHTML, like Gecko) Chrome/149.0.0.0 Safari/537.36"
5.253.204.82 - - [29/Jul/2026:19:17:02 +0530] "GET /wp-content/plugins/elementor/assets/js/packages/icons/icons.min.js?ver=3.32.3 HTTP/2" 200 94909 "https://nanotechtechnologies.com/wp-admin/post-new.php" "Mozilla/5.0 (Windows NT 10.0; Win64; x64) AppleWebKit/537.36 (KHTML, like Gecko) Chrome/149.0.0.0 Safari/537.36"
5.253.204.82 - - [29/Jul/2026:19:17:02 +0530] "GET /wp-content/plugins/elementor/assets/js/ai-media-library.min.js?ver=3.32.3 HTTP/2" 200 163312 "https://nanotechtechnologies.com/wp-admin/post-new.php" "Mozilla/5.0 (Windows NT 10.0; Win64; x64) AppleWebKit/537.36 (KHTML, like Gecko) Chrome/149.0.0.0 Safari/537.36"
5.253.204.82 - - [29/Jul/2026:19:17:09 +0530] "GET /wp-content/uploads/2025/10/cropped-Nanotech-Technologies-1-192x192.png HTTP/2" 200 42091 "https://nanotechtechnologies.com/wp-admin/post-new.php" "Mozilla/5.0 (Windows NT 10.0; Win64; x64) AppleWebKit/537.36 (KHTML, like Gecko) Chrome/149.0.0.0 Safari/537.36"
5.253.204.82 - - [29/Jul/2026:19:17:09 +0530] "GET /wp-includes/js/thickbox/loadingAnimation.gif HTTP/2" 200 15238 "https://nanotechtechnologies.com/wp-admin/post-new.php" "Mozilla/5.0 (Windows NT 10.0; Win64; x64) AppleWebKit/537.36 (KHTML, like Gecko) Chrome/149.0.0.0 Safari/537.36"
5.253.204.82 - - [29/Jul/2026:19:17:09 +0530] "GET /wp-content/uploads/2025/10/cropped-Nanotech-Technologies-1.png HTTP/2" 200 195484 "https://nanotechtechnologies.com/wp-admin/post-new.php" "Mozilla/5.0 (Windows NT 10.0; Win64; x64) AppleWebKit/537.36 (KHTML, like Gecko) Chrome/149.0.0.0 Safari/537.36"
5.253.204.82 - - [29/Jul/2026:19:17:10 +0530] "OPTIONS /index.php/wp-json/wp/v2/settings?_locale=user HTTP/2" 200 1217 "https://nanotechtechnologies.com/wp-admin/post-new.php" "Mozilla/5.0 (Windows NT 10.0; Win64; x64) AppleWebKit/537.36 (KHTML, like Gecko) Chrome/149.0.0.0 Safari/537.36"
5.253.204.82 - - [29/Jul/2026:19:17:10 +0530] "GET /index.php/wp-json/wp/v2/users/1?context=view&_fields=id%2Cname&_locale=user HTTP/2" 200 41 "https://nanotechtechnologies.com/wp-admin/post-new.php" "Mozilla/5.0 (Windows NT 10.0; Win64; x64) AppleWebKit/537.36 (KHTML, like Gecko) Chrome/149.0.0.0 Safari/537.36"
5.253.204.82 - - [29/Jul/2026:19:17:10 +0530] "OPTIONS /index.php/wp-json/wp/v2/posts?_locale=user HTTP/2" 200 3015 "https://nanotechtechnologies.com/wp-admin/post-new.php" "Mozilla/5.0 (Windows NT 10.0; Win64; x64) AppleWebKit/537.36 (KHTML, like Gecko) Chrome/149.0.0.0 Safari/537.36"
5.253.204.82 - - [29/Jul/2026:19:17:10 +0530] "GET /index.php/wp-json/wp/v2/blocks?context=edit&per_page=100&page=1&_locale=user HTTP/2" 200 6 "https://nanotechtechnologies.com/wp-admin/post-new.php" "Mozilla/5.0 (Windows NT 10.0; Win64; x64) AppleWebKit/537.36 (KHTML, like Gecko) Chrome/149.0.0.0 Safari/537.36"
5.253.204.82 - - [29/Jul/2026:19:17:10 +0530] "GET /index.php/wp-json/wp/v2/taxonomies?context=edit&per_page=100&_locale=user HTTP/2" 200 1455 "https://nanotechtechnologies.com/wp-admin/post-new.php" "Mozilla/5.0 (Windows NT 10.0; Win64; x64) AppleWebKit/537.36 (KHTML, like Gecko) Chrome/149.0.0.0 Safari/537.36"
5.253.204.82 - - [29/Jul/2026:19:17:10 +0530] "GET /index.php/wp-json/wp/v2/wp_pattern_category?context=view&per_page=100&_fields=id%2Cname%2Cdescription%2Cslug&_locale=user HTTP/2" 200 6 "https://nanotechtechnologies.com/wp-admin/post-new.php" "Mozilla/5.0 (Windows NT 10.0; Win64; x64) AppleWebKit/537.36 (KHTML, like Gecko) Chrome/149.0.0.0 Safari/537.36"
5.253.204.82 - - [29/Jul/2026:19:17:12 +0530] "GET /index.php/wp-json/wp/v2/templates/lookup?slug=single-post&_locale=user HTTP/2" 200 6 "https://nanotechtechnologies.com/wp-admin/post-new.php" "Mozilla/5.0 (Windows NT 10.0; Win64; x64) AppleWebKit/537.36 (KHTML, like Gecko) Chrome/149.0.0.0 Safari/537.36"
5.253.204.82 - - [29/Jul/2026:19:17:10 +0530] "GET /index.php/wp-json/wp/v2/block-patterns/patterns?_locale=user HTTP/2" 200 20575 "https://nanotechtechnologies.com/wp-admin/post-new.php" "Mozilla/5.0 (Windows NT 10.0; Win64; x64) AppleWebKit/537.36 (KHTML, like Gecko) Chrome/149.0.0.0 Safari/537.36"
5.253.204.82 - - [29/Jul/2026:19:17:14 +0530] "GET /index.php/wp-json/wp/v2/tags?context=edit&per_page=1&_locale=user HTTP/2" 200 6 "https://nanotechtechnologies.com/wp-admin/post-new.php" "Mozilla/5.0 (Windows NT 10.0; Win64; x64) AppleWebKit/537.36 (KHTML, like Gecko) Chrome/149.0.0.0 Safari/537.36"
5.253.204.82 - - [29/Jul/2026:19:17:14 +0530] "GET /index.php/wp-json/wp/v2/categories?context=edit&exclude%5B0%5D=1&per_page=1&_locale=user HTTP/2" 200 6 "https://nanotechtechnologies.com/wp-admin/post-new.php" "Mozilla/5.0 (Windows NT 10.0; Win64; x64) AppleWebKit/537.36 (KHTML, like Gecko) Chrome/149.0.0.0 Safari/537.36"
5.253.204.82 - - [29/Jul/2026:19:17:14 +0530] "GET /index.php/wp-json/wp/v2/categories/1?context=edit&_locale=user HTTP/2" 200 312 "https://nanotechtechnologies.com/wp-admin/post-new.php" "Mozilla/5.0 (Windows NT 10.0; Win64; x64) AppleWebKit/537.36 (KHTML, like Gecko) Chrome/149.0.0.0 Safari/537.36"
5.253.204.82 - - [29/Jul/2026:19:17:15 +0530] "POST /index.php/wp-json/wp/v2/posts/5735?_locale=user HTTP/2" 200 2306 "https://nanotechtechnologies.com/wp-admin/post-new.php" "Mozilla/5.0 (Windows NT 10.0; Win64; x64) AppleWebKit/537.36 (KHTML, like Gecko) Chrome/149.0.0.0 Safari/537.36"
5.253.204.82 - - [29/Jul/2026:19:17:16 +0530] "GET /wp-content/uploads/2025/10/cropped-Nanotech-Technologies-1-192x192.png HTTP/2" 200 42091 "https://nanotechtechnologies.com/wp-admin/post.php?post=5735&action=edit" "Mozilla/5.0 (Windows NT 10.0; Win64; x64) AppleWebKit/537.36 (KHTML, like Gecko) Chrome/149.0.0.0 Safari/537.36"
5.253.204.82 - - [29/Jul/2026:19:17:16 +0530] "GET /index.php/wp-json/wp/v2/templates/lookup?slug=single-post-alusta-nopea-ruletti-expert-guide-for-online-casino-players&_locale=user HTTP/2" 200 6 "https://nanotechtechnologies.com/wp-admin/post.php?post=5735&action=edit" "Mozilla/5.0 (Windows NT 10.0; Win64; x64) AppleWebKit/537.36 (KHTML, like Gecko) Chrome/149.0.0.0 Safari/537.36"
5.253.204.82 - - [29/Jul/2026:19:17:19 +0530] "POST /wp-admin/admin-ajax.php HTTP/2" 200 79 "https://nanotechtechnologies.com/wp-admin/post.php?post=5735&action=edit" "Mozilla/5.0 (Windows NT 10.0; Win64; x64) AppleWebKit/537.36 (KHTML, like Gecko) Chrome/149.0.0.0 Safari/537.36"
5.253.204.82 - - [29/Jul/2026:19:17:29 +0530] "POST /wp-admin/admin-ajax.php HTTP/2" 200 79 "https://nanotechtechnologies.com/wp-admin/post.php?post=5735&action=edit" "Mozilla/5.0 (Windows NT 10.0; Win64; x64) AppleWebKit/537.36 (KHTML, like Gecko) Chrome/149.0.0.0 Safari/537.36"
5.253.204.82 - - [29/Jul/2026:19:17:30 +0530] "POST /wp-admin/admin-ajax.php HTTP/2" 200 5 "https://nanotechtechnologies.com/wp-admin/post.php?post=5735&action=edit" "Mozilla/5.0 (Windows NT 10.0; Win64; x64) AppleWebKit/537.36 (KHTML, like Gecko) Chrome/149.0.0.0 Safari/537.36"
5.253.204.82 - - [29/Jul/2026:19:17:30 +0530] "GET /index.php/2026/07/29/alusta-nopea-ruletti-expert-guide-for-online-casino-players/ HTTP/2" 200 22280 "-" "Mozilla/5.0 (Windows NT 10.0; Win64; x64) AppleWebKit/537.36 (KHTML, like Gecko) Chrome/149.0.0.0 Safari/537.36"
5.253.204.82 - - [29/Jul/2026:19:17:31 +0530] "GET /wp-includes/css/dashicons.min.css?ver=7.0.2 HTTP/2" 200 35101 "https://nanotechtechnologies.com/index.php/2026/07/29/alusta-nopea-ruletti-expert-guide-for-online-casino-players/" "Mozilla/5.0 (Windows NT 10.0; Win64; x64) AppleWebKit/537.36 (KHTML, like Gecko) Chrome/149.0.0.0 Safari/537.36"
5.253.204.82 - - [29/Jul/2026:19:17:31 +0530] "GET /wp-includes/css/admin-bar.min.css?ver=7.0.2 HTTP/2" 200 3698 "https://nanotechtechnologies.com/index.php/2026/07/29/alusta-nopea-ruletti-expert-guide-for-online-casino-players/" "Mozilla/5.0 (Windows NT 10.0; Win64; x64) AppleWebKit/537.36 (KHTML, like Gecko) Chrome/149.0.0.0 Safari/537.36"
5.253.204.82 - - [29/Jul/2026:19:17:31 +0530] "GET /wp-content/plugins/header-footer-elementor/assets/css/header-footer-elementor.css?ver=2.5.2 HTTP/2" 200 259 "https://nanotechtechnologies.com/index.php/2026/07/29/alusta-nopea-ruletti-expert-guide-for-online-casino-players/" "Mozilla/5.0 (Windows NT 10.0; Win64; x64) AppleWebKit/537.36 (KHTML, like Gecko) Chrome/149.0.0.0 Safari/537.36"
5.253.204.82 - - [29/Jul/2026:19:17:31 +0530] "GET /wp-content/plugins/elementor/assets/css/admin-bar.min.css?ver=3.32.3 HTTP/2" 200 276 "https://nanotechtechnologies.com/index.php/2026/07/29/alusta-nopea-ruletti-expert-guide-for-online-casino-players/" "Mozilla/5.0 (Windows NT 10.0; Win64; x64) AppleWebKit/537.36 (KHTML, like Gecko) Chrome/149.0.0.0 Safari/537.36"
5.253.204.82 - - [29/Jul/2026:19:17:31 +0530] "GET /wp-content/uploads/elementor/css/post-13.css?ver=1772512792 HTTP/2" 200 1655 "https://nanotechtechnologies.com/index.php/2026/07/29/alusta-nopea-ruletti-expert-guide-for-online-casino-players/" "Mozilla/5.0 (Windows NT 10.0; Win64; x64) AppleWebKit/537.36 (KHTML, like Gecko) Chrome/149.0.0.0 Safari/537.36"
5.253.204.82 - - [29/Jul/2026:19:17:31 +0530] "GET /wp-content/plugins/header-footer-elementor/inc/widgets-css/frontend.css?ver=2.5.2 HTTP/2" 200 8270 "https://nanotechtechnologies.com/index.php/2026/07/29/alusta-nopea-ruletti-expert-guide-for-online-casino-players/" "Mozilla/5.0 (Windows NT 10.0; Win64; x64) AppleWebKit/537.36 (KHTML, like Gecko) Chrome/149.0.0.0 Safari/537.36"
5.253.204.82 - - [29/Jul/2026:19:17:31 +0530] "GET /wp-content/plugins/jeg-elementor-kit/assets/css/elements/main.css?ver=2.7.0 HTTP/2" 200 23502 "https://nanotechtechnologies.com/index.php/2026/07/29/alusta-nopea-ruletti-expert-guide-for-online-casino-players/" "Mozilla/5.0 (Windows NT 10.0; Win64; x64) AppleWebKit/537.36 (KHTML, like Gecko) Chrome/149.0.0.0 Safari/537.36"
5.253.204.82 - - [29/Jul/2026:19:17:31 +0530] "GET /wp-content/plugins/elementor/assets/css/frontend.min.css?ver=3.32.3 HTTP/2" 200 6538 "https://nanotechtechnologies.com/index.php/2026/07/29/alusta-nopea-ruletti-expert-guide-for-online-casino-players/" "Mozilla/5.0 (Windows NT 10.0; Win64; x64) AppleWebKit/537.36 (KHTML, like Gecko) Chrome/149.0.0.0 Safari/537.36"
5.253.204.82 - - [29/Jul/2026:19:17:31 +0530] "GET /wp-content/uploads/elementor/css/post-63.css?ver=1772512793 HTTP/2" 200 1520 "https://nanotechtechnologies.com/index.php/2026/07/29/alusta-nopea-ruletti-expert-guide-for-online-casino-players/" "Mozilla/5.0 (Windows NT 10.0; Win64; x64) AppleWebKit/537.36 (KHTML, like Gecko) Chrome/149.0.0.0 Safari/537.36"
5.253.204.82 - - [29/Jul/2026:19:17:31 +0530] "GET /wp-content/plugins/elementor-pro/assets/css/conditionals/popup.min.css?ver=3.26.3 HTTP/2" 200 328 "https://nanotechtechnologies.com/index.php/2026/07/29/alusta-nopea-ruletti-expert-guide-for-online-casino-players/" "Mozilla/5.0 (Windows NT 10.0; Win64; x64) AppleWebKit/537.36 (KHTML, like Gecko) Chrome/149.0.0.0 Safari/537.36"
5.253.204.82 - - [29/Jul/2026:19:17:31 +0530] "GET /wp-content/uploads/elementor/css/post-391.css?ver=1772512793 HTTP/2" 200 1105 "https://nanotechtechnologies.com/index.php/2026/07/29/alusta-nopea-ruletti-expert-guide-for-online-casino-players/" "Mozilla/5.0 (Windows NT 10.0; Win64; x64) AppleWebKit/537.36 (KHTML, like Gecko) Chrome/149.0.0.0 Safari/537.36"
5.253.204.82 - - [29/Jul/2026:19:17:31 +0530] "GET /wp-content/uploads/elementor/css/post-68.css?ver=1772512793 HTTP/2" 200 1743 "https://nanotechtechnologies.com/index.php/2026/07/29/alusta-nopea-ruletti-expert-guide-for-online-casino-players/" "Mozilla/5.0 (Windows NT 10.0; Win64; x64) AppleWebKit/537.36 (KHTML, like Gecko) Chrome/149.0.0.0 Safari/537.36"
5.253.204.82 - - [29/Jul/2026:19:17:31 +0530] "GET /wp-content/themes/hello-elementor/assets/css/reset.css?ver=3.4.4 HTTP/2" 200 1581 "https://nanotechtechnologies.com/index.php/2026/07/29/alusta-nopea-ruletti-expert-guide-for-online-casino-players/" "Mozilla/5.0 (Windows NT 10.0; Win64; x64) AppleWebKit/537.36 (KHTML, like Gecko) Chrome/149.0.0.0 Safari/537.36"
5.253.204.82 - - [29/Jul/2026:19:17:31 +0530] "GET /wp-content/plugins/elementor/assets/lib/font-awesome/css/brands.css?ver=5.15.3 HTTP/2" 200 296 "https://nanotechtechnologies.com/index.php/2026/07/29/alusta-nopea-ruletti-expert-guide-for-online-casino-players/" "Mozilla/5.0 (Windows NT 10.0; Win64; x64) AppleWebKit/537.36 (KHTML, like Gecko) Chrome/149.0.0.0 Safari/537.36"
5.253.204.82 - - [29/Jul/2026:19:17:31 +0530] "GET /wp-content/plugins/elementor/assets/lib/font-awesome/css/solid.css?ver=5.15.3 HTTP/2" 200 296 "https://nanotechtechnologies.com/index.php/2026/07/29/alusta-nopea-ruletti-expert-guide-for-online-casino-players/" "Mozilla/5.0 (Windows NT 10.0; Win64; x64) AppleWebKit/537.36 (KHTML, like Gecko) Chrome/149.0.0.0 Safari/537.36"
5.253.204.82 - - [29/Jul/2026:19:17:31 +0530] "GET /wp-content/plugins/elementor-pro/assets/css/widget-form.min.css?ver=3.26.3 HTTP/2" 200 1408 "https://nanotechtechnologies.com/index.php/2026/07/29/alusta-nopea-ruletti-expert-guide-for-online-casino-players/" "Mozilla/5.0 (Windows NT 10.0; Win64; x64) AppleWebKit/537.36 (KHTML, like Gecko) Chrome/149.0.0.0 Safari/537.36"
5.253.204.82 - - [29/Jul/2026:19:17:31 +0530] "GET /wp-content/plugins/elementor-pro/assets/css/widget-blockquote.min.css?ver=3.25.0 HTTP/2" 200 955 "https://nanotechtechnologies.com/index.php/2026/07/29/alusta-nopea-ruletti-expert-guide-for-online-casino-players/" "Mozilla/5.0 (Windows NT 10.0; Win64; x64) AppleWebKit/537.36 (KHTML, like Gecko) Chrome/149.0.0.0 Safari/537.36"
5.253.204.82 - - [29/Jul/2026:19:17:31 +0530] "GET /wp-content/themes/hello-elementor/assets/css/theme.css?ver=3.4.4 HTTP/2" 200 1126 "https://nanotechtechnologies.com/index.php/2026/07/29/alusta-nopea-ruletti-expert-guide-for-online-casino-players/" "Mozilla/5.0 (Windows NT 10.0; Win64; x64) AppleWebKit/537.36 (KHTML, like Gecko) Chrome/149.0.0.0 Safari/537.36"
5.253.204.82 - - [29/Jul/2026:19:17:31 +0530] "GET /wp-content/plugins/elementor/assets/css/widget-heading.min.css?ver=3.32.3 HTTP/2" 200 154 "https://nanotechtechnologies.com/index.php/2026/07/29/alusta-nopea-ruletti-expert-guide-for-online-casino-players/" "Mozilla/5.0 (Windows NT 10.0; Win64; x64) AppleWebKit/537.36 (KHTML, like Gecko) Chrome/149.0.0.0 Safari/537.36"
5.253.204.82 - - [29/Jul/2026:19:17:31 +0530] "GET /wp-content/plugins/elementor/assets/css/widget-social-icons.min.css?ver=3.24.0 HTTP/2" 200 1069 "https://nanotechtechnologies.com/index.php/2026/07/29/alusta-nopea-ruletti-expert-guide-for-online-casino-players/" "Mozilla/5.0 (Windows NT 10.0; Win64; x64) AppleWebKit/537.36 (KHTML, like Gecko) Chrome/149.0.0.0 Safari/537.36"
5.253.204.82 - - [29/Jul/2026:19:17:31 +0530] "GET /wp-content/plugins/elementor/assets/lib/eicons/css/elementor-icons.min.css?ver=5.34.0 HTTP/2" 200 3997 "https://nanotechtechnologies.com/index.php/2026/07/29/alusta-nopea-ruletti-expert-guide-for-online-casino-players/" "Mozilla/5.0 (Windows NT 10.0; Win64; x64) AppleWebKit/537.36 (KHTML, like Gecko) Chrome/149.0.0.0 Safari/537.36"
5.253.204.82 - - [29/Jul/2026:19:17:31 +0530] "GET /wp-content/plugins/elementor/assets/css/widget-icon-list.min.css?ver=3.24.3 HTTP/2" 200 962 "https://nanotechtechnologies.com/index.php/2026/07/29/alusta-nopea-ruletti-expert-guide-for-online-casino-players/" "Mozilla/5.0 (Windows NT 10.0; Win64; x64) AppleWebKit/537.36 (KHTML, like Gecko) Chrome/149.0.0.0 Safari/537.36"
5.253.204.82 - - [29/Jul/2026:19:17:31 +0530] "GET /wp-content/plugins/elementor-pro/assets/css/widget-nav-menu.min.css?ver=3.26.0 HTTP/2" 200 3155 "https://nanotechtechnologies.com/index.php/2026/07/29/alusta-nopea-ruletti-expert-guide-for-online-casino-players/" "Mozilla/5.0 (Windows NT 10.0; Win64; x64) AppleWebKit/537.36 (KHTML, like Gecko) Chrome/149.0.0.0 Safari/537.36"
5.253.204.82 - - [29/Jul/2026:19:17:31 +0530] "GET /wp-content/plugins/elementor/assets/lib/font-awesome/css/fontawesome.css?ver=5.15.3 HTTP/2" 200 12526 "https://nanotechtechnologies.com/index.php/2026/07/29/alusta-nopea-ruletti-expert-guide-for-online-casino-players/" "Mozilla/5.0 (Windows NT 10.0; Win64; x64) AppleWebKit/537.36 (KHTML, like Gecko) Chrome/149.0.0.0 Safari/537.36"
5.253.204.82 - - [29/Jul/2026:19:17:31 +0530] "GET /wp-content/plugins/elementskit-lite/widgets/init/assets/css/widget-styles.css?ver=3.7.3 HTTP/2" 200 48958 "https://nanotechtechnologies.com/index.php/2026/07/29/alusta-nopea-ruletti-expert-guide-for-online-casino-players/" "Mozilla/5.0 (Windows NT 10.0; Win64; x64) AppleWebKit/537.36 (KHTML, like Gecko) Chrome/149.0.0.0 Safari/537.36"
5.253.204.82 - - [29/Jul/2026:19:17:31 +0530] "GET /wp-content/plugins/elementskit-lite/widgets/init/assets/css/responsive.css?ver=3.7.3 HTTP/2" 200 2859 "https://nanotechtechnologies.com/index.php/2026/07/29/alusta-nopea-ruletti-expert-guide-for-online-casino-players/" "Mozilla/5.0 (Windows NT 10.0; Win64; x64) AppleWebKit/537.36 (KHTML, like Gecko) Chrome/149.0.0.0 Safari/537.36"
5.253.204.82 - - [29/Jul/2026:19:17:31 +0530] "GET /wp-content/plugins/elementor-pro/assets/css/widget-mega-menu.min.css?ver=3.26.2 HTTP/2" 200 2683 "https://nanotechtechnologies.com/index.php/2026/07/29/alusta-nopea-ruletti-expert-guide-for-online-casino-players/" "Mozilla/5.0 (Windows NT 10.0; Win64; x64) AppleWebKit/537.36 (KHTML, like Gecko) Chrome/149.0.0.0 Safari/537.36"
5.253.204.82 - - [29/Jul/2026:19:17:31 +0530] "GET /wp-content/themes/hello-elementor/assets/css/header-footer.css?ver=3.4.4 HTTP/2" 200 1261 "https://nanotechtechnologies.com/index.php/2026/07/29/alusta-nopea-ruletti-expert-guide-for-online-casino-players/" "Mozilla/5.0 (Windows NT 10.0; Win64; x64) AppleWebKit/537.36 (KHTML, like Gecko) Chrome/149.0.0.0 Safari/537.36"
5.253.204.82 - - [29/Jul/2026:19:17:31 +0530] "GET /wp-content/plugins/jeg-elementor-kit/lib/jeg-framework/assets/css/jeg-dynamic-styles.css?ver=1.3.0 HTTP/2" 200 0 "https://nanotechtechnologies.com/index.php/2026/07/29/alusta-nopea-ruletti-expert-guide-for-online-casino-players/" "Mozilla/5.0 (Windows NT 10.0; Win64; x64) AppleWebKit/537.36 (KHTML, like Gecko) Chrome/149.0.0.0 Safari/537.36"
5.253.204.82 - - [29/Jul/2026:19:17:31 +0530] "GET /wp-content/plugins/elementor/assets/css/widget-image.min.css?ver=3.32.3 HTTP/2" 200 119 "https://nanotechtechnologies.com/index.php/2026/07/29/alusta-nopea-ruletti-expert-guide-for-online-casino-players/" "Mozilla/5.0 (Windows NT 10.0; Win64; x64) AppleWebKit/537.36 (KHTML, like Gecko) Chrome/149.0.0.0 Safari/537.36"
5.253.204.82 - - [29/Jul/2026:19:17:31 +0530] "GET /wp-content/plugins/elementor/assets/css/conditionals/apple-webkit.min.css?ver=3.32.3 HTTP/2" 200 472 "https://nanotechtechnologies.com/index.php/2026/07/29/alusta-nopea-ruletti-expert-guide-for-online-casino-players/" "Mozilla/5.0 (Windows NT 10.0; Win64; x64) AppleWebKit/537.36 (KHTML, like Gecko) Chrome/149.0.0.0 Safari/537.36"
5.253.204.82 - - [29/Jul/2026:19:17:31 +0530] "GET /wp-content/plugins/elementor/assets/css/widget-icon-list.min.css?ver=3.32.3 HTTP/2" 200 962 "https://nanotechtechnologies.com/index.php/2026/07/29/alusta-nopea-ruletti-expert-guide-for-online-casino-players/" "Mozilla/5.0 (Windows NT 10.0; Win64; x64) AppleWebKit/537.36 (KHTML, like Gecko) Chrome/149.0.0.0 Safari/537.36"
5.253.204.82 - - [29/Jul/2026:19:17:31 +0530] "GET /wp-content/plugins/elementor/assets/css/widget-social-icons.min.css?ver=3.32.3 HTTP/2" 200 1069 "https://nanotechtechnologies.com/index.php/2026/07/29/alusta-nopea-ruletti-expert-guide-for-online-casino-players/" "Mozilla/5.0 (Windows NT 10.0; Win64; x64) AppleWebKit/537.36 (KHTML, like Gecko) Chrome/149.0.0.0 Safari/537.36"
5.253.204.82 - - [29/Jul/2026:19:17:31 +0530] "GET /wp-content/plugins/master-addons/assets/css/master-addons-styles.css?ver=7.0.2 HTTP/2" 200 39135 "https://nanotechtechnologies.com/index.php/2026/07/29/alusta-nopea-ruletti-expert-guide-for-online-casino-players/" "Mozilla/5.0 (Windows NT 10.0; Win64; x64) AppleWebKit/537.36 (KHTML, like Gecko) Chrome/149.0.0.0 Safari/537.36"
5.253.204.82 - - [29/Jul/2026:19:17:31 +0530] "GET /wp-content/plugins/elementskit-lite/modules/elementskit-icon-pack/assets/css/ekiticons.css?ver=3.7.3 HTTP/2" 200 11820 "https://nanotechtechnologies.com/index.php/2026/07/29/alusta-nopea-ruletti-expert-guide-for-online-casino-players/" "Mozilla/5.0 (Windows NT 10.0; Win64; x64) AppleWebKit/537.36 (KHTML, like Gecko) Chrome/149.0.0.0 Safari/537.36"
5.253.204.82 - - [29/Jul/2026:19:17:31 +0530] "GET /wp-content/plugins/master-addons/assets/fonts/material-icons/material-icons.css?ver=2.0.9.7 HTTP/2" 200 9493 "https://nanotechtechnologies.com/index.php/2026/07/29/alusta-nopea-ruletti-expert-guide-for-online-casino-players/" "Mozilla/5.0 (Windows NT 10.0; Win64; x64) AppleWebKit/537.36 (KHTML, like Gecko) Chrome/149.0.0.0 Safari/537.36"
5.253.204.82 - - [29/Jul/2026:19:17:32 +0530] "GET /wp-content/plugins/elementor/assets/lib/dialog/dialog.min.js?ver=4.9.4 HTTP/2" 200 3593 "https://nanotechtechnologies.com/index.php/2026/07/29/alusta-nopea-ruletti-expert-guide-for-online-casino-players/" "Mozilla/5.0 (Windows NT 10.0; Win64; x64) AppleWebKit/537.36 (KHTML, like Gecko) Chrome/149.0.0.0 Safari/537.36"
5.253.204.82 - - [29/Jul/2026:19:17:32 +0530] "GET /wp-content/themes/hello-elementor/assets/js/hello-frontend.js?ver=3.4.4 HTTP/2" 200 496 "https://nanotechtechnologies.com/index.php/2026/07/29/alusta-nopea-ruletti-expert-guide-for-online-casino-players/" "Mozilla/5.0 (Windows NT 10.0; Win64; x64) AppleWebKit/537.36 (KHTML, like Gecko) Chrome/149.0.0.0 Safari/537.36"
5.253.204.82 - - [29/Jul/2026:19:17:32 +0530] "GET /wp-content/plugins/elementor/assets/js/webpack.runtime.min.js?ver=3.32.3 HTTP/2" 200 2320 "https://nanotechtechnologies.com/index.php/2026/07/29/alusta-nopea-ruletti-expert-guide-for-online-casino-players/" "Mozilla/5.0 (Windows NT 10.0; Win64; x64) AppleWebKit/537.36 (KHTML, like Gecko) Chrome/149.0.0.0 Safari/537.36"
5.253.204.82 - - [29/Jul/2026:19:17:32 +0530] "GET /wp-content/plugins/elementor/assets/js/frontend-modules.min.js?ver=3.32.3 HTTP/2" 200 17962 "https://nanotechtechnologies.com/index.php/2026/07/29/alusta-nopea-ruletti-expert-guide-for-online-casino-players/" "Mozilla/5.0 (Windows NT 10.0; Win64; x64) AppleWebKit/537.36 (KHTML, like Gecko) Chrome/149.0.0.0 Safari/537.36"
5.253.204.82 - - [29/Jul/2026:19:17:32 +0530] "GET /wp-content/plugins/elementor/assets/js/frontend.min.js?ver=3.32.3 HTTP/2" 200 10165 "https://nanotechtechnologies.com/index.php/2026/07/29/alusta-nopea-ruletti-expert-guide-for-online-casino-players/" "Mozilla/5.0 (Windows NT 10.0; Win64; x64) AppleWebKit/537.36 (KHTML, like Gecko) Chrome/149.0.0.0 Safari/537.36"
5.253.204.82 - - [29/Jul/2026:19:17:32 +0530] "GET /wp-content/plugins/elementskit-lite/libs/framework/assets/js/frontend-script.js?ver=3.7.3 HTTP/2" 200 40 "https://nanotechtechnologies.com/index.php/2026/07/29/alusta-nopea-ruletti-expert-guide-for-online-casino-players/" "Mozilla/5.0 (Windows NT 10.0; Win64; x64) AppleWebKit/537.36 (KHTML, like Gecko) Chrome/149.0.0.0 Safari/537.36"
5.253.204.82 - - [29/Jul/2026:19:17:32 +0530] "GET /wp-content/plugins/jeg-elementor-kit/assets/js/elements/sticky-element.js?ver=2.7.0 HTTP/2" 200 1477 "https://nanotechtechnologies.com/index.php/2026/07/29/alusta-nopea-ruletti-expert-guide-for-online-casino-players/" "Mozilla/5.0 (Windows NT 10.0; Win64; x64) AppleWebKit/537.36 (KHTML, like Gecko) Chrome/149.0.0.0 Safari/537.36"
5.253.204.82 - - [29/Jul/2026:19:17:32 +0530] "GET /wp-content/plugins/elementor-pro/assets/js/webpack-pro.runtime.min.js?ver=3.26.3 HTTP/2" 200 2625 "https://nanotechtechnologies.com/index.php/2026/07/29/alusta-nopea-ruletti-expert-guide-for-online-casino-players/" "Mozilla/5.0 (Windows NT 10.0; Win64; x64) AppleWebKit/537.36 (KHTML, like Gecko) Chrome/149.0.0.0 Safari/537.36"
5.253.204.82 - - [29/Jul/2026:19:17:32 +0530] "GET /wp-content/plugins/elementskit-lite/widgets/init/assets/js/widget-scripts.js?ver=3.7.3 HTTP/2" 200 35012 "https://nanotechtechnologies.com/index.php/2026/07/29/alusta-nopea-ruletti-expert-guide-for-online-casino-players/" "Mozilla/5.0 (Windows NT 10.0; Win64; x64) AppleWebKit/537.36 (KHTML, like Gecko) Chrome/149.0.0.0 Safari/537.36"
5.253.204.82 - - [29/Jul/2026:19:17:32 +0530] "GET /wp-content/plugins/master-addons/assets/js/plugins.js?ver=2.0.9.7 HTTP/2" 200 8508 "https://nanotechtechnologies.com/index.php/2026/07/29/alusta-nopea-ruletti-expert-guide-for-online-casino-players/" "Mozilla/5.0 (Windows NT 10.0; Win64; x64) AppleWebKit/537.36 (KHTML, like Gecko) Chrome/149.0.0.0 Safari/537.36"
5.253.204.82 - - [29/Jul/2026:19:17:32 +0530] "GET /wp-content/plugins/elementor-pro/assets/js/frontend.min.js?ver=3.26.3 HTTP/2" 200 6279 "https://nanotechtechnologies.com/index.php/2026/07/29/alusta-nopea-ruletti-expert-guide-for-online-casino-players/" "Mozilla/5.0 (Windows NT 10.0; Win64; x64) AppleWebKit/537.36 (KHTML, like Gecko) Chrome/149.0.0.0 Safari/537.36"
5.253.204.82 - - [29/Jul/2026:19:17:32 +0530] "GET /wp-content/plugins/master-addons/assets/js/master-addons-scripts.js?ver=2.0.9.7 HTTP/2" 200 26246 "https://nanotechtechnologies.com/index.php/2026/07/29/alusta-nopea-ruletti-expert-guide-for-online-casino-players/" "Mozilla/5.0 (Windows NT 10.0; Win64; x64) AppleWebKit/537.36 (KHTML, like Gecko) Chrome/149.0.0.0 Safari/537.36"
5.253.204.82 - - [29/Jul/2026:19:17:32 +0530] "GET /wp-content/plugins/elementskit-lite/widgets/init/assets/js/elementor.js?ver=3.7.3 HTTP/2" 200 5700 "https://nanotechtechnologies.com/index.php/2026/07/29/alusta-nopea-ruletti-expert-guide-for-online-casino-players/" "Mozilla/5.0 (Windows NT 10.0; Win64; x64) AppleWebKit/537.36 (KHTML, like Gecko) Chrome/149.0.0.0 Safari/537.36"
5.253.204.82 - - [29/Jul/2026:19:17:32 +0530] "GET /wp-content/plugins/elementskit-lite/widgets/init/assets/js/animate-circle.min.js?ver=3.7.3 HTTP/2" 200 393 "https://nanotechtechnologies.com/index.php/2026/07/29/alusta-nopea-ruletti-expert-guide-for-online-casino-players/" "Mozilla/5.0 (Windows NT 10.0; Win64; x64) AppleWebKit/537.36 (KHTML, like Gecko) Chrome/149.0.0.0 Safari/537.36"
5.253.204.82 - - [29/Jul/2026:19:17:32 +0530] "GET /wp-includes/js/comment-reply.min.js?ver=7.0.2 HTTP/2" 200 1247 "https://nanotechtechnologies.com/index.php/2026/07/29/alusta-nopea-ruletti-expert-guide-for-online-casino-players/" "Mozilla/5.0 (Windows NT 10.0; Win64; x64) AppleWebKit/537.36 (KHTML, like Gecko) Chrome/149.0.0.0 Safari/537.36"
5.253.204.82 - - [29/Jul/2026:19:17:32 +0530] "GET /wp-content/plugins/elementor/assets/js/elementor-admin-bar.min.js?ver=3.32.3 HTTP/2" 200 2181 "https://nanotechtechnologies.com/index.php/2026/07/29/alusta-nopea-ruletti-expert-guide-for-online-casino-players/" "Mozilla/5.0 (Windows NT 10.0; Win64; x64) AppleWebKit/537.36 (KHTML, like Gecko) Chrome/149.0.0.0 Safari/537.36"
5.253.204.82 - - [29/Jul/2026:19:17:32 +0530] "GET /wp-content/plugins/master-addons/assets/fonts/material-icons/material-icons.ttf HTTP/2" 200 72501 "https://nanotechtechnologies.com/wp-content/plugins/master-addons/assets/fonts/material-icons/material-icons.css?ver=2.0.9.7" "Mozilla/5.0 (Windows NT 10.0; Win64; x64) AppleWebKit/537.36 (KHTML, like Gecko) Chrome/149.0.0.0 Safari/537.36"
5.253.204.82 - - [29/Jul/2026:19:17:32 +0530] "GET /wp-content/plugins/elementor-pro/assets/js/elements-handlers.min.js?ver=3.26.3 HTTP/2" 200 10180 "https://nanotechtechnologies.com/index.php/2026/07/29/alusta-nopea-ruletti-expert-guide-for-online-casino-players/" "Mozilla/5.0 (Windows NT 10.0; Win64; x64) AppleWebKit/537.36 (KHTML, like Gecko) Chrome/149.0.0.0 Safari/537.36"
5.253.204.82 - - [29/Jul/2026:19:17:32 +0530] "GET /wp-content/plugins/elementskit-lite/modules/elementskit-icon-pack/assets/fonts/elementskit.woff?itek3h HTTP/2" 200 460316 "https://nanotechtechnologies.com/wp-content/plugins/elementskit-lite/modules/elementskit-icon-pack/assets/css/ekiticons.css?ver=3.7.3" "Mozilla/5.0 (Windows NT 10.0; Win64; x64) AppleWebKit/537.36 (KHTML, like Gecko) Chrome/149.0.0.0 Safari/537.36"
5.253.204.82 - - [29/Jul/2026:19:17:32 +0530] "GET /wp-content/uploads/2025/10/Nanotech-Technologies-1024x914.png HTTP/2" 200 471033 "https://nanotechtechnologies.com/index.php/2026/07/29/alusta-nopea-ruletti-expert-guide-for-online-casino-players/" "Mozilla/5.0 (Windows NT 10.0; Win64; x64) AppleWebKit/537.36 (KHTML, like Gecko) Chrome/149.0.0.0 Safari/537.36"
5.253.204.82 - - [29/Jul/2026:19:17:34 +0530] "GET /wp-content/plugins/elementor/assets/js/shared-frontend-handlers.4c8abccc3e268b0767b2.bundle.min.js HTTP/2" 200 2542 "https://nanotechtechnologies.com/index.php/2026/07/29/alusta-nopea-ruletti-expert-guide-for-online-casino-players/" "Mozilla/5.0 (Windows NT 10.0; Win64; x64) AppleWebKit/537.36 (KHTML, like Gecko) Chrome/149.0.0.0 Safari/537.36"
5.253.204.82 - - [29/Jul/2026:19:17:34 +0530] "GET /wp-content/plugins/elementor/assets/js/text-editor.abc8f59c62f2820dc25a.bundle.min.js HTTP/2" 200 618 "https://nanotechtechnologies.com/index.php/2026/07/29/alusta-nopea-ruletti-expert-guide-for-online-casino-players/" "Mozilla/5.0 (Windows NT 10.0; Win64; x64) AppleWebKit/537.36 (KHTML, like Gecko) Chrome/149.0.0.0 Safari/537.36"
5.253.204.82 - - [29/Jul/2026:19:17:34 +0530] "GET /wp-includes/js/wp-emoji-release.min.js?ver=7.0.2 HTTP/2" 200 4974 "https://nanotechtechnologies.com/index.php/2026/07/29/alusta-nopea-ruletti-expert-guide-for-online-casino-players/" "Mozilla/5.0 (Windows NT 10.0; Win64; x64) AppleWebKit/537.36 (KHTML, like Gecko) Chrome/149.0.0.0 Safari/537.36"
5.253.204.82 - - [29/Jul/2026:19:17:34 +0530] "GET /wp-content/uploads/2025/10/cropped-Nanotech-Technologies-1-192x192.png HTTP/2" 200 42091 "https://nanotechtechnologies.com/index.php/2026/07/29/alusta-nopea-ruletti-expert-guide-for-online-casino-players/" "Mozilla/5.0 (Windows NT 10.0; Win64; x64) AppleWebKit/537.36 (KHTML, like Gecko) Chrome/149.0.0.0 Safari/537.36"
103.212.120.166 - - [29/Jul/2026:19:24:49 +0530] "POST /wp-cron.php?doing_wp_cron=1785333289.1247510910034179687500 HTTP/1.1" 403 1242 "-" "WordPress/7.0.2; https://nanotechtechnologies.com"
65.109.114.175 - - [29/Jul/2026:19:24:48 +0530] "GET /index.php/2026/07/24/casinos-down-under-getting-the-most-out-of-your-deposit-bonus/ HTTP/2" 200 22437 "-" "Mozilla/5.0 (Macintosh; Intel Mac OS X 10_15_7) AppleWebKit/537.36 (KHTML, like Gecko) Chrome/140.0.0.0 Safari/537.36"
65.109.114.175 - - [29/Jul/2026:19:24:50 +0530] "GET /index.php/2026/07/24/casinos-down-under-getting-the-most-out-of-your-deposit-bonus/ HTTP/1.1" 200 78729 "-" "-"
34.206.50.36 - - [29/Jul/2026:19:25:53 +0530] "GET /robots.txt HTTP/1.1" 200 135 "-" "Mozilla/5.0 (Macintosh; Intel Mac OS X 10_10_1) AppleWebKit/600.2.5 (KHTML, like Gecko) Version/8.0.2 Safari/600.2.5 (Gort)"
103.212.120.166 - - [29/Jul/2026:19:31:52 +0530] "POST /wp-cron.php?doing_wp_cron=1785333712.4600639343261718750000 HTTP/1.1" 403 1242 "-" "WordPress/7.0.2; https://nanotechtechnologies.com"
65.109.114.175 - - [29/Jul/2026:19:31:51 +0530] "GET /index.php/2026/07/24/casinos-down-under-getting-the-most-out-of-your-deposit-bonus/ HTTP/2" 200 22437 "-" "Mozilla/5.0 (Macintosh; Intel Mac OS X 10_15_7) AppleWebKit/537.36 (KHTML, like Gecko) Chrome/140.0.0.0 Safari/537.36"
65.109.114.175 - - [29/Jul/2026:19:31:53 +0530] "GET /index.php/2026/07/24/casinos-down-under-getting-the-most-out-of-your-deposit-bonus/ HTTP/1.1" 200 78729 "-" "-"
103.212.120.166 - - [29/Jul/2026:19:55:51 +0530] "POST /wp-cron.php?doing_wp_cron=1785335151.4067170619964599609375 HTTP/1.1" 403 1242 "-" "WordPress/7.0.2; https://nanotechtechnologies.com"
40.77.167.2 - - [29/Jul/2026:19:55:50 +0530] "GET /?p=3797 HTTP/2" 301 0 "-" "Mozilla/5.0 AppleWebKit/537.36 (KHTML, like Gecko; compatible; bingbot/2.0; +http://www.bing.com/bingbot.htm) Chrome/116.0.1938.76 Safari/537.36"
103.174.189.171 - - [29/Jul/2026:19:59:03 +0530] "POST /xmlrpc.php HTTP/1.1" 403 1242 "-" "Mozilla/5.0 (Windows NT 10.0; Win64; x64) AppleWebKit/537.36 (KHTML, like Gecko) Chrome/114.0.0.0 Safari/537.36"
103.174.189.171 - - [29/Jul/2026:19:59:04 +0530] "POST /xmlrpc.php HTTP/1.1" 403 1242 "-" "Mozilla/5.0 (Windows NT 10.0; Win64; x64) AppleWebKit/537.36 (KHTML, like Gecko) Chrome/114.0.0.0 Safari/537.36"
45.9.251.197 - - [29/Jul/2026:20:00:12 +0530] "POST /xmlrpc.php HTTP/1.1" 403 1242 "-" "Mozilla/5.0 (Windows NT 10.0; Win64; x64) AppleWebKit/537.36 (KHTML, like Gecko) Chrome/114.0.0.0 Safari/537.36"
45.9.251.197 - - [29/Jul/2026:20:00:13 +0530] "POST /xmlrpc.php HTTP/1.1" 403 1242 "-" "Mozilla/5.0 (Windows NT 10.0; Win64; x64) AppleWebKit/537.36 (KHTML, like Gecko) Chrome/114.0.0.0 Safari/537.36"
103.212.120.166 - - [29/Jul/2026:20:06:00 +0530] "POST /wp-cron.php?doing_wp_cron=1785335760.9500899314880371093750 HTTP/1.1" 403 1242 "-" "WordPress/7.0.2; https://nanotechtechnologies.com"
65.109.114.175 - - [29/Jul/2026:20:06:00 +0530] "GET /index.php/2026/07/24/slots-wild-multiplier-feature-australia-your-fair-dinkum-guide/ HTTP/2" 200 22228 "-" "Mozilla/5.0 (Macintosh; Intel Mac OS X 10_15_7) AppleWebKit/537.36 (KHTML, like Gecko) Chrome/140.0.0.0 Safari/537.36"
65.109.114.175 - - [29/Jul/2026:20:06:02 +0530] "GET /index.php/2026/07/24/slots-wild-multiplier-feature-australia-your-fair-dinkum-guide/ HTTP/1.1" 200 78551 "-" "-"
103.212.120.166 - - [29/Jul/2026:20:13:10 +0530] "POST /wp-cron.php?doing_wp_cron=1785336190.0032269954681396484375 HTTP/1.1" 403 1242 "-" "WordPress/7.0.2; https://nanotechtechnologies.com"
65.109.114.175 - - [29/Jul/2026:20:13:09 +0530] "GET /index.php/2026/07/24/slots-wild-multiplier-feature-australia-your-fair-dinkum-guide/ HTTP/2" 200 22228 "-" "Mozilla/5.0 (Macintosh; Intel Mac OS X 10_15_7) AppleWebKit/537.36 (KHTML, like Gecko) Chrome/140.0.0.0 Safari/537.36"
65.109.114.175 - - [29/Jul/2026:20:13:10 +0530] "GET /index.php/2026/07/24/slots-wild-multiplier-feature-australia-your-fair-dinkum-guide/ HTTP/1.1" 200 78551 "-" "-"
103.212.120.166 - - [29/Jul/2026:20:16:23 +0530] "POST /wp-cron.php?doing_wp_cron=1785336383.9829039573669433593750 HTTP/1.1" 403 1242 "-" "WordPress/7.0.2; https://nanotechtechnologies.com"
65.109.114.175 - - [29/Jul/2026:20:16:23 +0530] "GET /index.php/2026/07/24/slots-wild-multiplier-feature-australia-your-fair-dinkum-guide/ HTTP/2" 200 22228 "-" "Mozilla/5.0 (Macintosh; Intel Mac OS X 10_15_7) AppleWebKit/537.36 (KHTML, like Gecko) Chrome/140.0.0.0 Safari/537.36"
65.109.114.175 - - [29/Jul/2026:20:16:24 +0530] "GET /index.php/2026/07/24/slots-wild-multiplier-feature-australia-your-fair-dinkum-guide/ HTTP/1.1" 200 78551 "-" "-"
103.212.120.166 - - [29/Jul/2026:20:18:24 +0530] "POST /wp-cron.php?doing_wp_cron=1785336504.0547289848327636718750 HTTP/1.1" 403 1242 "-" "WordPress/7.0.2; https://nanotechtechnologies.com"
65.109.114.175 - - [29/Jul/2026:20:18:23 +0530] "GET /index.php/2026/07/24/slots-wild-multiplier-feature-australia-your-fair-dinkum-guide/ HTTP/2" 200 22228 "-" "Mozilla/5.0 (Macintosh; Intel Mac OS X 10_15_7) AppleWebKit/537.36 (KHTML, like Gecko) Chrome/140.0.0.0 Safari/537.36"
65.109.114.175 - - [29/Jul/2026:20:18:24 +0530] "GET /index.php/2026/07/24/slots-wild-multiplier-feature-australia-your-fair-dinkum-guide/ HTTP/1.1" 200 78551 "-" "-"
103.212.120.166 - - [29/Jul/2026:20:35:04 +0530] "POST /wp-cron.php?doing_wp_cron=1785337504.3730669021606445312500 HTTP/1.1" 403 1242 "-" "WordPress/7.0.2; https://nanotechtechnologies.com"
65.111.8.145 - - [29/Jul/2026:20:35:03 +0530] "GET /wp-login.php HTTP/2" 200 1901 "-" "Mozilla/5.0 (Windows NT 10.0; Win64; x64) AppleWebKit/537.36 (KHTML, like Gecko) Chrome/124.0.0.0 Safari/537.36"
104.207.47.249 - - [29/Jul/2026:20:35:05 +0530] "GET /wp-login.php HTTP/2" 200 1901 "-" "Mozilla/5.0 (Windows NT 10.0; Win64; x64) AppleWebKit/537.36 (KHTML, like Gecko) Chrome/124.0.0.0 Safari/537.36"
65.111.8.145 - - [29/Jul/2026:20:35:06 +0530] "GET /wp-login.php?wp_lang=en_US HTTP/2" 200 1901 "-" "Mozilla/5.0 (Windows NT 10.0; Win64; x64) AppleWebKit/537.36 (KHTML, like Gecko) Chrome/124.0.0.0 Safari/537.36"
65.111.8.145 - - [29/Jul/2026:20:35:07 +0530] "POST /wp-login.php HTTP/2" 302 0 "https://nanotechtechnologies.com/wp-login.php" "Mozilla/5.0 (Windows NT 10.0; Win64; x64) AppleWebKit/537.36 (KHTML, like Gecko) Chrome/124.0.0.0 Safari/537.36"
104.207.47.249 - - [29/Jul/2026:20:35:09 +0530] "GET /wp-login.php?wp_lang=en_US HTTP/2" 200 1901 "-" "Mozilla/5.0 (Windows NT 10.0; Win64; x64; rv:133.0) Gecko/20100101 Firefox/133.0"
65.111.8.145 - - [29/Jul/2026:20:35:08 +0530] "GET /wp-admin/ HTTP/2" 200 46672 "https://nanotechtechnologies.com/wp-login.php" "Mozilla/5.0 (Windows NT 10.0; Win64; x64) AppleWebKit/537.36 (KHTML, like Gecko) Chrome/124.0.0.0 Safari/537.36"
104.207.47.249 - - [29/Jul/2026:20:35:11 +0530] "POST /wp-login.php HTTP/2" 302 0 "https://nanotechtechnologies.com/wp-login.php" "Mozilla/5.0 (Windows NT 10.0; Win64; x64; rv:133.0) Gecko/20100101 Firefox/133.0"
104.207.47.249 - - [29/Jul/2026:20:35:12 +0530] "GET /wp-admin/ HTTP/2" 200 46655 "https://nanotechtechnologies.com/wp-login.php" "Mozilla/5.0 (Windows NT 10.0; Win64; x64; rv:133.0) Gecko/20100101 Firefox/133.0"
65.111.8.145 - - [29/Jul/2026:20:35:12 +0530] "GET /wp-admin/ HTTP/2" 200 46653 "-" "Mozilla/5.0 (Windows NT 10.0; Win64; x64) AppleWebKit/537.36 (KHTML, like Gecko) Chrome/124.0.0.0 Safari/537.36"
104.207.47.249 - - [29/Jul/2026:20:35:14 +0530] "GET /wp-admin/ HTTP/2" 200 46605 "-" "Mozilla/5.0 (Windows NT 10.0; Win64; x64; rv:133.0) Gecko/20100101 Firefox/133.0"
193.56.28.89 - - [29/Jul/2026:20:35:14 +0530] "GET /wp-login.php HTTP/2" 200 1901 "-" "Mozilla/5.0 (Windows NT 10.0; Win64; x64; rv:133.0) Gecko/20100101 Firefox/133.0"
65.111.8.145 - - [29/Jul/2026:20:35:16 +0530] "GET /wp-admin/admin-ajax.php?action=rest-nonce HTTP/2" 400 5 "-" "Mozilla/5.0 (Windows NT 10.0; Win64; x64) AppleWebKit/537.36 (KHTML, like Gecko) Chrome/124.0.0.0 Safari/537.36"
65.111.8.145 - - [29/Jul/2026:20:35:16 +0530] "GET /wp-admin/ HTTP/2" 200 46640 "-" "Mozilla/5.0 (Windows NT 10.0; Win64; x64) AppleWebKit/537.36 (KHTML, like Gecko) Chrome/124.0.0.0 Safari/537.36"
104.207.47.249 - - [29/Jul/2026:20:35:17 +0530] "GET /wp-admin/admin-ajax.php?action=rest-nonce HTTP/2" 400 5 "-" "Mozilla/5.0 (Windows NT 10.0; Win64; x64; rv:133.0) Gecko/20100101 Firefox/133.0"
65.111.5.122 - - [29/Jul/2026:20:35:17 +0530] "GET /wp-login.php HTTP/2" 200 1901 "-" "Mozilla/5.0 (Windows NT 10.0; Win64; x64; rv:133.0) Gecko/20100101 Firefox/133.0"
65.111.8.145 - - [29/Jul/2026:20:35:18 +0530] "GET /wp-admin/admin-ajax.php?action=rest-nonce HTTP/2" 400 5 "-" "Mozilla/5.0 (Windows NT 10.0; Win64; x64) AppleWebKit/537.36 (KHTML, like Gecko) Chrome/124.0.0.0 Safari/537.36"
65.111.8.145 - - [29/Jul/2026:20:35:19 +0530] "GET /wp-admin/admin-ajax.php?action=rest-nonce HTTP/2" 200 14 "-" "Mozilla/5.0 (Windows NT 10.0; Win64; x64) AppleWebKit/537.36 (KHTML, like Gecko) Chrome/124.0.0.0 Safari/537.36"
65.111.7.4 - - [29/Jul/2026:20:35:19 +0530] "GET /wp-login.php HTTP/2" 200 1901 "-" "Mozilla/5.0 (Windows NT 10.0; Win64; x64; rv:133.0) Gecko/20100101 Firefox/133.0"
104.207.47.249 - - [29/Jul/2026:20:35:19 +0530] "GET /wp-admin/ HTTP/2" 200 46632 "-" "Mozilla/5.0 (Windows NT 10.0; Win64; x64; rv:133.0) Gecko/20100101 Firefox/133.0"
65.111.8.145 - - [29/Jul/2026:20:35:20 +0530] "GET /wp-admin/options-permalink.php HTTP/2" 200 35974 "-" "Mozilla/5.0 (Windows NT 10.0; Win64; x64) AppleWebKit/537.36 (KHTML, like Gecko) Chrome/124.0.0.0 Safari/537.36"
65.111.5.122 - - [29/Jul/2026:20:35:20 +0530] "GET /wp-login.php?wp_lang=en_US HTTP/2" 200 1901 "-" "Mozilla/5.0 (Windows NT 10.0; Win64; x64) AppleWebKit/537.36 (KHTML, like Gecko) Chrome/124.0.0.0 Safari/537.36"
104.207.47.249 - - [29/Jul/2026:20:35:20 +0530] "GET /wp-admin/admin-ajax.php?action=rest-nonce HTTP/2" 400 5 "-" "Mozilla/5.0 (Windows NT 10.0; Win64; x64; rv:133.0) Gecko/20100101 Firefox/133.0"
65.111.7.4 - - [29/Jul/2026:20:35:21 +0530] "GET /wp-login.php?wp_lang=en_US HTTP/2" 200 1901 "-" "Mozilla/5.0 (Windows NT 10.0; Win64; x64; rv:133.0) Gecko/20100101 Firefox/133.0"
104.207.47.249 - - [29/Jul/2026:20:35:21 +0530] "GET /wp-admin/admin-ajax.php?action=rest-nonce HTTP/2" 200 14 "-" "Mozilla/5.0 (Windows NT 10.0; Win64; x64; rv:133.0) Gecko/20100101 Firefox/133.0"
65.111.7.4 - - [29/Jul/2026:20:35:21 +0530] "POST /wp-login.php HTTP/2" 302 0 "https://nanotechtechnologies.com/wp-login.php" "Mozilla/5.0 (Windows NT 10.0; Win64; x64; rv:133.0) Gecko/20100101 Firefox/133.0"
65.111.8.145 - - [29/Jul/2026:20:35:22 +0530] "POST /xmlrpc.php HTTP/2" 403 1242 "-" "Mozilla/5.0 (Windows NT 10.0; Win64; x64) AppleWebKit/537.36 (KHTML, like Gecko) Chrome/124.0.0.0 Safari/537.36"
65.111.5.122 - - [29/Jul/2026:20:35:22 +0530] "POST /wp-login.php HTTP/2" 302 0 "https://nanotechtechnologies.com/wp-login.php" "Mozilla/5.0 (Windows NT 10.0; Win64; x64) AppleWebKit/537.36 (KHTML, like Gecko) Chrome/124.0.0.0 Safari/537.36"
65.111.5.122 - - [29/Jul/2026:20:35:23 +0530] "GET /wp-admin/ HTTP/2" 200 46679 "https://nanotechtechnologies.com/wp-login.php" "Mozilla/5.0 (Windows NT 10.0; Win64; x64) AppleWebKit/537.36 (KHTML, like Gecko) Chrome/124.0.0.0 Safari/537.36"
65.111.7.4 - - [29/Jul/2026:20:35:23 +0530] "GET /wp-admin/ HTTP/2" 200 46651 "https://nanotechtechnologies.com/wp-login.php" "Mozilla/5.0 (Windows NT 10.0; Win64; x64; rv:133.0) Gecko/20100101 Firefox/133.0"
104.207.47.249 - - [29/Jul/2026:20:35:23 +0530] "GET /wp-admin/options-permalink.php HTTP/2" 200 35955 "-" "Mozilla/5.0 (Windows NT 10.0; Win64; x64; rv:133.0) Gecko/20100101 Firefox/133.0"
104.207.57.98 - - [29/Jul/2026:20:35:24 +0530] "GET /wp-login.php?wp_lang=en_US HTTP/2" 200 1901 "-" "Mozilla/5.0 (Windows NT 10.0; Win64; x64; rv:133.0) Gecko/20100101 Firefox/133.0"
104.207.57.98 - - [29/Jul/2026:20:35:25 +0530] "POST /wp-login.php HTTP/2" 302 0 "https://nanotechtechnologies.com/wp-login.php" "Mozilla/5.0 (Windows NT 10.0; Win64; x64; rv:133.0) Gecko/20100101 Firefox/133.0"
65.111.5.122 - - [29/Jul/2026:20:35:25 +0530] "GET /wp-admin/ HTTP/2" 200 46656 "-" "Mozilla/5.0 (Windows NT 10.0; Win64; x64) AppleWebKit/537.36 (KHTML, like Gecko) Chrome/124.0.0.0 Safari/537.36"
65.111.7.4 - - [29/Jul/2026:20:35:25 +0530] "GET /wp-admin/ HTTP/2" 200 46630 "-" "Mozilla/5.0 (Windows NT 10.0; Win64; x64; rv:133.0) Gecko/20100101 Firefox/133.0"
104.207.57.98 - - [29/Jul/2026:20:35:26 +0530] "GET /wp-admin/ HTTP/2" 200 46651 "https://nanotechtechnologies.com/wp-login.php" "Mozilla/5.0 (Windows NT 10.0; Win64; x64; rv:133.0) Gecko/20100101 Firefox/133.0"
104.207.33.226 - - [29/Jul/2026:20:35:27 +0530] "GET /wp-login.php HTTP/2" 200 1901 "-" "Mozilla/5.0 (Windows NT 10.0; Win64; x64; rv:133.0) Gecko/20100101 Firefox/133.0"
104.207.57.98 - - [29/Jul/2026:20:35:27 +0530] "GET /wp-admin/ HTTP/2" 200 46621 "-" "Mozilla/5.0 (Windows NT 10.0; Win64; x64; rv:133.0) Gecko/20100101 Firefox/133.0"
65.111.5.122 - - [29/Jul/2026:20:35:28 +0530] "GET /wp-admin/admin-ajax.php?action=rest-nonce HTTP/2" 400 5 "-" "Mozilla/5.0 (Windows NT 10.0; Win64; x64) AppleWebKit/537.36 (KHTML, like Gecko) Chrome/124.0.0.0 Safari/537.36"
65.111.7.4 - - [29/Jul/2026:20:35:28 +0530] "GET /wp-admin/admin-ajax.php?action=rest-nonce HTTP/2" 400 5 "-" "Mozilla/5.0 (Windows NT 10.0; Win64; x64; rv:133.0) Gecko/20100101 Firefox/133.0"
65.111.5.122 - - [29/Jul/2026:20:35:29 +0530] "GET /wp-admin/ HTTP/2" 200 46656 "-" "Mozilla/5.0 (Windows NT 10.0; Win64; x64) AppleWebKit/537.36 (KHTML, like Gecko) Chrome/124.0.0.0 Safari/537.36"
65.111.7.4 - - [29/Jul/2026:20:35:30 +0530] "GET /wp-admin/ HTTP/2" 200 46629 "-" "Mozilla/5.0 (Windows NT 10.0; Win64; x64; rv:133.0) Gecko/20100101 Firefox/133.0"
104.207.33.226 - - [29/Jul/2026:20:35:30 +0530] "GET /wp-login.php?wp_lang=en_US HTTP/2" 200 1901 "-" "Mozilla/5.0 (Windows NT 10.0; Win64; x64; rv:133.0) Gecko/20100101 Firefox/133.0"
104.207.57.98 - - [29/Jul/2026:20:35:30 +0530] "GET /wp-admin/admin-ajax.php?action=rest-nonce HTTP/2" 400 5 "-" "Mozilla/5.0 (Windows NT 10.0; Win64; x64; rv:133.0) Gecko/20100101 Firefox/133.0"
65.111.7.4 - - [29/Jul/2026:20:35:31 +0530] "GET /wp-admin/admin-ajax.php?action=rest-nonce HTTP/2" 400 5 "-" "Mozilla/5.0 (Windows NT 10.0; Win64; x64; rv:133.0) Gecko/20100101 Firefox/133.0"
45.3.34.221 - - [29/Jul/2026:20:35:31 +0530] "GET /wp-login.php HTTP/2" 200 1901 "-" "Mozilla/5.0 (Windows NT 10.0; Win64; x64) AppleWebKit/537.36 (KHTML, like Gecko) Chrome/124.0.0.0 Safari/537.36"
104.207.33.226 - - [29/Jul/2026:20:35:32 +0530] "POST /wp-login.php HTTP/2" 302 0 "https://nanotechtechnologies.com/wp-login.php" "Mozilla/5.0 (Windows NT 10.0; Win64; x64; rv:133.0) Gecko/20100101 Firefox/133.0"
65.111.5.122 - - [29/Jul/2026:20:35:32 +0530] "GET /wp-admin/admin-ajax.php?action=rest-nonce HTTP/2" 400 5 "-" "Mozilla/5.0 (Windows NT 10.0; Win64; x64) AppleWebKit/537.36 (KHTML, like Gecko) Chrome/124.0.0.0 Safari/537.36"
65.111.7.4 - - [29/Jul/2026:20:35:32 +0530] "GET /wp-admin/admin-ajax.php?action=rest-nonce HTTP/2" 200 14 "-" "Mozilla/5.0 (Windows NT 10.0; Win64; x64; rv:133.0) Gecko/20100101 Firefox/133.0"
104.207.57.98 - - [29/Jul/2026:20:35:33 +0530] "GET /wp-admin/ HTTP/2" 200 46634 "-" "Mozilla/5.0 (Windows NT 10.0; Win64; x64; rv:133.0) Gecko/20100101 Firefox/133.0"
104.207.33.226 - - [29/Jul/2026:20:35:33 +0530] "GET /wp-admin/ HTTP/2" 200 46650 "https://nanotechtechnologies.com/wp-login.php" "Mozilla/5.0 (Windows NT 10.0; Win64; x64; rv:133.0) Gecko/20100101 Firefox/133.0"
45.3.34.221 - - [29/Jul/2026:20:35:33 +0530] "GET /wp-login.php?wp_lang=en_US HTTP/2" 200 1901 "-" "Mozilla/5.0 (Windows NT 10.0; Win64; x64; rv:133.0) Gecko/20100101 Firefox/133.0"
65.111.7.4 - - [29/Jul/2026:20:35:34 +0530] "GET /wp-admin/options-permalink.php HTTP/2" 200 35954 "-" "Mozilla/5.0 (Windows NT 10.0; Win64; x64; rv:133.0) Gecko/20100101 Firefox/133.0"
104.207.57.98 - - [29/Jul/2026:20:35:34 +0530] "GET /wp-admin/admin-ajax.php?action=rest-nonce HTTP/2" 400 5 "-" "Mozilla/5.0 (Windows NT 10.0; Win64; x64; rv:133.0) Gecko/20100101 Firefox/133.0"
65.111.5.122 - - [29/Jul/2026:20:35:34 +0530] "GET /wp-admin/admin-ajax.php?action=rest-nonce HTTP/2" 200 14 "-" "Mozilla/5.0 (Windows NT 10.0; Win64; x64) AppleWebKit/537.36 (KHTML, like Gecko) Chrome/124.0.0.0 Safari/537.36"
45.3.34.221 - - [29/Jul/2026:20:35:35 +0530] "POST /wp-login.php HTTP/2" 302 0 "https://nanotechtechnologies.com/wp-login.php" "Mozilla/5.0 (Windows NT 10.0; Win64; x64; rv:133.0) Gecko/20100101 Firefox/133.0"
104.207.57.98 - - [29/Jul/2026:20:35:35 +0530] "GET /wp-admin/admin-ajax.php?action=rest-nonce HTTP/2" 200 14 "-" "Mozilla/5.0 (Windows NT 10.0; Win64; x64; rv:133.0) Gecko/20100101 Firefox/133.0"
104.207.33.226 - - [29/Jul/2026:20:35:35 +0530] "GET /wp-admin/ HTTP/2" 200 46571 "-" "Mozilla/5.0 (Windows NT 10.0; Win64; x64; rv:133.0) Gecko/20100101 Firefox/133.0"
45.3.34.221 - - [29/Jul/2026:20:35:36 +0530] "GET /wp-admin/ HTTP/2" 200 46651 "https://nanotechtechnologies.com/wp-login.php" "Mozilla/5.0 (Windows NT 10.0; Win64; x64; rv:133.0) Gecko/20100101 Firefox/133.0"
65.111.5.122 - - [29/Jul/2026:20:35:36 +0530] "GET /wp-admin/options-permalink.php HTTP/2" 200 35974 "-" "Mozilla/5.0 (Windows NT 10.0; Win64; x64) AppleWebKit/537.36 (KHTML, like Gecko) Chrome/124.0.0.0 Safari/537.36"
65.111.3.187 - - [29/Jul/2026:20:35:44 +0530] "POST /xmlrpc.php HTTP/2" 403 1242 "-" "Mozilla/5.0 (Windows NT 10.0; Win64; x64; rv:133.0) Gecko/20100101 Firefox/133.0"
104.207.33.226 - - [29/Jul/2026:20:35:43 +0530] "GET /wp-admin/options-permalink.php HTTP/2" 200 35956 "-" "Mozilla/5.0 (Windows NT 10.0; Win64; x64; rv:133.0) Gecko/20100101 Firefox/133.0"
104.207.40.35 - - [29/Jul/2026:20:35:44 +0530] "POST /xmlrpc.php HTTP/2" 403 1242 "-" "Mozilla/5.0 (Windows NT 10.0; Win64; x64) AppleWebKit/537.36 (KHTML, like Gecko) Chrome/124.0.0.0 Safari/537.36"
45.3.34.221 - - [29/Jul/2026:20:35:44 +0530] "GET /wp-admin/admin-ajax.php?action=rest-nonce HTTP/2" 400 5 "-" "Mozilla/5.0 (Windows NT 10.0; Win64; x64; rv:133.0) Gecko/20100101 Firefox/133.0"
45.3.34.221 - - [29/Jul/2026:20:35:45 +0530] "GET /wp-admin/admin-ajax.php?action=rest-nonce HTTP/2" 200 14 "-" "Mozilla/5.0 (Windows NT 10.0; Win64; x64; rv:133.0) Gecko/20100101 Firefox/133.0"
65.111.1.177 - - [29/Jul/2026:20:35:46 +0530] "POST /xmlrpc.php HTTP/2" 403 1242 "-" "Mozilla/5.0 (Windows NT 10.0; Win64; x64; rv:133.0) Gecko/20100101 Firefox/133.0"
104.207.33.226 - - [29/Jul/2026:20:35:46 +0530] "POST /xmlrpc.php HTTP/2" 403 1242 "-" "Mozilla/5.0 (Windows NT 10.0; Win64; x64) AppleWebKit/537.36 (KHTML, like Gecko) Chrome/124.0.0.0 Safari/537.36"
104.207.46.19 - - [29/Jul/2026:20:35:47 +0530] "POST /xmlrpc.php HTTP/2" 403 1242 "-" "Mozilla/5.0 (Windows NT 10.0; Win64; x64) AppleWebKit/537.36 (KHTML, like Gecko) Chrome/124.0.0.0 Safari/537.36"
