45.3.34.221 - - [29/Jul/2026:20:35:47 +0530] "GET /wp-admin/options-permalink.php HTTP/2" 200 35953 "-" "Mozilla/5.0 (Windows NT 10.0; Win64; x64; rv:133.0) Gecko/20100101 Firefox/133.0"
65.111.30.245 - - [29/Jul/2026:20:35:48 +0530] "POST /xmlrpc.php HTTP/2" 403 1242 "-" "Mozilla/5.0 (Windows NT 10.0; Win64; x64) AppleWebKit/537.36 (KHTML, like Gecko) Chrome/124.0.0.0 Safari/537.36"
65.111.8.145 - - [29/Jul/2026:20:35:47 +0530] "GET /wp-admin/admin-ajax.php?action=rest-nonce HTTP/2" 200 14 "-" "Mozilla/5.0 (Windows NT 10.0; Win64; x64) AppleWebKit/537.36 (KHTML, like Gecko) Chrome/124.0.0.0 Safari/537.36"
45.3.39.244 - - [29/Jul/2026:20:35:48 +0530] "GET /wp-login.php HTTP/2" 200 1901 "-" "Mozilla/5.0 (Windows NT 10.0; Win64; x64) AppleWebKit/537.36 (KHTML, like Gecko) Chrome/124.0.0.0 Safari/537.36"
65.111.8.145 - - [29/Jul/2026:20:35:48 +0530] "GET /wp-admin/options-permalink.php HTTP/2" 200 35972 "-" "Mozilla/5.0 (Windows NT 10.0; Win64; x64) AppleWebKit/537.36 (KHTML, like Gecko) Chrome/124.0.0.0 Safari/537.36"
45.3.34.221 - - [29/Jul/2026:20:35:49 +0530] "POST /xmlrpc.php HTTP/2" 403 1242 "-" "Mozilla/5.0 (Windows NT 10.0; Win64; x64) AppleWebKit/537.36 (KHTML, like Gecko) Chrome/124.0.0.0 Safari/537.36"
151.123.177.93 - - [29/Jul/2026:20:35:50 +0530] "GET /wp-login.php?wp_lang=en_US HTTP/2" 200 1901 "-" "Mozilla/5.0 (Windows NT 10.0; Win64; x64) AppleWebKit/537.36 (KHTML, like Gecko) Chrome/124.0.0.0 Safari/537.36"
65.111.8.145 - - [29/Jul/2026:20:35:51 +0530] "POST /wp-json/wp/v2/posts HTTP/2" 404 1251 "https://nanotechtechnologies.com/wp-json/wp/v2/posts" "Mozilla/5.0 (Windows NT 10.0; Win64; x64) AppleWebKit/537.36 (KHTML, like Gecko) Chrome/124.0.0.0 Safari/537.36"
65.111.3.159 - - [29/Jul/2026:20:35:52 +0530] "POST /xmlrpc.php HTTP/2" 403 1242 "-" "Mozilla/5.0 (Windows NT 10.0; Win64; x64; rv:133.0) Gecko/20100101 Firefox/133.0"
151.123.177.93 - - [29/Jul/2026:20:35:52 +0530] "POST /wp-login.php HTTP/2" 302 0 "https://nanotechtechnologies.com/wp-login.php" "Mozilla/5.0 (Windows NT 10.0; Win64; x64) AppleWebKit/537.36 (KHTML, like Gecko) Chrome/124.0.0.0 Safari/537.36"
104.207.58.53 - - [29/Jul/2026:20:35:53 +0530] "POST /xmlrpc.php HTTP/2" 403 1242 "-" "Mozilla/5.0 (Windows NT 10.0; Win64; x64) AppleWebKit/537.36 (KHTML, like Gecko) Chrome/124.0.0.0 Safari/537.36"
151.123.177.93 - - [29/Jul/2026:20:35:53 +0530] "GET /wp-admin/ HTTP/2" 200 46680 "https://nanotechtechnologies.com/wp-login.php" "Mozilla/5.0 (Windows NT 10.0; Win64; x64) AppleWebKit/537.36 (KHTML, like Gecko) Chrome/124.0.0.0 Safari/537.36"
104.207.41.54 - - [29/Jul/2026:20:35:53 +0530] "GET /wp-login.php HTTP/2" 200 1901 "-" "Mozilla/5.0 (Windows NT 10.0; Win64; x64) AppleWebKit/537.36 (KHTML, like Gecko) Chrome/124.0.0.0 Safari/537.36"
45.3.51.63 - - [29/Jul/2026:20:35:55 +0530] "POST /xmlrpc.php HTTP/2" 403 1242 "-" "Mozilla/5.0 (Windows NT 10.0; Win64; x64) AppleWebKit/537.36 (KHTML, like Gecko) Chrome/124.0.0.0 Safari/537.36"
151.123.177.93 - - [29/Jul/2026:20:35:55 +0530] "GET /wp-admin/ HTTP/2" 200 46658 "-" "Mozilla/5.0 (Windows NT 10.0; Win64; x64) AppleWebKit/537.36 (KHTML, like Gecko) Chrome/124.0.0.0 Safari/537.36"
104.207.41.54 - - [29/Jul/2026:20:35:56 +0530] "GET /wp-login.php?wp_lang=en_US HTTP/2" 200 1901 "-" "Mozilla/5.0 (Windows NT 10.0; Win64; x64) AppleWebKit/537.36 (KHTML, like Gecko) Chrome/124.0.0.0 Safari/537.36"
65.111.12.132 - - [29/Jul/2026:20:35:57 +0530] "POST /xmlrpc.php HTTP/2" 403 1242 "-" "Mozilla/5.0 (Windows NT 10.0; Win64; x64) AppleWebKit/537.36 (KHTML, like Gecko) Chrome/124.0.0.0 Safari/537.36"
151.123.177.93 - - [29/Jul/2026:20:35:57 +0530] "GET /wp-admin/admin-ajax.php?action=rest-nonce HTTP/2" 400 5 "-" "Mozilla/5.0 (Windows NT 10.0; Win64; x64) AppleWebKit/537.36 (KHTML, like Gecko) Chrome/124.0.0.0 Safari/537.36"
104.207.41.54 - - [29/Jul/2026:20:35:57 +0530] "POST /wp-login.php HTTP/2" 302 0 "https://nanotechtechnologies.com/wp-login.php" "Mozilla/5.0 (Windows NT 10.0; Win64; x64) AppleWebKit/537.36 (KHTML, like Gecko) Chrome/124.0.0.0 Safari/537.36"
45.3.55.159 - - [29/Jul/2026:20:35:58 +0530] "GET /wp-login.php?wp_lang=en_US HTTP/2" 200 1901 "-" "Mozilla/5.0 (Windows NT 10.0; Win64; x64; rv:133.0) Gecko/20100101 Firefox/133.0"
104.207.47.17 - - [29/Jul/2026:20:35:58 +0530] "GET /wp-login.php HTTP/2" 200 1901 "-" "Mozilla/5.0 (Windows NT 10.0; Win64; x64) AppleWebKit/537.36 (KHTML, like Gecko) Chrome/124.0.0.0 Safari/537.36"
65.111.5.122 - - [29/Jul/2026:20:35:58 +0530] "GET /wp-admin/admin-ajax.php?action=rest-nonce HTTP/2" 200 14 "-" "Mozilla/5.0 (Windows NT 10.0; Win64; x64) AppleWebKit/537.36 (KHTML, like Gecko) Chrome/124.0.0.0 Safari/537.36"
104.207.41.54 - - [29/Jul/2026:20:35:58 +0530] "GET /wp-admin/ HTTP/2" 200 46660 "https://nanotechtechnologies.com/wp-login.php" "Mozilla/5.0 (Windows NT 10.0; Win64; x64) AppleWebKit/537.36 (KHTML, like Gecko) Chrome/124.0.0.0 Safari/537.36"
151.123.177.93 - - [29/Jul/2026:20:35:59 +0530] "GET /wp-admin/ HTTP/2" 200 46431 "-" "Mozilla/5.0 (Windows NT 10.0; Win64; x64) AppleWebKit/537.36 (KHTML, like Gecko) Chrome/124.0.0.0 Safari/537.36"
45.3.55.159 - - [29/Jul/2026:20:35:59 +0530] "POST /wp-login.php HTTP/2" 302 0 "https://nanotechtechnologies.com/wp-login.php" "Mozilla/5.0 (Windows NT 10.0; Win64; x64; rv:133.0) Gecko/20100101 Firefox/133.0"
65.111.5.122 - - [29/Jul/2026:20:35:59 +0530] "GET /wp-admin/options-permalink.php HTTP/2" 200 35974 "-" "Mozilla/5.0 (Windows NT 10.0; Win64; x64) AppleWebKit/537.36 (KHTML, like Gecko) Chrome/124.0.0.0 Safari/537.36"
65.111.2.13 - - [29/Jul/2026:20:36:00 +0530] "POST /xmlrpc.php HTTP/2" 403 1242 "-" "Mozilla/5.0 (Windows NT 10.0; Win64; x64; rv:133.0) Gecko/20100101 Firefox/133.0"
151.123.177.93 - - [29/Jul/2026:20:36:00 +0530] "GET /wp-admin/admin-ajax.php?action=rest-nonce HTTP/2" 400 5 "-" "Mozilla/5.0 (Windows NT 10.0; Win64; x64) AppleWebKit/537.36 (KHTML, like Gecko) Chrome/124.0.0.0 Safari/537.36"
45.3.55.159 - - [29/Jul/2026:20:36:00 +0530] "GET /wp-admin/ HTTP/2" 200 46643 "https://nanotechtechnologies.com/wp-login.php" "Mozilla/5.0 (Windows NT 10.0; Win64; x64; rv:133.0) Gecko/20100101 Firefox/133.0"
104.207.47.17 - - [29/Jul/2026:20:36:00 +0530] "GET /wp-login.php?wp_lang=en_US HTTP/2" 200 1901 "-" "Mozilla/5.0 (Windows NT 10.0; Win64; x64; rv:133.0) Gecko/20100101 Firefox/133.0"
45.3.37.153 - - [29/Jul/2026:20:36:01 +0530] "GET /wp-login.php HTTP/2" 200 1901 "-" "Mozilla/5.0 (Windows NT 10.0; Win64; x64; rv:133.0) Gecko/20100101 Firefox/133.0"
151.123.177.93 - - [29/Jul/2026:20:36:01 +0530] "GET /wp-admin/admin-ajax.php?action=rest-nonce HTTP/2" 200 14 "-" "Mozilla/5.0 (Windows NT 10.0; Win64; x64) AppleWebKit/537.36 (KHTML, like Gecko) Chrome/124.0.0.0 Safari/537.36"
104.207.41.54 - - [29/Jul/2026:20:36:01 +0530] "GET /wp-admin/ HTTP/2" 200 46545 "-" "Mozilla/5.0 (Windows NT 10.0; Win64; x64) AppleWebKit/537.36 (KHTML, like Gecko) Chrome/124.0.0.0 Safari/537.36"
65.111.5.122 - - [29/Jul/2026:20:36:02 +0530] "POST /wp-json/wp/v2/posts HTTP/2" 404 1251 "https://nanotechtechnologies.com/wp-json/wp/v2/posts" "Mozilla/5.0 (Windows NT 10.0; Win64; x64) AppleWebKit/537.36 (KHTML, like Gecko) Chrome/124.0.0.0 Safari/537.36"
151.123.177.93 - - [29/Jul/2026:20:36:02 +0530] "GET /wp-admin/options-permalink.php HTTP/2" 200 35978 "-" "Mozilla/5.0 (Windows NT 10.0; Win64; x64) AppleWebKit/537.36 (KHTML, like Gecko) Chrome/124.0.0.0 Safari/537.36"
65.111.3.233 - - [29/Jul/2026:20:36:03 +0530] "POST /xmlrpc.php HTTP/2" 403 1242 "-" "Mozilla/5.0 (Windows NT 10.0; Win64; x64; rv:133.0) Gecko/20100101 Firefox/133.0"
45.3.55.159 - - [29/Jul/2026:20:36:02 +0530] "GET /wp-admin/ HTTP/2" 200 46624 "-" "Mozilla/5.0 (Windows NT 10.0; Win64; x64; rv:133.0) Gecko/20100101 Firefox/133.0"
103.212.120.166 - - [29/Jul/2026:20:36:04 +0530] "POST /wp-cron.php?doing_wp_cron=1785337564.4522109031677246093750 HTTP/1.1" 403 1242 "-" "WordPress/7.0.2; https://nanotechtechnologies.com"
104.207.47.17 - - [29/Jul/2026:20:36:04 +0530] "POST /wp-login.php HTTP/2" 302 0 "https://nanotechtechnologies.com/wp-login.php" "Mozilla/5.0 (Windows NT 10.0; Win64; x64; rv:133.0) Gecko/20100101 Firefox/133.0"
103.212.120.166 - - [29/Jul/2026:20:36:04 +0530] "POST /wp-cron.php?doing_wp_cron=1785337564.6179170608520507812500 HTTP/1.1" 403 1242 "-" "WordPress/7.0.2; https://nanotechtechnologies.com"
45.3.55.159 - - [29/Jul/2026:20:36:04 +0530] "GET /wp-admin/admin-ajax.php?action=rest-nonce HTTP/2" 400 5 "-" "Mozilla/5.0 (Windows NT 10.0; Win64; x64; rv:133.0) Gecko/20100101 Firefox/133.0"
65.111.14.208 - - [29/Jul/2026:20:36:05 +0530] "POST /xmlrpc.php HTTP/2" 403 1242 "-" "Mozilla/5.0 (Windows NT 10.0; Win64; x64; rv:133.0) Gecko/20100101 Firefox/133.0"
151.123.177.93 - - [29/Jul/2026:20:36:05 +0530] "POST /xmlrpc.php HTTP/2" 403 1242 "-" "Mozilla/5.0 (Windows NT 10.0; Win64; x64; rv:133.0) Gecko/20100101 Firefox/133.0"
104.207.47.17 - - [29/Jul/2026:20:36:04 +0530] "GET /wp-admin/ HTTP/2" 200 46650 "https://nanotechtechnologies.com/wp-login.php" "Mozilla/5.0 (Windows NT 10.0; Win64; x64; rv:133.0) Gecko/20100101 Firefox/133.0"
45.3.55.159 - - [29/Jul/2026:20:36:05 +0530] "GET /wp-admin/ HTTP/2" 200 46624 "-" "Mozilla/5.0 (Windows NT 10.0; Win64; x64; rv:133.0) Gecko/20100101 Firefox/133.0"
104.207.41.54 - - [29/Jul/2026:20:36:06 +0530] "GET /wp-admin/admin-ajax.php?action=rest-nonce HTTP/2" 400 5 "-" "Mozilla/5.0 (Windows NT 10.0; Win64; x64) AppleWebKit/537.36 (KHTML, like Gecko) Chrome/124.0.0.0 Safari/537.36"
45.3.55.159 - - [29/Jul/2026:20:36:06 +0530] "GET /wp-admin/admin-ajax.php?action=rest-nonce HTTP/2" 400 5 "-" "Mozilla/5.0 (Windows NT 10.0; Win64; x64; rv:133.0) Gecko/20100101 Firefox/133.0"
104.207.53.106 - - [29/Jul/2026:20:36:06 +0530] "GET /wp-login.php?wp_lang=en_US HTTP/2" 200 1901 "-" "Mozilla/5.0 (Windows NT 10.0; Win64; x64; rv:133.0) Gecko/20100101 Firefox/133.0"
45.3.47.223 - - [29/Jul/2026:20:36:07 +0530] "POST /xmlrpc.php HTTP/2" 403 1242 "-" "Mozilla/5.0 (Windows NT 10.0; Win64; x64) AppleWebKit/537.36 (KHTML, like Gecko) Chrome/124.0.0.0 Safari/537.36"
104.207.47.17 - - [29/Jul/2026:20:36:06 +0530] "GET /wp-admin/ HTTP/2" 200 46630 "-" "Mozilla/5.0 (Windows NT 10.0; Win64; x64; rv:133.0) Gecko/20100101 Firefox/133.0"
217.181.91.78 - - [29/Jul/2026:20:36:07 +0530] "POST /xmlrpc.php HTTP/2" 403 1242 "-" "Mozilla/5.0 (Windows NT 10.0; Win64; x64; rv:133.0) Gecko/20100101 Firefox/133.0"
104.207.47.249 - - [29/Jul/2026:20:36:08 +0530] "GET /wp-admin/admin-ajax.php?action=rest-nonce HTTP/2" 200 14 "-" "Mozilla/5.0 (Windows NT 10.0; Win64; x64; rv:133.0) Gecko/20100101 Firefox/133.0"
65.111.7.4 - - [29/Jul/2026:20:36:08 +0530] "GET /wp-admin/admin-ajax.php?action=rest-nonce HTTP/2" 200 14 "-" "Mozilla/5.0 (Windows NT 10.0; Win64; x64; rv:133.0) Gecko/20100101 Firefox/133.0"
45.3.55.159 - - [29/Jul/2026:20:36:08 +0530] "GET /wp-admin/admin-ajax.php?action=rest-nonce HTTP/2" 200 14 "-" "Mozilla/5.0 (Windows NT 10.0; Win64; x64; rv:133.0) Gecko/20100101 Firefox/133.0"
45.3.55.159 - - [29/Jul/2026:20:36:09 +0530] "GET /wp-admin/options-permalink.php HTTP/2" 200 35940 "-" "Mozilla/5.0 (Windows NT 10.0; Win64; x64; rv:133.0) Gecko/20100101 Firefox/133.0"
104.207.41.54 - - [29/Jul/2026:20:36:09 +0530] "GET /wp-admin/ HTTP/2" 200 46640 "-" "Mozilla/5.0 (Windows NT 10.0; Win64; x64) AppleWebKit/537.36 (KHTML, like Gecko) Chrome/124.0.0.0 Safari/537.36"
65.111.11.122 - - [29/Jul/2026:20:36:10 +0530] "POST /xmlrpc.php HTTP/2" 403 1242 "-" "Mozilla/5.0 (Windows NT 10.0; Win64; x64; rv:133.0) Gecko/20100101 Firefox/133.0"
104.207.53.106 - - [29/Jul/2026:20:36:09 +0530] "POST /wp-login.php HTTP/2" 302 0 "https://nanotechtechnologies.com/wp-login.php" "Mozilla/5.0 (Windows NT 10.0; Win64; x64; rv:133.0) Gecko/20100101 Firefox/133.0"
104.207.47.17 - - [29/Jul/2026:20:36:09 +0530] "GET /wp-admin/admin-ajax.php?action=rest-nonce HTTP/2" 400 5 "-" "Mozilla/5.0 (Windows NT 10.0; Win64; x64; rv:133.0) Gecko/20100101 Firefox/133.0"
65.111.7.4 - - [29/Jul/2026:20:36:10 +0530] "GET /wp-admin/options-permalink.php HTTP/2" 200 35901 "-" "Mozilla/5.0 (Windows NT 10.0; Win64; x64; rv:133.0) Gecko/20100101 Firefox/133.0"
104.207.53.106 - - [29/Jul/2026:20:36:10 +0530] "GET /wp-admin/ HTTP/2" 200 46638 "https://nanotechtechnologies.com/wp-login.php" "Mozilla/5.0 (Windows NT 10.0; Win64; x64; rv:133.0) Gecko/20100101 Firefox/133.0"
45.3.55.159 - - [29/Jul/2026:20:36:11 +0530] "POST /xmlrpc.php HTTP/2" 403 1242 "-" "Mozilla/5.0 (Windows NT 10.0; Win64; x64; rv:133.0) Gecko/20100101 Firefox/133.0"
104.207.47.249 - - [29/Jul/2026:20:36:11 +0530] "GET /wp-admin/options-permalink.php HTTP/2" 200 35955 "-" "Mozilla/5.0 (Windows NT 10.0; Win64; x64; rv:133.0) Gecko/20100101 Firefox/133.0"
104.207.41.54 - - [29/Jul/2026:20:36:11 +0530] "GET /wp-admin/admin-ajax.php?action=rest-nonce HTTP/2" 400 5 "-" "Mozilla/5.0 (Windows NT 10.0; Win64; x64) AppleWebKit/537.36 (KHTML, like Gecko) Chrome/124.0.0.0 Safari/537.36"
65.111.7.4 - - [29/Jul/2026:20:36:12 +0530] "POST /wp-json/wp/v2/posts HTTP/2" 404 1251 "https://nanotechtechnologies.com/wp-json/wp/v2/posts" "Mozilla/5.0 (Windows NT 10.0; Win64; x64; rv:133.0) Gecko/20100101 Firefox/133.0"
104.207.53.106 - - [29/Jul/2026:20:36:12 +0530] "GET /wp-admin/ HTTP/2" 200 46632 "-" "Mozilla/5.0 (Windows NT 10.0; Win64; x64; rv:133.0) Gecko/20100101 Firefox/133.0"
104.207.47.17 - - [29/Jul/2026:20:36:13 +0530] "GET /wp-admin/ HTTP/2" 200 46630 "-" "Mozilla/5.0 (Windows NT 10.0; Win64; x64; rv:133.0) Gecko/20100101 Firefox/133.0"
104.207.41.54 - - [29/Jul/2026:20:36:14 +0530] "GET /wp-admin/admin-ajax.php?action=rest-nonce HTTP/2" 200 14 "-" "Mozilla/5.0 (Windows NT 10.0; Win64; x64) AppleWebKit/537.36 (KHTML, like Gecko) Chrome/124.0.0.0 Safari/537.36"
45.3.45.68 - - [29/Jul/2026:20:36:14 +0530] "POST /xmlrpc.php HTTP/2" 403 1242 "-" "Mozilla/5.0 (Windows NT 10.0; Win64; x64; rv:133.0) Gecko/20100101 Firefox/133.0"
104.207.47.249 - - [29/Jul/2026:20:36:15 +0530] "POST /wp-json/wp/v2/posts HTTP/2" 404 1251 "https://nanotechtechnologies.com/wp-json/wp/v2/posts" "Mozilla/5.0 (Windows NT 10.0; Win64; x64; rv:133.0) Gecko/20100101 Firefox/133.0"
104.207.53.106 - - [29/Jul/2026:20:36:14 +0530] "GET /wp-admin/admin-ajax.php?action=rest-nonce HTTP/2" 400 5 "-" "Mozilla/5.0 (Windows NT 10.0; Win64; x64; rv:133.0) Gecko/20100101 Firefox/133.0"
104.207.41.54 - - [29/Jul/2026:20:36:15 +0530] "GET /wp-admin/options-permalink.php HTTP/2" 200 35975 "-" "Mozilla/5.0 (Windows NT 10.0; Win64; x64) AppleWebKit/537.36 (KHTML, like Gecko) Chrome/124.0.0.0 Safari/537.36"
104.207.41.54 - - [29/Jul/2026:20:36:18 +0530] "POST /xmlrpc.php HTTP/2" 403 1242 "-" "Mozilla/5.0 (Windows NT 10.0; Win64; x64; rv:133.0) Gecko/20100101 Firefox/133.0"
45.3.55.167 - - [29/Jul/2026:20:36:19 +0530] "POST /xmlrpc.php HTTP/2" 403 1242 "-" "Mozilla/5.0 (Windows NT 10.0; Win64; x64) AppleWebKit/537.36 (KHTML, like Gecko) Chrome/124.0.0.0 Safari/537.36"
104.207.62.150 - - [29/Jul/2026:20:36:19 +0530] "POST /xmlrpc.php HTTP/2" 403 1242 "-" "Mozilla/5.0 (Windows NT 10.0; Win64; x64) AppleWebKit/537.36 (KHTML, like Gecko) Chrome/124.0.0.0 Safari/537.36"
104.207.43.49 - - [29/Jul/2026:20:36:19 +0530] "POST /xmlrpc.php HTTP/2" 403 1242 "-" "Mozilla/5.0 (Windows NT 10.0; Win64; x64) AppleWebKit/537.36 (KHTML, like Gecko) Chrome/124.0.0.0 Safari/537.36"
45.3.34.221 - - [29/Jul/2026:20:36:20 +0530] "POST /wp-json/wp/v2/posts HTTP/2" 404 1251 "https://nanotechtechnologies.com/wp-json/wp/v2/posts" "Mozilla/5.0 (Windows NT 10.0; Win64; x64; rv:133.0) Gecko/20100101 Firefox/133.0"
104.207.53.106 - - [29/Jul/2026:20:36:19 +0530] "GET /wp-admin/admin-ajax.php?action=rest-nonce HTTP/2" 400 5 "-" "Mozilla/5.0 (Windows NT 10.0; Win64; x64; rv:133.0) Gecko/20100101 Firefox/133.0"
45.3.49.137 - - [29/Jul/2026:20:36:20 +0530] "POST /xmlrpc.php HTTP/2" 403 1242 "-" "Mozilla/5.0 (Windows NT 10.0; Win64; x64; rv:133.0) Gecko/20100101 Firefox/133.0"
45.3.33.200 - - [29/Jul/2026:20:36:20 +0530] "GET /wp-login.php HTTP/2" 200 1901 "-" "Mozilla/5.0 (Windows NT 10.0; Win64; x64; rv:133.0) Gecko/20100101 Firefox/133.0"
104.207.33.226 - - [29/Jul/2026:20:36:20 +0530] "GET /wp-admin/admin-ajax.php?action=rest-nonce HTTP/2" 200 14 "-" "Mozilla/5.0 (Windows NT 10.0; Win64; x64; rv:133.0) Gecko/20100101 Firefox/133.0"
104.207.57.98 - - [29/Jul/2026:20:36:21 +0530] "GET /wp-admin/options-permalink.php HTTP/2" 200 35953 "-" "Mozilla/5.0 (Windows NT 10.0; Win64; x64; rv:133.0) Gecko/20100101 Firefox/133.0"
104.207.33.226 - - [29/Jul/2026:20:36:21 +0530] "GET /wp-admin/options-permalink.php HTTP/2" 200 35953 "-" "Mozilla/5.0 (Windows NT 10.0; Win64; x64; rv:133.0) Gecko/20100101 Firefox/133.0"
104.207.47.17 - - [29/Jul/2026:20:36:21 +0530] "GET /wp-admin/options-permalink.php HTTP/2" 200 35928 "-" "Mozilla/5.0 (Windows NT 10.0; Win64; x64; rv:133.0) Gecko/20100101 Firefox/133.0"
104.207.57.98 - - [29/Jul/2026:20:36:22 +0530] "POST /wp-json/wp/v2/posts HTTP/2" 404 1251 "https://nanotechtechnologies.com/wp-json/wp/v2/posts" "Mozilla/5.0 (Windows NT 10.0; Win64; x64; rv:133.0) Gecko/20100101 Firefox/133.0"
104.207.33.226 - - [29/Jul/2026:20:36:22 +0530] "POST /wp-json/wp/v2/posts HTTP/2" 404 1251 "https://nanotechtechnologies.com/wp-json/wp/v2/posts" "Mozilla/5.0 (Windows NT 10.0; Win64; x64; rv:133.0) Gecko/20100101 Firefox/133.0"
104.207.53.106 - - [29/Jul/2026:20:36:22 +0530] "GET /wp-admin/admin-ajax.php?action=rest-nonce HTTP/2" 200 14 "-" "Mozilla/5.0 (Windows NT 10.0; Win64; x64; rv:133.0) Gecko/20100101 Firefox/133.0"
45.3.33.200 - - [29/Jul/2026:20:36:22 +0530] "GET /wp-login.php?wp_lang=en_US HTTP/2" 200 1901 "-" "Mozilla/5.0 (Windows NT 10.0; Win64; x64; rv:133.0) Gecko/20100101 Firefox/133.0"
45.3.33.200 - - [29/Jul/2026:20:36:23 +0530] "POST /wp-login.php HTTP/2" 302 0 "https://nanotechtechnologies.com/wp-login.php" "Mozilla/5.0 (Windows NT 10.0; Win64; x64; rv:133.0) Gecko/20100101 Firefox/133.0"
104.207.47.17 - - [29/Jul/2026:20:36:24 +0530] "POST /xmlrpc.php HTTP/2" 403 1242 "-" "Mozilla/5.0 (Windows NT 10.0; Win64; x64; rv:133.0) Gecko/20100101 Firefox/133.0"
104.207.53.106 - - [29/Jul/2026:20:36:24 +0530] "GET /wp-admin/options-permalink.php HTTP/2" 200 35939 "-" "Mozilla/5.0 (Windows NT 10.0; Win64; x64; rv:133.0) Gecko/20100101 Firefox/133.0"
45.3.33.200 - - [29/Jul/2026:20:36:24 +0530] "GET /wp-admin/ HTTP/2" 200 46655 "https://nanotechtechnologies.com/wp-login.php" "Mozilla/5.0 (Windows NT 10.0; Win64; x64; rv:133.0) Gecko/20100101 Firefox/133.0"
104.207.50.9 - - [29/Jul/2026:20:36:25 +0530] "POST /xmlrpc.php HTTP/2" 403 1242 "-" "Mozilla/5.0 (Windows NT 10.0; Win64; x64; rv:133.0) Gecko/20100101 Firefox/133.0"
65.111.31.16 - - [29/Jul/2026:20:36:26 +0530] "POST /xmlrpc.php HTTP/2" 403 1242 "-" "Mozilla/5.0 (Windows NT 10.0; Win64; x64) AppleWebKit/537.36 (KHTML, like Gecko) Chrome/124.0.0.0 Safari/537.36"
65.111.31.16 - - [29/Jul/2026:20:36:28 +0530] "POST /xmlrpc.php HTTP/2" 403 1242 "-" "Mozilla/5.0 (Windows NT 10.0; Win64; x64; rv:133.0) Gecko/20100101 Firefox/133.0"
65.111.8.103 - - [29/Jul/2026:20:36:29 +0530] "POST /xmlrpc.php HTTP/2" 403 1242 "-" "Mozilla/5.0 (Windows NT 10.0; Win64; x64) AppleWebKit/537.36 (KHTML, like Gecko) Chrome/124.0.0.0 Safari/537.36"
104.207.44.205 - - [29/Jul/2026:20:36:29 +0530] "POST /xmlrpc.php HTTP/2" 403 1242 "-" "Mozilla/5.0 (Windows NT 10.0; Win64; x64; rv:133.0) Gecko/20100101 Firefox/133.0"
45.3.43.226 - - [29/Jul/2026:20:36:29 +0530] "POST /xmlrpc.php HTTP/2" 403 1242 "-" "Mozilla/5.0 (Windows NT 10.0; Win64; x64; rv:133.0) Gecko/20100101 Firefox/133.0"
45.3.33.200 - - [29/Jul/2026:20:36:29 +0530] "GET /wp-admin/ HTTP/2" 200 46633 "-" "Mozilla/5.0 (Windows NT 10.0; Win64; x64; rv:133.0) Gecko/20100101 Firefox/133.0"
45.3.32.241 - - [29/Jul/2026:20:36:31 +0530] "POST /xmlrpc.php HTTP/2" 403 1242 "-" "Mozilla/5.0 (Windows NT 10.0; Win64; x64) AppleWebKit/537.36 (KHTML, like Gecko) Chrome/124.0.0.0 Safari/537.36"
45.3.46.254 - - [29/Jul/2026:20:36:31 +0530] "POST /xmlrpc.php HTTP/2" 403 1242 "-" "Mozilla/5.0 (Windows NT 10.0; Win64; x64; rv:133.0) Gecko/20100101 Firefox/133.0"
104.207.58.103 - - [29/Jul/2026:20:36:32 +0530] "POST /xmlrpc.php HTTP/2" 403 1242 "-" "Mozilla/5.0 (Windows NT 10.0; Win64; x64; rv:133.0) Gecko/20100101 Firefox/133.0"
104.207.42.203 - - [29/Jul/2026:20:36:32 +0530] "POST /xmlrpc.php HTTP/2" 403 1242 "-" "Mozilla/5.0 (Windows NT 10.0; Win64; x64) AppleWebKit/537.36 (KHTML, like Gecko) Chrome/124.0.0.0 Safari/537.36"
45.3.33.200 - - [29/Jul/2026:20:36:32 +0530] "GET /wp-admin/admin-ajax.php?action=rest-nonce HTTP/2" 400 5 "-" "Mozilla/5.0 (Windows NT 10.0; Win64; x64; rv:133.0) Gecko/20100101 Firefox/133.0"
65.111.15.173 - - [29/Jul/2026:20:36:34 +0530] "POST /xmlrpc.php HTTP/2" 403 1242 "-" "Mozilla/5.0 (Windows NT 10.0; Win64; x64) AppleWebKit/537.36 (KHTML, like Gecko) Chrome/124.0.0.0 Safari/537.36"
45.3.33.200 - - [29/Jul/2026:20:36:34 +0530] "GET /wp-admin/ HTTP/2" 200 46580 "-" "Mozilla/5.0 (Windows NT 10.0; Win64; x64; rv:133.0) Gecko/20100101 Firefox/133.0"
104.207.56.66 - - [29/Jul/2026:20:36:35 +0530] "POST /xmlrpc.php HTTP/2" 403 1242 "-" "Mozilla/5.0 (Windows NT 10.0; Win64; x64) AppleWebKit/537.36 (KHTML, like Gecko) Chrome/124.0.0.0 Safari/537.36"
104.207.54.56 - - [29/Jul/2026:20:36:35 +0530] "POST /xmlrpc.php HTTP/2" 403 1242 "-" "Mozilla/5.0 (Windows NT 10.0; Win64; x64; rv:133.0) Gecko/20100101 Firefox/133.0"
45.3.33.200 - - [29/Jul/2026:20:36:35 +0530] "GET /wp-admin/admin-ajax.php?action=rest-nonce HTTP/2" 400 5 "-" "Mozilla/5.0 (Windows NT 10.0; Win64; x64; rv:133.0) Gecko/20100101 Firefox/133.0"
45.3.55.159 - - [29/Jul/2026:20:36:37 +0530] "GET /wp-admin/admin-ajax.php?action=rest-nonce HTTP/2" 200 14 "-" "Mozilla/5.0 (Windows NT 10.0; Win64; x64; rv:133.0) Gecko/20100101 Firefox/133.0"
45.3.55.159 - - [29/Jul/2026:20:36:39 +0530] "GET /wp-admin/options-permalink.php HTTP/2" 200 35953 "-" "Mozilla/5.0 (Windows NT 10.0; Win64; x64; rv:133.0) Gecko/20100101 Firefox/133.0"
65.111.13.251 - - [29/Jul/2026:20:36:39 +0530] "GET /wp-login.php HTTP/2" 200 1901 "-" "Mozilla/5.0 (Windows NT 10.0; Win64; x64) AppleWebKit/537.36 (KHTML, like Gecko) Chrome/124.0.0.0 Safari/537.36"
104.207.41.54 - - [29/Jul/2026:20:36:39 +0530] "GET /wp-admin/admin-ajax.php?action=rest-nonce HTTP/2" 200 14 "-" "Mozilla/5.0 (Windows NT 10.0; Win64; x64) AppleWebKit/537.36 (KHTML, like Gecko) Chrome/124.0.0.0 Safari/537.36"
151.123.177.93 - - [29/Jul/2026:20:36:40 +0530] "GET /wp-admin/admin-ajax.php?action=rest-nonce HTTP/2" 200 14 "-" "Mozilla/5.0 (Windows NT 10.0; Win64; x64) AppleWebKit/537.36 (KHTML, like Gecko) Chrome/124.0.0.0 Safari/537.36"
151.123.177.93 - - [29/Jul/2026:20:36:41 +0530] "GET /wp-admin/options-permalink.php HTTP/2" 200 35977 "-" "Mozilla/5.0 (Windows NT 10.0; Win64; x64) AppleWebKit/537.36 (KHTML, like Gecko) Chrome/124.0.0.0 Safari/537.36"
45.3.55.159 - - [29/Jul/2026:20:36:41 +0530] "POST /wp-json/wp/v2/posts HTTP/2" 404 1251 "https://nanotechtechnologies.com/wp-json/wp/v2/posts" "Mozilla/5.0 (Windows NT 10.0; Win64; x64; rv:133.0) Gecko/20100101 Firefox/133.0"
151.123.177.93 - - [29/Jul/2026:20:36:42 +0530] "POST /wp-json/wp/v2/posts HTTP/2" 404 1251 "https://nanotechtechnologies.com/wp-json/wp/v2/posts" "Mozilla/5.0 (Windows NT 10.0; Win64; x64) AppleWebKit/537.36 (KHTML, like Gecko) Chrome/124.0.0.0 Safari/537.36"
104.207.41.54 - - [29/Jul/2026:20:36:41 +0530] "GET /wp-admin/options-permalink.php HTTP/2" 200 35928 "-" "Mozilla/5.0 (Windows NT 10.0; Win64; x64) AppleWebKit/537.36 (KHTML, like Gecko) Chrome/124.0.0.0 Safari/537.36"
104.207.41.54 - - [29/Jul/2026:20:36:43 +0530] "POST /wp-json/wp/v2/posts HTTP/2" 404 1251 "https://nanotechtechnologies.com/wp-json/wp/v2/posts" "Mozilla/5.0 (Windows NT 10.0; Win64; x64) AppleWebKit/537.36 (KHTML, like Gecko) Chrome/124.0.0.0 Safari/537.36"
104.207.34.106 - - [29/Jul/2026:20:36:49 +0530] "POST /xmlrpc.php HTTP/2" 403 1242 "-" "Mozilla/5.0 (Windows NT 10.0; Win64; x64) AppleWebKit/537.36 (KHTML, like Gecko) Chrome/124.0.0.0 Safari/537.36"
104.207.53.106 - - [29/Jul/2026:20:36:50 +0530] "GET /wp-admin/admin-ajax.php?action=rest-nonce HTTP/2" 200 14 "-" "Mozilla/5.0 (Windows NT 10.0; Win64; x64; rv:133.0) Gecko/20100101 Firefox/133.0"
104.207.53.106 - - [29/Jul/2026:20:36:51 +0530] "GET /wp-admin/options-permalink.php HTTP/2" 200 35950 "-" "Mozilla/5.0 (Windows NT 10.0; Win64; x64; rv:133.0) Gecko/20100101 Firefox/133.0"
104.207.53.106 - - [29/Jul/2026:20:36:52 +0530] "POST /wp-json/wp/v2/posts HTTP/2" 404 1251 "https://nanotechtechnologies.com/wp-json/wp/v2/posts" "Mozilla/5.0 (Windows NT 10.0; Win64; x64; rv:133.0) Gecko/20100101 Firefox/133.0"
104.207.36.161 - - [29/Jul/2026:20:36:53 +0530] "GET /wp-login.php?wp_lang=en_US HTTP/2" 200 1901 "-" "Mozilla/5.0 (Windows NT 10.0; Win64; x64; rv:133.0) Gecko/20100101 Firefox/133.0"
104.207.36.161 - - [29/Jul/2026:20:36:55 +0530] "POST /wp-login.php HTTP/2" 302 0 "https://nanotechtechnologies.com/wp-login.php" "Mozilla/5.0 (Windows NT 10.0; Win64; x64; rv:133.0) Gecko/20100101 Firefox/133.0"
104.207.47.17 - - [29/Jul/2026:20:36:55 +0530] "GET /wp-admin/admin-ajax.php?action=rest-nonce HTTP/2" 200 14 "-" "Mozilla/5.0 (Windows NT 10.0; Win64; x64; rv:133.0) Gecko/20100101 Firefox/133.0"
104.207.36.161 - - [29/Jul/2026:20:36:56 +0530] "GET /wp-admin/ HTTP/2" 200 46653 "https://nanotechtechnologies.com/wp-login.php" "Mozilla/5.0 (Windows NT 10.0; Win64; x64; rv:133.0) Gecko/20100101 Firefox/133.0"
104.207.47.17 - - [29/Jul/2026:20:36:56 +0530] "GET /wp-admin/options-permalink.php HTTP/2" 200 35953 "-" "Mozilla/5.0 (Windows NT 10.0; Win64; x64; rv:133.0) Gecko/20100101 Firefox/133.0"
104.207.47.17 - - [29/Jul/2026:20:36:58 +0530] "POST /wp-json/wp/v2/posts HTTP/2" 404 1251 "https://nanotechtechnologies.com/wp-json/wp/v2/posts" "Mozilla/5.0 (Windows NT 10.0; Win64; x64; rv:133.0) Gecko/20100101 Firefox/133.0"
104.207.36.161 - - [29/Jul/2026:20:36:59 +0530] "GET /wp-admin/ HTTP/2" 200 46627 "-" "Mozilla/5.0 (Windows NT 10.0; Win64; x64; rv:133.0) Gecko/20100101 Firefox/133.0"
104.207.36.161 - - [29/Jul/2026:20:37:01 +0530] "GET /wp-admin/admin-ajax.php?action=rest-nonce HTTP/2" 400 5 "-" "Mozilla/5.0 (Windows NT 10.0; Win64; x64; rv:133.0) Gecko/20100101 Firefox/133.0"
104.207.36.161 - - [29/Jul/2026:20:37:02 +0530] "GET /wp-admin/ HTTP/2" 200 46629 "-" "Mozilla/5.0 (Windows NT 10.0; Win64; x64; rv:133.0) Gecko/20100101 Firefox/133.0"
104.207.36.161 - - [29/Jul/2026:20:37:04 +0530] "GET /wp-admin/admin-ajax.php?action=rest-nonce HTTP/2" 400 5 "-" "Mozilla/5.0 (Windows NT 10.0; Win64; x64; rv:133.0) Gecko/20100101 Firefox/133.0"
103.212.120.166 - - [29/Jul/2026:20:37:05 +0530] "POST /wp-cron.php?doing_wp_cron=1785337625.4906458854675292968750 HTTP/1.1" 403 1242 "-" "WordPress/7.0.2; https://nanotechtechnologies.com"
104.207.36.161 - - [29/Jul/2026:20:37:05 +0530] "GET /wp-admin/admin-ajax.php?action=rest-nonce HTTP/2" 200 14 "-" "Mozilla/5.0 (Windows NT 10.0; Win64; x64; rv:133.0) Gecko/20100101 Firefox/133.0"
104.207.36.161 - - [29/Jul/2026:20:37:06 +0530] "GET /wp-admin/options-permalink.php HTTP/2" 200 35952 "-" "Mozilla/5.0 (Windows NT 10.0; Win64; x64; rv:133.0) Gecko/20100101 Firefox/133.0"
45.3.33.200 - - [29/Jul/2026:20:37:10 +0530] "GET /wp-admin/admin-ajax.php?action=rest-nonce HTTP/2" 400 5 "-" "Mozilla/5.0 (Windows NT 10.0; Win64; x64; rv:133.0) Gecko/20100101 Firefox/133.0"
104.207.33.22 - - [29/Jul/2026:20:37:15 +0530] "GET /wp-login.php?wp_lang=en_US HTTP/2" 200 1901 "-" "Mozilla/5.0 (Windows NT 10.0; Win64; x64) AppleWebKit/537.36 (KHTML, like Gecko) Chrome/124.0.0.0 Safari/537.36"
207.46.13.9 - - [29/Jul/2026:20:37:18 +0530] "GET /?p=4600 HTTP/2" 301 0 "-" "Mozilla/5.0 AppleWebKit/537.36 (KHTML, like Gecko; compatible; bingbot/2.0; +http://www.bing.com/bingbot.htm) Chrome/116.0.1938.76 Safari/537.36"
104.207.33.22 - - [29/Jul/2026:20:37:19 +0530] "POST /wp-login.php HTTP/2" 302 0 "https://nanotechtechnologies.com/wp-login.php" "Mozilla/5.0 (Windows NT 10.0; Win64; x64) AppleWebKit/537.36 (KHTML, like Gecko) Chrome/124.0.0.0 Safari/537.36"
104.207.33.22 - - [29/Jul/2026:20:37:20 +0530] "GET /wp-admin/ HTTP/2" 200 46664 "https://nanotechtechnologies.com/wp-login.php" "Mozilla/5.0 (Windows NT 10.0; Win64; x64) AppleWebKit/537.36 (KHTML, like Gecko) Chrome/124.0.0.0 Safari/537.36"
104.207.33.22 - - [29/Jul/2026:20:37:23 +0530] "GET /wp-admin/ HTTP/2" 200 46653 "-" "Mozilla/5.0 (Windows NT 10.0; Win64; x64) AppleWebKit/537.36 (KHTML, like Gecko) Chrome/124.0.0.0 Safari/537.36"
104.207.33.22 - - [29/Jul/2026:20:37:26 +0530] "GET /wp-admin/admin-ajax.php?action=rest-nonce HTTP/2" 400 5 "-" "Mozilla/5.0 (Windows NT 10.0; Win64; x64) AppleWebKit/537.36 (KHTML, like Gecko) Chrome/124.0.0.0 Safari/537.36"
104.207.33.22 - - [29/Jul/2026:20:37:27 +0530] "GET /wp-admin/ HTTP/2" 200 46654 "-" "Mozilla/5.0 (Windows NT 10.0; Win64; x64) AppleWebKit/537.36 (KHTML, like Gecko) Chrome/124.0.0.0 Safari/537.36"
104.207.33.22 - - [29/Jul/2026:20:37:29 +0530] "GET /wp-admin/admin-ajax.php?action=rest-nonce HTTP/2" 400 5 "-" "Mozilla/5.0 (Windows NT 10.0; Win64; x64) AppleWebKit/537.36 (KHTML, like Gecko) Chrome/124.0.0.0 Safari/537.36"
104.207.33.22 - - [29/Jul/2026:20:37:31 +0530] "GET /wp-admin/admin-ajax.php?action=rest-nonce HTTP/2" 200 14 "-" "Mozilla/5.0 (Windows NT 10.0; Win64; x64) AppleWebKit/537.36 (KHTML, like Gecko) Chrome/124.0.0.0 Safari/537.36"
104.207.33.22 - - [29/Jul/2026:20:37:33 +0530] "GET /wp-admin/options-permalink.php HTTP/2" 200 35978 "-" "Mozilla/5.0 (Windows NT 10.0; Win64; x64) AppleWebKit/537.36 (KHTML, like Gecko) Chrome/124.0.0.0 Safari/537.36"
151.123.177.93 - - [29/Jul/2026:20:37:34 +0530] "POST /xmlrpc.php HTTP/2" 403 1242 "-" "Mozilla/5.0 (Windows NT 10.0; Win64; x64; rv:133.0) Gecko/20100101 Firefox/133.0"
104.207.36.161 - - [29/Jul/2026:20:37:35 +0530] "GET /wp-admin/admin-ajax.php?action=rest-nonce HTTP/2" 200 14 "-" "Mozilla/5.0 (Windows NT 10.0; Win64; x64; rv:133.0) Gecko/20100101 Firefox/133.0"
104.207.33.22 - - [29/Jul/2026:20:37:36 +0530] "POST /xmlrpc.php HTTP/2" 403 1242 "-" "Mozilla/5.0 (Windows NT 10.0; Win64; x64; rv:133.0) Gecko/20100101 Firefox/133.0"
45.3.47.137 - - [29/Jul/2026:20:37:37 +0530] "POST /xmlrpc.php HTTP/2" 403 1242 "-" "Mozilla/5.0 (Windows NT 10.0; Win64; x64; rv:133.0) Gecko/20100101 Firefox/133.0"
104.207.36.161 - - [29/Jul/2026:20:37:37 +0530] "GET /wp-admin/options-permalink.php HTTP/2" 200 35952 "-" "Mozilla/5.0 (Windows NT 10.0; Win64; x64; rv:133.0) Gecko/20100101 Firefox/133.0"
104.207.47.17 - - [29/Jul/2026:20:36:16 +0530] "GET /wp-admin/admin-ajax.php?action=rest-nonce HTTP/2" 400 5 "-" "Mozilla/5.0 (Windows NT 10.0; Win64; x64; rv:133.0) Gecko/20100101 Firefox/133.0"
104.207.53.106 - - [29/Jul/2026:20:36:16 +0530] "GET /wp-admin/ HTTP/2" 200 46631 "-" "Mozilla/5.0 (Windows NT 10.0; Win64; x64; rv:133.0) Gecko/20100101 Firefox/133.0"
45.3.37.232 - - [29/Jul/2026:20:36:17 +0530] "POST /xmlrpc.php HTTP/2" 403 1242 "-" "Mozilla/5.0 (Windows NT 10.0; Win64; x64) AppleWebKit/537.36 (KHTML, like Gecko) Chrome/124.0.0.0 Safari/537.36"
45.3.34.221 - - [29/Jul/2026:20:36:16 +0530] "GET /wp-admin/admin-ajax.php?action=rest-nonce HTTP/2" 200 14 "-" "Mozilla/5.0 (Windows NT 10.0; Win64; x64; rv:133.0) Gecko/20100101 Firefox/133.0"
104.207.47.17 - - [29/Jul/2026:20:36:18 +0530] "GET /wp-admin/admin-ajax.php?action=rest-nonce HTTP/2" 200 14 "-" "Mozilla/5.0 (Windows NT 10.0; Win64; x64; rv:133.0) Gecko/20100101 Firefox/133.0"
104.207.57.98 - - [29/Jul/2026:20:36:18 +0530] "GET /wp-admin/admin-ajax.php?action=rest-nonce HTTP/2" 200 14 "-" "Mozilla/5.0 (Windows NT 10.0; Win64; x64; rv:133.0) Gecko/20100101 Firefox/133.0"
45.3.34.221 - - [29/Jul/2026:20:36:18 +0530] "GET /wp-admin/options-permalink.php HTTP/2" 200 35953 "-" "Mozilla/5.0 (Windows NT 10.0; Win64; x64; rv:133.0) Gecko/20100101 Firefox/133.0"
104.207.36.161 - - [29/Jul/2026:20:37:39 +0530] "POST /wp-json/wp/v2/posts HTTP/2" 404 1251 "https://nanotechtechnologies.com/wp-json/wp/v2/posts" "Mozilla/5.0 (Windows NT 10.0; Win64; x64; rv:133.0) Gecko/20100101 Firefox/133.0"
104.207.36.55 - - [29/Jul/2026:20:37:40 +0530] "POST /xmlrpc.php HTTP/2" 403 1242 "-" "Mozilla/5.0 (Windows NT 10.0; Win64; x64) AppleWebKit/537.36 (KHTML, like Gecko) Chrome/124.0.0.0 Safari/537.36"
217.181.91.131 - - [29/Jul/2026:20:37:43 +0530] "POST /xmlrpc.php HTTP/2" 403 1242 "-" "Mozilla/5.0 (Windows NT 10.0; Win64; x64; rv:133.0) Gecko/20100101 Firefox/133.0"
104.207.56.129 - - [29/Jul/2026:20:37:51 +0530] "POST /xmlrpc.php HTTP/2" 403 1242 "-" "Mozilla/5.0 (Windows NT 10.0; Win64; x64) AppleWebKit/537.36 (KHTML, like Gecko) Chrome/124.0.0.0 Safari/537.36"
45.3.45.107 - - [29/Jul/2026:20:37:54 +0530] "POST /xmlrpc.php HTTP/2" 403 1242 "-" "Mozilla/5.0 (Windows NT 10.0; Win64; x64) AppleWebKit/537.36 (KHTML, like Gecko) Chrome/124.0.0.0 Safari/537.36"
103.212.120.166 - - [29/Jul/2026:20:38:10 +0530] "POST /wp-cron.php?doing_wp_cron=1785337690.6428670883178710937500 HTTP/1.1" 403 1242 "-" "WordPress/7.0.2; https://nanotechtechnologies.com"
104.207.33.22 - - [29/Jul/2026:20:38:10 +0530] "GET /wp-admin/admin-ajax.php?action=rest-nonce HTTP/2" 200 14 "-" "Mozilla/5.0 (Windows NT 10.0; Win64; x64) AppleWebKit/537.36 (KHTML, like Gecko) Chrome/124.0.0.0 Safari/537.36"
104.207.33.22 - - [29/Jul/2026:20:38:12 +0530] "GET /wp-admin/options-permalink.php HTTP/2" 200 35977 "-" "Mozilla/5.0 (Windows NT 10.0; Win64; x64) AppleWebKit/537.36 (KHTML, like Gecko) Chrome/124.0.0.0 Safari/537.36"
104.207.33.22 - - [29/Jul/2026:20:38:14 +0530] "POST /wp-json/wp/v2/posts HTTP/2" 404 1251 "https://nanotechtechnologies.com/wp-json/wp/v2/posts" "Mozilla/5.0 (Windows NT 10.0; Win64; x64) AppleWebKit/537.36 (KHTML, like Gecko) Chrome/124.0.0.0 Safari/537.36"
103.212.120.166 - - [29/Jul/2026:21:15:32 +0530] "POST /wp-cron.php?doing_wp_cron=1785339932.8063580989837646484375 HTTP/1.1" 403 1242 "-" "WordPress/7.0.2; https://nanotechtechnologies.com"
207.46.13.9 - - [29/Jul/2026:21:15:32 +0530] "GET /?p=4116 HTTP/2" 301 0 "-" "Mozilla/5.0 AppleWebKit/537.36 (KHTML, like Gecko; compatible; bingbot/2.0; +http://www.bing.com/bingbot.htm) Chrome/116.0.1938.76 Safari/537.36"
157.55.39.53 - - [29/Jul/2026:21:15:37 +0530] "GET /?p=5462 HTTP/2" 301 0 "-" "Mozilla/5.0 AppleWebKit/537.36 (KHTML, like Gecko; compatible; bingbot/2.0; +http://www.bing.com/bingbot.htm) Chrome/116.0.1938.76 Safari/537.36"
103.212.120.166 - - [29/Jul/2026:21:36:22 +0530] "POST /wp-cron.php?doing_wp_cron=1785341182.6397740840911865234375 HTTP/1.1" 403 1242 "-" "WordPress/7.0.2; https://nanotechtechnologies.com"
134.195.197.77 - - [29/Jul/2026:21:36:22 +0530] "GET /wp-login.php HTTP/2" 200 1901 "https://nanotechtechnologies.com/" "Mozilla/5.0 (Windows NT 10.0; Win64; x64) AppleWebKit/537.36 (KHTML, like Gecko) Chrome/148.0.0.0 Safari/537.36"
134.195.197.77 - - [29/Jul/2026:21:36:23 +0530] "GET /wp-includes/css/dashicons.min.css?ver=7.0.2 HTTP/2" 200 35101 "https://nanotechtechnologies.com/wp-login.php" "Mozilla/5.0 (Windows NT 10.0; Win64; x64) AppleWebKit/537.36 (KHTML, like Gecko) Chrome/148.0.0.0 Safari/537.36"
134.195.197.77 - - [29/Jul/2026:21:36:23 +0530] "GET /wp-includes/css/buttons.min.css?ver=7.0.2 HTTP/2" 200 1457 "https://nanotechtechnologies.com/wp-login.php" "Mozilla/5.0 (Windows NT 10.0; Win64; x64) AppleWebKit/537.36 (KHTML, like Gecko) Chrome/148.0.0.0 Safari/537.36"
134.195.197.77 - - [29/Jul/2026:21:36:23 +0530] "GET /wp-admin/css/forms.min.css?ver=7.0.2 HTTP/2" 200 6522 "https://nanotechtechnologies.com/wp-login.php" "Mozilla/5.0 (Windows NT 10.0; Win64; x64) AppleWebKit/537.36 (KHTML, like Gecko) Chrome/148.0.0.0 Safari/537.36"
134.195.197.77 - - [29/Jul/2026:21:36:23 +0530] "GET /wp-admin/css/l10n.min.css?ver=7.0.2 HTTP/2" 200 675 "https://nanotechtechnologies.com/wp-login.php" "Mozilla/5.0 (Windows NT 10.0; Win64; x64) AppleWebKit/537.36 (KHTML, like Gecko) Chrome/148.0.0.0 Safari/537.36"
134.195.197.77 - - [29/Jul/2026:21:36:23 +0530] "GET /wp-includes/css/dist/base-styles/admin-schemes.min.css?ver=7.0.2 HTTP/2" 200 725 "https://nanotechtechnologies.com/wp-login.php" "Mozilla/5.0 (Windows NT 10.0; Win64; x64) AppleWebKit/537.36 (KHTML, like Gecko) Chrome/148.0.0.0 Safari/537.36"
134.195.197.77 - - [29/Jul/2026:21:36:23 +0530] "GET /wp-admin/css/login.min.css?ver=7.0.2 HTTP/2" 200 2019 "https://nanotechtechnologies.com/wp-login.php" "Mozilla/5.0 (Windows NT 10.0; Win64; x64) AppleWebKit/537.36 (KHTML, like Gecko) Chrome/148.0.0.0 Safari/537.36"
134.195.197.77 - - [29/Jul/2026:21:36:23 +0530] "GET /wp-includes/js/clipboard.min.js?ver=2.0.11 HTTP/2" 200 2989 "https://nanotechtechnologies.com/wp-login.php" "Mozilla/5.0 (Windows NT 10.0; Win64; x64) AppleWebKit/537.36 (KHTML, like Gecko) Chrome/148.0.0.0 Safari/537.36"
134.195.197.77 - - [29/Jul/2026:21:36:23 +0530] "GET /wp-includes/js/zxcvbn-async.min.js?ver=1.0 HTTP/2" 200 187 "https://nanotechtechnologies.com/wp-login.php" "Mozilla/5.0 (Windows NT 10.0; Win64; x64) AppleWebKit/537.36 (KHTML, like Gecko) Chrome/148.0.0.0 Safari/537.36"
134.195.197.77 - - [29/Jul/2026:21:36:23 +0530] "GET /wp-includes/js/dist/dom-ready.min.js?ver=a06281ae5cf5500e9317 HTTP/2" 200 420 "https://nanotechtechnologies.com/wp-login.php" "Mozilla/5.0 (Windows NT 10.0; Win64; x64) AppleWebKit/537.36 (KHTML, like Gecko) Chrome/148.0.0.0 Safari/537.36"
134.195.197.77 - - [29/Jul/2026:21:36:23 +0530] "GET /wp-includes/js/dist/a11y.min.js?ver=af934e5259bc51b8718e HTTP/2" 200 935 "https://nanotechtechnologies.com/wp-login.php" "Mozilla/5.0 (Windows NT 10.0; Win64; x64) AppleWebKit/537.36 (KHTML, like Gecko) Chrome/148.0.0.0 Safari/537.36"
134.195.197.77 - - [29/Jul/2026:21:36:23 +0530] "GET /wp-admin/js/user-profile.min.js?ver=7.0.2 HTTP/2" 200 2889 "https://nanotechtechnologies.com/wp-login.php" "Mozilla/5.0 (Windows NT 10.0; Win64; x64) AppleWebKit/537.36 (KHTML, like Gecko) Chrome/148.0.0.0 Safari/537.36"
134.195.197.77 - - [29/Jul/2026:21:36:23 +0530] "GET /wp-includes/js/jquery/jquery-migrate.min.js?ver=3.4.1 HTTP/2" 200 4678 "https://nanotechtechnologies.com/wp-login.php" "Mozilla/5.0 (Windows NT 10.0; Win64; x64) AppleWebKit/537.36 (KHTML, like Gecko) Chrome/148.0.0.0 Safari/537.36"
134.195.197.77 - - [29/Jul/2026:21:36:23 +0530] "GET /wp-includes/js/underscore.min.js?ver=1.13.8 HTTP/2" 200 7228 "https://nanotechtechnologies.com/wp-login.php" "Mozilla/5.0 (Windows NT 10.0; Win64; x64) AppleWebKit/537.36 (KHTML, like Gecko) Chrome/148.0.0.0 Safari/537.36"
134.195.197.77 - - [29/Jul/2026:21:36:23 +0530] "GET /wp-includes/js/jquery/jquery.min.js?ver=3.7.1 HTTP/2" 200 29744 "https://nanotechtechnologies.com/wp-login.php" "Mozilla/5.0 (Windows NT 10.0; Win64; x64) AppleWebKit/537.36 (KHTML, like Gecko) Chrome/148.0.0.0 Safari/537.36"
134.195.197.77 - - [29/Jul/2026:21:36:23 +0530] "GET /wp-includes/js/dist/i18n.min.js?ver=781d11515ad3d91786ec HTTP/2" 200 2354 "https://nanotechtechnologies.com/wp-login.php" "Mozilla/5.0 (Windows NT 10.0; Win64; x64) AppleWebKit/537.36 (KHTML, like Gecko) Chrome/148.0.0.0 Safari/537.36"
134.195.197.77 - - [29/Jul/2026:21:36:23 +0530] "GET /wp-includes/js/wp-util.min.js?ver=7.0.2 HTTP/2" 200 693 "https://nanotechtechnologies.com/wp-login.php" "Mozilla/5.0 (Windows NT 10.0; Win64; x64) AppleWebKit/537.36 (KHTML, like Gecko) Chrome/148.0.0.0 Safari/537.36"
134.195.197.77 - - [29/Jul/2026:21:36:23 +0530] "GET /wp-includes/js/dist/hooks.min.js?ver=7496969728ca0f95732d HTTP/2" 200 1734 "https://nanotechtechnologies.com/wp-login.php" "Mozilla/5.0 (Windows NT 10.0; Win64; x64) AppleWebKit/537.36 (KHTML, like Gecko) Chrome/148.0.0.0 Safari/537.36"
134.195.197.77 - - [29/Jul/2026:21:36:23 +0530] "GET /wp-admin/js/password-strength-meter.min.js?ver=7.0.2 HTTP/2" 200 558 "https://nanotechtechnologies.com/wp-login.php" "Mozilla/5.0 (Windows NT 10.0; Win64; x64) AppleWebKit/537.36 (KHTML, like Gecko) Chrome/148.0.0.0 Safari/537.36"
134.195.197.77 - - [29/Jul/2026:21:36:24 +0530] "GET /wp-admin/images/wordpress-logo-gray.svg?ver=20260303 HTTP/3" 200 759 "https://nanotechtechnologies.com/wp-admin/css/login.min.css?ver=7.0.2" "Mozilla/5.0 (Windows NT 10.0; Win64; x64) AppleWebKit/537.36 (KHTML, like Gecko) Chrome/148.0.0.0 Safari/537.36"
134.195.197.77 - - [29/Jul/2026:21:36:24 +0530] "GET /wp-content/uploads/2025/10/cropped-Nanotech-Technologies-1-192x192.png HTTP/3" 200 42091 "https://nanotechtechnologies.com/wp-login.php" "Mozilla/5.0 (Windows NT 10.0; Win64; x64) AppleWebKit/537.36 (KHTML, like Gecko) Chrome/148.0.0.0 Safari/537.36"
134.195.197.77 - - [29/Jul/2026:21:36:24 +0530] "GET /wp-includes/js/zxcvbn.min.js HTTP/3" 200 389493 "https://nanotechtechnologies.com/wp-login.php" "Mozilla/5.0 (Windows NT 10.0; Win64; x64) AppleWebKit/537.36 (KHTML, like Gecko) Chrome/148.0.0.0 Safari/537.36"
134.195.197.77 - - [29/Jul/2026:21:36:26 +0530] "POST /wp-login.php HTTP/3" 302 0 "https://nanotechtechnologies.com/wp-login.php" "Mozilla/5.0 (Windows NT 10.0; Win64; x64) AppleWebKit/537.36 (KHTML, like Gecko) Chrome/148.0.0.0 Safari/537.36"
134.195.197.77 - - [29/Jul/2026:21:36:27 +0530] "GET /wp-admin/ HTTP/3" 200 46683 "https://nanotechtechnologies.com/wp-login.php" "Mozilla/5.0 (Windows NT 10.0; Win64; x64) AppleWebKit/537.36 (KHTML, like Gecko) Chrome/148.0.0.0 Safari/537.36"
134.195.197.77 - - [29/Jul/2026:21:36:28 +0530] "GET /wp-includes/js/thickbox/thickbox.css?ver=7.0.2 HTTP/3" 200 827 "https://nanotechtechnologies.com/wp-admin/" "Mozilla/5.0 (Windows NT 10.0; Win64; x64) AppleWebKit/537.36 (KHTML, like Gecko) Chrome/148.0.0.0 Safari/537.36"
134.195.197.77 - - [29/Jul/2026:21:36:28 +0530] "GET /wp-admin/css/colors/modern/colors.min.css?ver=7.0.2 HTTP/3" 200 3077 "https://nanotechtechnologies.com/wp-admin/" "Mozilla/5.0 (Windows NT 10.0; Win64; x64) AppleWebKit/537.36 (KHTML, like Gecko) Chrome/148.0.0.0 Safari/537.36"
134.195.197.77 - - [29/Jul/2026:21:36:28 +0530] "GET /wp-content/plugins/master-addons/lib/freemius/assets/css/admin/common.css?ver=7.0.2 HTTP/3" 200 1349 "https://nanotechtechnologies.com/wp-admin/" "Mozilla/5.0 (Windows NT 10.0; Win64; x64) AppleWebKit/537.36 (KHTML, like Gecko) Chrome/148.0.0.0 Safari/537.36"
134.195.197.77 - - [29/Jul/2026:21:36:28 +0530] "GET /wp-content/plugins/elementor-pro/assets/css/admin.min.css?ver=3.26.3 HTTP/3" 200 3408 "https://nanotechtechnologies.com/wp-admin/" "Mozilla/5.0 (Windows NT 10.0; Win64; x64) AppleWebKit/537.36 (KHTML, like Gecko) Chrome/148.0.0.0 Safari/537.36"
134.195.197.77 - - [29/Jul/2026:21:36:28 +0530] "GET /wp-content/plugins/elementor/assets/lib/eicons/css/elementor-icons.min.css?ver=5.44.0 HTTP/3" 200 3997 "https://nanotechtechnologies.com/wp-admin/" "Mozilla/5.0 (Windows NT 10.0; Win64; x64) AppleWebKit/537.36 (KHTML, like Gecko) Chrome/148.0.0.0 Safari/537.36"
134.195.197.77 - - [29/Jul/2026:21:36:28 +0530] "GET /wp-content/plugins/elementor/assets/css/common.min.css?ver=3.32.3 HTTP/3" 200 3174 "https://nanotechtechnologies.com/wp-admin/" "Mozilla/5.0 (Windows NT 10.0; Win64; x64) AppleWebKit/537.36 (KHTML, like Gecko) Chrome/148.0.0.0 Safari/537.36"
134.195.197.77 - - [29/Jul/2026:21:36:28 +0530] "GET /wp-content/plugins/elementor/assets/css/theme-light.min.css?ver=3.32.3 HTTP/3" 200 684 "https://nanotechtechnologies.com/wp-admin/" "Mozilla/5.0 (Windows NT 10.0; Win64; x64) AppleWebKit/537.36 (KHTML, like Gecko) Chrome/148.0.0.0 Safari/537.36"
134.195.197.77 - - [29/Jul/2026:21:36:28 +0530] "GET /wp-content/plugins/elementskit-lite/libs/framework/assets/css/admin-global.css?ver=3.7.3 HTTP/3" 200 162 "https://nanotechtechnologies.com/wp-admin/" "Mozilla/5.0 (Windows NT 10.0; Win64; x64) AppleWebKit/537.36 (KHTML, like Gecko) Chrome/148.0.0.0 Safari/537.36"
134.195.197.77 - - [29/Jul/2026:21:36:28 +0530] "GET /wp-content/plugins/jeg-elementor-kit/lib/jeg-framework/assets/css/selectize.default.css?ver=0.14.0 HTTP/3" 200 1920 "https://nanotechtechnologies.com/wp-admin/" "Mozilla/5.0 (Windows NT 10.0; Win64; x64) AppleWebKit/537.36 (KHTML, like Gecko) Chrome/148.0.0.0 Safari/537.36"
134.195.197.77 - - [29/Jul/2026:21:36:28 +0530] "GET /wp-content/plugins/elementor/assets/css/admin.min.css?ver=3.32.3 HTTP/3" 200 12365 "https://nanotechtechnologies.com/wp-admin/" "Mozilla/5.0 (Windows NT 10.0; Win64; x64) AppleWebKit/537.36 (KHTML, like Gecko) Chrome/148.0.0.0 Safari/537.36"
134.195.197.77 - - [29/Jul/2026:21:36:28 +0530] "GET /wp-content/plugins/jeg-elementor-kit/lib/jeg-framework/assets/css/form-builder.css?ver=1.3.0 HTTP/3" 200 3410 "https://nanotechtechnologies.com/wp-admin/" "Mozilla/5.0 (Windows NT 10.0; Win64; x64) AppleWebKit/537.36 (KHTML, like Gecko) Chrome/148.0.0.0 Safari/537.36"
134.195.197.77 - - [29/Jul/2026:21:36:28 +0530] "GET /wp-content/plugins/jeg-elementor-kit/lib/jeg-framework/assets/font/font-awesome/css/solid.min.css?ver=6.2.0 HTTP/3" 200 295 "https://nanotechtechnologies.com/wp-admin/" "Mozilla/5.0 (Windows NT 10.0; Win64; x64) AppleWebKit/537.36 (KHTML, like Gecko) Chrome/148.0.0.0 Safari/537.36"
134.195.197.77 - - [29/Jul/2026:21:36:28 +0530] "GET /wp-content/plugins/jeg-elementor-kit/lib/jeg-framework/assets/font/font-awesome/css/v4-font-face.min.css?ver=6.2.0 HTTP/3" 200 573 "https://nanotechtechnologies.com/wp-admin/" "Mozilla/5.0 (Windows NT 10.0; Win64; x64) AppleWebKit/537.36 (KHTML, like Gecko) Chrome/148.0.0.0 Safari/537.36"
134.195.197.77 - - [29/Jul/2026:21:36:28 +0530] "GET /wp-content/plugins/master-addons/inc/admin/assets/css/master-addons-admin-sdk.css?ver=2.0.9.7 HTTP/3" 200 2142 "https://nanotechtechnologies.com/wp-admin/" "Mozilla/5.0 (Windows NT 10.0; Win64; x64) AppleWebKit/537.36 (KHTML, like Gecko) Chrome/148.0.0.0 Safari/537.36"
134.195.197.77 - - [29/Jul/2026:21:36:28 +0530] "GET /wp-content/plugins/envato-elements/assets/elements_deep.css?ver=2.0.16 HTTP/3" 200 138 "https://nanotechtechnologies.com/wp-admin/" "Mozilla/5.0 (Windows NT 10.0; Win64; x64) AppleWebKit/537.36 (KHTML, like Gecko) Chrome/148.0.0.0 Safari/537.36"
134.195.197.77 - - [29/Jul/2026:21:36:28 +0530] "GET /wp-content/plugins/jeg-elementor-kit/lib/jeg-framework/assets/font/font-awesome/css/regular.min.css?ver=6.2.0 HTTP/3" 200 294 "https://nanotechtechnologies.com/wp-admin/" "Mozilla/5.0 (Windows NT 10.0; Win64; x64) AppleWebKit/537.36 (KHTML, like Gecko) Chrome/148.0.0.0 Safari/537.36"
134.195.197.77 - - [29/Jul/2026:21:36:28 +0530] "GET /wp-content/plugins/jeg-elementor-kit/lib/jeg-framework/assets/font/font-awesome/css/fontawesome.min.css?ver=6.2.0 HTTP/3" 200 16893 "https://nanotechtechnologies.com/wp-admin/" "Mozilla/5.0 (Windows NT 10.0; Win64; x64) AppleWebKit/537.36 (KHTML, like Gecko) Chrome/148.0.0.0 Safari/537.36"
134.195.197.77 - - [29/Jul/2026:21:36:28 +0530] "GET /wp-content/plugins/jeg-elementor-kit/lib/jeg-framework/assets/font/font-awesome/css/brands.min.css?ver=6.2.0 HTTP/3" 200 4595 "https://nanotechtechnologies.com/wp-admin/" "Mozilla/5.0 (Windows NT 10.0; Win64; x64) AppleWebKit/537.36 (KHTML, like Gecko) Chrome/148.0.0.0 Safari/537.36"
134.195.197.77 - - [29/Jul/2026:21:36:28 +0530] "GET /wp-content/plugins/jeg-elementor-kit/assets/css/admin/dashboard.css?ver=2.7.0 HTTP/3" 200 4967 "https://nanotechtechnologies.com/wp-admin/" "Mozilla/5.0 (Windows NT 10.0; Win64; x64) AppleWebKit/537.36 (KHTML, like Gecko) Chrome/148.0.0.0 Safari/537.36"
134.195.197.77 - - [29/Jul/2026:21:36:28 +0530] "GET /wp-admin/load-styles.php?c=1&dir=ltr&load%5Bchunk_0%5D=dashicons,admin-bar,site-health,common,forms,admin-menu,dashboard,list-tables,edit,revisions,media,themes,about,nav-menus,wp-poi&load%5Bchunk_1%5D=nter,widgets,site-icon,l10n,wp-base-styles,buttons,wp-auth-check,wp-components,wp-commands,wp-color-picker&ver=7.0.2 HTTP/3" 200 123404 "https://nanotechtechnologies.com/wp-admin/" "Mozilla/5.0 (Windows NT 10.0; Win64; x64) AppleWebKit/537.36 (KHTML, like Gecko) Chrome/148.0.0.0 Safari/537.36"
134.195.197.77 - - [29/Jul/2026:21:36:28 +0530] "GET /wp-admin/load-scripts.php?c=1&load%5Bchunk_0%5D=jquery-core,jquery-migrate,utils&ver=7.0.2 HTTP/3" 200 36120 "https://nanotechtechnologies.com/wp-admin/" "Mozilla/5.0 (Windows NT 10.0; Win64; x64) AppleWebKit/537.36 (KHTML, like Gecko) Chrome/148.0.0.0 Safari/537.36"
134.195.197.77 - - [29/Jul/2026:21:36:28 +0530] "GET /wp-content/plugins/envato-elements/assets/main.css?ver=1759500268 HTTP/3" 200 21848 "https://nanotechtechnologies.com/wp-admin/" "Mozilla/5.0 (Windows NT 10.0; Win64; x64) AppleWebKit/537.36 (KHTML, like Gecko) Chrome/148.0.0.0 Safari/537.36"
134.195.197.77 - - [29/Jul/2026:21:36:28 +0530] "GET /wp-includes/css/editor.min.css?ver=7.0.2 HTTP/3" 200 5746 "https://nanotechtechnologies.com/wp-admin/" "Mozilla/5.0 (Windows NT 10.0; Win64; x64) AppleWebKit/537.36 (KHTML, like Gecko) Chrome/148.0.0.0 Safari/537.36"
134.195.197.77 - - [29/Jul/2026:21:36:28 +0530] "GET /wp-content/plugins/header-footer-elementor/assets/css/style.css?ver=2.5.2 HTTP/3" 200 1218 "https://nanotechtechnologies.com/wp-admin/" "Mozilla/5.0 (Windows NT 10.0; Win64; x64) AppleWebKit/537.36 (KHTML, like Gecko) Chrome/148.0.0.0 Safari/537.36"
134.195.197.77 - - [29/Jul/2026:21:36:28 +0530] "GET /wp-content/plugins/header-footer-elementor/admin/assets/css/ehf-admin.css?ver=2.5.2 HTTP/3" 200 3858 "https://nanotechtechnologies.com/wp-admin/" "Mozilla/5.0 (Windows NT 10.0; Win64; x64) AppleWebKit/537.36 (KHTML, like Gecko) Chrome/148.0.0.0 Safari/537.36"
134.195.197.77 - - [29/Jul/2026:21:36:28 +0530] "GET /wp-content/plugins/header-footer-elementor/inc/lib/astra-notices/notices.css?ver=1.1.14 HTTP/3" 200 220 "https://nanotechtechnologies.com/wp-admin/" "Mozilla/5.0 (Windows NT 10.0; Win64; x64) AppleWebKit/537.36 (KHTML, like Gecko) Chrome/148.0.0.0 Safari/537.36"
134.195.197.77 - - [29/Jul/2026:21:36:28 +0530] "GET /wp-content/plugins/header-footer-elementor/admin/bsf-analytics/assets/css/minified/style.min.css?ver=1.1.16 HTTP/3" 200 130 "https://nanotechtechnologies.com/wp-admin/" "Mozilla/5.0 (Windows NT 10.0; Win64; x64) AppleWebKit/537.36 (KHTML, like Gecko) Chrome/148.0.0.0 Safari/537.36"
