82.102.23.202 - - [30/Jul/2026:06:49:06 +0530] "GET /wp-content/plugins/elementskit-lite/libs/template-library/assets/library/editor-template-library.js?ver=e0894392c74f8ecb8133 HTTP/3" 200 29365 "https://nanotechtechnologies.com/wp-admin/post-new.php" "Mozilla/5.0 (Windows NT 10.0; Win64; x64) AppleWebKit/537.36 (KHTML, like Gecko) Chrome/149.0.0.0 Safari/537.36"
82.102.23.202 - - [30/Jul/2026:06:49:06 +0530] "GET /wp-content/plugins/elementor/assets/js/common.min.js?ver=3.32.3 HTTP/3" 200 115630 "https://nanotechtechnologies.com/wp-admin/post-new.php" "Mozilla/5.0 (Windows NT 10.0; Win64; x64) AppleWebKit/537.36 (KHTML, like Gecko) Chrome/149.0.0.0 Safari/537.36"
82.102.23.202 - - [30/Jul/2026:06:49:07 +0530] "GET /wp-includes/js/jquery/ui/spinner.min.js?ver=1.13.3 HTTP/3" 200 2304 "https://nanotechtechnologies.com/wp-admin/post-new.php" "Mozilla/5.0 (Windows NT 10.0; Win64; x64) AppleWebKit/537.36 (KHTML, like Gecko) Chrome/149.0.0.0 Safari/537.36"
82.102.23.202 - - [30/Jul/2026:06:49:08 +0530] "GET /wp-content/plugins/jeg-elementor-kit/lib/jeg-framework/assets/js/form/form-builder.js?ver=1.3.0 HTTP/3" 200 12194 "https://nanotechtechnologies.com/wp-admin/post-new.php" "Mozilla/5.0 (Windows NT 10.0; Win64; x64) AppleWebKit/537.36 (KHTML, like Gecko) Chrome/149.0.0.0 Safari/537.36"
82.102.23.202 - - [30/Jul/2026:06:49:08 +0530] "GET /wp-content/plugins/jeg-elementor-kit/lib/jeg-element/assets/js/shortcode-generator.js?ver=1.1.3 HTTP/3" 200 2703 "https://nanotechtechnologies.com/wp-admin/post-new.php" "Mozilla/5.0 (Windows NT 10.0; Win64; x64) AppleWebKit/537.36 (KHTML, like Gecko) Chrome/149.0.0.0 Safari/537.36"
82.102.23.202 - - [30/Jul/2026:06:49:08 +0530] "GET /wp-content/plugins/master-addons/inc/admin/assets/js/master-addons-admin-sdk.js?ver=2.0.9.7 HTTP/3" 200 850 "https://nanotechtechnologies.com/wp-admin/post-new.php" "Mozilla/5.0 (Windows NT 10.0; Win64; x64) AppleWebKit/537.36 (KHTML, like Gecko) Chrome/149.0.0.0 Safari/537.36"
82.102.23.202 - - [30/Jul/2026:06:49:08 +0530] "GET /wp-content/plugins/jeg-elementor-kit/lib/jeg-framework/assets/js/form/widget-container.js?ver=1.3.0 HTTP/3" 200 2933 "https://nanotechtechnologies.com/wp-admin/post-new.php" "Mozilla/5.0 (Windows NT 10.0; Win64; x64) AppleWebKit/537.36 (KHTML, like Gecko) Chrome/149.0.0.0 Safari/537.36"
82.102.23.202 - - [30/Jul/2026:06:49:08 +0530] "GET /wp-content/plugins/jeg-elementor-kit/lib/jeg-framework/assets/js/form/archive-container.js?ver=1.3.0 HTTP/3" 200 365 "https://nanotechtechnologies.com/wp-admin/post-new.php" "Mozilla/5.0 (Windows NT 10.0; Win64; x64) AppleWebKit/537.36 (KHTML, like Gecko) Chrome/149.0.0.0 Safari/537.36"
82.102.23.202 - - [30/Jul/2026:06:49:08 +0530] "GET /wp-includes/js/dist/element.min.js?ver=15ba804677f72a8db97b HTTP/3" 200 5024 "https://nanotechtechnologies.com/wp-admin/post-new.php" "Mozilla/5.0 (Windows NT 10.0; Win64; x64) AppleWebKit/537.36 (KHTML, like Gecko) Chrome/149.0.0.0 Safari/537.36"
82.102.23.202 - - [30/Jul/2026:06:49:09 +0530] "GET /wp-content/plugins/envato-elements/assets/main.js?ver=1759500268 HTTP/3" 200 101683 "https://nanotechtechnologies.com/wp-admin/post-new.php" "Mozilla/5.0 (Windows NT 10.0; Win64; x64) AppleWebKit/537.36 (KHTML, like Gecko) Chrome/149.0.0.0 Safari/537.36"
82.102.23.202 - - [30/Jul/2026:06:49:09 +0530] "GET /wp-content/plugins/envato-elements/assets/elements_deep.js?ver=2.0.16 HTTP/3" 200 659 "https://nanotechtechnologies.com/wp-admin/post-new.php" "Mozilla/5.0 (Windows NT 10.0; Win64; x64) AppleWebKit/537.36 (KHTML, like Gecko) Chrome/149.0.0.0 Safari/537.36"
82.102.23.202 - - [30/Jul/2026:06:49:09 +0530] "GET /wp-content/plugins/header-footer-elementor/inc/lib/astra-notices/notices.js?ver=1.1.14 HTTP/3" 200 654 "https://nanotechtechnologies.com/wp-admin/post-new.php" "Mozilla/5.0 (Windows NT 10.0; Win64; x64) AppleWebKit/537.36 (KHTML, like Gecko) Chrome/149.0.0.0 Safari/537.36"
82.102.23.202 - - [30/Jul/2026:06:49:09 +0530] "GET /wp-includes/js/dist/block-directory.min.js?ver=23207f52d0d266f6e1c4 HTTP/3" 200 7631 "https://nanotechtechnologies.com/wp-admin/post-new.php" "Mozilla/5.0 (Windows NT 10.0; Win64; x64) AppleWebKit/537.36 (KHTML, like Gecko) Chrome/149.0.0.0 Safari/537.36"
82.102.23.202 - - [30/Jul/2026:06:49:09 +0530] "GET /wp-admin/js/editor.min.js?ver=7.0.2 HTTP/3" 200 4501 "https://nanotechtechnologies.com/wp-admin/post-new.php" "Mozilla/5.0 (Windows NT 10.0; Win64; x64) AppleWebKit/537.36 (KHTML, like Gecko) Chrome/149.0.0.0 Safari/537.36"
82.102.23.202 - - [30/Jul/2026:06:49:09 +0530] "GET /wp-includes/js/dist/data.min.js?ver=1756b6a2676c1b3369ab HTTP/3" 200 9420 "https://nanotechtechnologies.com/wp-admin/post-new.php" "Mozilla/5.0 (Windows NT 10.0; Win64; x64) AppleWebKit/537.36 (KHTML, like Gecko) Chrome/149.0.0.0 Safari/537.36"
82.102.23.202 - - [30/Jul/2026:06:49:09 +0530] "GET /wp-includes/js/tinymce/wp-tinymce.js?ver=49110-20250317 HTTP/3" 200 212251 "https://nanotechtechnologies.com/wp-admin/post-new.php" "Mozilla/5.0 (Windows NT 10.0; Win64; x64) AppleWebKit/537.36 (KHTML, like Gecko) Chrome/149.0.0.0 Safari/537.36"
82.102.23.202 - - [30/Jul/2026:06:49:09 +0530] "GET /wp-includes/js/dist/priority-queue.min.js?ver=1f0e89e247bc0bd3f9b9 HTTP/3" 200 1514 "https://nanotechtechnologies.com/wp-admin/post-new.php" "Mozilla/5.0 (Windows NT 10.0; Win64; x64) AppleWebKit/537.36 (KHTML, like Gecko) Chrome/149.0.0.0 Safari/537.36"
82.102.23.202 - - [30/Jul/2026:06:49:09 +0530] "GET /wp-includes/js/dist/block-editor.min.js?ver=f3d941bcb2e86c269881 HTTP/3" 200 313912 "https://nanotechtechnologies.com/wp-admin/post-new.php" "Mozilla/5.0 (Windows NT 10.0; Win64; x64) AppleWebKit/537.36 (KHTML, like Gecko) Chrome/149.0.0.0 Safari/537.36"
82.102.23.202 - - [30/Jul/2026:06:49:09 +0530] "GET /wp-content/plugins/elementor/assets/js/ai-gutenberg.min.js?ver=3.32.3 HTTP/3" 200 164762 "https://nanotechtechnologies.com/wp-admin/post-new.php" "Mozilla/5.0 (Windows NT 10.0; Win64; x64) AppleWebKit/537.36 (KHTML, like Gecko) Chrome/149.0.0.0 Safari/537.36"
82.102.23.202 - - [30/Jul/2026:06:49:09 +0530] "GET /wp-includes/js/dist/blocks.min.js?ver=ef38e42500165bfda301 HTTP/3" 200 54171 "https://nanotechtechnologies.com/wp-admin/post-new.php" "Mozilla/5.0 (Windows NT 10.0; Win64; x64) AppleWebKit/537.36 (KHTML, like Gecko) Chrome/149.0.0.0 Safari/537.36"
82.102.23.202 - - [30/Jul/2026:06:49:09 +0530] "GET /wp-includes/js/dist/preferences-persistence.min.js?ver=e8033be98338d1861bca HTTP/3" 200 2054 "https://nanotechtechnologies.com/wp-admin/post-new.php" "Mozilla/5.0 (Windows NT 10.0; Win64; x64) AppleWebKit/537.36 (KHTML, like Gecko) Chrome/149.0.0.0 Safari/537.36"
82.102.23.202 - - [30/Jul/2026:06:49:09 +0530] "GET /wp-includes/js/dist/notices.min.js?ver=218d0173a31ae7269246 HTTP/3" 200 1760 "https://nanotechtechnologies.com/wp-admin/post-new.php" "Mozilla/5.0 (Windows NT 10.0; Win64; x64) AppleWebKit/537.36 (KHTML, like Gecko) Chrome/149.0.0.0 Safari/537.36"
82.102.23.202 - - [30/Jul/2026:06:49:09 +0530] "GET /wp-content/themes/hello-elementor/assets/js/hello-elementor-menu.js?ver=d45683985595780d10ad HTTP/3" 200 137 "https://nanotechtechnologies.com/wp-admin/post-new.php" "Mozilla/5.0 (Windows NT 10.0; Win64; x64) AppleWebKit/537.36 (KHTML, like Gecko) Chrome/149.0.0.0 Safari/537.36"
82.102.23.202 - - [30/Jul/2026:06:49:09 +0530] "GET /wp-includes/js/dist/preferences.min.js?ver=035813168e404aa30193 HTTP/3" 200 3108 "https://nanotechtechnologies.com/wp-admin/post-new.php" "Mozilla/5.0 (Windows NT 10.0; Win64; x64) AppleWebKit/537.36 (KHTML, like Gecko) Chrome/149.0.0.0 Safari/537.36"
82.102.23.202 - - [30/Jul/2026:06:49:09 +0530] "GET /wp-includes/js/dist/core-data.min.js?ver=89931f90e4df5eb5f8a3 HTTP/3" 200 65316 "https://nanotechtechnologies.com/wp-admin/post-new.php" "Mozilla/5.0 (Windows NT 10.0; Win64; x64) AppleWebKit/537.36 (KHTML, like Gecko) Chrome/149.0.0.0 Safari/537.36"
82.102.23.202 - - [30/Jul/2026:06:49:09 +0530] "GET /wp-includes/js/dist/undo-manager.min.js?ver=27bb0ae036a2c9d4a1b5 HTTP/3" 200 871 "https://nanotechtechnologies.com/wp-admin/post-new.php" "Mozilla/5.0 (Windows NT 10.0; Win64; x64) AppleWebKit/537.36 (KHTML, like Gecko) Chrome/149.0.0.0 Safari/537.36"
82.102.23.202 - - [30/Jul/2026:06:49:09 +0530] "GET /wp-includes/js/dist/private-apis.min.js?ver=835912f0086b9e59aed4 HTTP/3" 200 997 "https://nanotechtechnologies.com/wp-admin/post-new.php" "Mozilla/5.0 (Windows NT 10.0; Win64; x64) AppleWebKit/537.36 (KHTML, like Gecko) Chrome/149.0.0.0 Safari/537.36"
82.102.23.202 - - [30/Jul/2026:06:49:09 +0530] "GET /wp-includes/js/dist/warning.min.js?ver=36fdbdc984d93aee8a97 HTTP/3" 200 407 "https://nanotechtechnologies.com/wp-admin/post-new.php" "Mozilla/5.0 (Windows NT 10.0; Win64; x64) AppleWebKit/537.36 (KHTML, like Gecko) Chrome/149.0.0.0 Safari/537.36"
82.102.23.202 - - [30/Jul/2026:06:49:09 +0530] "GET /wp-content/plugins/elementor/assets/js/import-export-admin.min.js?ver=3.32.3 HTTP/3" 200 1999 "https://nanotechtechnologies.com/wp-admin/post-new.php" "Mozilla/5.0 (Windows NT 10.0; Win64; x64) AppleWebKit/537.36 (KHTML, like Gecko) Chrome/149.0.0.0 Safari/537.36"
82.102.23.202 - - [30/Jul/2026:06:49:09 +0530] "GET /wp-includes/js/dist/html-entities.min.js?ver=8c6fa5b869dfeadc4af2 HTTP/3" 200 441 "https://nanotechtechnologies.com/wp-admin/post-new.php" "Mozilla/5.0 (Windows NT 10.0; Win64; x64) AppleWebKit/537.36 (KHTML, like Gecko) Chrome/149.0.0.0 Safari/537.36"
82.102.23.202 - - [30/Jul/2026:06:49:09 +0530] "GET /wp-includes/js/dist/style-engine.min.js?ver=faa37ce61b7ec8394b2a HTTP/3" 200 2243 "https://nanotechtechnologies.com/wp-admin/post-new.php" "Mozilla/5.0 (Windows NT 10.0; Win64; x64) AppleWebKit/537.36 (KHTML, like Gecko) Chrome/149.0.0.0 Safari/537.36"
82.102.23.202 - - [30/Jul/2026:06:49:09 +0530] "GET /wp-includes/js/dist/keyboard-shortcuts.min.js?ver=2ed78d3b4c23f38804e0 HTTP/3" 200 1481 "https://nanotechtechnologies.com/wp-admin/post-new.php" "Mozilla/5.0 (Windows NT 10.0; Win64; x64) AppleWebKit/537.36 (KHTML, like Gecko) Chrome/149.0.0.0 Safari/537.36"
82.102.23.202 - - [30/Jul/2026:06:49:09 +0530] "GET /wp-includes/js/dist/shortcode.min.js?ver=11742fe18cc215d3d5ab HTTP/3" 200 1499 "https://nanotechtechnologies.com/wp-admin/post-new.php" "Mozilla/5.0 (Windows NT 10.0; Win64; x64) AppleWebKit/537.36 (KHTML, like Gecko) Chrome/149.0.0.0 Safari/537.36"
82.102.23.202 - - [30/Jul/2026:06:49:09 +0530] "GET /wp-includes/js/dist/components.min.js?ver=5dedfe13f08880193a28 HTTP/3" 200 252681 "https://nanotechtechnologies.com/wp-admin/post-new.php" "Mozilla/5.0 (Windows NT 10.0; Win64; x64) AppleWebKit/537.36 (KHTML, like Gecko) Chrome/149.0.0.0 Safari/537.36"
82.102.23.202 - - [30/Jul/2026:06:49:09 +0530] "GET /wp-includes/js/dist/commands.min.js?ver=e3d8bba53f4ffea4fcd2 HTTP/3" 200 19300 "https://nanotechtechnologies.com/wp-admin/post-new.php" "Mozilla/5.0 (Windows NT 10.0; Win64; x64) AppleWebKit/537.36 (KHTML, like Gecko) Chrome/149.0.0.0 Safari/537.36"
82.102.23.202 - - [30/Jul/2026:06:49:09 +0530] "GET /wp-includes/js/dist/redux-routine.min.js?ver=64f9f5001aabc046c605 HTTP/3" 200 3223 "https://nanotechtechnologies.com/wp-admin/post-new.php" "Mozilla/5.0 (Windows NT 10.0; Win64; x64) AppleWebKit/537.36 (KHTML, like Gecko) Chrome/149.0.0.0 Safari/537.36"
82.102.23.202 - - [30/Jul/2026:06:49:09 +0530] "GET /wp-includes/js/dist/upload-media.min.js?ver=d359c2cccf866d7082d2 HTTP/3" 200 7528 "https://nanotechtechnologies.com/wp-admin/post-new.php" "Mozilla/5.0 (Windows NT 10.0; Win64; x64) AppleWebKit/537.36 (KHTML, like Gecko) Chrome/149.0.0.0 Safari/537.36"
82.102.23.202 - - [30/Jul/2026:06:49:09 +0530] "GET /wp-includes/js/dist/patterns.min.js?ver=714c49ed2942c98d088f HTTP/3" 200 7580 "https://nanotechtechnologies.com/wp-admin/post-new.php" "Mozilla/5.0 (Windows NT 10.0; Win64; x64) AppleWebKit/537.36 (KHTML, like Gecko) Chrome/149.0.0.0 Safari/537.36"
82.102.23.202 - - [30/Jul/2026:06:49:11 +0530] "GET /wp-content/plugins/jeg-elementor-kit/assets/img/admin/icon.svg HTTP/3" 200 229 "https://nanotechtechnologies.com/wp-admin/post-new.php" "Mozilla/5.0 (Windows NT 10.0; Win64; x64) AppleWebKit/537.36 (KHTML, like Gecko) Chrome/149.0.0.0 Safari/537.36"
82.102.23.202 - - [30/Jul/2026:06:49:15 +0530] "GET /wp-content/uploads/2025/10/cropped-Nanotech-Technologies-1-192x192.png HTTP/3" 200 42091 "https://nanotechtechnologies.com/wp-admin/post-new.php" "Mozilla/5.0 (Windows NT 10.0; Win64; x64) AppleWebKit/537.36 (KHTML, like Gecko) Chrome/149.0.0.0 Safari/537.36"
82.102.23.202 - - [30/Jul/2026:06:49:15 +0530] "GET /wp-includes/js/thickbox/loadingAnimation.gif HTTP/3" 200 15238 "https://nanotechtechnologies.com/wp-admin/post-new.php" "Mozilla/5.0 (Windows NT 10.0; Win64; x64) AppleWebKit/537.36 (KHTML, like Gecko) Chrome/149.0.0.0 Safari/537.36"
82.102.23.202 - - [30/Jul/2026:06:49:15 +0530] "GET /wp-content/uploads/2025/10/cropped-Nanotech-Technologies-1.png HTTP/3" 200 195484 "https://nanotechtechnologies.com/wp-admin/post-new.php" "Mozilla/5.0 (Windows NT 10.0; Win64; x64) AppleWebKit/537.36 (KHTML, like Gecko) Chrome/149.0.0.0 Safari/537.36"
82.102.23.202 - - [30/Jul/2026:06:49:15 +0530] "OPTIONS /index.php/wp-json/wp/v2/settings?_locale=user HTTP/3" 200 1217 "https://nanotechtechnologies.com/wp-admin/post-new.php" "Mozilla/5.0 (Windows NT 10.0; Win64; x64) AppleWebKit/537.36 (KHTML, like Gecko) Chrome/149.0.0.0 Safari/537.36"
82.102.23.202 - - [30/Jul/2026:06:49:15 +0530] "GET /index.php/wp-json/wp/v2/taxonomies?context=edit&per_page=100&_locale=user HTTP/3" 200 1455 "https://nanotechtechnologies.com/wp-admin/post-new.php" "Mozilla/5.0 (Windows NT 10.0; Win64; x64) AppleWebKit/537.36 (KHTML, like Gecko) Chrome/149.0.0.0 Safari/537.36"
82.102.23.202 - - [30/Jul/2026:06:49:15 +0530] "OPTIONS /index.php/wp-json/wp/v2/posts?_locale=user HTTP/3" 200 3015 "https://nanotechtechnologies.com/wp-admin/post-new.php" "Mozilla/5.0 (Windows NT 10.0; Win64; x64) AppleWebKit/537.36 (KHTML, like Gecko) Chrome/149.0.0.0 Safari/537.36"
82.102.23.202 - - [30/Jul/2026:06:49:15 +0530] "GET /index.php/wp-json/wp/v2/blocks?context=edit&per_page=100&page=1&_locale=user HTTP/3" 200 6 "https://nanotechtechnologies.com/wp-admin/post-new.php" "Mozilla/5.0 (Windows NT 10.0; Win64; x64) AppleWebKit/537.36 (KHTML, like Gecko) Chrome/149.0.0.0 Safari/537.36"
82.102.23.202 - - [30/Jul/2026:06:49:15 +0530] "GET /index.php/wp-json/wp/v2/users/1?context=view&_fields=id%2Cname&_locale=user HTTP/3" 200 41 "https://nanotechtechnologies.com/wp-admin/post-new.php" "Mozilla/5.0 (Windows NT 10.0; Win64; x64) AppleWebKit/537.36 (KHTML, like Gecko) Chrome/149.0.0.0 Safari/537.36"
82.102.23.202 - - [30/Jul/2026:06:49:15 +0530] "GET /index.php/wp-json/wp/v2/wp_pattern_category?context=view&per_page=100&_fields=id%2Cname%2Cdescription%2Cslug&_locale=user HTTP/3" 200 6 "https://nanotechtechnologies.com/wp-admin/post-new.php" "Mozilla/5.0 (Windows NT 10.0; Win64; x64) AppleWebKit/537.36 (KHTML, like Gecko) Chrome/149.0.0.0 Safari/537.36"
82.102.23.202 - - [30/Jul/2026:06:49:15 +0530] "GET /index.php/wp-json/wp/v2/block-patterns/patterns?_locale=user HTTP/3" 200 20575 "https://nanotechtechnologies.com/wp-admin/post-new.php" "Mozilla/5.0 (Windows NT 10.0; Win64; x64) AppleWebKit/537.36 (KHTML, like Gecko) Chrome/149.0.0.0 Safari/537.36"
82.102.23.202 - - [30/Jul/2026:06:49:17 +0530] "GET /index.php/wp-json/wp/v2/templates/lookup?slug=single-post&_locale=user HTTP/3" 200 6 "https://nanotechtechnologies.com/wp-admin/post-new.php" "Mozilla/5.0 (Windows NT 10.0; Win64; x64) AppleWebKit/537.36 (KHTML, like Gecko) Chrome/149.0.0.0 Safari/537.36"
82.102.23.202 - - [30/Jul/2026:06:49:21 +0530] "GET /index.php/wp-json/wp/v2/tags?context=edit&per_page=1&_locale=user HTTP/3" 200 6 "https://nanotechtechnologies.com/wp-admin/post-new.php" "Mozilla/5.0 (Windows NT 10.0; Win64; x64) AppleWebKit/537.36 (KHTML, like Gecko) Chrome/149.0.0.0 Safari/537.36"
82.102.23.202 - - [30/Jul/2026:06:49:21 +0530] "GET /index.php/wp-json/wp/v2/categories?context=edit&exclude%5B0%5D=1&per_page=1&_locale=user HTTP/3" 200 6 "https://nanotechtechnologies.com/wp-admin/post-new.php" "Mozilla/5.0 (Windows NT 10.0; Win64; x64) AppleWebKit/537.36 (KHTML, like Gecko) Chrome/149.0.0.0 Safari/537.36"
82.102.23.202 - - [30/Jul/2026:06:49:21 +0530] "GET /index.php/wp-json/wp/v2/categories/1?context=edit&_locale=user HTTP/3" 200 313 "https://nanotechtechnologies.com/wp-admin/post-new.php" "Mozilla/5.0 (Windows NT 10.0; Win64; x64) AppleWebKit/537.36 (KHTML, like Gecko) Chrome/149.0.0.0 Safari/537.36"
103.212.120.166 - - [30/Jul/2026:06:49:23 +0530] "POST /wp-cron.php?doing_wp_cron=1785374363.4125099182128906250000 HTTP/1.1" 403 1242 "-" "WordPress/7.0.2; https://nanotechtechnologies.com"
82.102.23.202 - - [30/Jul/2026:06:49:22 +0530] "POST /index.php/wp-json/wp/v2/posts/5743?_locale=user HTTP/3" 200 3047 "https://nanotechtechnologies.com/wp-admin/post-new.php" "Mozilla/5.0 (Windows NT 10.0; Win64; x64) AppleWebKit/537.36 (KHTML, like Gecko) Chrome/149.0.0.0 Safari/537.36"
82.102.23.202 - - [30/Jul/2026:06:49:23 +0530] "GET /wp-content/uploads/2025/10/cropped-Nanotech-Technologies-1-192x192.png HTTP/3" 200 42091 "https://nanotechtechnologies.com/wp-admin/post.php?post=5743&action=edit" "Mozilla/5.0 (Windows NT 10.0; Win64; x64) AppleWebKit/537.36 (KHTML, like Gecko) Chrome/149.0.0.0 Safari/537.36"
82.102.23.202 - - [30/Jul/2026:06:49:23 +0530] "GET /index.php/wp-json/wp/v2/templates/lookup?slug=single-post-live-roulette-free-game-an-insightful-guide&_locale=user HTTP/3" 200 6 "https://nanotechtechnologies.com/wp-admin/post.php?post=5743&action=edit" "Mozilla/5.0 (Windows NT 10.0; Win64; x64) AppleWebKit/537.36 (KHTML, like Gecko) Chrome/149.0.0.0 Safari/537.36"
82.102.23.202 - - [30/Jul/2026:06:49:24 +0530] "POST /wp-admin/admin-ajax.php HTTP/3" 200 5 "https://nanotechtechnologies.com/wp-admin/post.php?post=5743&action=edit" "Mozilla/5.0 (Windows NT 10.0; Win64; x64) AppleWebKit/537.36 (KHTML, like Gecko) Chrome/149.0.0.0 Safari/537.36"
82.102.23.202 - - [30/Jul/2026:06:49:24 +0530] "GET /index.php/2026/07/30/live-roulette-free-game-an-insightful-guide/ HTTP/3" 200 23091 "-" "Mozilla/5.0 (Windows NT 10.0; Win64; x64) AppleWebKit/537.36 (KHTML, like Gecko) Chrome/149.0.0.0 Safari/537.36"
82.102.23.202 - - [30/Jul/2026:06:49:25 +0530] "POST /wp-admin/admin-ajax.php HTTP/3" 200 79 "https://nanotechtechnologies.com/wp-admin/post.php?post=5743&action=edit" "Mozilla/5.0 (Windows NT 10.0; Win64; x64) AppleWebKit/537.36 (KHTML, like Gecko) Chrome/149.0.0.0 Safari/537.36"
82.102.23.202 - - [30/Jul/2026:06:49:25 +0530] "GET /wp-includes/css/dashicons.min.css?ver=7.0.2 HTTP/3" 200 35101 "https://nanotechtechnologies.com/index.php/2026/07/30/live-roulette-free-game-an-insightful-guide/" "Mozilla/5.0 (Windows NT 10.0; Win64; x64) AppleWebKit/537.36 (KHTML, like Gecko) Chrome/149.0.0.0 Safari/537.36"
82.102.23.202 - - [30/Jul/2026:06:49:25 +0530] "GET /wp-includes/css/admin-bar.min.css?ver=7.0.2 HTTP/3" 200 3698 "https://nanotechtechnologies.com/index.php/2026/07/30/live-roulette-free-game-an-insightful-guide/" "Mozilla/5.0 (Windows NT 10.0; Win64; x64) AppleWebKit/537.36 (KHTML, like Gecko) Chrome/149.0.0.0 Safari/537.36"
82.102.23.202 - - [30/Jul/2026:06:49:25 +0530] "GET /wp-content/plugins/header-footer-elementor/inc/widgets-css/frontend.css?ver=2.5.2 HTTP/3" 200 8270 "https://nanotechtechnologies.com/index.php/2026/07/30/live-roulette-free-game-an-insightful-guide/" "Mozilla/5.0 (Windows NT 10.0; Win64; x64) AppleWebKit/537.36 (KHTML, like Gecko) Chrome/149.0.0.0 Safari/537.36"
82.102.23.202 - - [30/Jul/2026:06:49:25 +0530] "GET /wp-content/plugins/jeg-elementor-kit/assets/css/elements/main.css?ver=2.7.0 HTTP/3" 200 23502 "https://nanotechtechnologies.com/index.php/2026/07/30/live-roulette-free-game-an-insightful-guide/" "Mozilla/5.0 (Windows NT 10.0; Win64; x64) AppleWebKit/537.36 (KHTML, like Gecko) Chrome/149.0.0.0 Safari/537.36"
82.102.23.202 - - [30/Jul/2026:06:49:25 +0530] "GET /wp-content/plugins/header-footer-elementor/assets/css/header-footer-elementor.css?ver=2.5.2 HTTP/3" 200 259 "https://nanotechtechnologies.com/index.php/2026/07/30/live-roulette-free-game-an-insightful-guide/" "Mozilla/5.0 (Windows NT 10.0; Win64; x64) AppleWebKit/537.36 (KHTML, like Gecko) Chrome/149.0.0.0 Safari/537.36"
82.102.23.202 - - [30/Jul/2026:06:49:25 +0530] "GET /wp-content/plugins/elementor/assets/css/frontend.min.css?ver=3.32.3 HTTP/3" 200 6538 "https://nanotechtechnologies.com/index.php/2026/07/30/live-roulette-free-game-an-insightful-guide/" "Mozilla/5.0 (Windows NT 10.0; Win64; x64) AppleWebKit/537.36 (KHTML, like Gecko) Chrome/149.0.0.0 Safari/537.36"
82.102.23.202 - - [30/Jul/2026:06:49:25 +0530] "GET /wp-content/plugins/elementor/assets/css/admin-bar.min.css?ver=3.32.3 HTTP/3" 200 276 "https://nanotechtechnologies.com/index.php/2026/07/30/live-roulette-free-game-an-insightful-guide/" "Mozilla/5.0 (Windows NT 10.0; Win64; x64) AppleWebKit/537.36 (KHTML, like Gecko) Chrome/149.0.0.0 Safari/537.36"
82.102.23.202 - - [30/Jul/2026:06:49:25 +0530] "GET /wp-content/uploads/elementor/css/post-13.css?ver=1772512792 HTTP/3" 200 1655 "https://nanotechtechnologies.com/index.php/2026/07/30/live-roulette-free-game-an-insightful-guide/" "Mozilla/5.0 (Windows NT 10.0; Win64; x64) AppleWebKit/537.36 (KHTML, like Gecko) Chrome/149.0.0.0 Safari/537.36"
82.102.23.202 - - [30/Jul/2026:06:49:25 +0530] "GET /wp-content/uploads/elementor/css/post-63.css?ver=1772512793 HTTP/3" 200 1520 "https://nanotechtechnologies.com/index.php/2026/07/30/live-roulette-free-game-an-insightful-guide/" "Mozilla/5.0 (Windows NT 10.0; Win64; x64) AppleWebKit/537.36 (KHTML, like Gecko) Chrome/149.0.0.0 Safari/537.36"
82.102.23.202 - - [30/Jul/2026:06:49:25 +0530] "GET /wp-content/uploads/elementor/css/post-68.css?ver=1772512793 HTTP/3" 200 1743 "https://nanotechtechnologies.com/index.php/2026/07/30/live-roulette-free-game-an-insightful-guide/" "Mozilla/5.0 (Windows NT 10.0; Win64; x64) AppleWebKit/537.36 (KHTML, like Gecko) Chrome/149.0.0.0 Safari/537.36"
82.102.23.202 - - [30/Jul/2026:06:49:25 +0530] "GET /wp-content/themes/hello-elementor/assets/css/reset.css?ver=3.4.4 HTTP/3" 200 1581 "https://nanotechtechnologies.com/index.php/2026/07/30/live-roulette-free-game-an-insightful-guide/" "Mozilla/5.0 (Windows NT 10.0; Win64; x64) AppleWebKit/537.36 (KHTML, like Gecko) Chrome/149.0.0.0 Safari/537.36"
82.102.23.202 - - [30/Jul/2026:06:49:25 +0530] "GET /wp-content/themes/hello-elementor/assets/css/theme.css?ver=3.4.4 HTTP/3" 200 1126 "https://nanotechtechnologies.com/index.php/2026/07/30/live-roulette-free-game-an-insightful-guide/" "Mozilla/5.0 (Windows NT 10.0; Win64; x64) AppleWebKit/537.36 (KHTML, like Gecko) Chrome/149.0.0.0 Safari/537.36"
82.102.23.202 - - [30/Jul/2026:06:49:25 +0530] "GET /wp-content/themes/hello-elementor/assets/css/header-footer.css?ver=3.4.4 HTTP/3" 200 1261 "https://nanotechtechnologies.com/index.php/2026/07/30/live-roulette-free-game-an-insightful-guide/" "Mozilla/5.0 (Windows NT 10.0; Win64; x64) AppleWebKit/537.36 (KHTML, like Gecko) Chrome/149.0.0.0 Safari/537.36"
82.102.23.202 - - [30/Jul/2026:06:49:25 +0530] "GET /wp-content/plugins/elementor/assets/css/widget-heading.min.css?ver=3.32.3 HTTP/3" 200 154 "https://nanotechtechnologies.com/index.php/2026/07/30/live-roulette-free-game-an-insightful-guide/" "Mozilla/5.0 (Windows NT 10.0; Win64; x64) AppleWebKit/537.36 (KHTML, like Gecko) Chrome/149.0.0.0 Safari/537.36"
82.102.23.202 - - [30/Jul/2026:06:49:25 +0530] "GET /wp-content/plugins/elementor-pro/assets/css/widget-form.min.css?ver=3.26.3 HTTP/3" 200 1408 "https://nanotechtechnologies.com/index.php/2026/07/30/live-roulette-free-game-an-insightful-guide/" "Mozilla/5.0 (Windows NT 10.0; Win64; x64) AppleWebKit/537.36 (KHTML, like Gecko) Chrome/149.0.0.0 Safari/537.36"
82.102.23.202 - - [30/Jul/2026:06:49:25 +0530] "GET /wp-content/plugins/elementor-pro/assets/css/conditionals/popup.min.css?ver=3.26.3 HTTP/3" 200 328 "https://nanotechtechnologies.com/index.php/2026/07/30/live-roulette-free-game-an-insightful-guide/" "Mozilla/5.0 (Windows NT 10.0; Win64; x64) AppleWebKit/537.36 (KHTML, like Gecko) Chrome/149.0.0.0 Safari/537.36"
82.102.23.202 - - [30/Jul/2026:06:49:25 +0530] "GET /wp-content/uploads/elementor/css/post-391.css?ver=1772512793 HTTP/3" 200 1105 "https://nanotechtechnologies.com/index.php/2026/07/30/live-roulette-free-game-an-insightful-guide/" "Mozilla/5.0 (Windows NT 10.0; Win64; x64) AppleWebKit/537.36 (KHTML, like Gecko) Chrome/149.0.0.0 Safari/537.36"
82.102.23.202 - - [30/Jul/2026:06:49:25 +0530] "GET /wp-content/plugins/elementor/assets/lib/eicons/css/elementor-icons.min.css?ver=5.34.0 HTTP/3" 200 3997 "https://nanotechtechnologies.com/index.php/2026/07/30/live-roulette-free-game-an-insightful-guide/" "Mozilla/5.0 (Windows NT 10.0; Win64; x64) AppleWebKit/537.36 (KHTML, like Gecko) Chrome/149.0.0.0 Safari/537.36"
82.102.23.202 - - [30/Jul/2026:06:49:25 +0530] "GET /wp-content/plugins/elementor/assets/css/widget-social-icons.min.css?ver=3.24.0 HTTP/3" 200 1069 "https://nanotechtechnologies.com/index.php/2026/07/30/live-roulette-free-game-an-insightful-guide/" "Mozilla/5.0 (Windows NT 10.0; Win64; x64) AppleWebKit/537.36 (KHTML, like Gecko) Chrome/149.0.0.0 Safari/537.36"
82.102.23.202 - - [30/Jul/2026:06:49:25 +0530] "GET /wp-content/plugins/elementor/assets/lib/font-awesome/css/brands.css?ver=5.15.3 HTTP/3" 200 296 "https://nanotechtechnologies.com/index.php/2026/07/30/live-roulette-free-game-an-insightful-guide/" "Mozilla/5.0 (Windows NT 10.0; Win64; x64) AppleWebKit/537.36 (KHTML, like Gecko) Chrome/149.0.0.0 Safari/537.36"
82.102.23.202 - - [30/Jul/2026:06:49:25 +0530] "GET /wp-content/plugins/elementor/assets/lib/font-awesome/css/fontawesome.css?ver=5.15.3 HTTP/3" 200 12526 "https://nanotechtechnologies.com/index.php/2026/07/30/live-roulette-free-game-an-insightful-guide/" "Mozilla/5.0 (Windows NT 10.0; Win64; x64) AppleWebKit/537.36 (KHTML, like Gecko) Chrome/149.0.0.0 Safari/537.36"
82.102.23.202 - - [30/Jul/2026:06:49:25 +0530] "GET /wp-content/plugins/elementor/assets/lib/font-awesome/css/solid.css?ver=5.15.3 HTTP/3" 200 296 "https://nanotechtechnologies.com/index.php/2026/07/30/live-roulette-free-game-an-insightful-guide/" "Mozilla/5.0 (Windows NT 10.0; Win64; x64) AppleWebKit/537.36 (KHTML, like Gecko) Chrome/149.0.0.0 Safari/537.36"
82.102.23.202 - - [30/Jul/2026:06:49:25 +0530] "GET /wp-content/plugins/elementor-pro/assets/css/widget-blockquote.min.css?ver=3.25.0 HTTP/3" 200 955 "https://nanotechtechnologies.com/index.php/2026/07/30/live-roulette-free-game-an-insightful-guide/" "Mozilla/5.0 (Windows NT 10.0; Win64; x64) AppleWebKit/537.36 (KHTML, like Gecko) Chrome/149.0.0.0 Safari/537.36"
82.102.23.202 - - [30/Jul/2026:06:49:25 +0530] "GET /wp-content/plugins/elementor-pro/assets/css/widget-nav-menu.min.css?ver=3.26.0 HTTP/3" 200 3155 "https://nanotechtechnologies.com/index.php/2026/07/30/live-roulette-free-game-an-insightful-guide/" "Mozilla/5.0 (Windows NT 10.0; Win64; x64) AppleWebKit/537.36 (KHTML, like Gecko) Chrome/149.0.0.0 Safari/537.36"
82.102.23.202 - - [30/Jul/2026:06:49:25 +0530] "GET /wp-content/plugins/elementskit-lite/widgets/init/assets/css/widget-styles.css?ver=3.7.3 HTTP/3" 200 48958 "https://nanotechtechnologies.com/index.php/2026/07/30/live-roulette-free-game-an-insightful-guide/" "Mozilla/5.0 (Windows NT 10.0; Win64; x64) AppleWebKit/537.36 (KHTML, like Gecko) Chrome/149.0.0.0 Safari/537.36"
82.102.23.202 - - [30/Jul/2026:06:49:25 +0530] "GET /wp-content/plugins/master-addons/assets/css/master-addons-styles.css?ver=7.0.2 HTTP/3" 200 39135 "https://nanotechtechnologies.com/index.php/2026/07/30/live-roulette-free-game-an-insightful-guide/" "Mozilla/5.0 (Windows NT 10.0; Win64; x64) AppleWebKit/537.36 (KHTML, like Gecko) Chrome/149.0.0.0 Safari/537.36"
82.102.23.202 - - [30/Jul/2026:06:49:25 +0530] "GET /wp-content/plugins/elementskit-lite/widgets/init/assets/css/responsive.css?ver=3.7.3 HTTP/3" 200 2859 "https://nanotechtechnologies.com/index.php/2026/07/30/live-roulette-free-game-an-insightful-guide/" "Mozilla/5.0 (Windows NT 10.0; Win64; x64) AppleWebKit/537.36 (KHTML, like Gecko) Chrome/149.0.0.0 Safari/537.36"
82.102.23.202 - - [30/Jul/2026:06:49:25 +0530] "GET /wp-content/plugins/elementskit-lite/modules/elementskit-icon-pack/assets/css/ekiticons.css?ver=3.7.3 HTTP/3" 200 11820 "https://nanotechtechnologies.com/index.php/2026/07/30/live-roulette-free-game-an-insightful-guide/" "Mozilla/5.0 (Windows NT 10.0; Win64; x64) AppleWebKit/537.36 (KHTML, like Gecko) Chrome/149.0.0.0 Safari/537.36"
82.102.23.202 - - [30/Jul/2026:06:49:25 +0530] "GET /wp-content/plugins/elementor-pro/assets/css/widget-mega-menu.min.css?ver=3.26.2 HTTP/3" 200 2683 "https://nanotechtechnologies.com/index.php/2026/07/30/live-roulette-free-game-an-insightful-guide/" "Mozilla/5.0 (Windows NT 10.0; Win64; x64) AppleWebKit/537.36 (KHTML, like Gecko) Chrome/149.0.0.0 Safari/537.36"
82.102.23.202 - - [30/Jul/2026:06:49:25 +0530] "GET /wp-content/plugins/master-addons/assets/fonts/material-icons/material-icons.css?ver=2.0.9.7 HTTP/3" 200 9493 "https://nanotechtechnologies.com/index.php/2026/07/30/live-roulette-free-game-an-insightful-guide/" "Mozilla/5.0 (Windows NT 10.0; Win64; x64) AppleWebKit/537.36 (KHTML, like Gecko) Chrome/149.0.0.0 Safari/537.36"
82.102.23.202 - - [30/Jul/2026:06:49:25 +0530] "GET /wp-content/plugins/elementor/assets/css/widget-icon-list.min.css?ver=3.24.3 HTTP/3" 200 962 "https://nanotechtechnologies.com/index.php/2026/07/30/live-roulette-free-game-an-insightful-guide/" "Mozilla/5.0 (Windows NT 10.0; Win64; x64) AppleWebKit/537.36 (KHTML, like Gecko) Chrome/149.0.0.0 Safari/537.36"
82.102.23.202 - - [30/Jul/2026:06:49:25 +0530] "GET /wp-content/plugins/elementor/assets/css/conditionals/apple-webkit.min.css?ver=3.32.3 HTTP/3" 200 472 "https://nanotechtechnologies.com/index.php/2026/07/30/live-roulette-free-game-an-insightful-guide/" "Mozilla/5.0 (Windows NT 10.0; Win64; x64) AppleWebKit/537.36 (KHTML, like Gecko) Chrome/149.0.0.0 Safari/537.36"
82.102.23.202 - - [30/Jul/2026:06:49:25 +0530] "GET /wp-content/plugins/elementor/assets/css/widget-icon-list.min.css?ver=3.32.3 HTTP/3" 200 962 "https://nanotechtechnologies.com/index.php/2026/07/30/live-roulette-free-game-an-insightful-guide/" "Mozilla/5.0 (Windows NT 10.0; Win64; x64) AppleWebKit/537.36 (KHTML, like Gecko) Chrome/149.0.0.0 Safari/537.36"
82.102.23.202 - - [30/Jul/2026:06:49:25 +0530] "GET /wp-content/plugins/elementor/assets/css/widget-social-icons.min.css?ver=3.32.3 HTTP/3" 200 1069 "https://nanotechtechnologies.com/index.php/2026/07/30/live-roulette-free-game-an-insightful-guide/" "Mozilla/5.0 (Windows NT 10.0; Win64; x64) AppleWebKit/537.36 (KHTML, like Gecko) Chrome/149.0.0.0 Safari/537.36"
82.102.23.202 - - [30/Jul/2026:06:49:25 +0530] "GET /wp-content/plugins/elementor/assets/css/widget-image.min.css?ver=3.32.3 HTTP/3" 200 119 "https://nanotechtechnologies.com/index.php/2026/07/30/live-roulette-free-game-an-insightful-guide/" "Mozilla/5.0 (Windows NT 10.0; Win64; x64) AppleWebKit/537.36 (KHTML, like Gecko) Chrome/149.0.0.0 Safari/537.36"
82.102.23.202 - - [30/Jul/2026:06:49:25 +0530] "GET /wp-content/plugins/jeg-elementor-kit/lib/jeg-framework/assets/css/jeg-dynamic-styles.css?ver=1.3.0 HTTP/3" 200 0 "https://nanotechtechnologies.com/index.php/2026/07/30/live-roulette-free-game-an-insightful-guide/" "Mozilla/5.0 (Windows NT 10.0; Win64; x64) AppleWebKit/537.36 (KHTML, like Gecko) Chrome/149.0.0.0 Safari/537.36"
82.102.23.202 - - [30/Jul/2026:06:49:25 +0530] "GET /wp-content/plugins/elementor/assets/lib/animations/styles/e-animation-grow-rotate.min.css?ver=3.32.3 HTTP/3" 200 108 "https://nanotechtechnologies.com/index.php/2026/07/30/live-roulette-free-game-an-insightful-guide/" "Mozilla/5.0 (Windows NT 10.0; Win64; x64) AppleWebKit/537.36 (KHTML, like Gecko) Chrome/149.0.0.0 Safari/537.36"
82.102.23.202 - - [30/Jul/2026:06:49:26 +0530] "GET /wp-content/plugins/elementor/assets/lib/dialog/dialog.min.js?ver=4.9.4 HTTP/3" 200 3593 "https://nanotechtechnologies.com/index.php/2026/07/30/live-roulette-free-game-an-insightful-guide/" "Mozilla/5.0 (Windows NT 10.0; Win64; x64) AppleWebKit/537.36 (KHTML, like Gecko) Chrome/149.0.0.0 Safari/537.36"
82.102.23.202 - - [30/Jul/2026:06:49:26 +0530] "GET /wp-content/themes/hello-elementor/assets/js/hello-frontend.js?ver=3.4.4 HTTP/3" 200 496 "https://nanotechtechnologies.com/index.php/2026/07/30/live-roulette-free-game-an-insightful-guide/" "Mozilla/5.0 (Windows NT 10.0; Win64; x64) AppleWebKit/537.36 (KHTML, like Gecko) Chrome/149.0.0.0 Safari/537.36"
82.102.23.202 - - [30/Jul/2026:06:49:26 +0530] "GET /wp-content/plugins/elementor/assets/js/webpack.runtime.min.js?ver=3.32.3 HTTP/3" 200 2320 "https://nanotechtechnologies.com/index.php/2026/07/30/live-roulette-free-game-an-insightful-guide/" "Mozilla/5.0 (Windows NT 10.0; Win64; x64) AppleWebKit/537.36 (KHTML, like Gecko) Chrome/149.0.0.0 Safari/537.36"
82.102.23.202 - - [30/Jul/2026:06:49:26 +0530] "GET /wp-content/plugins/elementor/assets/js/frontend-modules.min.js?ver=3.32.3 HTTP/3" 200 17962 "https://nanotechtechnologies.com/index.php/2026/07/30/live-roulette-free-game-an-insightful-guide/" "Mozilla/5.0 (Windows NT 10.0; Win64; x64) AppleWebKit/537.36 (KHTML, like Gecko) Chrome/149.0.0.0 Safari/537.36"
82.102.23.202 - - [30/Jul/2026:06:49:26 +0530] "GET /wp-content/plugins/elementor/assets/js/frontend.min.js?ver=3.32.3 HTTP/3" 200 10165 "https://nanotechtechnologies.com/index.php/2026/07/30/live-roulette-free-game-an-insightful-guide/" "Mozilla/5.0 (Windows NT 10.0; Win64; x64) AppleWebKit/537.36 (KHTML, like Gecko) Chrome/149.0.0.0 Safari/537.36"
82.102.23.202 - - [30/Jul/2026:06:49:26 +0530] "GET /wp-content/plugins/elementskit-lite/libs/framework/assets/js/frontend-script.js?ver=3.7.3 HTTP/3" 200 40 "https://nanotechtechnologies.com/index.php/2026/07/30/live-roulette-free-game-an-insightful-guide/" "Mozilla/5.0 (Windows NT 10.0; Win64; x64) AppleWebKit/537.36 (KHTML, like Gecko) Chrome/149.0.0.0 Safari/537.36"
82.102.23.202 - - [30/Jul/2026:06:49:26 +0530] "GET /wp-content/plugins/elementskit-lite/widgets/init/assets/js/widget-scripts.js?ver=3.7.3 HTTP/3" 200 35012 "https://nanotechtechnologies.com/index.php/2026/07/30/live-roulette-free-game-an-insightful-guide/" "Mozilla/5.0 (Windows NT 10.0; Win64; x64) AppleWebKit/537.36 (KHTML, like Gecko) Chrome/149.0.0.0 Safari/537.36"
82.102.23.202 - - [30/Jul/2026:06:49:26 +0530] "GET /wp-content/plugins/jeg-elementor-kit/assets/js/elements/sticky-element.js?ver=2.7.0 HTTP/3" 200 1477 "https://nanotechtechnologies.com/index.php/2026/07/30/live-roulette-free-game-an-insightful-guide/" "Mozilla/5.0 (Windows NT 10.0; Win64; x64) AppleWebKit/537.36 (KHTML, like Gecko) Chrome/149.0.0.0 Safari/537.36"
82.102.23.202 - - [30/Jul/2026:06:49:26 +0530] "GET /wp-content/plugins/master-addons/assets/fonts/material-icons/material-icons.ttf HTTP/3" 200 72501 "https://nanotechtechnologies.com/wp-content/plugins/master-addons/assets/fonts/material-icons/material-icons.css?ver=2.0.9.7" "Mozilla/5.0 (Windows NT 10.0; Win64; x64) AppleWebKit/537.36 (KHTML, like Gecko) Chrome/149.0.0.0 Safari/537.36"
82.102.23.202 - - [30/Jul/2026:06:49:26 +0530] "GET /wp-content/plugins/elementskit-lite/modules/elementskit-icon-pack/assets/fonts/elementskit.woff?itek3h HTTP/3" 200 460316 "https://nanotechtechnologies.com/wp-content/plugins/elementskit-lite/modules/elementskit-icon-pack/assets/css/ekiticons.css?ver=3.7.3" "Mozilla/5.0 (Windows NT 10.0; Win64; x64) AppleWebKit/537.36 (KHTML, like Gecko) Chrome/149.0.0.0 Safari/537.36"
82.102.23.202 - - [30/Jul/2026:06:49:26 +0530] "GET /wp-content/uploads/2025/10/Nanotech-Technologies-1024x914.png HTTP/3" 200 471033 "https://nanotechtechnologies.com/index.php/2026/07/30/live-roulette-free-game-an-insightful-guide/" "Mozilla/5.0 (Windows NT 10.0; Win64; x64) AppleWebKit/537.36 (KHTML, like Gecko) Chrome/149.0.0.0 Safari/537.36"
82.102.23.202 - - [30/Jul/2026:06:49:27 +0530] "GET /wp-content/plugins/master-addons/assets/js/plugins.js?ver=2.0.9.7 HTTP/3" 200 8508 "https://nanotechtechnologies.com/index.php/2026/07/30/live-roulette-free-game-an-insightful-guide/" "Mozilla/5.0 (Windows NT 10.0; Win64; x64) AppleWebKit/537.36 (KHTML, like Gecko) Chrome/149.0.0.0 Safari/537.36"
82.102.23.202 - - [30/Jul/2026:06:49:27 +0530] "GET /wp-content/plugins/master-addons/assets/js/master-addons-scripts.js?ver=2.0.9.7 HTTP/3" 200 26246 "https://nanotechtechnologies.com/index.php/2026/07/30/live-roulette-free-game-an-insightful-guide/" "Mozilla/5.0 (Windows NT 10.0; Win64; x64) AppleWebKit/537.36 (KHTML, like Gecko) Chrome/149.0.0.0 Safari/537.36"
82.102.23.202 - - [30/Jul/2026:06:49:27 +0530] "GET /wp-content/plugins/elementor-pro/assets/js/frontend.min.js?ver=3.26.3 HTTP/3" 200 6279 "https://nanotechtechnologies.com/index.php/2026/07/30/live-roulette-free-game-an-insightful-guide/" "Mozilla/5.0 (Windows NT 10.0; Win64; x64) AppleWebKit/537.36 (KHTML, like Gecko) Chrome/149.0.0.0 Safari/537.36"
82.102.23.202 - - [30/Jul/2026:06:49:27 +0530] "GET /wp-content/plugins/elementor-pro/assets/js/elements-handlers.min.js?ver=3.26.3 HTTP/3" 200 10180 "https://nanotechtechnologies.com/index.php/2026/07/30/live-roulette-free-game-an-insightful-guide/" "Mozilla/5.0 (Windows NT 10.0; Win64; x64) AppleWebKit/537.36 (KHTML, like Gecko) Chrome/149.0.0.0 Safari/537.36"
82.102.23.202 - - [30/Jul/2026:06:49:27 +0530] "GET /wp-content/plugins/elementor-pro/assets/js/webpack-pro.runtime.min.js?ver=3.26.3 HTTP/3" 200 2625 "https://nanotechtechnologies.com/index.php/2026/07/30/live-roulette-free-game-an-insightful-guide/" "Mozilla/5.0 (Windows NT 10.0; Win64; x64) AppleWebKit/537.36 (KHTML, like Gecko) Chrome/149.0.0.0 Safari/537.36"
82.102.23.202 - - [30/Jul/2026:06:49:27 +0530] "GET /wp-content/plugins/elementskit-lite/widgets/init/assets/js/elementor.js?ver=3.7.3 HTTP/3" 200 5700 "https://nanotechtechnologies.com/index.php/2026/07/30/live-roulette-free-game-an-insightful-guide/" "Mozilla/5.0 (Windows NT 10.0; Win64; x64) AppleWebKit/537.36 (KHTML, like Gecko) Chrome/149.0.0.0 Safari/537.36"
82.102.23.202 - - [30/Jul/2026:06:49:27 +0530] "GET /wp-content/plugins/elementor/assets/js/elementor-admin-bar.min.js?ver=3.32.3 HTTP/3" 200 2181 "https://nanotechtechnologies.com/index.php/2026/07/30/live-roulette-free-game-an-insightful-guide/" "Mozilla/5.0 (Windows NT 10.0; Win64; x64) AppleWebKit/537.36 (KHTML, like Gecko) Chrome/149.0.0.0 Safari/537.36"
82.102.23.202 - - [30/Jul/2026:06:49:27 +0530] "GET /wp-content/plugins/elementskit-lite/widgets/init/assets/js/animate-circle.min.js?ver=3.7.3 HTTP/3" 200 393 "https://nanotechtechnologies.com/index.php/2026/07/30/live-roulette-free-game-an-insightful-guide/" "Mozilla/5.0 (Windows NT 10.0; Win64; x64) AppleWebKit/537.36 (KHTML, like Gecko) Chrome/149.0.0.0 Safari/537.36"
82.102.23.202 - - [30/Jul/2026:06:49:27 +0530] "GET /wp-includes/js/comment-reply.min.js?ver=7.0.2 HTTP/3" 200 1247 "https://nanotechtechnologies.com/index.php/2026/07/30/live-roulette-free-game-an-insightful-guide/" "Mozilla/5.0 (Windows NT 10.0; Win64; x64) AppleWebKit/537.36 (KHTML, like Gecko) Chrome/149.0.0.0 Safari/537.36"
82.102.23.202 - - [30/Jul/2026:06:49:27 +0530] "GET /wp-content/uploads/2025/10/cropped-Nanotech-Technologies-1-192x192.png HTTP/3" 200 42091 "https://nanotechtechnologies.com/index.php/2026/07/30/live-roulette-free-game-an-insightful-guide/" "Mozilla/5.0 (Windows NT 10.0; Win64; x64) AppleWebKit/537.36 (KHTML, like Gecko) Chrome/149.0.0.0 Safari/537.36"
82.102.23.202 - - [30/Jul/2026:06:49:27 +0530] "GET /wp-content/plugins/elementor/assets/js/shared-frontend-handlers.4c8abccc3e268b0767b2.bundle.min.js HTTP/3" 200 2542 "https://nanotechtechnologies.com/index.php/2026/07/30/live-roulette-free-game-an-insightful-guide/" "Mozilla/5.0 (Windows NT 10.0; Win64; x64) AppleWebKit/537.36 (KHTML, like Gecko) Chrome/149.0.0.0 Safari/537.36"
82.102.23.202 - - [30/Jul/2026:06:49:27 +0530] "GET /wp-content/plugins/elementor/assets/js/text-editor.abc8f59c62f2820dc25a.bundle.min.js HTTP/3" 200 618 "https://nanotechtechnologies.com/index.php/2026/07/30/live-roulette-free-game-an-insightful-guide/" "Mozilla/5.0 (Windows NT 10.0; Win64; x64) AppleWebKit/537.36 (KHTML, like Gecko) Chrome/149.0.0.0 Safari/537.36"
82.102.23.202 - - [30/Jul/2026:06:49:27 +0530] "GET /wp-includes/js/wp-emoji-release.min.js?ver=7.0.2 HTTP/3" 200 4974 "https://nanotechtechnologies.com/index.php/2026/07/30/live-roulette-free-game-an-insightful-guide/" "Mozilla/5.0 (Windows NT 10.0; Win64; x64) AppleWebKit/537.36 (KHTML, like Gecko) Chrome/149.0.0.0 Safari/537.36"
43.165.67.31 - - [30/Jul/2026:07:04:23 +0530] "GET / HTTP/1.1" 200 23468 "http://www.nanotechtechnologies.com" "Mozilla/5.0 (iPhone; CPU iPhone OS 13_2_3 like Mac OS X) AppleWebKit/605.1.15 (KHTML, like Gecko) Version/13.0.3 Mobile/15E148 Safari/604.1"
103.212.120.166 - - [30/Jul/2026:07:16:16 +0530] "POST /wp-cron.php?doing_wp_cron=1785375976.7926280498504638671875 HTTP/1.1" 403 1242 "-" "WordPress/7.0.2; https://nanotechtechnologies.com"
40.77.167.67 - - [30/Jul/2026:07:16:16 +0530] "GET /?p=5474 HTTP/2" 301 0 "-" "Mozilla/5.0 AppleWebKit/537.36 (KHTML, like Gecko; compatible; bingbot/2.0; +http://www.bing.com/bingbot.htm) Chrome/116.0.1938.76 Safari/537.36"
103.212.120.166 - - [30/Jul/2026:07:26:51 +0530] "POST /wp-cron.php?doing_wp_cron=1785376611.8857920169830322265625 HTTP/1.1" 403 1242 "-" "WordPress/7.0.2; https://nanotechtechnologies.com"
207.46.13.160 - - [30/Jul/2026:07:26:51 +0530] "GET /?p=5357 HTTP/2" 301 0 "-" "Mozilla/5.0 AppleWebKit/537.36 (KHTML, like Gecko; compatible; bingbot/2.0; +http://www.bing.com/bingbot.htm) Chrome/116.0.1938.76 Safari/537.36"
103.212.120.166 - - [30/Jul/2026:07:33:35 +0530] "POST /wp-cron.php?doing_wp_cron=1785377015.6422889232635498046875 HTTP/1.1" 403 1242 "-" "WordPress/7.0.2; https://nanotechtechnologies.com"
207.46.13.128 - - [30/Jul/2026:07:33:35 +0530] "GET /?p=3763 HTTP/2" 301 0 "-" "Mozilla/5.0 AppleWebKit/537.36 (KHTML, like Gecko; compatible; bingbot/2.0; +http://www.bing.com/bingbot.htm) Chrome/116.0.1938.76 Safari/537.36"
103.212.120.166 - - [30/Jul/2026:07:38:57 +0530] "POST /wp-cron.php?doing_wp_cron=1785377337.5094449520111083984375 HTTP/1.1" 403 1242 "-" "WordPress/7.0.2; https://nanotechtechnologies.com"
54.217.83.13 - - [30/Jul/2026:07:38:56 +0530] "GET / HTTP/1.1" 200 20758 "-" "Mozilla/5.0 (Windows NT 10.0; Win64; x64) AppleWebKit/537.36 (KHTML, like Gecko) Chrome/119.0.0.0 Safari/537.36"
47.128.118.46 - - [30/Jul/2026:07:49:34 +0530] "GET /robots.txt HTTP/1.1" 200 135 "-" "Mozilla/5.0 (Linux; Android 5.0) AppleWebKit/537.36 (KHTML, like Gecko) Mobile Safari/537.36 (compatible; Bytespider; spider-feedback@bytedance.com)"
103.212.120.166 - - [30/Jul/2026:07:50:00 +0530] "POST /wp-cron.php?doing_wp_cron=1785378000.3521080017089843750000 HTTP/1.1" 403 1242 "-" "WordPress/7.0.2; https://nanotechtechnologies.com"
23.95.96.140 - - [30/Jul/2026:07:49:59 +0530] "GET / HTTP/1.1" 200 23468 "-" "Mozilla/5.0 (Windows NT 6.1; Win64; x64; rv:83.0) Gecko/20100101 Firefox/83.0"
23.95.96.140 - - [30/Jul/2026:07:51:04 +0530] "GET /wp-content/uploads/2025/10/cropped-Nanotech-Technologies-1-180x180.png HTTP/1.1" 200 38062 "-" "Mozilla/5.0 (Windows NT 6.1; Win64; x64; rv:83.0) Gecko/20100101 Firefox/83.0"
103.212.120.166 - - [30/Jul/2026:07:52:17 +0530] "POST /wp-cron.php?doing_wp_cron=1785378137.0302999019622802734375 HTTP/1.1" 403 1242 "-" "WordPress/7.0.2; https://nanotechtechnologies.com"
157.55.39.59 - - [30/Jul/2026:07:52:16 +0530] "GET /?p=3796 HTTP/2" 301 0 "-" "Mozilla/5.0 AppleWebKit/537.36 (KHTML, like Gecko; compatible; bingbot/2.0; +http://www.bing.com/bingbot.htm) Chrome/116.0.1938.76 Safari/537.36"
103.212.120.166 - - [30/Jul/2026:08:07:44 +0530] "POST /wp-cron.php?doing_wp_cron=1785379064.4984331130981445312500 HTTP/1.1" 403 1242 "-" "WordPress/7.0.2; https://nanotechtechnologies.com"
23.94.187.200 - - [30/Jul/2026:08:07:43 +0530] "GET / HTTP/1.1" 200 23468 "-" "Python/3.13 aiohttp/3.13.2"
103.212.120.166 - - [30/Jul/2026:09:47:26 +0530] "POST /wp-cron.php?doing_wp_cron=1785385046.0165960788726806640625 HTTP/1.1" 403 1242 "-" "WordPress/7.0.2; https://nanotechtechnologies.com"
157.55.39.61 - - [30/Jul/2026:09:47:25 +0530] "GET /?p=5180 HTTP/2" 301 0 "-" "Mozilla/5.0 AppleWebKit/537.36 (KHTML, like Gecko; compatible; bingbot/2.0; +http://www.bing.com/bingbot.htm) Chrome/116.0.1938.76 Safari/537.36"
104.210.140.133 - - [30/Jul/2026:10:00:52 +0530] "GET /robots.txt HTTP/2" 200 135 "-" "Mozilla/5.0 (Macintosh; Intel Mac OS X 10_15_7) AppleWebKit/537.36 (KHTML, like Gecko) Chrome/131.0.0.0 Safari/537.36; compatible; OAI-SearchBot/1.0; +https://openai.com/searchbot"
66.249.70.69 - - [30/Jul/2026:10:23:02 +0530] "GET /robots.txt HTTP/1.1" 200 135 "-" "Mozilla/5.0 (compatible; Googlebot/2.1; +http://www.google.com/bot.html)"
103.212.120.166 - - [30/Jul/2026:10:23:20 +0530] "POST /wp-cron.php?doing_wp_cron=1785387200.2328670024871826171875 HTTP/1.1" 403 1242 "-" "WordPress/7.0.2; https://nanotechtechnologies.com"
66.249.70.68 - - [30/Jul/2026:10:23:19 +0530] "GET /index.php/2026/07/13/best-neosurf-sign-up-bonus-casino-uk/ HTTP/1.1" 200 26545 "-" "Mozilla/5.0 (Linux; Android 6.0.1; Nexus 5X Build/MMB29P) AppleWebKit/537.36 (KHTML, like Gecko) Chrome/150.0.7871.186 Mobile Safari/537.36 (compatible; Googlebot/2.1; +http://www.google.com/bot.html)"
103.212.120.166 - - [30/Jul/2026:10:24:53 +0530] "POST /wp-cron.php?doing_wp_cron=1785387293.2624111175537109375000 HTTP/1.1" 403 1242 "-" "WordPress/7.0.2; https://nanotechtechnologies.com"
40.77.167.16 - - [30/Jul/2026:10:24:52 +0530] "GET /?p=5475 HTTP/2" 301 0 "-" "Mozilla/5.0 AppleWebKit/537.36 (KHTML, like Gecko; compatible; bingbot/2.0; +http://www.bing.com/bingbot.htm) Chrome/116.0.1938.76 Safari/537.36"
66.249.70.67 - - [30/Jul/2026:10:24:53 +0530] "GET /wp-content/plugins/jeg-elementor-kit/lib/jeg-framework/assets/css/jeg-dynamic-styles.css?ver=1.3.0 HTTP/1.1" 200 0 "https://nanotechtechnologies.com/index.php/2026/07/13/best-neosurf-sign-up-bonus-casino-uk/" "Mozilla/5.0 (Linux; Android 6.0.1; Nexus 5X Build/MMB29P) AppleWebKit/537.36 (KHTML, like Gecko) Chrome/150.0.7871.186 Mobile Safari/537.36 (compatible; Googlebot/2.1; +http://www.google.com/bot.html)"
66.249.70.68 - - [30/Jul/2026:10:24:53 +0530] "GET /wp-content/plugins/elementor-pro/assets/css/widget-blockquote.min.css?ver=3.25.0 HTTP/1.1" 200 955 "https://nanotechtechnologies.com/index.php/2026/07/13/best-neosurf-sign-up-bonus-casino-uk/" "Mozilla/5.0 (Linux; Android 6.0.1; Nexus 5X Build/MMB29P) AppleWebKit/537.36 (KHTML, like Gecko) Chrome/150.0.7871.186 Mobile Safari/537.36 (compatible; Googlebot/2.1; +http://www.google.com/bot.html)"
66.249.70.69 - - [30/Jul/2026:10:24:54 +0530] "GET /wp-content/plugins/elementor-pro/assets/js/elements-handlers.min.js?ver=3.26.3 HTTP/1.1" 200 10180 "https://nanotechtechnologies.com/index.php/2026/07/13/best-neosurf-sign-up-bonus-casino-uk/" "Mozilla/5.0 (Linux; Android 6.0.1; Nexus 5X Build/MMB29P) AppleWebKit/537.36 (KHTML, like Gecko) Chrome/150.0.7871.186 Mobile Safari/537.36 (compatible; Googlebot/2.1; +http://www.google.com/bot.html)"
138.246.253.24 - - [30/Jul/2026:10:27:18 +0530] "GET /robots.txt HTTP/1.1" 200 135 "-" "Mozilla/5.0 (Windows NT 10.0; Win64; x64) AppleWebKit/537.36 (KHTML, like Gecko) Chrome/103.0.5060.134 Safari/537.36"
103.212.120.166 - - [30/Jul/2026:10:36:04 +0530] "POST /wp-cron.php?doing_wp_cron=1785387964.8090600967407226562500 HTTP/1.1" 403 1242 "-" "WordPress/7.0.2; https://nanotechtechnologies.com"
52.167.144.172 - - [30/Jul/2026:10:36:04 +0530] "GET /?p=4485 HTTP/2" 301 0 "-" "Mozilla/5.0 AppleWebKit/537.36 (KHTML, like Gecko; compatible; bingbot/2.0; +http://www.bing.com/bingbot.htm) Chrome/116.0.1938.76 Safari/537.36"
103.212.120.166 - - [30/Jul/2026:10:49:47 +0530] "POST /wp-cron.php?doing_wp_cron=1785388787.6326580047607421875000 HTTP/1.1" 403 1242 "-" "WordPress/7.0.2; https://nanotechtechnologies.com"
52.167.144.213 - - [30/Jul/2026:10:49:47 +0530] "GET /?p=4275 HTTP/2" 301 0 "-" "Mozilla/5.0 AppleWebKit/537.36 (KHTML, like Gecko; compatible; bingbot/2.0; +http://www.bing.com/bingbot.htm) Chrome/116.0.1938.76 Safari/537.36"
138.246.253.24 - - [30/Jul/2026:10:58:14 +0530] "GET /robots.txt HTTP/1.1" 200 135 "-" "Mozilla/5.0 (Windows NT 10.0; Win64; x64) AppleWebKit/537.36 (KHTML, like Gecko) Chrome/103.0.5060.134 Safari/537.36"
103.212.120.166 - - [30/Jul/2026:11:27:40 +0530] "POST /wp-cron.php?doing_wp_cron=1785391060.1492960453033447265625 HTTP/1.1" 403 1242 "-" "WordPress/7.0.2; https://nanotechtechnologies.com"
66.249.70.67 - - [30/Jul/2026:11:27:39 +0530] "GET /index.php/2026/07/13/best-mifinity-casino-vip-casino-uk/ HTTP/1.1" 200 25268 "-" "Mozilla/5.0 (Linux; Android 6.0.1; Nexus 5X Build/MMB29P) AppleWebKit/537.36 (KHTML, like Gecko) Chrome/150.0.7871.186 Mobile Safari/537.36 (compatible; Googlebot/2.1; +http://www.google.com/bot.html)"
103.212.120.166 - - [30/Jul/2026:11:40:22 +0530] "POST /wp-cron.php?doing_wp_cron=1785391821.9977469444274902343750 HTTP/1.1" 403 1242 "-" "WordPress/7.0.2; https://nanotechtechnologies.com"
40.77.167.224 - - [30/Jul/2026:11:40:21 +0530] "GET /?p=3682 HTTP/2" 301 0 "-" "Mozilla/5.0 AppleWebKit/537.36 (KHTML, like Gecko; compatible; bingbot/2.0; +http://www.bing.com/bingbot.htm) Chrome/116.0.1938.76 Safari/537.36"
45.32.151.65 - - [30/Jul/2026:11:51:20 +0530] "GET /wp-content/plugins/admin-site-enhancements-pro/README.txt HTTP/1.1" 404 1251 "-" "Mozilla/5.0 (X11; Linux x86_64) AppleWebKit/537.36 (KHTML, like Gecko) Chrome/143.0.0.0 Safari/537.36"