31.13.127.11 - - [26/May/2025:16:00:47 +0530] "GET /wp-content/plugins/elementskit-lite/widgets/init/assets/css/widget-styles.css?ver=3.5.1 HTTP/2" 200 48223 "https://maxxliftcrane.myycard.in/?fbclid=IwZXh0bgNhZW0CMTEAAR5-oGVTX5nOz3Pr4TFwCtf9fNWnzImOKgYsT4OMqkKm40Mq0q25gMBNXy5ywA_aem_7vaZtJyaCEKQxjI5DZkLKw" "Mozilla/5.0 (Windows NT 10.0; Win64; x64) AppleWebKit/537.36 (KHTML, like Gecko) Chrome/134.0.0.0 Safari/537.36 Edg/134.0.0.0"
31.13.127.6 - - [26/May/2025:16:00:47 +0530] "GET /wp-content/plugins/elementskit-lite/widgets/init/assets/css/responsive.css?ver=3.5.1 HTTP/2" 200 2859 "https://maxxliftcrane.myycard.in/?fbclid=IwZXh0bgNhZW0CMTEAAR5-oGVTX5nOz3Pr4TFwCtf9fNWnzImOKgYsT4OMqkKm40Mq0q25gMBNXy5ywA_aem_7vaZtJyaCEKQxjI5DZkLKw" "Mozilla/5.0 (Windows NT 10.0; Win64; x64) AppleWebKit/537.36 (KHTML, like Gecko) Chrome/134.0.0.0 Safari/537.36 Edg/134.0.0.0"
31.13.127.40 - - [26/May/2025:16:00:47 +0530] "GET /wp-content/plugins/master-addons/assets/css/master-addons-styles.css?ver=6.7.2 HTTP/2" 200 38659 "https://maxxliftcrane.myycard.in/?fbclid=IwZXh0bgNhZW0CMTEAAR5-oGVTX5nOz3Pr4TFwCtf9fNWnzImOKgYsT4OMqkKm40Mq0q25gMBNXy5ywA_aem_7vaZtJyaCEKQxjI5DZkLKw" "Mozilla/5.0 (Windows NT 10.0; Win64; x64) AppleWebKit/537.36 (KHTML, like Gecko) Chrome/134.0.0.0 Safari/537.36 Edg/134.0.0.0"
122.150.242.227 - - [26/May/2025:16:00:47 +0530] "GET /wp-content/uploads/2025/05/inspection_jib_crane.jpg HTTP/2" 200 163253 "https://maxxliftcrane.myycard.in/?fbclid=IwZXh0bgNhZW0CMTEAAR61NuSEthl-_rAep1zmGw2SK-WuSTtmjHllVnvKtCIh4FSSTHsSajVq2W6Jfg_aem_57-5n9iSurhOryVnDyD2vQ" "Mozilla/5.0 (iPhone; CPU iPhone OS 18_4_1 like Mac OS X) AppleWebKit/605.1.15 (KHTML, like Gecko) Mobile/22E252 [FBAN/FBIOS;FBAV/514.0.0.47.102;FBBV/737212593;FBDV/iPhone17,2;FBMD/iPhone;FBSN/iOS;FBSV/18.4.1;FBSS/3;FBID/phone;FBLC/en_GB;FBOP/5;FBRV/739369629;IABMV/1]"
31.13.127.6 - - [26/May/2025:16:00:47 +0530] "GET /wp-content/plugins/call-now-button/resources/style/modern.css?ver=1.5.1 HTTP/2" 200 970 "https://maxxliftcrane.myycard.in/?fbclid=IwZXh0bgNhZW0CMTEAAR5-oGVTX5nOz3Pr4TFwCtf9fNWnzImOKgYsT4OMqkKm40Mq0q25gMBNXy5ywA_aem_7vaZtJyaCEKQxjI5DZkLKw" "Mozilla/5.0 (Windows NT 10.0; Win64; x64) AppleWebKit/537.36 (KHTML, like Gecko) Chrome/134.0.0.0 Safari/537.36 Edg/134.0.0.0"
31.13.127.6 - - [26/May/2025:16:00:47 +0530] "GET /wp-content/uploads/elementor/google-fonts/css/baijamjuree.css?ver=1747818118 HTTP/2" 200 790 "https://maxxliftcrane.myycard.in/?fbclid=IwZXh0bgNhZW0CMTEAAR5-oGVTX5nOz3Pr4TFwCtf9fNWnzImOKgYsT4OMqkKm40Mq0q25gMBNXy5ywA_aem_7vaZtJyaCEKQxjI5DZkLKw" "Mozilla/5.0 (Windows NT 10.0; Win64; x64) AppleWebKit/537.36 (KHTML, like Gecko) Chrome/134.0.0.0 Safari/537.36 Edg/134.0.0.0"
31.13.127.6 - - [26/May/2025:16:00:48 +0530] "GET /wp-content/uploads/elementor/google-fonts/css/montserrat.css?ver=1747983137 HTTP/2" 200 760 "https://maxxliftcrane.myycard.in/?fbclid=IwZXh0bgNhZW0CMTEAAR5-oGVTX5nOz3Pr4TFwCtf9fNWnzImOKgYsT4OMqkKm40Mq0q25gMBNXy5ywA_aem_7vaZtJyaCEKQxjI5DZkLKw" "Mozilla/5.0 (Windows NT 10.0; Win64; x64) AppleWebKit/537.36 (KHTML, like Gecko) Chrome/134.0.0.0 Safari/537.36 Edg/134.0.0.0"
31.13.127.11 - - [26/May/2025:16:00:48 +0530] "GET /wp-content/plugins/master-addons/assets/fonts/material-icons/material-icons.css?ver=2.0.7.5 HTTP/2" 200 9493 "https://maxxliftcrane.myycard.in/?fbclid=IwZXh0bgNhZW0CMTEAAR5-oGVTX5nOz3Pr4TFwCtf9fNWnzImOKgYsT4OMqkKm40Mq0q25gMBNXy5ywA_aem_7vaZtJyaCEKQxjI5DZkLKw" "Mozilla/5.0 (Windows NT 10.0; Win64; x64) AppleWebKit/537.36 (KHTML, like Gecko) Chrome/134.0.0.0 Safari/537.36 Edg/134.0.0.0"
31.13.127.40 - - [26/May/2025:16:00:48 +0530] "GET /wp-content/plugins/elementskit-lite/modules/elementskit-icon-pack/assets/css/ekiticons.css?ver=3.5.1 HTTP/2" 200 11776 "https://maxxliftcrane.myycard.in/?fbclid=IwZXh0bgNhZW0CMTEAAR5-oGVTX5nOz3Pr4TFwCtf9fNWnzImOKgYsT4OMqkKm40Mq0q25gMBNXy5ywA_aem_7vaZtJyaCEKQxjI5DZkLKw" "Mozilla/5.0 (Windows NT 10.0; Win64; x64) AppleWebKit/537.36 (KHTML, like Gecko) Chrome/134.0.0.0 Safari/537.36 Edg/134.0.0.0"
31.13.127.6 - - [26/May/2025:16:00:48 +0530] "GET /wp-includes/js/jquery/jquery.min.js?ver=3.7.1 HTTP/2" 200 29744 "https://maxxliftcrane.myycard.in/?fbclid=IwZXh0bgNhZW0CMTEAAR5-oGVTX5nOz3Pr4TFwCtf9fNWnzImOKgYsT4OMqkKm40Mq0q25gMBNXy5ywA_aem_7vaZtJyaCEKQxjI5DZkLKw" "Mozilla/5.0 (Windows NT 10.0; Win64; x64) AppleWebKit/537.36 (KHTML, like Gecko) Chrome/134.0.0.0 Safari/537.36 Edg/134.0.0.0"
31.13.127.11 - - [26/May/2025:16:00:48 +0530] "GET /wp-content/plugins/master-addons/assets/fonts/iconic-fonts/iconic-font.min.css?ver=2.0.7.5 HTTP/2" 200 2392 "https://maxxliftcrane.myycard.in/?fbclid=IwZXh0bgNhZW0CMTEAAR5-oGVTX5nOz3Pr4TFwCtf9fNWnzImOKgYsT4OMqkKm40Mq0q25gMBNXy5ywA_aem_7vaZtJyaCEKQxjI5DZkLKw" "Mozilla/5.0 (Windows NT 10.0; Win64; x64) AppleWebKit/537.36 (KHTML, like Gecko) Chrome/134.0.0.0 Safari/537.36 Edg/134.0.0.0"
31.13.127.40 - - [26/May/2025:16:00:48 +0530] "GET /wp-includes/js/jquery/jquery-migrate.min.js?ver=3.4.1 HTTP/2" 200 4678 "https://maxxliftcrane.myycard.in/?fbclid=IwZXh0bgNhZW0CMTEAAR5-oGVTX5nOz3Pr4TFwCtf9fNWnzImOKgYsT4OMqkKm40Mq0q25gMBNXy5ywA_aem_7vaZtJyaCEKQxjI5DZkLKw" "Mozilla/5.0 (Windows NT 10.0; Win64; x64) AppleWebKit/537.36 (KHTML, like Gecko) Chrome/134.0.0.0 Safari/537.36 Edg/134.0.0.0"
122.150.242.227 - - [26/May/2025:16:00:48 +0530] "GET /wp-content/uploads/2025/05/2.jpg HTTP/2" 200 497542 "https://maxxliftcrane.myycard.in/?fbclid=IwZXh0bgNhZW0CMTEAAR61NuSEthl-_rAep1zmGw2SK-WuSTtmjHllVnvKtCIh4FSSTHsSajVq2W6Jfg_aem_57-5n9iSurhOryVnDyD2vQ" "Mozilla/5.0 (iPhone; CPU iPhone OS 18_4_1 like Mac OS X) AppleWebKit/605.1.15 (KHTML, like Gecko) Mobile/22E252 [FBAN/FBIOS;FBAV/514.0.0.47.102;FBBV/737212593;FBDV/iPhone17,2;FBMD/iPhone;FBSN/iOS;FBSV/18.4.1;FBSS/3;FBID/phone;FBLC/en_GB;FBOP/5;FBRV/739369629;IABMV/1]"
31.13.127.11 - - [26/May/2025:16:00:48 +0530] "GET /wp-content/uploads/2025/05/1000-removebg-preview.png HTTP/2" 200 182808 "https://maxxliftcrane.myycard.in/?fbclid=IwZXh0bgNhZW0CMTEAAR5-oGVTX5nOz3Pr4TFwCtf9fNWnzImOKgYsT4OMqkKm40Mq0q25gMBNXy5ywA_aem_7vaZtJyaCEKQxjI5DZkLKw" "Mozilla/5.0 (Windows NT 10.0; Win64; x64) AppleWebKit/537.36 (KHTML, like Gecko) Chrome/134.0.0.0 Safari/537.36 Edg/134.0.0.0"
122.150.242.227 - - [26/May/2025:16:00:48 +0530] "GET /wp-content/uploads/2025/05/cranes-2664356_1280.jpg HTTP/2" 200 264203 "https://maxxliftcrane.myycard.in/?fbclid=IwZXh0bgNhZW0CMTEAAR61NuSEthl-_rAep1zmGw2SK-WuSTtmjHllVnvKtCIh4FSSTHsSajVq2W6Jfg_aem_57-5n9iSurhOryVnDyD2vQ" "Mozilla/5.0 (iPhone; CPU iPhone OS 18_4_1 like Mac OS X) AppleWebKit/605.1.15 (KHTML, like Gecko) Mobile/22E252 [FBAN/FBIOS;FBAV/514.0.0.47.102;FBBV/737212593;FBDV/iPhone17,2;FBMD/iPhone;FBSN/iOS;FBSV/18.4.1;FBSS/3;FBID/phone;FBLC/en_GB;FBOP/5;FBRV/739369629;IABMV/1]"
31.13.127.26 - - [26/May/2025:16:00:48 +0530] "GET /wp-content/uploads/2025/05/Lifting-supervisor.jpg HTTP/2" 200 95243 "https://maxxliftcrane.myycard.in/?fbclid=IwZXh0bgNhZW0CMTEAAR5-oGVTX5nOz3Pr4TFwCtf9fNWnzImOKgYsT4OMqkKm40Mq0q25gMBNXy5ywA_aem_7vaZtJyaCEKQxjI5DZkLKw" "Mozilla/5.0 (Windows NT 10.0; Win64; x64) AppleWebKit/537.36 (KHTML, like Gecko) Chrome/134.0.0.0 Safari/537.36 Edg/134.0.0.0"
31.13.127.7 - - [26/May/2025:16:00:48 +0530] "GET /wp-content/uploads/2025/05/eq1-1.png HTTP/2" 200 309115 "https://maxxliftcrane.myycard.in/?fbclid=IwZXh0bgNhZW0CMTEAAR5-oGVTX5nOz3Pr4TFwCtf9fNWnzImOKgYsT4OMqkKm40Mq0q25gMBNXy5ywA_aem_7vaZtJyaCEKQxjI5DZkLKw" "Mozilla/5.0 (Windows NT 10.0; Win64; x64) AppleWebKit/537.36 (KHTML, like Gecko) Chrome/134.0.0.0 Safari/537.36 Edg/134.0.0.0"
31.13.127.11 - - [26/May/2025:16:00:49 +0530] "GET /wp-content/plugins/elementor/assets/css/widget-social-icons.min.css?ver=3.29.0 HTTP/2" 200 1069 "https://maxxliftcrane.myycard.in/?fbclid=IwZXh0bgNhZW0CMTEAAR5-oGVTX5nOz3Pr4TFwCtf9fNWnzImOKgYsT4OMqkKm40Mq0q25gMBNXy5ywA_aem_7vaZtJyaCEKQxjI5DZkLKw" "Mozilla/5.0 (Windows NT 10.0; Win64; x64) AppleWebKit/537.36 (KHTML, like Gecko) Chrome/134.0.0.0 Safari/537.36 Edg/134.0.0.0"
31.13.127.26 - - [26/May/2025:16:00:49 +0530] "GET /wp-content/uploads/2025/05/360_F_579292116_Qhzp6mvtEEp8693loAmbcFgdrDKeU1Qa.jpg HTTP/2" 200 67409 "https://maxxliftcrane.myycard.in/?fbclid=IwZXh0bgNhZW0CMTEAAR5-oGVTX5nOz3Pr4TFwCtf9fNWnzImOKgYsT4OMqkKm40Mq0q25gMBNXy5ywA_aem_7vaZtJyaCEKQxjI5DZkLKw" "Mozilla/5.0 (Windows NT 10.0; Win64; x64) AppleWebKit/537.36 (KHTML, like Gecko) Chrome/134.0.0.0 Safari/537.36 Edg/134.0.0.0"
31.13.127.11 - - [26/May/2025:16:00:49 +0530] "GET /wp-content/uploads/2025/05/eyJ3Ijo5ODAsImYiOiJ3ZWJwIiwiayI6IjM1MTA1NTNjY2UzYzgyY2YyMWIxZWNmMjgzMTUyMjIwIiwiZnAiOlswLjUsMF0sInIiOjEuNSwibyI6Imdsb2JhbCJ9.webp HTTP/2" 200 55734 "https://maxxliftcrane.myycard.in/?fbclid=IwZXh0bgNhZW0CMTEAAR5-oGVTX5nOz3Pr4TFwCtf9fNWnzImOKgYsT4OMqkKm40Mq0q25gMBNXy5ywA_aem_7vaZtJyaCEKQxjI5DZkLKw" "Mozilla/5.0 (Windows NT 10.0; Win64; x64) AppleWebKit/537.36 (KHTML, like Gecko) Chrome/134.0.0.0 Safari/537.36 Edg/134.0.0.0"
31.13.127.26 - - [26/May/2025:16:00:49 +0530] "GET /wp-content/uploads/elementor/css/custom-apple-webkit.min.css?ver=1748253621 HTTP/2" 200 472 "https://maxxliftcrane.myycard.in/?fbclid=IwZXh0bgNhZW0CMTEAAR5-oGVTX5nOz3Pr4TFwCtf9fNWnzImOKgYsT4OMqkKm40Mq0q25gMBNXy5ywA_aem_7vaZtJyaCEKQxjI5DZkLKw" "Mozilla/5.0 (Windows NT 10.0; Win64; x64) AppleWebKit/537.36 (KHTML, like Gecko) Chrome/134.0.0.0 Safari/537.36 Edg/134.0.0.0"
31.13.127.7 - - [26/May/2025:16:00:49 +0530] "GET /wp-content/plugins/elementor/assets/lib/font-awesome/css/all.min.css?ver=3.29.0 HTTP/2" 200 12380 "https://maxxliftcrane.myycard.in/?fbclid=IwZXh0bgNhZW0CMTEAAR5-oGVTX5nOz3Pr4TFwCtf9fNWnzImOKgYsT4OMqkKm40Mq0q25gMBNXy5ywA_aem_7vaZtJyaCEKQxjI5DZkLKw" "Mozilla/5.0 (Windows NT 10.0; Win64; x64) AppleWebKit/537.36 (KHTML, like Gecko) Chrome/134.0.0.0 Safari/537.36 Edg/134.0.0.0"
122.150.242.227 - - [26/May/2025:16:00:49 +0530] "GET /wp-content/uploads/2025/05/zelusinstall_1.png HTTP/2" 200 1153580 "https://maxxliftcrane.myycard.in/?fbclid=IwZXh0bgNhZW0CMTEAAR61NuSEthl-_rAep1zmGw2SK-WuSTtmjHllVnvKtCIh4FSSTHsSajVq2W6Jfg_aem_57-5n9iSurhOryVnDyD2vQ" "Mozilla/5.0 (iPhone; CPU iPhone OS 18_4_1 like Mac OS X) AppleWebKit/605.1.15 (KHTML, like Gecko) Mobile/22E252 [FBAN/FBIOS;FBAV/514.0.0.47.102;FBBV/737212593;FBDV/iPhone17,2;FBMD/iPhone;FBSN/iOS;FBSV/18.4.1;FBSS/3;FBID/phone;FBLC/en_GB;FBOP/5;FBRV/739369629;IABMV/1]"
31.13.127.11 - - [26/May/2025:16:00:49 +0530] "GET /wp-content/plugins/elementor/assets/lib/animations/styles/fadeInDown.min.css?ver=3.29.0 HTTP/2" 200 137 "https://maxxliftcrane.myycard.in/?fbclid=IwZXh0bgNhZW0CMTEAAR5-oGVTX5nOz3Pr4TFwCtf9fNWnzImOKgYsT4OMqkKm40Mq0q25gMBNXy5ywA_aem_7vaZtJyaCEKQxjI5DZkLKw" "Mozilla/5.0 (Windows NT 10.0; Win64; x64) AppleWebKit/537.36 (KHTML, like Gecko) Chrome/134.0.0.0 Safari/537.36 Edg/134.0.0.0"
31.13.127.7 - - [26/May/2025:16:00:49 +0530] "GET /wp-content/plugins/elementor/assets/css/widget-divider.min.css?ver=3.29.0 HTTP/2" 200 706 "https://maxxliftcrane.myycard.in/?fbclid=IwZXh0bgNhZW0CMTEAAR5-oGVTX5nOz3Pr4TFwCtf9fNWnzImOKgYsT4OMqkKm40Mq0q25gMBNXy5ywA_aem_7vaZtJyaCEKQxjI5DZkLKw" "Mozilla/5.0 (Windows NT 10.0; Win64; x64) AppleWebKit/537.36 (KHTML, like Gecko) Chrome/134.0.0.0 Safari/537.36 Edg/134.0.0.0"
31.13.127.26 - - [26/May/2025:16:00:49 +0530] "GET /wp-content/plugins/click-to-chat-for-whatsapp/new/inc/assets/js/app.js?ver=4.21 HTTP/2" 200 2916 "https://maxxliftcrane.myycard.in/?fbclid=IwZXh0bgNhZW0CMTEAAR5-oGVTX5nOz3Pr4TFwCtf9fNWnzImOKgYsT4OMqkKm40Mq0q25gMBNXy5ywA_aem_7vaZtJyaCEKQxjI5DZkLKw" "Mozilla/5.0 (Windows NT 10.0; Win64; x64) AppleWebKit/537.36 (KHTML, like Gecko) Chrome/134.0.0.0 Safari/537.36 Edg/134.0.0.0"
31.13.127.11 - - [26/May/2025:16:00:49 +0530] "GET /wp-content/plugins/elementor/assets/lib/font-awesome/css/v4-shims.min.css?ver=3.29.0 HTTP/2" 200 3987 "https://maxxliftcrane.myycard.in/?fbclid=IwZXh0bgNhZW0CMTEAAR5-oGVTX5nOz3Pr4TFwCtf9fNWnzImOKgYsT4OMqkKm40Mq0q25gMBNXy5ywA_aem_7vaZtJyaCEKQxjI5DZkLKw" "Mozilla/5.0 (Windows NT 10.0; Win64; x64) AppleWebKit/537.36 (KHTML, like Gecko) Chrome/134.0.0.0 Safari/537.36 Edg/134.0.0.0"
31.13.127.26 - - [26/May/2025:16:00:49 +0530] "GET /wp-content/plugins/elementor/assets/js/webpack.runtime.min.js?ver=3.29.0 HTTP/2" 200 2323 "https://maxxliftcrane.myycard.in/?fbclid=IwZXh0bgNhZW0CMTEAAR5-oGVTX5nOz3Pr4TFwCtf9fNWnzImOKgYsT4OMqkKm40Mq0q25gMBNXy5ywA_aem_7vaZtJyaCEKQxjI5DZkLKw" "Mozilla/5.0 (Windows NT 10.0; Win64; x64) AppleWebKit/537.36 (KHTML, like Gecko) Chrome/134.0.0.0 Safari/537.36 Edg/134.0.0.0"
31.13.127.7 - - [26/May/2025:16:00:49 +0530] "GET /wp-includes/js/jquery/ui/core.min.js?ver=1.13.3 HTTP/2" 200 6811 "https://maxxliftcrane.myycard.in/?fbclid=IwZXh0bgNhZW0CMTEAAR5-oGVTX5nOz3Pr4TFwCtf9fNWnzImOKgYsT4OMqkKm40Mq0q25gMBNXy5ywA_aem_7vaZtJyaCEKQxjI5DZkLKw" "Mozilla/5.0 (Windows NT 10.0; Win64; x64) AppleWebKit/537.36 (KHTML, like Gecko) Chrome/134.0.0.0 Safari/537.36 Edg/134.0.0.0"
31.13.127.11 - - [26/May/2025:16:00:49 +0530] "GET /wp-content/plugins/elementor/assets/js/frontend-modules.min.js?ver=3.29.0 HTTP/2" 200 14423 "https://maxxliftcrane.myycard.in/?fbclid=IwZXh0bgNhZW0CMTEAAR5-oGVTX5nOz3Pr4TFwCtf9fNWnzImOKgYsT4OMqkKm40Mq0q25gMBNXy5ywA_aem_7vaZtJyaCEKQxjI5DZkLKw" "Mozilla/5.0 (Windows NT 10.0; Win64; x64) AppleWebKit/537.36 (KHTML, like Gecko) Chrome/134.0.0.0 Safari/537.36 Edg/134.0.0.0"
31.13.127.7 - - [26/May/2025:16:00:50 +0530] "GET /wp-content/plugins/elementor/assets/js/frontend.min.js?ver=3.29.0 HTTP/2" 200 10288 "https://maxxliftcrane.myycard.in/?fbclid=IwZXh0bgNhZW0CMTEAAR5-oGVTX5nOz3Pr4TFwCtf9fNWnzImOKgYsT4OMqkKm40Mq0q25gMBNXy5ywA_aem_7vaZtJyaCEKQxjI5DZkLKw" "Mozilla/5.0 (Windows NT 10.0; Win64; x64) AppleWebKit/537.36 (KHTML, like Gecko) Chrome/134.0.0.0 Safari/537.36 Edg/134.0.0.0"
122.150.242.227 - - [26/May/2025:16:00:50 +0530] "GET /wp-content/uploads/2025/05/AdobeStock_210933973-1024x683-1.jpeg HTTP/2" 200 137006 "https://maxxliftcrane.myycard.in/?fbclid=IwZXh0bgNhZW0CMTEAAR61NuSEthl-_rAep1zmGw2SK-WuSTtmjHllVnvKtCIh4FSSTHsSajVq2W6Jfg_aem_57-5n9iSurhOryVnDyD2vQ" "Mozilla/5.0 (iPhone; CPU iPhone OS 18_4_1 like Mac OS X) AppleWebKit/605.1.15 (KHTML, like Gecko) Mobile/22E252 [FBAN/FBIOS;FBAV/514.0.0.47.102;FBBV/737212593;FBDV/iPhone17,2;FBMD/iPhone;FBSN/iOS;FBSV/18.4.1;FBSS/3;FBID/phone;FBLC/en_GB;FBOP/5;FBRV/739369629;IABMV/1]"
122.150.242.227 - - [26/May/2025:16:00:50 +0530] "GET /wp-content/uploads/2025/05/16.jpg HTTP/2" 200 54796 "https://maxxliftcrane.myycard.in/?fbclid=IwZXh0bgNhZW0CMTEAAR61NuSEthl-_rAep1zmGw2SK-WuSTtmjHllVnvKtCIh4FSSTHsSajVq2W6Jfg_aem_57-5n9iSurhOryVnDyD2vQ" "Mozilla/5.0 (iPhone; CPU iPhone OS 18_4_1 like Mac OS X) AppleWebKit/605.1.15 (KHTML, like Gecko) Mobile/22E252 [FBAN/FBIOS;FBAV/514.0.0.47.102;FBBV/737212593;FBDV/iPhone17,2;FBMD/iPhone;FBSN/iOS;FBSV/18.4.1;FBSS/3;FBID/phone;FBLC/en_GB;FBOP/5;FBRV/739369629;IABMV/1]"
122.150.242.227 - - [26/May/2025:16:00:51 +0530] "GET /wp-content/uploads/2025/05/17.jpg HTTP/2" 200 40192 "https://maxxliftcrane.myycard.in/?fbclid=IwZXh0bgNhZW0CMTEAAR61NuSEthl-_rAep1zmGw2SK-WuSTtmjHllVnvKtCIh4FSSTHsSajVq2W6Jfg_aem_57-5n9iSurhOryVnDyD2vQ" "Mozilla/5.0 (iPhone; CPU iPhone OS 18_4_1 like Mac OS X) AppleWebKit/605.1.15 (KHTML, like Gecko) Mobile/22E252 [FBAN/FBIOS;FBAV/514.0.0.47.102;FBBV/737212593;FBDV/iPhone17,2;FBMD/iPhone;FBSN/iOS;FBSV/18.4.1;FBSS/3;FBID/phone;FBLC/en_GB;FBOP/5;FBRV/739369629;IABMV/1]"
122.150.242.227 - - [26/May/2025:16:00:52 +0530] "GET /wp-content/uploads/2025/05/crane-deploying-dredge-sled.jpg HTTP/2" 200 102570 "https://maxxliftcrane.myycard.in/?fbclid=IwZXh0bgNhZW0CMTEAAR61NuSEthl-_rAep1zmGw2SK-WuSTtmjHllVnvKtCIh4FSSTHsSajVq2W6Jfg_aem_57-5n9iSurhOryVnDyD2vQ" "Mozilla/5.0 (iPhone; CPU iPhone OS 18_4_1 like Mac OS X) AppleWebKit/605.1.15 (KHTML, like Gecko) Mobile/22E252 [FBAN/FBIOS;FBAV/514.0.0.47.102;FBBV/737212593;FBDV/iPhone17,2;FBMD/iPhone;FBSN/iOS;FBSV/18.4.1;FBSS/3;FBID/phone;FBLC/en_GB;FBOP/5;FBRV/739369629;IABMV/1]"
122.150.242.227 - - [26/May/2025:16:00:55 +0530] "GET /wp-content/uploads/2025/05/08.jpg HTTP/2" 200 62059 "https://maxxliftcrane.myycard.in/?fbclid=IwZXh0bgNhZW0CMTEAAR61NuSEthl-_rAep1zmGw2SK-WuSTtmjHllVnvKtCIh4FSSTHsSajVq2W6Jfg_aem_57-5n9iSurhOryVnDyD2vQ" "Mozilla/5.0 (iPhone; CPU iPhone OS 18_4_1 like Mac OS X) AppleWebKit/605.1.15 (KHTML, like Gecko) Mobile/22E252 [FBAN/FBIOS;FBAV/514.0.0.47.102;FBBV/737212593;FBDV/iPhone17,2;FBMD/iPhone;FBSN/iOS;FBSV/18.4.1;FBSS/3;FBID/phone;FBLC/en_GB;FBOP/5;FBRV/739369629;IABMV/1]"
31.13.127.7 - - [26/May/2025:16:00:59 +0530] "GET /wp-content/plugins/metform/public/assets/lib/cute-alert/cute-alert.js?ver=3.9.8 HTTP/2" 200 1009 "https://maxxliftcrane.myycard.in/?fbclid=IwZXh0bgNhZW0CMTEAAR5-oGVTX5nOz3Pr4TFwCtf9fNWnzImOKgYsT4OMqkKm40Mq0q25gMBNXy5ywA_aem_7vaZtJyaCEKQxjI5DZkLKw" "Mozilla/5.0 (Windows NT 10.0; Win64; x64) AppleWebKit/537.36 (KHTML, like Gecko) Chrome/134.0.0.0 Safari/537.36 Edg/134.0.0.0"
31.13.127.11 - - [26/May/2025:16:00:59 +0530] "GET /wp-content/themes/hello-elementor/assets/js/hello-frontend.min.js?ver=3.4.2 HTTP/2" 200 548 "https://maxxliftcrane.myycard.in/?fbclid=IwZXh0bgNhZW0CMTEAAR5-oGVTX5nOz3Pr4TFwCtf9fNWnzImOKgYsT4OMqkKm40Mq0q25gMBNXy5ywA_aem_7vaZtJyaCEKQxjI5DZkLKw" "Mozilla/5.0 (Windows NT 10.0; Win64; x64) AppleWebKit/537.36 (KHTML, like Gecko) Chrome/134.0.0.0 Safari/537.36 Edg/134.0.0.0"
31.13.127.33 - - [26/May/2025:16:01:00 +0530] "GET /wp-content/plugins/elementskit-lite/libs/framework/assets/js/frontend-script.js?ver=3.5.1 HTTP/2" 200 40 "https://maxxliftcrane.myycard.in/?fbclid=IwZXh0bgNhZW0CMTEAAR5-oGVTX5nOz3Pr4TFwCtf9fNWnzImOKgYsT4OMqkKm40Mq0q25gMBNXy5ywA_aem_7vaZtJyaCEKQxjI5DZkLKw" "Mozilla/5.0 (Windows NT 10.0; Win64; x64) AppleWebKit/537.36 (KHTML, like Gecko) Chrome/134.0.0.0 Safari/537.36 Edg/134.0.0.0"
31.13.127.31 - - [26/May/2025:16:01:00 +0530] "GET /wp-content/plugins/elementskit-lite/widgets/init/assets/js/widget-scripts.js?ver=3.5.1 HTTP/2" 200 40425 "https://maxxliftcrane.myycard.in/?fbclid=IwZXh0bgNhZW0CMTEAAR5-oGVTX5nOz3Pr4TFwCtf9fNWnzImOKgYsT4OMqkKm40Mq0q25gMBNXy5ywA_aem_7vaZtJyaCEKQxjI5DZkLKw" "Mozilla/5.0 (Windows NT 10.0; Win64; x64) AppleWebKit/537.36 (KHTML, like Gecko) Chrome/134.0.0.0 Safari/537.36 Edg/134.0.0.0"
31.13.127.31 - - [26/May/2025:16:01:00 +0530] "GET /wp-content/plugins/master-addons/assets/js/plugins.js?ver=2.0.7.5 HTTP/2" 200 8508 "https://maxxliftcrane.myycard.in/?fbclid=IwZXh0bgNhZW0CMTEAAR5-oGVTX5nOz3Pr4TFwCtf9fNWnzImOKgYsT4OMqkKm40Mq0q25gMBNXy5ywA_aem_7vaZtJyaCEKQxjI5DZkLKw" "Mozilla/5.0 (Windows NT 10.0; Win64; x64) AppleWebKit/537.36 (KHTML, like Gecko) Chrome/134.0.0.0 Safari/537.36 Edg/134.0.0.0"
31.13.127.33 - - [26/May/2025:16:01:00 +0530] "GET /wp-content/plugins/master-addons/assets/js/master-addons-scripts.js?ver=2.0.7.5 HTTP/2" 200 24114 "https://maxxliftcrane.myycard.in/?fbclid=IwZXh0bgNhZW0CMTEAAR5-oGVTX5nOz3Pr4TFwCtf9fNWnzImOKgYsT4OMqkKm40Mq0q25gMBNXy5ywA_aem_7vaZtJyaCEKQxjI5DZkLKw" "Mozilla/5.0 (Windows NT 10.0; Win64; x64) AppleWebKit/537.36 (KHTML, like Gecko) Chrome/134.0.0.0 Safari/537.36 Edg/134.0.0.0"
31.13.127.11 - - [26/May/2025:16:01:00 +0530] "GET /wp-content/plugins/elementor/assets/lib/font-awesome/js/v4-shims.min.js?ver=3.29.0 HTTP/2" 200 4042 "https://maxxliftcrane.myycard.in/?fbclid=IwZXh0bgNhZW0CMTEAAR5-oGVTX5nOz3Pr4TFwCtf9fNWnzImOKgYsT4OMqkKm40Mq0q25gMBNXy5ywA_aem_7vaZtJyaCEKQxjI5DZkLKw" "Mozilla/5.0 (Windows NT 10.0; Win64; x64) AppleWebKit/537.36 (KHTML, like Gecko) Chrome/134.0.0.0 Safari/537.36 Edg/134.0.0.0"
31.13.127.31 - - [26/May/2025:16:01:01 +0530] "GET /wp-includes/js/dist/hooks.min.js?ver=4d63a3d491d11ffd8ac6 HTTP/2" 200 1571 "https://maxxliftcrane.myycard.in/?fbclid=IwZXh0bgNhZW0CMTEAAR5-oGVTX5nOz3Pr4TFwCtf9fNWnzImOKgYsT4OMqkKm40Mq0q25gMBNXy5ywA_aem_7vaZtJyaCEKQxjI5DZkLKw" "Mozilla/5.0 (Windows NT 10.0; Win64; x64) AppleWebKit/537.36 (KHTML, like Gecko) Chrome/134.0.0.0 Safari/537.36 Edg/134.0.0.0"
31.13.127.11 - - [26/May/2025:16:01:01 +0530] "GET /wp-content/plugins/elementor-pro/assets/js/webpack-pro.runtime.min.js?ver=3.21.2 HTTP/2" 200 2465 "https://maxxliftcrane.myycard.in/?fbclid=IwZXh0bgNhZW0CMTEAAR5-oGVTX5nOz3Pr4TFwCtf9fNWnzImOKgYsT4OMqkKm40Mq0q25gMBNXy5ywA_aem_7vaZtJyaCEKQxjI5DZkLKw" "Mozilla/5.0 (Windows NT 10.0; Win64; x64) AppleWebKit/537.36 (KHTML, like Gecko) Chrome/134.0.0.0 Safari/537.36 Edg/134.0.0.0"
31.13.127.33 - - [26/May/2025:16:01:01 +0530] "GET /wp-includes/js/dist/i18n.min.js?ver=5e580eb46a90c2b997e6 HTTP/2" 200 3542 "https://maxxliftcrane.myycard.in/?fbclid=IwZXh0bgNhZW0CMTEAAR5-oGVTX5nOz3Pr4TFwCtf9fNWnzImOKgYsT4OMqkKm40Mq0q25gMBNXy5ywA_aem_7vaZtJyaCEKQxjI5DZkLKw" "Mozilla/5.0 (Windows NT 10.0; Win64; x64) AppleWebKit/537.36 (KHTML, like Gecko) Chrome/134.0.0.0 Safari/537.36 Edg/134.0.0.0"
31.13.127.31 - - [26/May/2025:16:01:01 +0530] "GET /wp-content/plugins/elementor-pro/assets/js/frontend.min.js?ver=3.21.2 HTTP/2" 200 6470 "https://maxxliftcrane.myycard.in/?fbclid=IwZXh0bgNhZW0CMTEAAR5-oGVTX5nOz3Pr4TFwCtf9fNWnzImOKgYsT4OMqkKm40Mq0q25gMBNXy5ywA_aem_7vaZtJyaCEKQxjI5DZkLKw" "Mozilla/5.0 (Windows NT 10.0; Win64; x64) AppleWebKit/537.36 (KHTML, like Gecko) Chrome/134.0.0.0 Safari/537.36 Edg/134.0.0.0"
31.13.127.11 - - [26/May/2025:16:01:01 +0530] "GET /wp-content/plugins/elementor-pro/assets/js/elements-handlers.min.js?ver=3.21.2 HTTP/2" 200 8850 "https://maxxliftcrane.myycard.in/?fbclid=IwZXh0bgNhZW0CMTEAAR5-oGVTX5nOz3Pr4TFwCtf9fNWnzImOKgYsT4OMqkKm40Mq0q25gMBNXy5ywA_aem_7vaZtJyaCEKQxjI5DZkLKw" "Mozilla/5.0 (Windows NT 10.0; Win64; x64) AppleWebKit/537.36 (KHTML, like Gecko) Chrome/134.0.0.0 Safari/537.36 Edg/134.0.0.0"
31.13.127.33 - - [26/May/2025:16:01:01 +0530] "GET /wp-content/plugins/elementskit-lite/widgets/init/assets/js/animate-circle.min.js?ver=3.5.1 HTTP/2" 200 393 "https://maxxliftcrane.myycard.in/?fbclid=IwZXh0bgNhZW0CMTEAAR5-oGVTX5nOz3Pr4TFwCtf9fNWnzImOKgYsT4OMqkKm40Mq0q25gMBNXy5ywA_aem_7vaZtJyaCEKQxjI5DZkLKw" "Mozilla/5.0 (Windows NT 10.0; Win64; x64) AppleWebKit/537.36 (KHTML, like Gecko) Chrome/134.0.0.0 Safari/537.36 Edg/134.0.0.0"
31.13.127.31 - - [26/May/2025:16:01:01 +0530] "GET /wp-content/plugins/elementskit-lite/widgets/init/assets/js/elementor.js?ver=3.5.1 HTTP/2" 200 5290 "https://maxxliftcrane.myycard.in/?fbclid=IwZXh0bgNhZW0CMTEAAR5-oGVTX5nOz3Pr4TFwCtf9fNWnzImOKgYsT4OMqkKm40Mq0q25gMBNXy5ywA_aem_7vaZtJyaCEKQxjI5DZkLKw" "Mozilla/5.0 (Windows NT 10.0; Win64; x64) AppleWebKit/537.36 (KHTML, like Gecko) Chrome/134.0.0.0 Safari/537.36 Edg/134.0.0.0"
31.13.127.11 - - [26/May/2025:16:01:01 +0530] "GET /wp-content/uploads/2025/05/inspection_jib_crane-1024x678.jpg HTTP/2" 200 75565 "https://maxxliftcrane.myycard.in/?fbclid=IwZXh0bgNhZW0CMTEAAR5-oGVTX5nOz3Pr4TFwCtf9fNWnzImOKgYsT4OMqkKm40Mq0q25gMBNXy5ywA_aem_7vaZtJyaCEKQxjI5DZkLKw" "Mozilla/5.0 (Windows NT 10.0; Win64; x64) AppleWebKit/537.36 (KHTML, like Gecko) Chrome/134.0.0.0 Safari/537.36 Edg/134.0.0.0"
31.13.127.33 - - [26/May/2025:16:01:01 +0530] "GET /wp-content/uploads/2025/05/2.jpg HTTP/2" 200 497542 "https://maxxliftcrane.myycard.in/?fbclid=IwZXh0bgNhZW0CMTEAAR5-oGVTX5nOz3Pr4TFwCtf9fNWnzImOKgYsT4OMqkKm40Mq0q25gMBNXy5ywA_aem_7vaZtJyaCEKQxjI5DZkLKw" "Mozilla/5.0 (Windows NT 10.0; Win64; x64) AppleWebKit/537.36 (KHTML, like Gecko) Chrome/134.0.0.0 Safari/537.36 Edg/134.0.0.0"
31.13.127.11 - - [26/May/2025:16:01:02 +0530] "GET /wp-content/uploads/2025/05/cranes-2664356_1280-1024x768.jpg HTTP/2" 200 142258 "https://maxxliftcrane.myycard.in/?fbclid=IwZXh0bgNhZW0CMTEAAR5-oGVTX5nOz3Pr4TFwCtf9fNWnzImOKgYsT4OMqkKm40Mq0q25gMBNXy5ywA_aem_7vaZtJyaCEKQxjI5DZkLKw" "Mozilla/5.0 (Windows NT 10.0; Win64; x64) AppleWebKit/537.36 (KHTML, like Gecko) Chrome/134.0.0.0 Safari/537.36 Edg/134.0.0.0"
31.13.127.33 - - [26/May/2025:16:01:02 +0530] "GET /wp-content/uploads/elementor/google-fonts/fonts/montserrat-jtusjig1_i6t8kchkm459wlhyw.woff2 HTTP/2" 200 37828 "https://maxxliftcrane.myycard.in/wp-content/uploads/elementor/google-fonts/css/montserrat.css?ver=1747983137" "Mozilla/5.0 (Windows NT 10.0; Win64; x64) AppleWebKit/537.36 (KHTML, like Gecko) Chrome/134.0.0.0 Safari/537.36 Edg/134.0.0.0"
31.13.127.31 - - [26/May/2025:16:01:02 +0530] "GET /wp-content/plugins/master-addons/assets/fonts/material-icons/material-icons.ttf HTTP/2" 200 72501 "https://maxxliftcrane.myycard.in/wp-content/plugins/master-addons/assets/fonts/material-icons/material-icons.css?ver=2.0.7.5" "Mozilla/5.0 (Windows NT 10.0; Win64; x64) AppleWebKit/537.36 (KHTML, like Gecko) Chrome/134.0.0.0 Safari/537.36 Edg/134.0.0.0"
31.13.127.11 - - [26/May/2025:16:01:02 +0530] "GET /wp-content/uploads/elementor/google-fonts/fonts/baijamjuree-ldi1apscobt_aeqq7ftydoa8xsll.woff2 HTTP/2" 200 11596 "https://maxxliftcrane.myycard.in/wp-content/uploads/elementor/google-fonts/css/baijamjuree.css?ver=1747818118" "Mozilla/5.0 (Windows NT 10.0; Win64; x64) AppleWebKit/537.36 (KHTML, like Gecko) Chrome/134.0.0.0 Safari/537.36 Edg/134.0.0.0"
31.13.127.33 - - [26/May/2025:16:01:02 +0530] "GET /wp-content/uploads/elementor/google-fonts/fonts/baijamjuree-ldiqapscobt_aeqq7ftydoa05efeljo0.woff2 HTTP/2" 200 11672 "https://maxxliftcrane.myycard.in/wp-content/uploads/elementor/google-fonts/css/baijamjuree.css?ver=1747818118" "Mozilla/5.0 (Windows NT 10.0; Win64; x64) AppleWebKit/537.36 (KHTML, like Gecko) Chrome/134.0.0.0 Safari/537.36 Edg/134.0.0.0"
31.13.127.11 - - [26/May/2025:16:01:02 +0530] "GET /wp-content/plugins/elementskit-lite/modules/elementskit-icon-pack/assets/fonts/elementskit.woff?y24e1e HTTP/2" 200 459560 "https://maxxliftcrane.myycard.in/wp-content/plugins/elementskit-lite/modules/elementskit-icon-pack/assets/css/ekiticons.css?ver=3.5.1" "Mozilla/5.0 (Windows NT 10.0; Win64; x64) AppleWebKit/537.36 (KHTML, like Gecko) Chrome/134.0.0.0 Safari/537.36 Edg/134.0.0.0"
31.13.127.33 - - [26/May/2025:16:01:02 +0530] "GET /wp-content/plugins/master-addons/assets/fonts/iconic-fonts/iconic-font.woff2 HTTP/2" 200 29080 "https://maxxliftcrane.myycard.in/wp-content/plugins/master-addons/assets/fonts/iconic-fonts/iconic-font.min.css?ver=2.0.7.5" "Mozilla/5.0 (Windows NT 10.0; Win64; x64) AppleWebKit/537.36 (KHTML, like Gecko) Chrome/134.0.0.0 Safari/537.36 Edg/134.0.0.0"
31.13.127.31 - - [26/May/2025:16:01:02 +0530] "GET /wp-content/uploads/2025/05/02.jpg HTTP/2" 200 1834594 "https://maxxliftcrane.myycard.in/wp-content/uploads/elementor/css/post-19.css?ver=1748253621" "Mozilla/5.0 (Windows NT 10.0; Win64; x64) AppleWebKit/537.36 (KHTML, like Gecko) Chrome/134.0.0.0 Safari/537.36 Edg/134.0.0.0"
31.13.127.44 - - [26/May/2025:16:01:03 +0530] "GET /wp-content/uploads/2025/05/AdobeStock_210933973-1024x683-1.jpeg HTTP/2" 200 137006 "https://maxxliftcrane.myycard.in/?fbclid=IwZXh0bgNhZW0CMTEAAR5-oGVTX5nOz3Pr4TFwCtf9fNWnzImOKgYsT4OMqkKm40Mq0q25gMBNXy5ywA_aem_7vaZtJyaCEKQxjI5DZkLKw" "Mozilla/5.0 (Windows NT 10.0; Win64; x64) AppleWebKit/537.36 (KHTML, like Gecko) Chrome/134.0.0.0 Safari/537.36 Edg/134.0.0.0"
31.13.127.25 - - [26/May/2025:16:01:03 +0530] "GET /wp-content/uploads/2025/05/zelusinstall_1.png HTTP/2" 200 1153580 "https://maxxliftcrane.myycard.in/?fbclid=IwZXh0bgNhZW0CMTEAAR5-oGVTX5nOz3Pr4TFwCtf9fNWnzImOKgYsT4OMqkKm40Mq0q25gMBNXy5ywA_aem_7vaZtJyaCEKQxjI5DZkLKw" "Mozilla/5.0 (Windows NT 10.0; Win64; x64) AppleWebKit/537.36 (KHTML, like Gecko) Chrome/134.0.0.0 Safari/537.36 Edg/134.0.0.0"
31.13.127.25 - - [26/May/2025:16:01:04 +0530] "GET /wp-content/uploads/2025/05/16.jpg HTTP/2" 200 54796 "https://maxxliftcrane.myycard.in/?fbclid=IwZXh0bgNhZW0CMTEAAR5-oGVTX5nOz3Pr4TFwCtf9fNWnzImOKgYsT4OMqkKm40Mq0q25gMBNXy5ywA_aem_7vaZtJyaCEKQxjI5DZkLKw" "Mozilla/5.0 (Windows NT 10.0; Win64; x64) AppleWebKit/537.36 (KHTML, like Gecko) Chrome/134.0.0.0 Safari/537.36 Edg/134.0.0.0"
31.13.127.44 - - [26/May/2025:16:01:04 +0530] "GET /wp-content/uploads/2025/05/17.jpg HTTP/2" 200 40192 "https://maxxliftcrane.myycard.in/?fbclid=IwZXh0bgNhZW0CMTEAAR5-oGVTX5nOz3Pr4TFwCtf9fNWnzImOKgYsT4OMqkKm40Mq0q25gMBNXy5ywA_aem_7vaZtJyaCEKQxjI5DZkLKw" "Mozilla/5.0 (Windows NT 10.0; Win64; x64) AppleWebKit/537.36 (KHTML, like Gecko) Chrome/134.0.0.0 Safari/537.36 Edg/134.0.0.0"
31.13.127.25 - - [26/May/2025:16:01:04 +0530] "GET /wp-content/uploads/2025/05/crane-deploying-dredge-sled.jpg HTTP/2" 200 102570 "https://maxxliftcrane.myycard.in/?fbclid=IwZXh0bgNhZW0CMTEAAR5-oGVTX5nOz3Pr4TFwCtf9fNWnzImOKgYsT4OMqkKm40Mq0q25gMBNXy5ywA_aem_7vaZtJyaCEKQxjI5DZkLKw" "Mozilla/5.0 (Windows NT 10.0; Win64; x64) AppleWebKit/537.36 (KHTML, like Gecko) Chrome/134.0.0.0 Safari/537.36 Edg/134.0.0.0"
31.13.127.44 - - [26/May/2025:16:01:04 +0530] "GET /wp-includes/js/wp-emoji-release.min.js?ver=6.7.2 HTTP/2" 200 4676 "https://maxxliftcrane.myycard.in/?fbclid=IwZXh0bgNhZW0CMTEAAR5-oGVTX5nOz3Pr4TFwCtf9fNWnzImOKgYsT4OMqkKm40Mq0q25gMBNXy5ywA_aem_7vaZtJyaCEKQxjI5DZkLKw" "Mozilla/5.0 (Windows NT 10.0; Win64; x64) AppleWebKit/537.36 (KHTML, like Gecko) Chrome/134.0.0.0 Safari/537.36 Edg/134.0.0.0"
31.13.127.44 - - [26/May/2025:16:01:04 +0530] "GET /wp-content/plugins/elementor/assets/js/section-frontend-handlers.d85ab872da118940910d.bundle.min.js HTTP/2" 200 254 "https://maxxliftcrane.myycard.in/?fbclid=IwZXh0bgNhZW0CMTEAAR5-oGVTX5nOz3Pr4TFwCtf9fNWnzImOKgYsT4OMqkKm40Mq0q25gMBNXy5ywA_aem_7vaZtJyaCEKQxjI5DZkLKw" "Mozilla/5.0 (Windows NT 10.0; Win64; x64) AppleWebKit/537.36 (KHTML, like Gecko) Chrome/134.0.0.0 Safari/537.36 Edg/134.0.0.0"
31.13.127.25 - - [26/May/2025:16:01:04 +0530] "GET /wp-content/plugins/elementor/assets/js/shared-frontend-handlers.30dc2f9c080845a413a6.bundle.min.js HTTP/2" 200 2546 "https://maxxliftcrane.myycard.in/?fbclid=IwZXh0bgNhZW0CMTEAAR5-oGVTX5nOz3Pr4TFwCtf9fNWnzImOKgYsT4OMqkKm40Mq0q25gMBNXy5ywA_aem_7vaZtJyaCEKQxjI5DZkLKw" "Mozilla/5.0 (Windows NT 10.0; Win64; x64) AppleWebKit/537.36 (KHTML, like Gecko) Chrome/134.0.0.0 Safari/537.36 Edg/134.0.0.0"
31.13.127.25 - - [26/May/2025:16:01:04 +0530] "GET /wp-content/plugins/elementor/assets/js/text-editor.c084ef86600b6f11690d.bundle.min.js HTTP/2" 200 621 "https://maxxliftcrane.myycard.in/?fbclid=IwZXh0bgNhZW0CMTEAAR5-oGVTX5nOz3Pr4TFwCtf9fNWnzImOKgYsT4OMqkKm40Mq0q25gMBNXy5ywA_aem_7vaZtJyaCEKQxjI5DZkLKw" "Mozilla/5.0 (Windows NT 10.0; Win64; x64) AppleWebKit/537.36 (KHTML, like Gecko) Chrome/134.0.0.0 Safari/537.36 Edg/134.0.0.0"
31.13.127.31 - - [26/May/2025:16:01:05 +0530] "GET /favicon.ico HTTP/2" 404 1251 "https://maxxliftcrane.myycard.in/?fbclid=IwZXh0bgNhZW0CMTEAAR5-oGVTX5nOz3Pr4TFwCtf9fNWnzImOKgYsT4OMqkKm40Mq0q25gMBNXy5ywA_aem_7vaZtJyaCEKQxjI5DZkLKw" "Mozilla/5.0 (Windows NT 10.0; Win64; x64) AppleWebKit/537.36 (KHTML, like Gecko) Chrome/134.0.0.0 Safari/537.36 Edg/134.0.0.0"
173.252.83.114 - - [26/May/2025:16:01:26 +0530] "GET /wp-content/uploads/2025/05/1000-removebg-preview.png HTTP/2" 200 182808 "-" "facebookexternalhit/1.1 (+http://www.facebook.com/externalhit_uatext.php)"
103.212.120.166 - - [26/May/2025:16:01:35 +0530] "POST /wp-cron.php?doing_wp_cron=1748255495.5569040775299072265625 HTTP/1.1" 403 1242 "-" "WordPress/6.7.2; https://maxxliftcrane.myycard.in"
66.220.149.13 - - [26/May/2025:16:01:35 +0530] "GET /?fbclid=IwZXh0bgNhZW0CMTEAAR5-oGVTX5nOz3Pr4TFwCtf9fNWnzImOKgYsT4OMqkKm40Mq0q25gMBNXy5ywA_aem_7vaZtJyaCEKQxjI5DZkLKw HTTP/2" 200 115149 "-" "facebookexternalhit/1.1 (+http://www.facebook.com/externalhit_uatext.php)"
31.13.127.26 - - [26/May/2025:16:01:37 +0530] "GET /wp-content/uploads/2025/05/cranes-2664356_1280-1024x768.jpg HTTP/2" 200 142258 "-" "facebookexternalhit/1.1 (+http://www.facebook.com/externalhit_uatext.php)"
69.171.249.112 - - [26/May/2025:16:01:37 +0530] "GET /wp-content/uploads/2025/05/Lifting-supervisor.jpg HTTP/2" 200 95243 "-" "facebookexternalhit/1.1 (+http://www.facebook.com/externalhit_uatext.php)"
69.171.234.5 - - [26/May/2025:16:01:37 +0530] "GET /wp-content/uploads/2025/05/16.jpg HTTP/2" 200 54796 "-" "facebookexternalhit/1.1 (+http://www.facebook.com/externalhit_uatext.php)"
173.252.69.116 - - [26/May/2025:16:01:38 +0530] "GET /wp-content/uploads/2025/05/eyJ3Ijo5ODAsImYiOiJ3ZWJwIiwiayI6IjM1MTA1NTNjY2UzYzgyY2YyMWIxZWNmMjgzMTUyMjIwIiwiZnAiOlswLjUsMF0sInIiOjEuNSwibyI6Imdsb2JhbCJ9.webp HTTP/2" 200 55734 "-" "facebookexternalhit/1.1 (+http://www.facebook.com/externalhit_uatext.php)"
173.252.69.115 - - [26/May/2025:16:01:38 +0530] "GET /wp-content/uploads/2025/05/inspection_jib_crane-1024x678.jpg HTTP/2" 200 75565 "-" "facebookexternalhit/1.1 (+http://www.facebook.com/externalhit_uatext.php)"
69.63.189.3 - - [26/May/2025:16:01:38 +0530] "GET /wp-content/uploads/2025/05/crane-deploying-dredge-sled.jpg HTTP/2" 200 102570 "-" "facebookexternalhit/1.1 (+http://www.facebook.com/externalhit_uatext.php)"
66.220.149.24 - - [26/May/2025:16:01:38 +0530] "GET /wp-content/uploads/2025/05/AdobeStock_210933973-1024x683-1.jpeg HTTP/2" 200 137006 "-" "facebookexternalhit/1.1 (+http://www.facebook.com/externalhit_uatext.php)"
69.171.234.4 - - [26/May/2025:16:01:38 +0530] "GET /wp-content/uploads/2025/05/eq1-1.png HTTP/2" 200 309115 "-" "facebookexternalhit/1.1 (+http://www.facebook.com/externalhit_uatext.php)"
69.63.184.18 - - [26/May/2025:16:01:37 +0530] "GET /wp-content/uploads/2025/05/2.jpg HTTP/2" 200 497542 "-" "facebookexternalhit/1.1 (+http://www.facebook.com/externalhit_uatext.php)"
173.252.87.9 - - [26/May/2025:16:01:38 +0530] "GET /wp-content/uploads/2025/05/zelusinstall_1.png HTTP/2" 200 1153580 "-" "facebookexternalhit/1.1 (+http://www.facebook.com/externalhit_uatext.php)"
52.16.245.145 - - [26/May/2025:16:25:11 +0530] "GET /wp-content/uploads/elementor/google-fonts/fonts/montserrat-jtusjig1_i6t8kchkm459wlhyw.woff2 HTTP/2" 200 37828 "http://maxxlift.com.au/" "Mozilla/5.0 (X11; Linux x86_64) AppleWebKit/537.36 (KHTML, like Gecko) Chrome/132.0.0.0 Safari/537.36"
52.16.245.145 - - [26/May/2025:16:25:11 +0530] "GET /wp-content/uploads/elementor/google-fonts/fonts/baijamjuree-ldi1apscobt_aeqq7ftydoa8xsll.woff2 HTTP/2" 200 11596 "http://maxxlift.com.au/" "Mozilla/5.0 (X11; Linux x86_64) AppleWebKit/537.36 (KHTML, like Gecko) Chrome/132.0.0.0 Safari/537.36"
52.16.245.145 - - [26/May/2025:16:25:11 +0530] "GET /wp-content/uploads/elementor/google-fonts/fonts/baijamjuree-ldiqapscobt_aeqq7ftydoa05efeljo0.woff2 HTTP/2" 200 11672 "http://maxxlift.com.au/" "Mozilla/5.0 (X11; Linux x86_64) AppleWebKit/537.36 (KHTML, like Gecko) Chrome/132.0.0.0 Safari/537.36"
52.16.245.145 - - [26/May/2025:16:25:29 +0530] "GET /wp-content/uploads/elementor/google-fonts/fonts/montserrat-jtusjig1_i6t8kchkm459wlhyw.woff2 HTTP/2" 200 37828 "http://maxxlift.com.au/" "Mozilla/5.0 (X11; Linux x86_64) AppleWebKit/537.36 (KHTML, like Gecko) Chrome/132.0.0.0 Safari/537.36"
52.16.245.145 - - [26/May/2025:16:25:29 +0530] "GET /wp-content/uploads/elementor/google-fonts/fonts/baijamjuree-ldi1apscobt_aeqq7ftydoa8xsll.woff2 HTTP/2" 200 11596 "http://maxxlift.com.au/" "Mozilla/5.0 (X11; Linux x86_64) AppleWebKit/537.36 (KHTML, like Gecko) Chrome/132.0.0.0 Safari/537.36"
52.16.245.145 - - [26/May/2025:16:25:29 +0530] "GET /wp-content/uploads/elementor/google-fonts/fonts/baijamjuree-ldiqapscobt_aeqq7ftydoa05efeljo0.woff2 HTTP/2" 200 11672 "http://maxxlift.com.au/" "Mozilla/5.0 (X11; Linux x86_64) AppleWebKit/537.36 (KHTML, like Gecko) Chrome/132.0.0.0 Safari/537.36"
52.16.245.145 - - [26/May/2025:16:25:47 +0530] "GET /wp-content/uploads/elementor/google-fonts/fonts/montserrat-jtusjig1_i6t8kchkm459wlhyw.woff2 HTTP/3" 200 37828 "http://maxxlift.com.au/" "Mozilla/5.0 (X11; Linux x86_64) AppleWebKit/537.36 (KHTML, like Gecko) Chrome/132.0.0.0 Safari/537.36"
52.16.245.145 - - [26/May/2025:16:25:47 +0530] "GET /wp-content/uploads/elementor/google-fonts/fonts/baijamjuree-ldi1apscobt_aeqq7ftydoa8xsll.woff2 HTTP/3" 200 11596 "http://maxxlift.com.au/" "Mozilla/5.0 (X11; Linux x86_64) AppleWebKit/537.36 (KHTML, like Gecko) Chrome/132.0.0.0 Safari/537.36"
52.16.245.145 - - [26/May/2025:16:25:47 +0530] "GET /wp-content/uploads/elementor/google-fonts/fonts/baijamjuree-ldiqapscobt_aeqq7ftydoa05efeljo0.woff2 HTTP/3" 200 11672 "http://maxxlift.com.au/" "Mozilla/5.0 (X11; Linux x86_64) AppleWebKit/537.36 (KHTML, like Gecko) Chrome/132.0.0.0 Safari/537.36"
103.212.120.166 - - [26/May/2025:17:28:13 +0530] "POST /wp-cron.php?doing_wp_cron=1748260693.4383230209350585937500 HTTP/1.1" 403 1242 "-" "WordPress/6.7.2; https://maxxliftcrane.myycard.in"
120.22.143.196 - - [26/May/2025:17:28:13 +0530] "GET /?fbclid=IwZXh0bgNhZW0CMTEAAR6azBPHwkWt3NZ-oRaJq3wQu6K0eGI-lMZ5kBcDmCP_5Y6OYCkKlEyLXcG8Pg_aem_SL9zdWX1XWR2FJ_uwee1UA HTTP/2" 200 22128 "http://m.facebook.com" "Mozilla/5.0 (iPhone; CPU iPhone OS 16_7_11 like Mac OS X) AppleWebKit/605.1.15 (KHTML, like Gecko) Mobile/20H360 [FBAN/FBIOS;FBAV/501.0.0.49.107;FBBV/699723644;FBDV/iPhone10,2;FBMD/iPhone;FBSN/iOS;FBSV/16.7.11;FBSS/3;FBID/phone;FBLC/en_GB;FBOP/5;FBRV/703296132;IABMV/1]"
120.22.143.196 - - [26/May/2025:17:28:14 +0530] "GET /wp-content/plugins/click-to-chat-for-whatsapp/new/inc/assets/css/main.css?ver=4.21 HTTP/2" 200 511 "https://maxxliftcrane.myycard.in/?fbclid=IwZXh0bgNhZW0CMTEAAR6azBPHwkWt3NZ-oRaJq3wQu6K0eGI-lMZ5kBcDmCP_5Y6OYCkKlEyLXcG8Pg_aem_SL9zdWX1XWR2FJ_uwee1UA" "Mozilla/5.0 (iPhone; CPU iPhone OS 16_7_11 like Mac OS X) AppleWebKit/605.1.15 (KHTML, like Gecko) Mobile/20H360 [FBAN/FBIOS;FBAV/501.0.0.49.107;FBBV/699723644;FBDV/iPhone10,2;FBMD/iPhone;FBSN/iOS;FBSV/16.7.11;FBSS/3;FBID/phone;FBLC/en_GB;FBOP/5;FBRV/703296132;IABMV/1]"
120.22.143.196 - - [26/May/2025:17:28:14 +0530] "GET /wp-content/plugins/header-footer-elementor/inc/widgets-css/frontend.css?ver=2.3.1 HTTP/2" 200 8133 "https://maxxliftcrane.myycard.in/?fbclid=IwZXh0bgNhZW0CMTEAAR6azBPHwkWt3NZ-oRaJq3wQu6K0eGI-lMZ5kBcDmCP_5Y6OYCkKlEyLXcG8Pg_aem_SL9zdWX1XWR2FJ_uwee1UA" "Mozilla/5.0 (iPhone; CPU iPhone OS 16_7_11 like Mac OS X) AppleWebKit/605.1.15 (KHTML, like Gecko) Mobile/20H360 [FBAN/FBIOS;FBAV/501.0.0.49.107;FBBV/699723644;FBDV/iPhone10,2;FBMD/iPhone;FBSN/iOS;FBSV/16.7.11;FBSS/3;FBID/phone;FBLC/en_GB;FBOP/5;FBRV/703296132;IABMV/1]"
120.22.143.196 - - [26/May/2025:17:28:14 +0530] "GET /wp-content/plugins/header-footer-elementor/assets/css/header-footer-elementor.css?ver=2.3.1 HTTP/2" 200 259 "https://maxxliftcrane.myycard.in/?fbclid=IwZXh0bgNhZW0CMTEAAR6azBPHwkWt3NZ-oRaJq3wQu6K0eGI-lMZ5kBcDmCP_5Y6OYCkKlEyLXcG8Pg_aem_SL9zdWX1XWR2FJ_uwee1UA" "Mozilla/5.0 (iPhone; CPU iPhone OS 16_7_11 like Mac OS X) AppleWebKit/605.1.15 (KHTML, like Gecko) Mobile/20H360 [FBAN/FBIOS;FBAV/501.0.0.49.107;FBBV/699723644;FBDV/iPhone10,2;FBMD/iPhone;FBSN/iOS;FBSV/16.7.11;FBSS/3;FBID/phone;FBLC/en_GB;FBOP/5;FBRV/703296132;IABMV/1]"
120.22.143.196 - - [26/May/2025:17:28:14 +0530] "GET /wp-content/uploads/elementor/css/custom-frontend.min.css?ver=1748253621 HTTP/2" 200 6435 "https://maxxliftcrane.myycard.in/?fbclid=IwZXh0bgNhZW0CMTEAAR6azBPHwkWt3NZ-oRaJq3wQu6K0eGI-lMZ5kBcDmCP_5Y6OYCkKlEyLXcG8Pg_aem_SL9zdWX1XWR2FJ_uwee1UA" "Mozilla/5.0 (iPhone; CPU iPhone OS 16_7_11 like Mac OS X) AppleWebKit/605.1.15 (KHTML, like Gecko) Mobile/20H360 [FBAN/FBIOS;FBAV/501.0.0.49.107;FBBV/699723644;FBDV/iPhone10,2;FBMD/iPhone;FBSN/iOS;FBSV/16.7.11;FBSS/3;FBID/phone;FBLC/en_GB;FBOP/5;FBRV/703296132;IABMV/1]"
120.22.143.196 - - [26/May/2025:17:28:14 +0530] "GET /wp-content/uploads/elementor/css/post-36.css?ver=1748253621 HTTP/2" 200 1674 "https://maxxliftcrane.myycard.in/?fbclid=IwZXh0bgNhZW0CMTEAAR6azBPHwkWt3NZ-oRaJq3wQu6K0eGI-lMZ5kBcDmCP_5Y6OYCkKlEyLXcG8Pg_aem_SL9zdWX1XWR2FJ_uwee1UA" "Mozilla/5.0 (iPhone; CPU iPhone OS 16_7_11 like Mac OS X) AppleWebKit/605.1.15 (KHTML, like Gecko) Mobile/20H360 [FBAN/FBIOS;FBAV/501.0.0.49.107;FBBV/699723644;FBDV/iPhone10,2;FBMD/iPhone;FBSN/iOS;FBSV/16.7.11;FBSS/3;FBID/phone;FBLC/en_GB;FBOP/5;FBRV/703296132;IABMV/1]"
120.22.143.196 - - [26/May/2025:17:28:14 +0530] "GET /wp-content/uploads/elementor/css/custom-pro-frontend.min.css?ver=1748253621 HTTP/2" 200 41253 "https://maxxliftcrane.myycard.in/?fbclid=IwZXh0bgNhZW0CMTEAAR6azBPHwkWt3NZ-oRaJq3wQu6K0eGI-lMZ5kBcDmCP_5Y6OYCkKlEyLXcG8Pg_aem_SL9zdWX1XWR2FJ_uwee1UA" "Mozilla/5.0 (iPhone; CPU iPhone OS 16_7_11 like Mac OS X) AppleWebKit/605.1.15 (KHTML, like Gecko) Mobile/20H360 [FBAN/FBIOS;FBAV/501.0.0.49.107;FBBV/699723644;FBDV/iPhone10,2;FBMD/iPhone;FBSN/iOS;FBSV/16.7.11;FBSS/3;FBID/phone;FBLC/en_GB;FBOP/5;FBRV/703296132;IABMV/1]"
120.22.143.196 - - [26/May/2025:17:28:14 +0530] "GET /wp-content/plugins/elementor/assets/lib/animations/styles/fadeInUp.min.css?ver=3.29.0 HTTP/2" 200 130 "https://maxxliftcrane.myycard.in/?fbclid=IwZXh0bgNhZW0CMTEAAR6azBPHwkWt3NZ-oRaJq3wQu6K0eGI-lMZ5kBcDmCP_5Y6OYCkKlEyLXcG8Pg_aem_SL9zdWX1XWR2FJ_uwee1UA" "Mozilla/5.0 (iPhone; CPU iPhone OS 16_7_11 like Mac OS X) AppleWebKit/605.1.15 (KHTML, like Gecko) Mobile/20H360 [FBAN/FBIOS;FBAV/501.0.0.49.107;FBBV/699723644;FBDV/iPhone10,2;FBMD/iPhone;FBSN/iOS;FBSV/16.7.11;FBSS/3;FBID/phone;FBLC/en_GB;FBOP/5;FBRV/703296132;IABMV/1]"
120.22.143.196 - - [26/May/2025:17:28:14 +0530] "GET /wp-content/plugins/elementor/assets/css/widget-heading.min.css?ver=3.29.0 HTTP/2" 200 154 "https://maxxliftcrane.myycard.in/?fbclid=IwZXh0bgNhZW0CMTEAAR6azBPHwkWt3NZ-oRaJq3wQu6K0eGI-lMZ5kBcDmCP_5Y6OYCkKlEyLXcG8Pg_aem_SL9zdWX1XWR2FJ_uwee1UA" "Mozilla/5.0 (iPhone; CPU iPhone OS 16_7_11 like Mac OS X) AppleWebKit/605.1.15 (KHTML, like Gecko) Mobile/20H360 [FBAN/FBIOS;FBAV/501.0.0.49.107;FBBV/699723644;FBDV/iPhone10,2;FBMD/iPhone;FBSN/iOS;FBSV/16.7.11;FBSS/3;FBID/phone;FBLC/en_GB;FBOP/5;FBRV/703296132;IABMV/1]"
120.22.143.196 - - [26/May/2025:17:28:14 +0530] "GET /wp-content/uploads/elementor/css/custom-widget-icon-list.min.css?ver=1748253621 HTTP/2" 200 929 "https://maxxliftcrane.myycard.in/?fbclid=IwZXh0bgNhZW0CMTEAAR6azBPHwkWt3NZ-oRaJq3wQu6K0eGI-lMZ5kBcDmCP_5Y6OYCkKlEyLXcG8Pg_aem_SL9zdWX1XWR2FJ_uwee1UA" "Mozilla/5.0 (iPhone; CPU iPhone OS 16_7_11 like Mac OS X) AppleWebKit/605.1.15 (KHTML, like Gecko) Mobile/20H360 [FBAN/FBIOS;FBAV/501.0.0.49.107;FBBV/699723644;FBDV/iPhone10,2;FBMD/iPhone;FBSN/iOS;FBSV/16.7.11;FBSS/3;FBID/phone;FBLC/en_GB;FBOP/5;FBRV/703296132;IABMV/1]"
120.22.143.196 - - [26/May/2025:17:28:14 +0530] "GET /wp-content/plugins/elementor/assets/css/widget-image.min.css?ver=3.29.0 HTTP/2" 200 119 "https://maxxliftcrane.myycard.in/?fbclid=IwZXh0bgNhZW0CMTEAAR6azBPHwkWt3NZ-oRaJq3wQu6K0eGI-lMZ5kBcDmCP_5Y6OYCkKlEyLXcG8Pg_aem_SL9zdWX1XWR2FJ_uwee1UA" "Mozilla/5.0 (iPhone; CPU iPhone OS 16_7_11 like Mac OS X) AppleWebKit/605.1.15 (KHTML, like Gecko) Mobile/20H360 [FBAN/FBIOS;FBAV/501.0.0.49.107;FBBV/699723644;FBDV/iPhone10,2;FBMD/iPhone;FBSN/iOS;FBSV/16.7.11;FBSS/3;FBID/phone;FBLC/en_GB;FBOP/5;FBRV/703296132;IABMV/1]"
120.22.143.196 - - [26/May/2025:17:28:14 +0530] "GET /wp-content/uploads/elementor/css/custom-widget-icon-box.min.css?ver=1748253621 HTTP/2" 200 631 "https://maxxliftcrane.myycard.in/?fbclid=IwZXh0bgNhZW0CMTEAAR6azBPHwkWt3NZ-oRaJq3wQu6K0eGI-lMZ5kBcDmCP_5Y6OYCkKlEyLXcG8Pg_aem_SL9zdWX1XWR2FJ_uwee1UA" "Mozilla/5.0 (iPhone; CPU iPhone OS 16_7_11 like Mac OS X) AppleWebKit/605.1.15 (KHTML, like Gecko) Mobile/20H360 [FBAN/FBIOS;FBAV/501.0.0.49.107;FBBV/699723644;FBDV/iPhone10,2;FBMD/iPhone;FBSN/iOS;FBSV/16.7.11;FBSS/3;FBID/phone;FBLC/en_GB;FBOP/5;FBRV/703296132;IABMV/1]"
120.22.143.196 - - [26/May/2025:17:28:14 +0530] "GET /wp-content/plugins/elementor/assets/lib/animations/styles/fadeIn.min.css?ver=3.29.0 HTTP/2" 200 77 "https://maxxliftcrane.myycard.in/?fbclid=IwZXh0bgNhZW0CMTEAAR6azBPHwkWt3NZ-oRaJq3wQu6K0eGI-lMZ5kBcDmCP_5Y6OYCkKlEyLXcG8Pg_aem_SL9zdWX1XWR2FJ_uwee1UA" "Mozilla/5.0 (iPhone; CPU iPhone OS 16_7_11 like Mac OS X) AppleWebKit/605.1.15 (KHTML, like Gecko) Mobile/20H360 [FBAN/FBIOS;FBAV/501.0.0.49.107;FBBV/699723644;FBDV/iPhone10,2;FBMD/iPhone;FBSN/iOS;FBSV/16.7.11;FBSS/3;FBID/phone;FBLC/en_GB;FBOP/5;FBRV/703296132;IABMV/1]"
120.22.143.196 - - [26/May/2025:17:28:14 +0530] "GET /wp-content/uploads/elementor/css/post-19.css?ver=1748253621 HTTP/2" 200 2652 "https://maxxliftcrane.myycard.in/?fbclid=IwZXh0bgNhZW0CMTEAAR6azBPHwkWt3NZ-oRaJq3wQu6K0eGI-lMZ5kBcDmCP_5Y6OYCkKlEyLXcG8Pg_aem_SL9zdWX1XWR2FJ_uwee1UA" "Mozilla/5.0 (iPhone; CPU iPhone OS 16_7_11 like Mac OS X) AppleWebKit/605.1.15 (KHTML, like Gecko) Mobile/20H360 [FBAN/FBIOS;FBAV/501.0.0.49.107;FBBV/699723644;FBDV/iPhone10,2;FBMD/iPhone;FBSN/iOS;FBSV/16.7.11;FBSS/3;FBID/phone;FBLC/en_GB;FBOP/5;FBRV/703296132;IABMV/1]"
120.22.143.196 - - [26/May/2025:17:28:14 +0530] "GET /wp-content/uploads/elementor/css/post-177.css?ver=1748253622 HTTP/2" 200 1852 "https://maxxliftcrane.myycard.in/?fbclid=IwZXh0bgNhZW0CMTEAAR6azBPHwkWt3NZ-oRaJq3wQu6K0eGI-lMZ5kBcDmCP_5Y6OYCkKlEyLXcG8Pg_aem_SL9zdWX1XWR2FJ_uwee1UA" "Mozilla/5.0 (iPhone; CPU iPhone OS 16_7_11 like Mac OS X) AppleWebKit/605.1.15 (KHTML, like Gecko) Mobile/20H360 [FBAN/FBIOS;FBAV/501.0.0.49.107;FBBV/699723644;FBDV/iPhone10,2;FBMD/iPhone;FBSN/iOS;FBSV/16.7.11;FBSS/3;FBID/phone;FBLC/en_GB;FBOP/5;FBRV/703296132;IABMV/1]"
120.22.143.196 - - [26/May/2025:17:28:14 +0530] "GET /wp-content/uploads/elementor/css/post-213.css?ver=1748253622 HTTP/2" 200 1307 "https://maxxliftcrane.myycard.in/?fbclid=IwZXh0bgNhZW0CMTEAAR6azBPHwkWt3NZ-oRaJq3wQu6K0eGI-lMZ5kBcDmCP_5Y6OYCkKlEyLXcG8Pg_aem_SL9zdWX1XWR2FJ_uwee1UA" "Mozilla/5.0 (iPhone; CPU iPhone OS 16_7_11 like Mac OS X) AppleWebKit/605.1.15 (KHTML, like Gecko) Mobile/20H360 [FBAN/FBIOS;FBAV/501.0.0.49.107;FBBV/699723644;FBDV/iPhone10,2;FBMD/iPhone;FBSN/iOS;FBSV/16.7.11;FBSS/3;FBID/phone;FBLC/en_GB;FBOP/5;FBRV/703296132;IABMV/1]"
120.22.143.196 - - [26/May/2025:17:28:14 +0530] "GET /wp-content/plugins/metform/public/assets/lib/cute-alert/style.css?ver=3.9.8 HTTP/2" 200 1064 "https://maxxliftcrane.myycard.in/?fbclid=IwZXh0bgNhZW0CMTEAAR6azBPHwkWt3NZ-oRaJq3wQu6K0eGI-lMZ5kBcDmCP_5Y6OYCkKlEyLXcG8Pg_aem_SL9zdWX1XWR2FJ_uwee1UA" "Mozilla/5.0 (iPhone; CPU iPhone OS 16_7_11 like Mac OS X) AppleWebKit/605.1.15 (KHTML, like Gecko) Mobile/20H360 [FBAN/FBIOS;FBAV/501.0.0.49.107;FBBV/699723644;FBDV/iPhone10,2;FBMD/iPhone;FBSN/iOS;FBSV/16.7.11;FBSS/3;FBID/phone;FBLC/en_GB;FBOP/5;FBRV/703296132;IABMV/1]"
120.22.143.196 - - [26/May/2025:17:28:14 +0530] "GET /wp-content/plugins/metform/public/assets/css/text-editor.css?ver=3.9.8 HTTP/2" 200 3261 "https://maxxliftcrane.myycard.in/?fbclid=IwZXh0bgNhZW0CMTEAAR6azBPHwkWt3NZ-oRaJq3wQu6K0eGI-lMZ5kBcDmCP_5Y6OYCkKlEyLXcG8Pg_aem_SL9zdWX1XWR2FJ_uwee1UA" "Mozilla/5.0 (iPhone; CPU iPhone OS 16_7_11 like Mac OS X) AppleWebKit/605.1.15 (KHTML, like Gecko) Mobile/20H360 [FBAN/FBIOS;FBAV/501.0.0.49.107;FBBV/699723644;FBDV/iPhone10,2;FBMD/iPhone;FBSN/iOS;FBSV/16.7.11;FBSS/3;FBID/phone;FBLC/en_GB;FBOP/5;FBRV/703296132;IABMV/1]"
120.22.143.196 - - [26/May/2025:17:28:14 +0530] "GET /wp-content/themes/hello-elementor/style.min.css?ver=3.4.2 HTTP/2" 200 1591 "https://maxxliftcrane.myycard.in/?fbclid=IwZXh0bgNhZW0CMTEAAR6azBPHwkWt3NZ-oRaJq3wQu6K0eGI-lMZ5kBcDmCP_5Y6OYCkKlEyLXcG8Pg_aem_SL9zdWX1XWR2FJ_uwee1UA" "Mozilla/5.0 (iPhone; CPU iPhone OS 16_7_11 like Mac OS X) AppleWebKit/605.1.15 (KHTML, like Gecko) Mobile/20H360 [FBAN/FBIOS;FBAV/501.0.0.49.107;FBBV/699723644;FBDV/iPhone10,2;FBMD/iPhone;FBSN/iOS;FBSV/16.7.11;FBSS/3;FBID/phone;FBLC/en_GB;FBOP/5;FBRV/703296132;IABMV/1]"
120.22.143.196 - - [26/May/2025:17:28:14 +0530] "GET /wp-content/themes/hello-elementor/theme.min.css?ver=3.4.2 HTTP/2" 200 1158 "https://maxxliftcrane.myycard.in/?fbclid=IwZXh0bgNhZW0CMTEAAR6azBPHwkWt3NZ-oRaJq3wQu6K0eGI-lMZ5kBcDmCP_5Y6OYCkKlEyLXcG8Pg_aem_SL9zdWX1XWR2FJ_uwee1UA" "Mozilla/5.0 (iPhone; CPU iPhone OS 16_7_11 like Mac OS X) AppleWebKit/605.1.15 (KHTML, like Gecko) Mobile/20H360 [FBAN/FBIOS;FBAV/501.0.0.49.107;FBBV/699723644;FBDV/iPhone10,2;FBMD/iPhone;FBSN/iOS;FBSV/16.7.11;FBSS/3;FBID/phone;FBLC/en_GB;FBOP/5;FBRV/703296132;IABMV/1]"
120.22.143.196 - - [26/May/2025:17:28:14 +0530] "GET /wp-content/themes/hello-elementor/header-footer.min.css?ver=3.4.2 HTTP/2" 200 1304 "https://maxxliftcrane.myycard.in/?fbclid=IwZXh0bgNhZW0CMTEAAR6azBPHwkWt3NZ-oRaJq3wQu6K0eGI-lMZ5kBcDmCP_5Y6OYCkKlEyLXcG8Pg_aem_SL9zdWX1XWR2FJ_uwee1UA" "Mozilla/5.0 (iPhone; CPU iPhone OS 16_7_11 like Mac OS X) AppleWebKit/605.1.15 (KHTML, like Gecko) Mobile/20H360 [FBAN/FBIOS;FBAV/501.0.0.49.107;FBBV/699723644;FBDV/iPhone10,2;FBMD/iPhone;FBSN/iOS;FBSV/16.7.11;FBSS/3;FBID/phone;FBLC/en_GB;FBOP/5;FBRV/703296132;IABMV/1]"
120.22.143.196 - - [26/May/2025:17:28:14 +0530] "GET /wp-content/plugins/elementor/assets/lib/eicons/css/elementor-icons.min.css?ver=5.34.0 HTTP/2" 200 3983 "https://maxxliftcrane.myycard.in/?fbclid=IwZXh0bgNhZW0CMTEAAR6azBPHwkWt3NZ-oRaJq3wQu6K0eGI-lMZ5kBcDmCP_5Y6OYCkKlEyLXcG8Pg_aem_SL9zdWX1XWR2FJ_uwee1UA" "Mozilla/5.0 (iPhone; CPU iPhone OS 16_7_11 like Mac OS X) AppleWebKit/605.1.15 (KHTML, like Gecko) Mobile/20H360 [FBAN/FBIOS;FBAV/501.0.0.49.107;FBBV/699723644;FBDV/iPhone10,2;FBMD/iPhone;FBSN/iOS;FBSV/16.7.11;FBSS/3;FBID/phone;FBLC/en_GB;FBOP/5;FBRV/703296132;IABMV/1]"
120.22.143.196 - - [26/May/2025:17:28:14 +0530] "GET /wp-content/plugins/elementor/assets/css/widget-icon-list.min.css?ver=3.24.3 HTTP/2" 200 958 "https://maxxliftcrane.myycard.in/?fbclid=IwZXh0bgNhZW0CMTEAAR6azBPHwkWt3NZ-oRaJq3wQu6K0eGI-lMZ5kBcDmCP_5Y6OYCkKlEyLXcG8Pg_aem_SL9zdWX1XWR2FJ_uwee1UA" "Mozilla/5.0 (iPhone; CPU iPhone OS 16_7_11 like Mac OS X) AppleWebKit/605.1.15 (KHTML, like Gecko) Mobile/20H360 [FBAN/FBIOS;FBAV/501.0.0.49.107;FBBV/699723644;FBDV/iPhone10,2;FBMD/iPhone;FBSN/iOS;FBSV/16.7.11;FBSS/3;FBID/phone;FBLC/en_GB;FBOP/5;FBRV/703296132;IABMV/1]"
120.22.143.196 - - [26/May/2025:17:28:14 +0530] "GET /wp-content/plugins/elementor/assets/css/widget-social-icons.min.css?ver=3.24.0 HTTP/2" 200 1069 "https://maxxliftcrane.myycard.in/?fbclid=IwZXh0bgNhZW0CMTEAAR6azBPHwkWt3NZ-oRaJq3wQu6K0eGI-lMZ5kBcDmCP_5Y6OYCkKlEyLXcG8Pg_aem_SL9zdWX1XWR2FJ_uwee1UA" "Mozilla/5.0 (iPhone; CPU iPhone OS 16_7_11 like Mac OS X) AppleWebKit/605.1.15 (KHTML, like Gecko) Mobile/20H360 [FBAN/FBIOS;FBAV/501.0.0.49.107;FBBV/699723644;FBDV/iPhone10,2;FBMD/iPhone;FBSN/iOS;FBSV/16.7.11;FBSS/3;FBID/phone;FBLC/en_GB;FBOP/5;FBRV/703296132;IABMV/1]"
