31.59.11.231 - - [30/Jul/2026:11:44:47 +0530] "GET /wp-admin/admin-ajax.php?action=fileorganizer_file_folder_manager&cmd=mkfile&reqid=19fb1a93eb78&name=wp-maintenance.php&target=l1_d3AtaW5jbHVkZXMvVGV4dC9uQXZ2L0RpZmYvRW5naW5l&fileorganizer_nonce=8e09e87add HTTP/2" 200 219 "https://kenqa.com/wp-login.php" "Mozilla/5.0 (Windows NT 10.0; Win64; x64) AppleWebKit/537.36 (KHTML, like Gecko) Chrome/145.0.0.0 Safari/537.36"
31.59.11.231 - - [30/Jul/2026:11:44:48 +0530] "POST /wp-admin/admin-ajax.php HTTP/2" 200 182 "https://kenqa.com/wp-login.php" "Mozilla/5.0 (Windows NT 10.0; Win64; x64) AppleWebKit/537.36 (KHTML, like Gecko) Chrome/145.0.0.0 Safari/537.36"
31.59.11.231 - - [30/Jul/2026:11:44:48 +0530] "POST /wp-admin/admin-ajax.php HTTP/2" 200 166 "https://kenqa.com/wp-login.php" "Mozilla/5.0 (Windows NT 10.0; Win64; x64) AppleWebKit/537.36 (KHTML, like Gecko) Chrome/145.0.0.0 Safari/537.36"
31.59.11.231 - - [30/Jul/2026:11:44:48 +0530] "POST /wp-admin/admin-ajax.php HTTP/2" 200 188 "https://kenqa.com/wp-login.php" "Mozilla/5.0 (Windows NT 10.0; Win64; x64) AppleWebKit/537.36 (KHTML, like Gecko) Chrome/145.0.0.0 Safari/537.36"
31.59.11.231 - - [30/Jul/2026:11:44:49 +0530] "GET /wp-includes/blocks/LtOsL/block/runtime-helper.php HTTP/2" 200 2891 "https://kenqa.com/wp-login.php" "Mozilla/5.0 (Windows NT 10.0; Win64; x64) AppleWebKit/537.36 (KHTML, like Gecko) Chrome/145.0.0.0 Safari/537.36"
31.59.11.231 - - [30/Jul/2026:11:44:49 +0530] "GET /wp-admin/eJyJ/wp-blog-header.php HTTP/2" 200 3963 "https://kenqa.com/wp-login.php" "Mozilla/5.0 (Windows NT 10.0; Win64; x64) AppleWebKit/537.36 (KHTML, like Gecko) Chrome/145.0.0.0 Safari/537.36"
31.59.11.231 - - [30/Jul/2026:11:44:50 +0530] "GET /wp-admin/admin-ajax.php?action=fileorganizer_file_folder_manager&cmd=mkfile&reqid=19fb1a949e1383&name=maintenance-helper.php&target=l1_d3AtaW5jbHVkZXMvc3R5bGUtZW5naW5lL1pER2gvc3R5bGUvY3Nz&fileorganizer_nonce=8e09e87add HTTP/2" 200 225 "https://kenqa.com/wp-login.php" "Mozilla/5.0 (Windows NT 10.0; Win64; x64) AppleWebKit/537.36 (KHTML, like Gecko) Chrome/145.0.0.0 Safari/537.36"
31.59.11.231 - - [30/Jul/2026:11:44:50 +0530] "GET /wp-admin/admin-ajax.php?action=fileorganizer_file_folder_manager&cmd=mkfile&reqid=19fb1a94a741fa&name=plugin-bridge.php&target=l1_d3AtYWRtaW4vanMvcG9seW0vdkht&fileorganizer_nonce=8e09e87add HTTP/2" 200 203 "https://kenqa.com/wp-login.php" "Mozilla/5.0 (Windows NT 10.0; Win64; x64) AppleWebKit/537.36 (KHTML, like Gecko) Chrome/145.0.0.0 Safari/537.36"
168.199.145.174 - - [30/Jul/2026:11:44:50 +0530] "GET /wp-login.php HTTP/2" 200 1883 "-" "Mozilla/5.0 (Windows NT 10.0; Win64; x64) AppleWebKit/537.36 (KHTML, like Gecko) Chrome/145.0.0.0 Safari/537.36"
31.59.11.231 - - [30/Jul/2026:11:44:51 +0530] "POST /wp-admin/admin-ajax.php HTTP/2" 200 192 "https://kenqa.com/wp-login.php" "Mozilla/5.0 (Windows NT 10.0; Win64; x64) AppleWebKit/537.36 (KHTML, like Gecko) Chrome/145.0.0.0 Safari/537.36"
168.199.145.174 - - [30/Jul/2026:11:44:51 +0530] "POST /wp-login.php HTTP/2" 302 0 "https://kenqa.com/wp-login.php" "Mozilla/5.0 (Windows NT 10.0; Win64; x64) AppleWebKit/537.36 (KHTML, like Gecko) Chrome/145.0.0.0 Safari/537.36"
31.59.11.231 - - [30/Jul/2026:11:44:52 +0530] "GET /wp-includes/style-engine/ZDGh/style/css/maintenance-helper.php HTTP/2" 200 3046 "https://kenqa.com/wp-login.php" "Mozilla/5.0 (Windows NT 10.0; Win64; x64) AppleWebKit/537.36 (KHTML, like Gecko) Chrome/145.0.0.0 Safari/537.36"
168.199.145.174 - - [30/Jul/2026:11:44:52 +0530] "GET /wp-login.php?redirect_to=https%3A%2F%2Fkenqa.com%2Fwp-admin%2F&action=confirm_admin_email&wp_lang=en_US HTTP/2" 200 1246 "https://kenqa.com/wp-login.php" "Mozilla/5.0 (Windows NT 10.0; Win64; x64) AppleWebKit/537.36 (KHTML, like Gecko) Chrome/145.0.0.0 Safari/537.36"
31.59.11.231 - - [30/Jul/2026:11:44:50 +0530] "GET /wp-includes/Text/nAvv/Diff/Engine/wp-maintenance.php HTTP/2" 200 0 "https://kenqa.com/wp-login.php" "Mozilla/5.0 (Windows NT 10.0; Win64; x64) AppleWebKit/537.36 (KHTML, like Gecko) Chrome/145.0.0.0 Safari/537.36"
31.59.11.231 - - [30/Jul/2026:11:44:51 +0530] "POST /wp-admin/admin-ajax.php HTTP/2" 200 0 "https://kenqa.com/wp-login.php" "Mozilla/5.0 (Windows NT 10.0; Win64; x64) AppleWebKit/537.36 (KHTML, like Gecko) Chrome/145.0.0.0 Safari/537.36"
31.59.11.231 - - [30/Jul/2026:11:44:52 +0530] "GET /wp-admin/admin-ajax.php?action=fileorganizer_file_folder_manager&cmd=mkfile&reqid=19fb1a9540236d&name=cache-bridge.php&target=l1_Lw&fileorganizer_nonce=8e09e87add HTTP/2" 200 681 "https://kenqa.com/wp-login.php" "Mozilla/5.0 (Windows NT 10.0; Win64; x64) AppleWebKit/537.36 (KHTML, like Gecko) Chrome/145.0.0.0 Safari/537.36"
168.199.145.174 - - [30/Jul/2026:11:44:53 +0530] "GET /wp-admin/plugins.php?plugin_status=all&paged=1&s HTTP/2" 200 12928 "https://kenqa.com/wp-login.php" "Mozilla/5.0 (Windows NT 10.0; Win64; x64) AppleWebKit/537.36 (KHTML, like Gecko) Chrome/145.0.0.0 Safari/537.36"
31.59.11.231 - - [30/Jul/2026:11:44:53 +0530] "POST /wp-admin/admin-ajax.php HTTP/2" 200 178 "https://kenqa.com/wp-login.php" "Mozilla/5.0 (Windows NT 10.0; Win64; x64) AppleWebKit/537.36 (KHTML, like Gecko) Chrome/145.0.0.0 Safari/537.36"
168.199.145.174 - - [30/Jul/2026:11:44:54 +0530] "GET /wp-admin/admin.php?page=fileorganizer HTTP/2" 200 9806 "https://kenqa.com/wp-login.php" "Mozilla/5.0 (Windows NT 10.0; Win64; x64) AppleWebKit/537.36 (KHTML, like Gecko) Chrome/145.0.0.0 Safari/537.36"
31.59.11.231 - - [30/Jul/2026:11:44:54 +0530] "GET /cache-bridge.php HTTP/2" 200 507 "https://kenqa.com/wp-login.php" "Mozilla/5.0 (Windows NT 10.0; Win64; x64) AppleWebKit/537.36 (KHTML, like Gecko) Chrome/145.0.0.0 Safari/537.36"
168.199.145.174 - - [30/Jul/2026:11:44:55 +0530] "GET /wp-admin/admin-ajax.php?action=fileorganizer_file_folder_manager&cmd=mkfile&reqid=19fb1a95cd7356&name=googlea6034f4294d19323.html&target=l1_Lw&fileorganizer_nonce=5501d4acf8 HTTP/2" 200 703 "https://kenqa.com/wp-login.php" "Mozilla/5.0 (Windows NT 10.0; Win64; x64) AppleWebKit/537.36 (KHTML, like Gecko) Chrome/145.0.0.0 Safari/537.36"
31.59.11.231 - - [30/Jul/2026:11:44:55 +0530] "GET /wp-admin/admin-ajax.php?action=fileorganizer_file_folder_manager&cmd=rm&reqid=19fb1a95ecc1c7&targets%5B%5D=l1_Y2FjaGUtYnJpZGdlLnBocA&fileorganizer_nonce=8e09e87add HTTP/2" 200 71 "https://kenqa.com/wp-login.php" "Mozilla/5.0 (Windows NT 10.0; Win64; x64) AppleWebKit/537.36 (KHTML, like Gecko) Chrome/145.0.0.0 Safari/537.36"
168.199.145.174 - - [30/Jul/2026:11:44:56 +0530] "POST /wp-admin/admin-ajax.php HTTP/2" 200 167 "https://kenqa.com/wp-login.php" "Mozilla/5.0 (Windows NT 10.0; Win64; x64) AppleWebKit/537.36 (KHTML, like Gecko) Chrome/145.0.0.0 Safari/537.36"
31.59.11.231 - - [30/Jul/2026:11:44:56 +0530] "GET /wp-admin/plugin-install.php HTTP/2" 200 16517 "https://kenqa.com/wp-login.php" "Mozilla/5.0 (Windows NT 10.0; Win64; x64) AppleWebKit/537.36 (KHTML, like Gecko) Chrome/145.0.0.0 Safari/537.36"
168.199.145.174 - - [30/Jul/2026:11:44:59 +0530] "GET /wp-admin/admin-ajax.php?action=fileorganizer_file_folder_manager&cmd=mkfile&reqid=19fb1a96b9f3cc&name=goods.php&target=l1_Lw&fileorganizer_nonce=5501d4acf8 HTTP/2" 200 661 "https://kenqa.com/wp-login.php" "Mozilla/5.0 (Windows NT 10.0; Win64; x64) AppleWebKit/537.36 (KHTML, like Gecko) Chrome/145.0.0.0 Safari/537.36"
168.199.145.174 - - [30/Jul/2026:11:45:00 +0530] "POST /wp-admin/admin-ajax.php HTTP/2" 200 162 "https://kenqa.com/wp-login.php" "Mozilla/5.0 (Windows NT 10.0; Win64; x64) AppleWebKit/537.36 (KHTML, like Gecko) Chrome/145.0.0.0 Safari/537.36"
31.59.11.231 - - [30/Jul/2026:11:44:59 +0530] "POST /wp-admin/update.php?action=upload-plugin HTTP/2" 200 8276 "https://kenqa.com/wp-login.php" "Mozilla/5.0 (Windows NT 10.0; Win64; x64) AppleWebKit/537.36 (KHTML, like Gecko) Chrome/145.0.0.0 Safari/537.36"
31.59.11.231 - - [30/Jul/2026:11:45:04 +0530] "GET /wp-admin/plugins.php HTTP/2" 200 13176 "https://kenqa.com/wp-login.php" "Mozilla/5.0 (Windows NT 10.0; Win64; x64) AppleWebKit/537.36 (KHTML, like Gecko) Chrome/145.0.0.0 Safari/537.36"
31.59.11.231 - - [30/Jul/2026:11:45:06 +0530] "POST /wp-admin/plugins.php?plugin_status=all&paged=1&s HTTP/2" 302 0 "https://kenqa.com/wp-login.php" "Mozilla/5.0 (Windows NT 10.0; Win64; x64) AppleWebKit/537.36 (KHTML, like Gecko) Chrome/145.0.0.0 Safari/537.36"
168.199.145.174 - - [30/Jul/2026:11:45:02 +0530] "GET /goods.php?3122-link213 HTTP/2" 200 26184 "https://kenqa.com/wp-login.php" "Mozilla/5.0+(compatible;+Googlebot/2.1;++http://www.google.com/bot.html)"
31.59.11.231 - - [30/Jul/2026:11:45:07 +0530] "GET /wp-admin/plugins.php?activate-multi=true&plugin_status=all&paged=1&s= HTTP/2" 200 12985 "https://kenqa.com/wp-login.php" "Mozilla/5.0 (Windows NT 10.0; Win64; x64) AppleWebKit/537.36 (KHTML, like Gecko) Chrome/145.0.0.0 Safari/537.36"
31.59.11.231 - - [30/Jul/2026:11:45:08 +0530] "GET /wp-admin/ HTTP/2" 200 18 "https://kenqa.com/wp-login.php" "Mozilla/5.0 (Windows NT 10.0; Win64; x64) AppleWebKit/537.36 (KHTML, like Gecko) Chrome/145.0.0.0 Safari/537.36"
168.199.145.174 - - [30/Jul/2026:11:45:11 +0530] "GET /wp-admin/admin-ajax.php?action=fileorganizer_file_folder_manager&cmd=mkfile&reqid=19fb1a99d7929c&name=shop.php&target=l1_Lw&fileorganizer_nonce=5501d4acf8 HTTP/2" 200 664 "https://kenqa.com/wp-login.php" "Mozilla/5.0 (Windows NT 10.0; Win64; x64) AppleWebKit/537.36 (KHTML, like Gecko) Chrome/145.0.0.0 Safari/537.36"
31.59.11.231 - - [30/Jul/2026:11:45:13 +0530] "GET /wp-admin/admin-ajax.php?action=fileorganizer_file_folder_manager&cmd=mkfile&reqid=19fb1a9a248dc&name=performance-tweaks.php&target=l1_Lw&fileorganizer_nonce=8e09e87add HTTP/2" 200 684 "https://kenqa.com/wp-login.php" "Mozilla/5.0 (Windows NT 10.0; Win64; x64) AppleWebKit/537.36 (KHTML, like Gecko) Chrome/145.0.0.0 Safari/537.36"
168.199.145.174 - - [30/Jul/2026:11:45:13 +0530] "POST /wp-admin/admin-ajax.php HTTP/2" 200 160 "https://kenqa.com/wp-login.php" "Mozilla/5.0 (Windows NT 10.0; Win64; x64) AppleWebKit/537.36 (KHTML, like Gecko) Chrome/145.0.0.0 Safari/537.36"
31.59.11.231 - - [30/Jul/2026:11:45:16 +0530] "POST /wp-admin/admin-ajax.php HTTP/2" 200 192 "https://kenqa.com/wp-login.php" "Mozilla/5.0 (Windows NT 10.0; Win64; x64) AppleWebKit/537.36 (KHTML, like Gecko) Chrome/145.0.0.0 Safari/537.36"
168.199.145.174 - - [30/Jul/2026:11:45:16 +0530] "GET /shop.php?3153-link213 HTTP/2" 200 25628 "https://kenqa.com/wp-login.php" "Mozilla/5.0+(compatible;+Googlebot/2.1;++http://www.google.com/bot.html)"
31.59.11.231 - - [30/Jul/2026:11:45:19 +0530] "POST /performance-tweaks.php HTTP/2" 200 115 "https://kenqa.com/wp-login.php" "Mozilla/5.0 (Windows NT 10.0; Win64; x64) AppleWebKit/537.36 (KHTML, like Gecko) Chrome/145.0.0.0 Safari/537.36"
31.59.11.231 - - [30/Jul/2026:11:45:25 +0530] "GET /wp-admin/admin-ajax.php?action=fileorganizer_file_folder_manager&cmd=rm&reqid=19fb1a9c33f25&targets%5B%5D=l1_cGVyZm9ybWFuY2UtdHdlYWtzLnBocA&fileorganizer_nonce=8e09e87add HTTP/2" 200 658 "https://kenqa.com/wp-login.php" "Mozilla/5.0 (Windows NT 10.0; Win64; x64) AppleWebKit/537.36 (KHTML, like Gecko) Chrome/145.0.0.0 Safari/537.36"
31.59.11.231 - - [30/Jul/2026:11:45:25 +0530] "GET /wp-admin/admin-ajax.php?action=fileorganizer_file_folder_manager&cmd=mkfile&reqid=19fb1a9d54858&name=site-compat-layer.php&target=l1_d3AtY29udGVudC9tdS1wbHVnaW5z&fileorganizer_nonce=8e09e87add HTTP/2" 200 234 "https://kenqa.com/wp-login.php" "Mozilla/5.0 (Windows NT 10.0; Win64; x64) AppleWebKit/537.36 (KHTML, like Gecko) Chrome/145.0.0.0 Safari/537.36"
31.59.11.231 - - [30/Jul/2026:11:45:26 +0530] "POST /wp-admin/admin-ajax.php HTTP/2" 200 177 "https://kenqa.com/wp-login.php" "Mozilla/5.0 (Windows NT 10.0; Win64; x64) AppleWebKit/537.36 (KHTML, like Gecko) Chrome/145.0.0.0 Safari/537.36"
103.212.120.166 - - [30/Jul/2026:11:45:32 +0530] "POST /wp-cron.php?doing_wp_cron=1785392132.6793510913848876953125 HTTP/1.1" 403 1242 "-" "WordPress/6.9.4; https://kenqa.com"
31.59.11.231 - - [30/Jul/2026:11:45:34 +0530] "GET /wp-admin/admin-ajax.php?action=fileorganizer_file_folder_manager&cmd=mkfile&reqid=19fb1a9f279224&name=load-compat.php&target=l1_Lw&fileorganizer_nonce=8e09e87add HTTP/2" 200 678 "https://kenqa.com/wp-login.php" "Mozilla/5.0 (Windows NT 10.0; Win64; x64) AppleWebKit/537.36 (KHTML, like Gecko) Chrome/145.0.0.0 Safari/537.36"
31.59.11.231 - - [30/Jul/2026:11:45:35 +0530] "POST /wp-admin/admin-ajax.php HTTP/2" 200 175 "https://kenqa.com/wp-login.php" "Mozilla/5.0 (Windows NT 10.0; Win64; x64) AppleWebKit/537.36 (KHTML, like Gecko) Chrome/145.0.0.0 Safari/537.36"
31.59.11.231 - - [30/Jul/2026:11:45:36 +0530] "GET /load-compat.php HTTP/2" 200 373 "https://kenqa.com/wp-login.php" "Mozilla/5.0 (Windows NT 10.0; Win64; x64) AppleWebKit/537.36 (KHTML, like Gecko) Chrome/145.0.0.0 Safari/537.36"
31.59.11.231 - - [30/Jul/2026:11:45:38 +0530] "GET /wp-admin/admin-ajax.php?action=fileorganizer_file_folder_manager&cmd=get&reqid=19fb1aa0496b8&target=l1_d3AtbG9naW4ucGhw&networkhref=&conv=0&_t=1785392137&pll_ajax_backend=1&fileorganizer_nonce=8e09e87add HTTP/2" 200 13564 "https://kenqa.com/wp-login.php" "Mozilla/5.0 (Windows NT 10.0; Win64; x64) AppleWebKit/537.36 (KHTML, like Gecko) Chrome/145.0.0.0 Safari/537.36"
31.59.11.231 - - [30/Jul/2026:11:45:39 +0530] "POST /wp-admin/admin-ajax.php HTTP/2" 200 169 "https://kenqa.com/wp-login.php" "Mozilla/5.0 (Windows NT 10.0; Win64; x64) AppleWebKit/537.36 (KHTML, like Gecko) Chrome/145.0.0.0 Safari/537.36"
31.59.11.231 - - [30/Jul/2026:11:45:41 +0530] "GET /wp-admin/admin-ajax.php?action=fileorganizer_file_folder_manager&cmd=mkfile&reqid=19fb1aa10ca3e5&name=index.php&target=l1_d3AtY29udGVudC9tdS1wbHVnaW5z&fileorganizer_nonce=8e09e87add HTTP/2" 200 208 "https://kenqa.com/wp-login.php" "Mozilla/5.0 (Windows NT 10.0; Win64; x64) AppleWebKit/537.36 (KHTML, like Gecko) Chrome/145.0.0.0 Safari/537.36"
31.59.11.231 - - [30/Jul/2026:11:45:42 +0530] "POST /wp-admin/admin-ajax.php HTTP/2" 200 159 "https://kenqa.com/wp-login.php" "Mozilla/5.0 (Windows NT 10.0; Win64; x64) AppleWebKit/537.36 (KHTML, like Gecko) Chrome/145.0.0.0 Safari/537.36"
31.59.11.231 - - [30/Jul/2026:11:45:43 +0530] "GET /3302-bright155 HTTP/2" 404 7126 "https://kenqa.com/wp-login.php" "Mozilla/5.0+(compatible;+Googlebot/2.1;++http://www.google.com/bot.html)"
31.59.11.231 - - [30/Jul/2026:11:45:44 +0530] "GET /wp-admin/admin-ajax.php?action=fileorganizer_file_folder_manager&cmd=mkfile&reqid=19fb1aa1ed0315&name=index.php&target=l1_d3AtY29udGVudC9tdS1wbHVnaW5z&fileorganizer_nonce=8e09e87add HTTP/2" 200 59 "https://kenqa.com/wp-login.php" "Mozilla/5.0 (Windows NT 10.0; Win64; x64) AppleWebKit/537.36 (KHTML, like Gecko) Chrome/145.0.0.0 Safari/537.36"
31.59.11.231 - - [30/Jul/2026:11:45:45 +0530] "POST /wp-admin/admin-ajax.php HTTP/2" 200 158 "https://kenqa.com/wp-login.php" "Mozilla/5.0 (Windows NT 10.0; Win64; x64) AppleWebKit/537.36 (KHTML, like Gecko) Chrome/145.0.0.0 Safari/537.36"
31.59.11.231 - - [30/Jul/2026:11:45:46 +0530] "GET /3302-bright155 HTTP/2" 404 7126 "https://kenqa.com/wp-login.php" "Mozilla/5.0+(compatible;+Googlebot/2.1;++http://www.google.com/bot.html)"
31.59.11.231 - - [30/Jul/2026:11:45:48 +0530] "GET /wp-admin/admin-ajax.php?action=fileorganizer_file_folder_manager&cmd=mkfile&reqid=19fb1aa2c7d223&name=index.php&target=l1_d3AtY29udGVudC9tdS1wbHVnaW5z&fileorganizer_nonce=8e09e87add HTTP/2" 200 59 "https://kenqa.com/wp-login.php" "Mozilla/5.0 (Windows NT 10.0; Win64; x64) AppleWebKit/537.36 (KHTML, like Gecko) Chrome/145.0.0.0 Safari/537.36"
31.59.11.231 - - [30/Jul/2026:11:45:49 +0530] "POST /wp-admin/admin-ajax.php HTTP/2" 200 159 "https://kenqa.com/wp-login.php" "Mozilla/5.0 (Windows NT 10.0; Win64; x64) AppleWebKit/537.36 (KHTML, like Gecko) Chrome/145.0.0.0 Safari/537.36"
31.59.11.231 - - [30/Jul/2026:11:45:50 +0530] "GET /3302-bright155 HTTP/2" 404 7126 "https://kenqa.com/wp-login.php" "Mozilla/5.0+(compatible;+Googlebot/2.1;++http://www.google.com/bot.html)"
31.59.11.231 - - [30/Jul/2026:11:45:52 +0530] "GET /wp-admin/admin-ajax.php?action=fileorganizer_file_folder_manager&cmd=mkfile&reqid=19fb1aa3d351ce&name=index.php&target=l1_d3AtY29udGVudC9tdS1wbHVnaW5z&fileorganizer_nonce=8e09e87add HTTP/2" 200 59 "https://kenqa.com/wp-login.php" "Mozilla/5.0 (Windows NT 10.0; Win64; x64) AppleWebKit/537.36 (KHTML, like Gecko) Chrome/145.0.0.0 Safari/537.36"
31.59.11.231 - - [30/Jul/2026:11:45:53 +0530] "POST /wp-admin/admin-ajax.php HTTP/2" 200 159 "https://kenqa.com/wp-login.php" "Mozilla/5.0 (Windows NT 10.0; Win64; x64) AppleWebKit/537.36 (KHTML, like Gecko) Chrome/145.0.0.0 Safari/537.36"
31.59.11.231 - - [30/Jul/2026:11:45:54 +0530] "GET /3302-bright155 HTTP/2" 404 7126 "https://kenqa.com/wp-login.php" "Mozilla/5.0+(compatible;+Googlebot/2.1;++http://www.google.com/bot.html)"
31.59.11.231 - - [30/Jul/2026:11:45:56 +0530] "GET /wp-admin/admin-ajax.php?action=fileorganizer_file_folder_manager&cmd=mkfile&reqid=19fb1aa4bae37&name=index.php&target=l1_d3AtY29udGVudC9tdS1wbHVnaW5z&fileorganizer_nonce=8e09e87add HTTP/2" 200 59 "https://kenqa.com/wp-login.php" "Mozilla/5.0 (Windows NT 10.0; Win64; x64) AppleWebKit/537.36 (KHTML, like Gecko) Chrome/145.0.0.0 Safari/537.36"
31.59.11.231 - - [30/Jul/2026:11:45:57 +0530] "POST /wp-admin/admin-ajax.php HTTP/2" 200 158 "https://kenqa.com/wp-login.php" "Mozilla/5.0 (Windows NT 10.0; Win64; x64) AppleWebKit/537.36 (KHTML, like Gecko) Chrome/145.0.0.0 Safari/537.36"
31.59.11.231 - - [30/Jul/2026:11:45:58 +0530] "GET /3302-bright155 HTTP/2" 404 7126 "https://kenqa.com/wp-login.php" "Mozilla/5.0+(compatible;+Googlebot/2.1;++http://www.google.com/bot.html)"
31.59.11.231 - - [30/Jul/2026:11:45:59 +0530] "GET /wp-admin/admin-ajax.php?action=fileorganizer_file_folder_manager&cmd=mkfile&reqid=19fb1aa594a2bc&name=index.php&target=l1_d3AtY29udGVudC9tdS1wbHVnaW5z&fileorganizer_nonce=8e09e87add HTTP/2" 200 59 "https://kenqa.com/wp-login.php" "Mozilla/5.0 (Windows NT 10.0; Win64; x64) AppleWebKit/537.36 (KHTML, like Gecko) Chrome/145.0.0.0 Safari/537.36"
31.59.11.231 - - [30/Jul/2026:11:46:00 +0530] "POST /wp-admin/admin-ajax.php HTTP/2" 200 158 "https://kenqa.com/wp-login.php" "Mozilla/5.0 (Windows NT 10.0; Win64; x64) AppleWebKit/537.36 (KHTML, like Gecko) Chrome/145.0.0.0 Safari/537.36"
31.59.11.231 - - [30/Jul/2026:11:46:01 +0530] "GET /3302-bright155 HTTP/2" 404 7126 "https://kenqa.com/wp-login.php" "Mozilla/5.0+(compatible;+Googlebot/2.1;++http://www.google.com/bot.html)"
31.59.11.231 - - [30/Jul/2026:11:46:03 +0530] "GET /wp-admin/admin-ajax.php?action=fileorganizer_file_folder_manager&cmd=mkfile&reqid=19fb1aa67e11be&name=index.php&target=l1_d3AtY29udGVudC9tdS1wbHVnaW5z&fileorganizer_nonce=8e09e87add HTTP/2" 200 59 "https://kenqa.com/wp-login.php" "Mozilla/5.0 (Windows NT 10.0; Win64; x64) AppleWebKit/537.36 (KHTML, like Gecko) Chrome/145.0.0.0 Safari/537.36"
31.59.11.231 - - [30/Jul/2026:11:46:04 +0530] "POST /wp-admin/admin-ajax.php HTTP/2" 200 158 "https://kenqa.com/wp-login.php" "Mozilla/5.0 (Windows NT 10.0; Win64; x64) AppleWebKit/537.36 (KHTML, like Gecko) Chrome/145.0.0.0 Safari/537.36"
31.59.11.231 - - [30/Jul/2026:11:46:05 +0530] "GET /3302-bright155 HTTP/2" 404 7126 "https://kenqa.com/wp-login.php" "Mozilla/5.0+(compatible;+Googlebot/2.1;++http://www.google.com/bot.html)"
31.59.11.231 - - [30/Jul/2026:11:46:07 +0530] "GET /wp-admin/admin-ajax.php?action=fileorganizer_file_folder_manager&cmd=mkfile&reqid=19fb1aa781a1c7&name=index.php&target=l1_d3AtY29udGVudC9tdS1wbHVnaW5z&fileorganizer_nonce=8e09e87add HTTP/2" 200 59 "https://kenqa.com/wp-login.php" "Mozilla/5.0 (Windows NT 10.0; Win64; x64) AppleWebKit/537.36 (KHTML, like Gecko) Chrome/145.0.0.0 Safari/537.36"
31.59.11.231 - - [30/Jul/2026:11:46:08 +0530] "POST /wp-admin/admin-ajax.php HTTP/2" 200 158 "https://kenqa.com/wp-login.php" "Mozilla/5.0 (Windows NT 10.0; Win64; x64) AppleWebKit/537.36 (KHTML, like Gecko) Chrome/145.0.0.0 Safari/537.36"
31.59.11.231 - - [30/Jul/2026:11:46:09 +0530] "GET /3302-bright155 HTTP/2" 404 7126 "https://kenqa.com/wp-login.php" "Mozilla/5.0+(compatible;+Googlebot/2.1;++http://www.google.com/bot.html)"
31.59.11.231 - - [30/Jul/2026:11:46:11 +0530] "GET /wp-admin/admin-ajax.php?action=fileorganizer_file_folder_manager&cmd=mkfile&reqid=19fb1aa85bc66&name=index.php&target=l1_d3AtY29udGVudC9tdS1wbHVnaW5z&fileorganizer_nonce=8e09e87add HTTP/2" 200 59 "https://kenqa.com/wp-login.php" "Mozilla/5.0 (Windows NT 10.0; Win64; x64) AppleWebKit/537.36 (KHTML, like Gecko) Chrome/145.0.0.0 Safari/537.36"
31.59.11.231 - - [30/Jul/2026:11:46:12 +0530] "POST /wp-admin/admin-ajax.php HTTP/2" 200 158 "https://kenqa.com/wp-login.php" "Mozilla/5.0 (Windows NT 10.0; Win64; x64) AppleWebKit/537.36 (KHTML, like Gecko) Chrome/145.0.0.0 Safari/537.36"
31.59.11.231 - - [30/Jul/2026:11:46:13 +0530] "GET /3302-bright155 HTTP/2" 404 7126 "https://kenqa.com/wp-login.php" "Mozilla/5.0+(compatible;+Googlebot/2.1;++http://www.google.com/bot.html)"
31.59.11.231 - - [30/Jul/2026:11:46:15 +0530] "GET /wp-admin/admin-ajax.php?action=fileorganizer_file_folder_manager&cmd=mkfile&reqid=19fb1aa933a292&name=index.php&target=l1_d3AtY29udGVudC9tdS1wbHVnaW5z&fileorganizer_nonce=8e09e87add HTTP/2" 200 59 "https://kenqa.com/wp-login.php" "Mozilla/5.0 (Windows NT 10.0; Win64; x64) AppleWebKit/537.36 (KHTML, like Gecko) Chrome/145.0.0.0 Safari/537.36"
31.59.11.231 - - [30/Jul/2026:11:46:18 +0530] "POST /wp-admin/admin-ajax.php HTTP/2" 200 158 "https://kenqa.com/wp-login.php" "Mozilla/5.0 (Windows NT 10.0; Win64; x64) AppleWebKit/537.36 (KHTML, like Gecko) Chrome/145.0.0.0 Safari/537.36"
31.59.11.231 - - [30/Jul/2026:11:46:19 +0530] "GET /3302-bright155 HTTP/2" 404 7126 "https://kenqa.com/wp-login.php" "Mozilla/5.0+(compatible;+Googlebot/2.1;++http://www.google.com/bot.html)"
31.59.11.231 - - [30/Jul/2026:11:46:21 +0530] "GET /wp-admin/admin-ajax.php?action=fileorganizer_file_folder_manager&cmd=rm&reqid=19fb1aaad502f6&targets%5B%5D=l1_d3Atc2xnbnVwLmd6&fileorganizer_nonce=8e09e87add HTTP/2" 200 67 "https://kenqa.com/wp-login.php" "Mozilla/5.0 (Windows NT 10.0; Win64; x64) AppleWebKit/537.36 (KHTML, like Gecko) Chrome/145.0.0.0 Safari/537.36"
31.59.11.231 - - [30/Jul/2026:11:46:22 +0530] "POST /wp-admin/admin-ajax.php HTTP/2" 200 683 "https://kenqa.com/wp-login.php" "Mozilla/5.0 (Windows NT 10.0; Win64; x64) AppleWebKit/537.36 (KHTML, like Gecko) Chrome/145.0.0.0 Safari/537.36"
31.59.11.231 - - [30/Jul/2026:11:46:23 +0530] "GET /wp-admin/admin-ajax.php?action=fileorganizer_file_folder_manager&cmd=mkfile&reqid=19fb1aab6e4136&name=index.php&target=l1_Lw&fileorganizer_nonce=8e09e87add HTTP/2" 200 59 "https://kenqa.com/wp-login.php" "Mozilla/5.0 (Windows NT 10.0; Win64; x64) AppleWebKit/537.36 (KHTML, like Gecko) Chrome/145.0.0.0 Safari/537.36"
31.59.11.231 - - [30/Jul/2026:11:46:24 +0530] "POST /wp-admin/admin-ajax.php HTTP/2" 200 160 "https://kenqa.com/wp-login.php" "Mozilla/5.0 (Windows NT 10.0; Win64; x64) AppleWebKit/537.36 (KHTML, like Gecko) Chrome/145.0.0.0 Safari/537.36"
31.59.11.231 - - [30/Jul/2026:11:46:25 +0530] "GET /3302-bright155 HTTP/2" 200 25183 "https://kenqa.com/wp-login.php" "Mozilla/5.0+(compatible;+Googlebot/2.1;++http://www.google.com/bot.html)"
31.59.11.231 - - [30/Jul/2026:11:46:28 +0530] "GET /wp-admin/admin-ajax.php?action=fileorganizer_file_folder_manager&cmd=mkfile&reqid=19fb1aac77dac&name=config-validator.php&target=l1_Lw&fileorganizer_nonce=8e09e87add HTTP/2" 200 684 "https://kenqa.com/wp-login.php" "Mozilla/5.0 (Windows NT 10.0; Win64; x64) AppleWebKit/537.36 (KHTML, like Gecko) Chrome/145.0.0.0 Safari/537.36"
31.59.11.231 - - [30/Jul/2026:11:45:27 +0530] "GET /wp-admin/admin-ajax.php?action=fileorganizer_file_folder_manager&cmd=mkfile&reqid=19fb1a9dc6f2dd&name=wp-compat-layer.php&target=l1_d3AtY29udGVudC9tdS1wbHVnaW5z&fileorganizer_nonce=8e09e87add HTTP/2" 200 233 "https://kenqa.com/wp-login.php" "Mozilla/5.0 (Windows NT 10.0; Win64; x64) AppleWebKit/537.36 (KHTML, like Gecko) Chrome/145.0.0.0 Safari/537.36"
31.59.11.231 - - [30/Jul/2026:11:45:28 +0530] "POST /wp-admin/admin-ajax.php HTTP/2" 200 170 "https://kenqa.com/wp-login.php" "Mozilla/5.0 (Windows NT 10.0; Win64; x64) AppleWebKit/537.36 (KHTML, like Gecko) Chrome/145.0.0.0 Safari/537.36"
31.59.11.231 - - [30/Jul/2026:11:45:29 +0530] "GET /wp-admin/admin-ajax.php?action=fileorganizer_file_folder_manager&cmd=rm&reqid=19fb1a9e35e1e6&targets%5B%5D=l1_Lmh0YWNjZXNz&fileorganizer_nonce=8e09e87add HTTP/2" 200 643 "https://kenqa.com/wp-login.php" "Mozilla/5.0 (Windows NT 10.0; Win64; x64) AppleWebKit/537.36 (KHTML, like Gecko) Chrome/145.0.0.0 Safari/537.36"
31.59.11.231 - - [30/Jul/2026:11:45:30 +0530] "GET /wp-admin/options-permalink.php HTTP/2" 200 11216 "https://kenqa.com/wp-login.php" "Mozilla/5.0 (Windows NT 10.0; Win64; x64) AppleWebKit/537.36 (KHTML, like Gecko) Chrome/145.0.0.0 Safari/537.36"
31.59.11.231 - - [30/Jul/2026:11:45:31 +0530] "POST /wp-admin/options-permalink.php HTTP/2" 302 0 "https://kenqa.com/wp-login.php" "Mozilla/5.0 (Windows NT 10.0; Win64; x64) AppleWebKit/537.36 (KHTML, like Gecko) Chrome/145.0.0.0 Safari/537.36"
31.59.11.231 - - [30/Jul/2026:11:45:32 +0530] "GET /wp-admin/options-permalink.php?settings-updated=true HTTP/2" 200 11261 "https://kenqa.com/wp-login.php" "Mozilla/5.0 (Windows NT 10.0; Win64; x64) AppleWebKit/537.36 (KHTML, like Gecko) Chrome/145.0.0.0 Safari/537.36"
31.59.11.231 - - [30/Jul/2026:11:46:28 +0530] "POST /wp-admin/admin-ajax.php HTTP/2" 200 186 "https://kenqa.com/wp-login.php" "Mozilla/5.0 (Windows NT 10.0; Win64; x64) AppleWebKit/537.36 (KHTML, like Gecko) Chrome/145.0.0.0 Safari/537.36"
31.59.11.231 - - [30/Jul/2026:11:46:29 +0530] "POST /config-validator.php HTTP/2" 200 20 "https://kenqa.com/wp-login.php" "Mozilla/5.0 (Windows NT 10.0; Win64; x64) AppleWebKit/537.36 (KHTML, like Gecko) Chrome/145.0.0.0 Safari/537.36"
31.59.11.231 - - [30/Jul/2026:11:46:30 +0530] "GET /wp-admin/admin-ajax.php?action=fileorganizer_file_folder_manager&cmd=rm&reqid=19fb1aad15c373&targets%5B%5D=l1_Y29uZmlnLXZhbGlkYXRvci5waHA&fileorganizer_nonce=8e09e87add HTTP/2" 200 653 "https://kenqa.com/wp-login.php" "Mozilla/5.0 (Windows NT 10.0; Win64; x64) AppleWebKit/537.36 (KHTML, like Gecko) Chrome/145.0.0.0 Safari/537.36"
103.212.120.166 - - [30/Jul/2026:11:52:07 +0530] "POST /wp-cron.php?doing_wp_cron=1785392527.6611020565032958984375 HTTP/1.1" 403 1242 "-" "WordPress/6.9.4; https://kenqa.com"
70.39.103.3 - - [30/Jul/2026:11:52:07 +0530] "GET /3302-bright155 HTTP/2" 404 5589 "-" "Mozilla/5.0+(compatible;+Googlebot/2.1;++http://www.google.com/bot.html)"
70.39.103.3 - - [30/Jul/2026:11:52:08 +0530] "GET /wp-content/themes/hello-elementor/assets/css/theme.css?ver=3.4.7 HTTP/2" 200 1126 "https://kenqa.com/3302-bright155" "Mozilla/5.0+(compatible;+Googlebot/2.1;++http://www.google.com/bot.html)"
70.39.103.3 - - [30/Jul/2026:11:52:08 +0530] "GET /wp-content/themes/hello-elementor/assets/css/header-footer.css?ver=3.4.7 HTTP/2" 200 1261 "https://kenqa.com/3302-bright155" "Mozilla/5.0+(compatible;+Googlebot/2.1;++http://www.google.com/bot.html)"
70.39.103.3 - - [30/Jul/2026:11:52:08 +0530] "GET /wp-content/themes/hello-elementor/assets/css/reset.css?ver=3.4.7 HTTP/2" 200 1581 "https://kenqa.com/3302-bright155" "Mozilla/5.0+(compatible;+Googlebot/2.1;++http://www.google.com/bot.html)"
70.39.103.3 - - [30/Jul/2026:11:52:20 +0530] "GET /wp-content/uploads/2026/02/cropped-WhatsApp_Image_2026-01-29_at_19.16.21-removebg-preview-32x32.png HTTP/3" 200 813 "https://kenqa.com/3302-bright155" "Mozilla/5.0+(compatible;+Googlebot/2.1;++http://www.google.com/bot.html)"
70.39.103.3 - - [30/Jul/2026:11:52:21 +0530] "GET /wp-includes/js/wp-emoji-release.min.js?ver=6.9.4 HTTP/3" 200 4949 "https://kenqa.com/3302-bright155" "Mozilla/5.0+(compatible;+Googlebot/2.1;++http://www.google.com/bot.html)"
103.212.120.166 - - [30/Jul/2026:11:54:19 +0530] "POST /wp-cron.php?doing_wp_cron=1785392659.9870030879974365234375 HTTP/1.1" 403 1242 "-" "WordPress/6.9.4; https://kenqa.com"
70.39.103.3 - - [30/Jul/2026:11:54:19 +0530] "GET /wp-login.php HTTP/2" 200 1883 "-" "Mozilla/5.0 (Windows NT 10.0; Win64; x64) AppleWebKit/537.36 (KHTML, like Gecko) Chrome/144.0.0.0 Safari/537.36"
70.39.103.3 - - [30/Jul/2026:11:54:21 +0530] "GET /wp-admin/load-styles.php?c=0&dir=ltr&load%5Bchunk_0%5D=dashicons,buttons,forms,l10n,login&ver=6.9.4 HTTP/2" 200 45399 "https://kenqa.com/wp-login.php" "Mozilla/5.0 (Windows NT 10.0; Win64; x64) AppleWebKit/537.36 (KHTML, like Gecko) Chrome/144.0.0.0 Safari/537.36"
70.39.103.3 - - [30/Jul/2026:11:54:21 +0530] "GET /wp-includes/js/dist/i18n.min.js?ver=c26c3dc7bed366793375 HTTP/2" 200 2119 "https://kenqa.com/wp-login.php" "Mozilla/5.0 (Windows NT 10.0; Win64; x64) AppleWebKit/537.36 (KHTML, like Gecko) Chrome/144.0.0.0 Safari/537.36"
70.39.103.3 - - [30/Jul/2026:11:54:21 +0530] "GET /wp-admin/load-scripts.php?c=0&load%5Bchunk_0%5D=clipboard,jquery-core,jquery-migrate,zxcvbn-async,wp-hooks&ver=6.9.4 HTTP/2" 200 40198 "https://kenqa.com/wp-login.php" "Mozilla/5.0 (Windows NT 10.0; Win64; x64) AppleWebKit/537.36 (KHTML, like Gecko) Chrome/144.0.0.0 Safari/537.36"
70.39.103.3 - - [30/Jul/2026:11:54:22 +0530] "GET /wp-admin/js/password-strength-meter.min.js?ver=6.9.4 HTTP/2" 200 558 "https://kenqa.com/wp-login.php" "Mozilla/5.0 (Windows NT 10.0; Win64; x64) AppleWebKit/537.36 (KHTML, like Gecko) Chrome/144.0.0.0 Safari/537.36"
103.212.120.166 - - [30/Jul/2026:11:57:01 +0530] "POST /wp-cron.php?doing_wp_cron=1785392821.5963790416717529296875 HTTP/1.1" 200 0 "-" "WordPress/6.9.4; https://kenqa.com"
70.39.103.3 - - [30/Jul/2026:11:57:01 +0530] "POST /wp-login.php?action=confirm_admin_email HTTP/2" 302 0 "https://kenqa.com/wp-login.php?redirect_to=https%3A%2F%2Fkenqa.com%2Fwp-admin%2F&action=confirm_admin_email&wp_lang=en_US" "Mozilla/5.0 (Windows NT 10.0; Win64; x64) AppleWebKit/537.36 (KHTML, like Gecko) Chrome/144.0.0.0 Safari/537.36"
70.39.103.3 - - [30/Jul/2026:11:57:02 +0530] "GET /wp-admin/ HTTP/2" 200 15659 "https://kenqa.com/wp-login.php?redirect_to=https%3A%2F%2Fkenqa.com%2Fwp-admin%2F&action=confirm_admin_email&wp_lang=en_US" "Mozilla/5.0 (Windows NT 10.0; Win64; x64) AppleWebKit/537.36 (KHTML, like Gecko) Chrome/144.0.0.0 Safari/537.36"
70.39.103.3 - - [30/Jul/2026:11:57:03 +0530] "GET /wp-admin/load-styles.php?c=0&dir=ltr&load%5Bchunk_0%5D=dashicons,admin-bar,site-health,common,forms,admin-menu,dashboard,list-tables,edit,revisions,media,themes,about,nav-menus,wp-poi&load%5Bchunk_1%5D=nter,widgets,site-icon,l10n,buttons,wp-auth-check,wp-components,wp-commands&ver=6.9.4 HTTP/2" 200 123622 "https://kenqa.com/wp-admin/" "Mozilla/5.0 (Windows NT 10.0; Win64; x64) AppleWebKit/537.36 (KHTML, like Gecko) Chrome/144.0.0.0 Safari/537.36"
70.39.103.3 - - [30/Jul/2026:11:57:03 +0530] "GET /wp-includes/js/thickbox/thickbox.css?ver=6.9.4 HTTP/2" 200 827 "https://kenqa.com/wp-admin/" "Mozilla/5.0 (Windows NT 10.0; Win64; x64) AppleWebKit/537.36 (KHTML, like Gecko) Chrome/144.0.0.0 Safari/537.36"
70.39.103.3 - - [30/Jul/2026:11:57:03 +0530] "GET /wp-admin/load-scripts.php?c=0&load%5Bchunk_0%5D=jquery-core,jquery-migrate,utils&ver=6.9.4 HTTP/2" 200 36120 "https://kenqa.com/wp-admin/" "Mozilla/5.0 (Windows NT 10.0; Win64; x64) AppleWebKit/537.36 (KHTML, like Gecko) Chrome/144.0.0.0 Safari/537.36"
70.39.103.3 - - [30/Jul/2026:11:57:04 +0530] "GET /wp-admin/load-scripts.php?c=0&load%5Bchunk_0%5D=hoverIntent,wp-dom-ready,wp-hooks&ver=6.9.4 HTTP/2" 200 2701 "https://kenqa.com/wp-admin/" "Mozilla/5.0 (Windows NT 10.0; Win64; x64) AppleWebKit/537.36 (KHTML, like Gecko) Chrome/144.0.0.0 Safari/537.36"
70.39.103.3 - - [30/Jul/2026:11:57:04 +0530] "GET /wp-admin/js/common.min.js?ver=6.9.4 HTTP/2" 200 7463 "https://kenqa.com/wp-admin/" "Mozilla/5.0 (Windows NT 10.0; Win64; x64) AppleWebKit/537.36 (KHTML, like Gecko) Chrome/144.0.0.0 Safari/537.36"
70.39.103.3 - - [30/Jul/2026:11:57:04 +0530] "GET /wp-includes/js/hoverintent-js.min.js?ver=2.2.1 HTTP/2" 200 665 "https://kenqa.com/wp-admin/" "Mozilla/5.0 (Windows NT 10.0; Win64; x64) AppleWebKit/537.36 (KHTML, like Gecko) Chrome/144.0.0.0 Safari/537.36"
70.39.103.3 - - [30/Jul/2026:11:57:05 +0530] "GET /wp-includes/js/admin-bar.min.js?ver=6.9.4 HTTP/2" 200 1223 "https://kenqa.com/wp-admin/" "Mozilla/5.0 (Windows NT 10.0; Win64; x64) AppleWebKit/537.36 (KHTML, like Gecko) Chrome/144.0.0.0 Safari/537.36"
70.39.103.3 - - [30/Jul/2026:11:57:05 +0530] "GET /wp-includes/js/clipboard.min.js?ver=2.0.11 HTTP/2" 200 2989 "https://kenqa.com/wp-admin/" "Mozilla/5.0 (Windows NT 10.0; Win64; x64) AppleWebKit/537.36 (KHTML, like Gecko) Chrome/144.0.0.0 Safari/537.36"
70.39.103.3 - - [30/Jul/2026:11:57:05 +0530] "GET /wp-includes/js/api-request.min.js?ver=6.9.4 HTTP/2" 200 530 "https://kenqa.com/wp-admin/" "Mozilla/5.0 (Windows NT 10.0; Win64; x64) AppleWebKit/537.36 (KHTML, like Gecko) Chrome/144.0.0.0 Safari/537.36"
70.39.103.3 - - [30/Jul/2026:11:57:05 +0530] "GET /wp-includes/js/dist/url.min.js?ver=9e178c9516d1222dc834 HTTP/2" 200 3647 "https://kenqa.com/wp-admin/" "Mozilla/5.0 (Windows NT 10.0; Win64; x64) AppleWebKit/537.36 (KHTML, like Gecko) Chrome/144.0.0.0 Safari/537.36"
70.39.103.3 - - [30/Jul/2026:11:57:05 +0530] "GET /wp-admin/js/site-health.min.js?ver=6.9.4 HTTP/2" 200 2019 "https://kenqa.com/wp-admin/" "Mozilla/5.0 (Windows NT 10.0; Win64; x64) AppleWebKit/537.36 (KHTML, like Gecko) Chrome/144.0.0.0 Safari/537.36"
70.39.103.3 - - [30/Jul/2026:11:57:05 +0530] "GET /wp-includes/js/wp-ajax-response.min.js?ver=6.9.4 HTTP/2" 200 1006 "https://kenqa.com/wp-admin/" "Mozilla/5.0 (Windows NT 10.0; Win64; x64) AppleWebKit/537.36 (KHTML, like Gecko) Chrome/144.0.0.0 Safari/537.36"
70.39.103.3 - - [30/Jul/2026:11:57:06 +0530] "GET /wp-includes/js/jquery/jquery.color.min.js?ver=3.0.0 HTTP/2" 200 2641 "https://kenqa.com/wp-admin/" "Mozilla/5.0 (Windows NT 10.0; Win64; x64) AppleWebKit/537.36 (KHTML, like Gecko) Chrome/144.0.0.0 Safari/537.36"
70.39.103.3 - - [30/Jul/2026:11:57:06 +0530] "GET /wp-includes/js/wp-lists.min.js?ver=6.9.4 HTTP/2" 200 2359 "https://kenqa.com/wp-admin/" "Mozilla/5.0 (Windows NT 10.0; Win64; x64) AppleWebKit/537.36 (KHTML, like Gecko) Chrome/144.0.0.0 Safari/537.36"
70.39.103.3 - - [30/Jul/2026:11:57:06 +0530] "GET /wp-includes/js/quicktags.min.js?ver=6.9.4 HTTP/2" 200 3331 "https://kenqa.com/wp-admin/" "Mozilla/5.0 (Windows NT 10.0; Win64; x64) AppleWebKit/537.36 (KHTML, like Gecko) Chrome/144.0.0.0 Safari/537.36"
70.39.103.3 - - [30/Jul/2026:11:57:06 +0530] "GET /wp-includes/js/jquery/jquery.query.js?ver=2.2.3 HTTP/2" 200 1534 "https://kenqa.com/wp-admin/" "Mozilla/5.0 (Windows NT 10.0; Win64; x64) AppleWebKit/537.36 (KHTML, like Gecko) Chrome/144.0.0.0 Safari/537.36"
103.212.120.166 - - [30/Jul/2026:11:57:06 +0530] "POST /wp-cron.php HTTP/1.1" 200 0 "-" "WordPress/6.9.4; https://kenqa.com"
70.39.103.3 - - [30/Jul/2026:11:57:06 +0530] "GET /wp-admin/js/edit-comments.min.js?ver=6.9.4 HTTP/2" 200 4930 "https://kenqa.com/wp-admin/" "Mozilla/5.0 (Windows NT 10.0; Win64; x64) AppleWebKit/537.36 (KHTML, like Gecko) Chrome/144.0.0.0 Safari/537.36"
70.39.103.3 - - [30/Jul/2026:11:57:06 +0530] "GET /wp-includes/js/jquery/ui/core.min.js?ver=1.13.3 HTTP/2" 200 6812 "https://kenqa.com/wp-admin/" "Mozilla/5.0 (Windows NT 10.0; Win64; x64) AppleWebKit/537.36 (KHTML, like Gecko) Chrome/144.0.0.0 Safari/537.36"
103.212.120.166 - - [30/Jul/2026:11:57:06 +0530] "GET / HTTP/1.1" 200 12215 "-" "WordPress/6.9.4; https://kenqa.com"
70.39.103.3 - - [30/Jul/2026:11:57:07 +0530] "GET /wp-includes/js/jquery/ui/mouse.min.js?ver=1.13.3 HTTP/2" 200 1012 "https://kenqa.com/wp-admin/" "Mozilla/5.0 (Windows NT 10.0; Win64; x64) AppleWebKit/537.36 (KHTML, like Gecko) Chrome/144.0.0.0 Safari/537.36"
70.39.103.3 - - [30/Jul/2026:11:57:07 +0530] "GET /wp-includes/js/jquery/ui/sortable.min.js?ver=1.13.3 HTTP/2" 200 6358 "https://kenqa.com/wp-admin/" "Mozilla/5.0 (Windows NT 10.0; Win64; x64) AppleWebKit/537.36 (KHTML, like Gecko) Chrome/144.0.0.0 Safari/537.36"
70.39.103.3 - - [30/Jul/2026:11:57:07 +0530] "GET /wp-admin/js/postbox.min.js?ver=6.9.4 HTTP/2" 200 2066 "https://kenqa.com/wp-admin/" "Mozilla/5.0 (Windows NT 10.0; Win64; x64) AppleWebKit/537.36 (KHTML, like Gecko) Chrome/144.0.0.0 Safari/537.36"
103.212.120.166 - - [30/Jul/2026:11:57:07 +0530] "GET / HTTP/1.1" 200 12215 "-" "WordPress/6.9.4; https://kenqa.com"
70.39.103.3 - - [30/Jul/2026:11:57:07 +0530] "GET /wp-includes/js/dist/vendor/moment.min.js?ver=2.30.1 HTTP/2" 200 18383 "https://kenqa.com/wp-admin/" "Mozilla/5.0 (Windows NT 10.0; Win64; x64) AppleWebKit/537.36 (KHTML, like Gecko) Chrome/144.0.0.0 Safari/537.36"
103.212.120.166 - - [30/Jul/2026:11:57:07 +0530] "GET / HTTP/1.1" 200 12215 "-" "WordPress/6.9.4; https://kenqa.com"
70.39.103.3 - - [30/Jul/2026:11:57:07 +0530] "GET /wp-includes/js/dist/deprecated.min.js?ver=e1f84915c5e8ae38964c HTTP/2" 200 409 "https://kenqa.com/wp-admin/" "Mozilla/5.0 (Windows NT 10.0; Win64; x64) AppleWebKit/537.36 (KHTML, like Gecko) Chrome/144.0.0.0 Safari/537.36"
70.39.103.3 - - [30/Jul/2026:11:57:07 +0530] "GET /wp-includes/js/dist/date.min.js?ver=795a56839718d3ff7eae HTTP/2" 200 36299 "https://kenqa.com/wp-admin/" "Mozilla/5.0 (Windows NT 10.0; Win64; x64) AppleWebKit/537.36 (KHTML, like Gecko) Chrome/144.0.0.0 Safari/537.36"
103.212.120.166 - - [30/Jul/2026:11:57:07 +0530] "GET / HTTP/1.1" 200 12215 "-" "WordPress/6.9.4; https://kenqa.com"
70.39.103.3 - - [30/Jul/2026:11:57:08 +0530] "GET /wp-admin/js/dashboard.min.js?ver=6.9.4 HTTP/2" 200 2859 "https://kenqa.com/wp-admin/" "Mozilla/5.0 (Windows NT 10.0; Win64; x64) AppleWebKit/537.36 (KHTML, like Gecko) Chrome/144.0.0.0 Safari/537.36"
70.39.103.3 - - [30/Jul/2026:11:57:08 +0530] "GET /wp-includes/js/thickbox/thickbox.js?ver=3.1-20121105 HTTP/2" 200 4013 "https://kenqa.com/wp-admin/" "Mozilla/5.0 (Windows NT 10.0; Win64; x64) AppleWebKit/537.36 (KHTML, like Gecko) Chrome/144.0.0.0 Safari/537.36"
70.39.103.3 - - [30/Jul/2026:11:57:08 +0530] "GET /wp-admin/js/plugin-install.min.js?ver=6.9.4 HTTP/2" 200 903 "https://kenqa.com/wp-admin/" "Mozilla/5.0 (Windows NT 10.0; Win64; x64) AppleWebKit/537.36 (KHTML, like Gecko) Chrome/144.0.0.0 Safari/537.36"
70.39.103.3 - - [30/Jul/2026:11:57:08 +0530] "GET /wp-includes/js/wp-sanitize.min.js?ver=6.9.4 HTTP/2" 200 240 "https://kenqa.com/wp-admin/" "Mozilla/5.0 (Windows NT 10.0; Win64; x64) AppleWebKit/537.36 (KHTML, like Gecko) Chrome/144.0.0.0 Safari/537.36"
70.39.103.3 - - [30/Jul/2026:11:57:08 +0530] "GET /wp-admin/js/updates.min.js?ver=6.9.4 HTTP/2" 200 9908 "https://kenqa.com/wp-admin/" "Mozilla/5.0 (Windows NT 10.0; Win64; x64) AppleWebKit/537.36 (KHTML, like Gecko) Chrome/144.0.0.0 Safari/537.36"
70.39.103.3 - - [30/Jul/2026:11:57:08 +0530] "GET /wp-includes/js/shortcode.min.js?ver=6.9.4 HTTP/2" 200 1078 "https://kenqa.com/wp-admin/" "Mozilla/5.0 (Windows NT 10.0; Win64; x64) AppleWebKit/537.36 (KHTML, like Gecko) Chrome/144.0.0.0 Safari/537.36"
70.39.103.3 - - [30/Jul/2026:11:57:09 +0530] "GET /wp-admin/js/media-upload.min.js?ver=6.9.4 HTTP/2" 200 540 "https://kenqa.com/wp-admin/" "Mozilla/5.0 (Windows NT 10.0; Win64; x64) AppleWebKit/537.36 (KHTML, like Gecko) Chrome/144.0.0.0 Safari/537.36"
70.39.103.3 - - [30/Jul/2026:11:57:09 +0530] "GET /wp-admin/js/svg-painter.js?ver=6.9.4 HTTP/2" 200 1111 "https://kenqa.com/wp-admin/" "Mozilla/5.0 (Windows NT 10.0; Win64; x64) AppleWebKit/537.36 (KHTML, like Gecko) Chrome/144.0.0.0 Safari/537.36"
70.39.103.3 - - [30/Jul/2026:11:57:09 +0530] "GET /wp-includes/js/heartbeat.min.js?ver=6.9.4 HTTP/2" 200 1947 "https://kenqa.com/wp-admin/" "Mozilla/5.0 (Windows NT 10.0; Win64; x64) AppleWebKit/537.36 (KHTML, like Gecko) Chrome/144.0.0.0 Safari/537.36"
70.39.103.3 - - [30/Jul/2026:11:57:09 +0530] "GET /wp-includes/js/wp-auth-check.min.js?ver=6.9.4 HTTP/2" 200 691 "https://kenqa.com/wp-admin/" "Mozilla/5.0 (Windows NT 10.0; Win64; x64) AppleWebKit/537.36 (KHTML, like Gecko) Chrome/144.0.0.0 Safari/537.36"
70.39.103.3 - - [30/Jul/2026:11:57:09 +0530] "GET /wp-includes/js/dist/vendor/react.min.js?ver=18.3.1.1 HTTP/2" 200 4006 "https://kenqa.com/wp-admin/" "Mozilla/5.0 (Windows NT 10.0; Win64; x64) AppleWebKit/537.36 (KHTML, like Gecko) Chrome/144.0.0.0 Safari/537.36"
70.39.103.3 - - [30/Jul/2026:11:57:09 +0530] "GET /wp-includes/js/dist/vendor/react-dom.min.js?ver=18.3.1.1 HTTP/2" 200 40200 "https://kenqa.com/wp-admin/" "Mozilla/5.0 (Windows NT 10.0; Win64; x64) AppleWebKit/537.36 (KHTML, like Gecko) Chrome/144.0.0.0 Safari/537.36"
70.39.103.3 - - [30/Jul/2026:11:57:09 +0530] "GET /wp-includes/js/dist/vendor/react-jsx-runtime.min.js?ver=18.3.1 HTTP/2" 200 518 "https://kenqa.com/wp-admin/" "Mozilla/5.0 (Windows NT 10.0; Win64; x64) AppleWebKit/537.36 (KHTML, like Gecko) Chrome/144.0.0.0 Safari/537.36"
70.39.103.3 - - [30/Jul/2026:11:57:10 +0530] "GET /wp-includes/js/dist/dom.min.js?ver=26edef3be6483da3de2e HTTP/2" 200 4539 "https://kenqa.com/wp-admin/" "Mozilla/5.0 (Windows NT 10.0; Win64; x64) AppleWebKit/537.36 (KHTML, like Gecko) Chrome/144.0.0.0 Safari/537.36"
70.39.103.3 - - [30/Jul/2026:11:57:10 +0530] "GET /wp-includes/js/dist/escape-html.min.js?ver=6561a406d2d232a6fbd2 HTTP/2" 200 476 "https://kenqa.com/wp-admin/" "Mozilla/5.0 (Windows NT 10.0; Win64; x64) AppleWebKit/537.36 (KHTML, like Gecko) Chrome/144.0.0.0 Safari/537.36"
70.39.103.3 - - [30/Jul/2026:11:57:10 +0530] "GET /wp-includes/js/dist/element.min.js?ver=6a582b0c827fa25df3dd HTTP/2" 200 4846 "https://kenqa.com/wp-admin/" "Mozilla/5.0 (Windows NT 10.0; Win64; x64) AppleWebKit/537.36 (KHTML, like Gecko) Chrome/144.0.0.0 Safari/537.36"
70.39.103.3 - - [30/Jul/2026:11:57:10 +0530] "GET /wp-includes/js/dist/is-shallow-equal.min.js?ver=e0f9f1d78d83f5196979 HTTP/2" 200 479 "https://kenqa.com/wp-admin/" "Mozilla/5.0 (Windows NT 10.0; Win64; x64) AppleWebKit/537.36 (KHTML, like Gecko) Chrome/144.0.0.0 Safari/537.36"
70.39.103.3 - - [30/Jul/2026:11:57:10 +0530] "GET /wp-includes/js/dist/keycodes.min.js?ver=34c8fb5e7a594a1c8037 HTTP/2" 200 1290 "https://kenqa.com/wp-admin/" "Mozilla/5.0 (Windows NT 10.0; Win64; x64) AppleWebKit/537.36 (KHTML, like Gecko) Chrome/144.0.0.0 Safari/537.36"
70.39.103.3 - - [30/Jul/2026:11:57:10 +0530] "GET /wp-includes/js/dist/priority-queue.min.js?ver=2d59d091223ee9a33838 HTTP/2" 200 1450 "https://kenqa.com/wp-admin/" "Mozilla/5.0 (Windows NT 10.0; Win64; x64) AppleWebKit/537.36 (KHTML, like Gecko) Chrome/144.0.0.0 Safari/537.36"
70.39.103.3 - - [30/Jul/2026:11:57:11 +0530] "GET /wp-includes/js/dist/compose.min.js?ver=7a9b375d8c19cf9d3d9b HTTP/2" 200 12437 "https://kenqa.com/wp-admin/" "Mozilla/5.0 (Windows NT 10.0; Win64; x64) AppleWebKit/537.36 (KHTML, like Gecko) Chrome/144.0.0.0 Safari/537.36"
70.39.103.3 - - [30/Jul/2026:11:57:11 +0530] "GET /wp-includes/js/dist/html-entities.min.js?ver=e8b78b18a162491d5e5f HTTP/2" 200 388 "https://kenqa.com/wp-admin/" "Mozilla/5.0 (Windows NT 10.0; Win64; x64) AppleWebKit/537.36 (KHTML, like Gecko) Chrome/144.0.0.0 Safari/537.36"
70.39.103.3 - - [30/Jul/2026:11:57:11 +0530] "GET /wp-includes/js/dist/primitives.min.js?ver=0b5dcc337aa7cbf75570 HTTP/2" 200 767 "https://kenqa.com/wp-admin/" "Mozilla/5.0 (Windows NT 10.0; Win64; x64) AppleWebKit/537.36 (KHTML, like Gecko) Chrome/144.0.0.0 Safari/537.36"
70.39.103.3 - - [30/Jul/2026:11:57:11 +0530] "GET /wp-includes/js/dist/private-apis.min.js?ver=4f465748bda624774139 HTTP/2" 200 900 "https://kenqa.com/wp-admin/" "Mozilla/5.0 (Windows NT 10.0; Win64; x64) AppleWebKit/537.36 (KHTML, like Gecko) Chrome/144.0.0.0 Safari/537.36"
70.39.103.3 - - [30/Jul/2026:11:57:11 +0530] "GET /wp-includes/js/dist/redux-routine.min.js?ver=8bb92d45458b29590f53 HTTP/2" 200 2718 "https://kenqa.com/wp-admin/" "Mozilla/5.0 (Windows NT 10.0; Win64; x64) AppleWebKit/537.36 (KHTML, like Gecko) Chrome/144.0.0.0 Safari/537.36"
70.39.103.3 - - [30/Jul/2026:11:57:11 +0530] "GET /wp-includes/js/dist/data.min.js?ver=f940198280891b0b6318 HTTP/2" 200 8588 "https://kenqa.com/wp-admin/" "Mozilla/5.0 (Windows NT 10.0; Win64; x64) AppleWebKit/537.36 (KHTML, like Gecko) Chrome/144.0.0.0 Safari/537.36"
70.39.103.3 - - [30/Jul/2026:11:57:12 +0530] "GET /wp-includes/js/dist/rich-text.min.js?ver=5bdbb44f3039529e3645 HTTP/2" 200 11891 "https://kenqa.com/wp-admin/" "Mozilla/5.0 (Windows NT 10.0; Win64; x64) AppleWebKit/537.36 (KHTML, like Gecko) Chrome/144.0.0.0 Safari/537.36"
70.39.103.3 - - [30/Jul/2026:11:57:12 +0530] "GET /wp-includes/js/dist/warning.min.js?ver=d69bc18c456d01c11d5a HTTP/2" 200 202 "https://kenqa.com/wp-admin/" "Mozilla/5.0 (Windows NT 10.0; Win64; x64) AppleWebKit/537.36 (KHTML, like Gecko) Chrome/144.0.0.0 Safari/537.36"
70.39.103.3 - - [30/Jul/2026:11:57:12 +0530] "GET /wp-includes/js/dist/components.min.js?ver=0d72a218dfea8f6f442f HTTP/2" 200 242138 "https://kenqa.com/wp-admin/" "Mozilla/5.0 (Windows NT 10.0; Win64; x64) AppleWebKit/537.36 (KHTML, like Gecko) Chrome/144.0.0.0 Safari/537.36"
70.39.103.3 - - [30/Jul/2026:11:57:12 +0530] "GET /wp-includes/js/dist/keyboard-shortcuts.min.js?ver=fbc45a34ce65c5723afa HTTP/2" 200 1246 "https://kenqa.com/wp-admin/" "Mozilla/5.0 (Windows NT 10.0; Win64; x64) AppleWebKit/537.36 (KHTML, like Gecko) Chrome/144.0.0.0 Safari/537.36"
70.39.103.3 - - [30/Jul/2026:11:57:12 +0530] "GET /wp-includes/js/dist/commands.min.js?ver=cac8f4817ab7cea0ac49 HTTP/2" 200 15932 "https://kenqa.com/wp-admin/" "Mozilla/5.0 (Windows NT 10.0; Win64; x64) AppleWebKit/537.36 (KHTML, like Gecko) Chrome/144.0.0.0 Safari/537.36"
70.39.103.3 - - [30/Jul/2026:11:57:13 +0530] "GET /wp-includes/js/dist/api-fetch.min.js?ver=3a4d9af2b423048b0dee HTTP/2" 200 2304 "https://kenqa.com/wp-admin/" "Mozilla/5.0 (Windows NT 10.0; Win64; x64) AppleWebKit/537.36 (KHTML, like Gecko) Chrome/144.0.0.0 Safari/537.36"
70.39.103.3 - - [30/Jul/2026:11:57:13 +0530] "GET /wp-includes/js/dist/blob.min.js?ver=9113eed771d446f4a556 HTTP/2" 200 505 "https://kenqa.com/wp-admin/" "Mozilla/5.0 (Windows NT 10.0; Win64; x64) AppleWebKit/537.36 (KHTML, like Gecko) Chrome/144.0.0.0 Safari/537.36"
70.39.103.3 - - [30/Jul/2026:11:57:13 +0530] "GET /wp-includes/js/dist/block-serialization-default-parser.min.js?ver=14d44daebf663d05d330 HTTP/2" 200 1053 "https://kenqa.com/wp-admin/" "Mozilla/5.0 (Windows NT 10.0; Win64; x64) AppleWebKit/537.36 (KHTML, like Gecko) Chrome/144.0.0.0 Safari/537.36"
70.39.103.3 - - [30/Jul/2026:11:57:13 +0530] "GET /wp-includes/js/dist/autop.min.js?ver=9fb50649848277dd318d HTTP/2" 200 2009 "https://kenqa.com/wp-admin/" "Mozilla/5.0 (Windows NT 10.0; Win64; x64) AppleWebKit/537.36 (KHTML, like Gecko) Chrome/144.0.0.0 Safari/537.36"
70.39.103.3 - - [30/Jul/2026:11:57:13 +0530] "GET /wp-includes/js/dist/shortcode.min.js?ver=0b3174183b858f2df320 HTTP/2" 200 1329 "https://kenqa.com/wp-admin/" "Mozilla/5.0 (Windows NT 10.0; Win64; x64) AppleWebKit/537.36 (KHTML, like Gecko) Chrome/144.0.0.0 Safari/537.36"
70.39.103.3 - - [30/Jul/2026:11:57:13 +0530] "GET /wp-includes/js/dist/blocks.min.js?ver=57eca4d23daac7159d88 HTTP/2" 200 52215 "https://kenqa.com/wp-admin/" "Mozilla/5.0 (Windows NT 10.0; Win64; x64) AppleWebKit/537.36 (KHTML, like Gecko) Chrome/144.0.0.0 Safari/537.36"
70.39.103.3 - - [30/Jul/2026:11:57:14 +0530] "GET /wp-includes/js/dist/notices.min.js?ver=f62fbf15dcc23301922f HTTP/2" 200 875 "https://kenqa.com/wp-admin/" "Mozilla/5.0 (Windows NT 10.0; Win64; x64) AppleWebKit/537.36 (KHTML, like Gecko) Chrome/144.0.0.0 Safari/537.36"
70.39.103.3 - - [30/Jul/2026:11:57:14 +0530] "GET /wp-includes/js/dist/preferences-persistence.min.js?ver=e954d3a4426d311f7d1a HTTP/2" 200 1925 "https://kenqa.com/wp-admin/" "Mozilla/5.0 (Windows NT 10.0; Win64; x64) AppleWebKit/537.36 (KHTML, like Gecko) Chrome/144.0.0.0 Safari/537.36"
70.39.103.3 - - [30/Jul/2026:11:57:14 +0530] "GET /wp-includes/js/dist/preferences.min.js?ver=2ca086aed510c242a1ed HTTP/2" 200 2705 "https://kenqa.com/wp-admin/" "Mozilla/5.0 (Windows NT 10.0; Win64; x64) AppleWebKit/537.36 (KHTML, like Gecko) Chrome/144.0.0.0 Safari/537.36"
70.39.103.3 - - [30/Jul/2026:11:57:14 +0530] "GET /wp-includes/js/dist/style-engine.min.js?ver=7c6fcedc37dadafb8a81 HTTP/2" 200 1950 "https://kenqa.com/wp-admin/" "Mozilla/5.0 (Windows NT 10.0; Win64; x64) AppleWebKit/537.36 (KHTML, like Gecko) Chrome/144.0.0.0 Safari/537.36"
70.39.103.3 - - [30/Jul/2026:11:57:14 +0530] "GET /wp-includes/js/dist/token-list.min.js?ver=cfdf635a436c3953a965 HTTP/2" 200 532 "https://kenqa.com/wp-admin/" "Mozilla/5.0 (Windows NT 10.0; Win64; x64) AppleWebKit/537.36 (KHTML, like Gecko) Chrome/144.0.0.0 Safari/537.36"
70.39.103.3 - - [30/Jul/2026:11:57:14 +0530] "GET /wp-includes/js/dist/block-editor.min.js?ver=addf558a422e2ee57920 HTTP/2" 200 256837 "https://kenqa.com/wp-admin/" "Mozilla/5.0 (Windows NT 10.0; Win64; x64) AppleWebKit/537.36 (KHTML, like Gecko) Chrome/144.0.0.0 Safari/537.36"
70.39.103.3 - - [30/Jul/2026:11:57:14 +0530] "GET /wp-json/wp/v2/users/me?context=edit&_locale=user HTTP/2" 503 108 "https://kenqa.com/wp-admin/" "Mozilla/5.0 (Windows NT 10.0; Win64; x64) AppleWebKit/537.36 (KHTML, like Gecko) Chrome/144.0.0.0 Safari/537.36"
70.39.103.3 - - [30/Jul/2026:11:57:15 +0530] "GET /wp-includes/js/dist/core-data.min.js?ver=15baadfe6e1374188072 HTTP/2" 200 20409 "https://kenqa.com/wp-admin/" "Mozilla/5.0 (Windows NT 10.0; Win64; x64) AppleWebKit/537.36 (KHTML, like Gecko) Chrome/144.0.0.0 Safari/537.36"
70.39.103.3 - - [30/Jul/2026:11:57:15 +0530] "GET /wp-includes/js/dist/router.min.js?ver=2dfc4b954318a03e6a76 HTTP/2" 200 5368 "https://kenqa.com/wp-admin/" "Mozilla/5.0 (Windows NT 10.0; Win64; x64) AppleWebKit/537.36 (KHTML, like Gecko) Chrome/144.0.0.0 Safari/537.36"
70.39.103.3 - - [30/Jul/2026:11:57:15 +0530] "GET /wp-includes/js/dist/core-commands.min.js?ver=effe2d88d7f0c50a8ce9 HTTP/2" 200 3373 "https://kenqa.com/wp-admin/" "Mozilla/5.0 (Windows NT 10.0; Win64; x64) AppleWebKit/537.36 (KHTML, like Gecko) Chrome/144.0.0.0 Safari/537.36"
70.39.103.3 - - [30/Jul/2026:11:57:15 +0530] "GET /wp-content/themes/hello-elementor/assets/js/hello-elementor-menu.js?ver=86d4a80498fd21c04f00 HTTP/2" 200 135 "https://kenqa.com/wp-admin/" "Mozilla/5.0 (Windows NT 10.0; Win64; x64) AppleWebKit/537.36 (KHTML, like Gecko) Chrome/144.0.0.0 Safari/537.36"
