66.249.83.130 - - [19/Sep/2025:13:53:29 +0530] "GET /wp-content/plugins/elementor-pro/assets/css/widget-nav-menu.min.css?ver=3.26.0 HTTP/1.1" 200 3155 "https://indianindustrialworks.myycard.in/" "Mozilla/5.0 (Linux; Android 10; K) AppleWebKit/537.36 (KHTML, like Gecko) Chrome/138.0.0.0 Mobile Safari/537.36 (compatible; Google-Read-Aloud; +https://support.google.com/webmasters/answer/1061943)"
66.249.83.65 - - [19/Sep/2025:13:53:29 +0530] "GET /wp-content/uploads/elementor/css/post-205.css?ver=1758268733 HTTP/1.1" 200 1856 "https://indianindustrialworks.myycard.in/" "Mozilla/5.0 (Linux; Android 10; K) AppleWebKit/537.36 (KHTML, like Gecko) Chrome/138.0.0.0 Mobile Safari/537.36 (compatible; Google-Read-Aloud; +https://support.google.com/webmasters/answer/1061943)"
66.249.83.8 - - [19/Sep/2025:13:53:29 +0530] "GET /wp-content/uploads/elementor/css/post-236.css?ver=1758178027 HTTP/1.1" 200 1715 "https://indianindustrialworks.myycard.in/" "Mozilla/5.0 (Linux; Android 10; K) AppleWebKit/537.36 (KHTML, like Gecko) Chrome/138.0.0.0 Mobile Safari/537.36 (compatible; Google-Read-Aloud; +https://support.google.com/webmasters/answer/1061943)"
66.249.83.65 - - [19/Sep/2025:13:53:29 +0530] "GET /wp-content/themes/hello-elementor/assets/css/header-footer.css?ver=3.4.4 HTTP/1.1" 200 1261 "https://indianindustrialworks.myycard.in/" "Mozilla/5.0 (Linux; Android 10; K) AppleWebKit/537.36 (KHTML, like Gecko) Chrome/138.0.0.0 Mobile Safari/537.36 (compatible; Google-Read-Aloud; +https://support.google.com/webmasters/answer/1061943)"
66.249.83.8 - - [19/Sep/2025:13:53:29 +0530] "GET /wp-content/plugins/elementor-pro/assets/css/widget-blockquote.min.css?ver=3.25.0 HTTP/1.1" 200 955 "https://indianindustrialworks.myycard.in/" "Mozilla/5.0 (Linux; Android 10; K) AppleWebKit/537.36 (KHTML, like Gecko) Chrome/138.0.0.0 Mobile Safari/537.36 (compatible; Google-Read-Aloud; +https://support.google.com/webmasters/answer/1061943)"
66.249.83.9 - - [19/Sep/2025:13:53:29 +0530] "GET /wp-content/themes/hello-elementor/assets/css/theme.css?ver=3.4.4 HTTP/1.1" 200 1126 "https://indianindustrialworks.myycard.in/" "Mozilla/5.0 (Linux; Android 10; K) AppleWebKit/537.36 (KHTML, like Gecko) Chrome/138.0.0.0 Mobile Safari/537.36 (compatible; Google-Read-Aloud; +https://support.google.com/webmasters/answer/1061943)"
66.249.83.65 - - [19/Sep/2025:13:53:29 +0530] "GET /wp-content/plugins/jeg-elementor-kit/assets/js/tiny-slider/tiny-slider.css?ver=2.9.3 HTTP/1.1" 200 630 "https://indianindustrialworks.myycard.in/" "Mozilla/5.0 (Linux; Android 10; K) AppleWebKit/537.36 (KHTML, like Gecko) Chrome/138.0.0.0 Mobile Safari/537.36 (compatible; Google-Read-Aloud; +https://support.google.com/webmasters/answer/1061943)"
66.249.83.129 - - [19/Sep/2025:13:53:29 +0530] "GET /wp-content/plugins/elementor/assets/css/widget-social-icons.min.css?ver=3.24.0 HTTP/1.1" 200 1069 "https://indianindustrialworks.myycard.in/" "Mozilla/5.0 (Linux; Android 10; K) AppleWebKit/537.36 (KHTML, like Gecko) Chrome/138.0.0.0 Mobile Safari/537.36 (compatible; Google-Read-Aloud; +https://support.google.com/webmasters/answer/1061943)"
66.249.83.38 - - [19/Sep/2025:13:53:29 +0530] "GET /wp-content/plugins/elementor-pro/assets/css/widget-nav-menu.min.css?ver=3.26.0 HTTP/1.1" 200 3155 "https://indianindustrialworks.myycard.in/" "Mozilla/5.0 (Linux; Android 10; K) AppleWebKit/537.36 (KHTML, like Gecko) Chrome/138.0.0.0 Mobile Safari/537.36 (compatible; Google-Read-Aloud; +https://support.google.com/webmasters/answer/1061943)"
66.249.83.39 - - [19/Sep/2025:13:53:29 +0530] "GET /wp-includes/js/jquery/jquery.min.js?ver=3.7.1 HTTP/1.1" 200 29744 "https://indianindustrialworks.myycard.in/" "Mozilla/5.0 (Linux; Android 10; K) AppleWebKit/537.36 (KHTML, like Gecko) Chrome/138.0.0.0 Mobile Safari/537.36 (compatible; Google-Read-Aloud; +https://support.google.com/webmasters/answer/1061943)"
66.249.83.39 - - [19/Sep/2025:13:53:29 +0530] "GET /wp-content/plugins/metform/public/assets/css/text-editor.css?ver=4.0.6 HTTP/1.1" 200 3261 "https://indianindustrialworks.myycard.in/" "Mozilla/5.0 (Linux; Android 10; K) AppleWebKit/537.36 (KHTML, like Gecko) Chrome/138.0.0.0 Mobile Safari/537.36 (compatible; Google-Read-Aloud; +https://support.google.com/webmasters/answer/1061943)"
66.249.83.98 - - [19/Sep/2025:13:53:29 +0530] "GET /wp-content/plugins/elementor/assets/lib/font-awesome/css/fontawesome.css?ver=5.15.3 HTTP/1.1" 200 12526 "https://indianindustrialworks.myycard.in/" "Mozilla/5.0 (Linux; Android 10; K) AppleWebKit/537.36 (KHTML, like Gecko) Chrome/138.0.0.0 Mobile Safari/537.36 (compatible; Google-Read-Aloud; +https://support.google.com/webmasters/answer/1061943)"
66.249.83.130 - - [19/Sep/2025:13:53:29 +0530] "GET /wp-content/plugins/elementor/assets/css/conditionals/e-swiper.min.css?ver=3.32.1 HTTP/1.1" 200 699 "https://indianindustrialworks.myycard.in/" "Mozilla/5.0 (Linux; Android 10; K) AppleWebKit/537.36 (KHTML, like Gecko) Chrome/138.0.0.0 Mobile Safari/537.36 (compatible; Google-Read-Aloud; +https://support.google.com/webmasters/answer/1061943)"
66.249.83.65 - - [19/Sep/2025:13:53:29 +0530] "GET /wp-content/themes/hello-elementor/assets/css/theme.css?ver=3.4.4 HTTP/1.1" 200 1126 "https://indianindustrialworks.myycard.in/" "Mozilla/5.0 (Linux; Android 10; K) AppleWebKit/537.36 (KHTML, like Gecko) Chrome/138.0.0.0 Mobile Safari/537.36 (compatible; Google-Read-Aloud; +https://support.google.com/webmasters/answer/1061943)"
66.249.83.39 - - [19/Sep/2025:13:53:29 +0530] "GET /wp-content/uploads/elementor/css/post-34.css?ver=1758178027 HTTP/1.1" 200 1326 "https://indianindustrialworks.myycard.in/" "Mozilla/5.0 (Linux; Android 10; K) AppleWebKit/537.36 (KHTML, like Gecko) Chrome/138.0.0.0 Mobile Safari/537.36 (compatible; Google-Read-Aloud; +https://support.google.com/webmasters/answer/1061943)"
66.249.83.131 - - [19/Sep/2025:13:53:29 +0530] "GET /wp-content/plugins/click-to-chat-for-whatsapp/new/inc/assets/css/main.css?ver=4.28 HTTP/1.1" 200 645 "https://indianindustrialworks.myycard.in/" "Mozilla/5.0 (Linux; Android 10; K) AppleWebKit/537.36 (KHTML, like Gecko) Chrome/138.0.0.0 Mobile Safari/537.36 (compatible; Google-Read-Aloud; +https://support.google.com/webmasters/answer/1061943)"
66.249.83.8 - - [19/Sep/2025:13:53:29 +0530] "GET /wp-content/plugins/master-addons/assets/vendor/tippyjs/css/tippy.css?ver=6.8.2 HTTP/1.1" 200 1734 "https://indianindustrialworks.myycard.in/" "Mozilla/5.0 (Linux; Android 10; K) AppleWebKit/537.36 (KHTML, like Gecko) Chrome/138.0.0.0 Mobile Safari/537.36 (compatible; Google-Read-Aloud; +https://support.google.com/webmasters/answer/1061943)"
66.249.83.8 - - [19/Sep/2025:13:53:29 +0530] "GET /wp-content/plugins/elementor/assets/lib/font-awesome/css/fontawesome.css?ver=5.15.3 HTTP/1.1" 200 12526 "https://indianindustrialworks.myycard.in/" "Mozilla/5.0 (Linux; Android 10; K) AppleWebKit/537.36 (KHTML, like Gecko) Chrome/138.0.0.0 Mobile Safari/537.36 (compatible; Google-Read-Aloud; +https://support.google.com/webmasters/answer/1061943)"
66.249.83.130 - - [19/Sep/2025:13:53:29 +0530] "GET /wp-content/plugins/elementor/assets/css/conditionals/e-swiper.min.css?ver=3.32.1 HTTP/1.1" 200 699 "https://indianindustrialworks.myycard.in/" "Mozilla/5.0 (Linux; Android 10; K) AppleWebKit/537.36 (KHTML, like Gecko) Chrome/138.0.0.0 Mobile Safari/537.36 (compatible; Google-Read-Aloud; +https://support.google.com/webmasters/answer/1061943)"
66.249.83.98 - - [19/Sep/2025:13:53:29 +0530] "GET /wp-content/plugins/jeg-elementor-kit/assets/js/tiny-slider/tiny-slider.css?ver=2.9.3 HTTP/1.1" 200 630 "https://indianindustrialworks.myycard.in/" "Mozilla/5.0 (Linux; Android 10; K) AppleWebKit/537.36 (KHTML, like Gecko) Chrome/138.0.0.0 Mobile Safari/537.36 (compatible; Google-Read-Aloud; +https://support.google.com/webmasters/answer/1061943)"
66.249.83.65 - - [19/Sep/2025:13:53:29 +0530] "GET /wp-content/themes/hello-elementor/assets/css/reset.css?ver=3.4.4 HTTP/1.1" 200 1581 "https://indianindustrialworks.myycard.in/" "Mozilla/5.0 (Linux; Android 10; K) AppleWebKit/537.36 (KHTML, like Gecko) Chrome/138.0.0.0 Mobile Safari/537.36 (compatible; Google-Read-Aloud; +https://support.google.com/webmasters/answer/1061943)"
66.249.83.9 - - [19/Sep/2025:13:53:29 +0530] "GET /wp-content/plugins/elementor/assets/lib/font-awesome/css/brands.css?ver=5.15.3 HTTP/1.1" 200 296 "https://indianindustrialworks.myycard.in/" "Mozilla/5.0 (Linux; Android 10; K) AppleWebKit/537.36 (KHTML, like Gecko) Chrome/138.0.0.0 Mobile Safari/537.36 (compatible; Google-Read-Aloud; +https://support.google.com/webmasters/answer/1061943)"
66.249.83.99 - - [19/Sep/2025:13:53:29 +0530] "GET /wp-content/plugins/elementor/assets/css/widget-image.min.css?ver=3.32.1 HTTP/1.1" 200 119 "https://indianindustrialworks.myycard.in/" "Mozilla/5.0 (Linux; Android 10; K) AppleWebKit/537.36 (KHTML, like Gecko) Chrome/138.0.0.0 Mobile Safari/537.36 (compatible; Google-Read-Aloud; +https://support.google.com/webmasters/answer/1061943)"
66.249.83.8 - - [19/Sep/2025:13:53:29 +0530] "GET /wp-content/uploads/elementor/css/post-205.css?ver=1758268733 HTTP/1.1" 200 1856 "https://indianindustrialworks.myycard.in/" "Mozilla/5.0 (Linux; Android 10; K) AppleWebKit/537.36 (KHTML, like Gecko) Chrome/138.0.0.0 Mobile Safari/537.36 (compatible; Google-Read-Aloud; +https://support.google.com/webmasters/answer/1061943)"
66.249.83.97 - - [19/Sep/2025:13:53:29 +0530] "GET /wp-content/uploads/elementor/css/post-236.css?ver=1758178027 HTTP/1.1" 200 1715 "https://indianindustrialworks.myycard.in/" "Mozilla/5.0 (Linux; Android 10; K) AppleWebKit/537.36 (KHTML, like Gecko) Chrome/138.0.0.0 Mobile Safari/537.36 (compatible; Google-Read-Aloud; +https://support.google.com/webmasters/answer/1061943)"
66.249.83.39 - - [19/Sep/2025:13:53:29 +0530] "GET /wp-content/plugins/metform/public/assets/lib/cute-alert/style.css?ver=4.0.6 HTTP/1.1" 200 1064 "https://indianindustrialworks.myycard.in/" "Mozilla/5.0 (Linux; Android 10; K) AppleWebKit/537.36 (KHTML, like Gecko) Chrome/138.0.0.0 Mobile Safari/537.36 (compatible; Google-Read-Aloud; +https://support.google.com/webmasters/answer/1061943)"
66.249.83.66 - - [19/Sep/2025:13:53:29 +0530] "GET /wp-content/plugins/elementor/assets/css/widget-image.min.css?ver=3.32.1 HTTP/1.1" 200 119 "https://indianindustrialworks.myycard.in/" "Mozilla/5.0 (Linux; Android 10; K) AppleWebKit/537.36 (KHTML, like Gecko) Chrome/138.0.0.0 Mobile Safari/537.36 (compatible; Google-Read-Aloud; +https://support.google.com/webmasters/answer/1061943)"
66.249.83.9 - - [19/Sep/2025:13:53:29 +0530] "GET /wp-content/plugins/master-addons/assets/css/master-addons-styles.css?ver=6.8.2 HTTP/1.1" 200 39118 "https://indianindustrialworks.myycard.in/" "Mozilla/5.0 (Linux; Android 10; K) AppleWebKit/537.36 (KHTML, like Gecko) Chrome/138.0.0.0 Mobile Safari/537.36 (compatible; Google-Read-Aloud; +https://support.google.com/webmasters/answer/1061943)"
66.249.83.66 - - [19/Sep/2025:13:53:29 +0530] "GET /wp-content/plugins/elementor/assets/js/webpack.runtime.min.js?ver=3.32.1 HTTP/1.1" 200 2320 "https://indianindustrialworks.myycard.in/" "Mozilla/5.0 (Linux; Android 10; K) AppleWebKit/537.36 (KHTML, like Gecko) Chrome/138.0.0.0 Mobile Safari/537.36 (compatible; Google-Read-Aloud; +https://support.google.com/webmasters/answer/1061943)"
66.249.83.131 - - [19/Sep/2025:13:53:29 +0530] "GET /wp-content/plugins/elementor/assets/js/frontend-modules.min.js?ver=3.32.1 HTTP/1.1" 200 17961 "https://indianindustrialworks.myycard.in/" "Mozilla/5.0 (Linux; Android 10; K) AppleWebKit/537.36 (KHTML, like Gecko) Chrome/138.0.0.0 Mobile Safari/537.36 (compatible; Google-Read-Aloud; +https://support.google.com/webmasters/answer/1061943)"
66.249.83.131 - - [19/Sep/2025:13:53:30 +0530] "GET /wp-content/plugins/elementor/assets/css/widget-icon-list.min.css?ver=3.24.3 HTTP/1.1" 200 962 "https://indianindustrialworks.myycard.in/" "Mozilla/5.0 (Linux; Android 10; K) AppleWebKit/537.36 (KHTML, like Gecko) Chrome/138.0.0.0 Mobile Safari/537.36 (compatible; Google-Read-Aloud; +https://support.google.com/webmasters/answer/1061943)"
66.249.83.66 - - [19/Sep/2025:13:53:30 +0530] "GET /wp-content/plugins/elementor/assets/css/frontend.min.css?ver=3.32.1 HTTP/1.1" 200 6534 "https://indianindustrialworks.myycard.in/" "Mozilla/5.0 (Linux; Android 10; K) AppleWebKit/537.36 (KHTML, like Gecko) Chrome/138.0.0.0 Mobile Safari/537.36 (compatible; Google-Read-Aloud; +https://support.google.com/webmasters/answer/1061943)"
66.249.83.8 - - [19/Sep/2025:13:53:30 +0530] "GET /wp-content/plugins/jeg-elementor-kit/lib/jeg-framework/assets/css/jeg-dynamic-styles.css?ver=1.3.0 HTTP/1.1" 200 0 "https://indianindustrialworks.myycard.in/" "Mozilla/5.0 (Linux; Android 10; K) AppleWebKit/537.36 (KHTML, like Gecko) Chrome/138.0.0.0 Mobile Safari/537.36 (compatible; Google-Read-Aloud; +https://support.google.com/webmasters/answer/1061943)"
66.249.83.130 - - [19/Sep/2025:13:53:30 +0530] "GET /wp-includes/js/jquery/ui/core.min.js?ver=1.13.3 HTTP/1.1" 200 6812 "https://indianindustrialworks.myycard.in/" "Mozilla/5.0 (Linux; Android 10; K) AppleWebKit/537.36 (KHTML, like Gecko) Chrome/138.0.0.0 Mobile Safari/537.36 (compatible; Google-Read-Aloud; +https://support.google.com/webmasters/answer/1061943)"
66.249.83.65 - - [19/Sep/2025:13:53:30 +0530] "GET /wp-content/plugins/elementor/assets/css/widget-icon-list.min.css?ver=3.24.3 HTTP/1.1" 200 962 "https://indianindustrialworks.myycard.in/" "Mozilla/5.0 (Linux; Android 10; K) AppleWebKit/537.36 (KHTML, like Gecko) Chrome/138.0.0.0 Mobile Safari/537.36 (compatible; Google-Read-Aloud; +https://support.google.com/webmasters/answer/1061943)"
66.249.83.129 - - [19/Sep/2025:13:53:30 +0530] "GET /wp-content/plugins/elementor/assets/js/frontend.min.js?ver=3.32.1 HTTP/1.1" 200 10165 "https://indianindustrialworks.myycard.in/" "Mozilla/5.0 (Linux; Android 10; K) AppleWebKit/537.36 (KHTML, like Gecko) Chrome/138.0.0.0 Mobile Safari/537.36 (compatible; Google-Read-Aloud; +https://support.google.com/webmasters/answer/1061943)"
66.249.83.131 - - [19/Sep/2025:13:53:30 +0530] "GET /wp-content/plugins/master-addons/assets/fonts/material-icons/material-icons.ttf HTTP/1.1" 200 72501 "https://indianindustrialworks.myycard.in/wp-content/plugins/master-addons/assets/fonts/material-icons/material-icons.css?ver=2.0.9.6" "Mozilla/5.0 (Linux; Android 10; K) AppleWebKit/537.36 (KHTML, like Gecko) Chrome/138.0.0.0 Mobile Safari/537.36 (compatible; Google-Read-Aloud; +https://support.google.com/webmasters/answer/1061943)"
66.249.83.38 - - [19/Sep/2025:13:53:30 +0530] "GET /wp-content/plugins/elementor/assets/lib/swiper/v8/swiper.min.js?ver=8.4.5 HTTP/1.1" 200 38152 "https://indianindustrialworks.myycard.in/" "Mozilla/5.0 (Linux; Android 10; K) AppleWebKit/537.36 (KHTML, like Gecko) Chrome/138.0.0.0 Mobile Safari/537.36 (compatible; Google-Read-Aloud; +https://support.google.com/webmasters/answer/1061943)"
66.249.83.8 - - [19/Sep/2025:13:53:30 +0530] "GET /wp-content/plugins/master-addons/assets/vendor/tippyjs/js/tippy.min.js?ver=2.0.9.6 HTTP/1.1" 200 7617 "https://indianindustrialworks.myycard.in/" "Mozilla/5.0 (Linux; Android 10; K) AppleWebKit/537.36 (KHTML, like Gecko) Chrome/138.0.0.0 Mobile Safari/537.36 (compatible; Google-Read-Aloud; +https://support.google.com/webmasters/answer/1061943)"
66.249.83.9 - - [19/Sep/2025:13:53:30 +0530] "GET /wp-content/plugins/master-addons/assets/js/plugins.js?ver=2.0.9.6 HTTP/1.1" 200 8508 "https://indianindustrialworks.myycard.in/" "Mozilla/5.0 (Linux; Android 10; K) AppleWebKit/537.36 (KHTML, like Gecko) Chrome/138.0.0.0 Mobile Safari/537.36 (compatible; Google-Read-Aloud; +https://support.google.com/webmasters/answer/1061943)"
66.249.83.131 - - [19/Sep/2025:13:53:30 +0530] "GET /wp-content/plugins/jeg-elementor-kit/assets/js/tiny-slider/tiny-slider.js?ver=2.9.3 HTTP/1.1" 200 12399 "https://indianindustrialworks.myycard.in/" "Mozilla/5.0 (Linux; Android 10; K) AppleWebKit/537.36 (KHTML, like Gecko) Chrome/138.0.0.0 Mobile Safari/537.36 (compatible; Google-Read-Aloud; +https://support.google.com/webmasters/answer/1061943)"
66.249.83.39 - - [19/Sep/2025:13:53:30 +0530] "GET /wp-content/plugins/jeg-elementor-kit/assets/js/elements/sticky-element.js?ver=2.6.14 HTTP/1.1" 200 1477 "https://indianindustrialworks.myycard.in/" "Mozilla/5.0 (Linux; Android 10; K) AppleWebKit/537.36 (KHTML, like Gecko) Chrome/138.0.0.0 Mobile Safari/537.36 (compatible; Google-Read-Aloud; +https://support.google.com/webmasters/answer/1061943)"
66.249.83.66 - - [19/Sep/2025:13:53:30 +0530] "GET /wp-content/themes/hello-elementor/assets/js/hello-frontend.js?ver=3.4.4 HTTP/1.1" 200 496 "https://indianindustrialworks.myycard.in/" "Mozilla/5.0 (Linux; Android 10; K) AppleWebKit/537.36 (KHTML, like Gecko) Chrome/138.0.0.0 Mobile Safari/537.36 (compatible; Google-Read-Aloud; +https://support.google.com/webmasters/answer/1061943)"
66.249.83.130 - - [19/Sep/2025:13:53:30 +0530] "GET /wp-content/plugins/metform/public/assets/lib/cute-alert/cute-alert.js?ver=4.0.6 HTTP/1.1" 200 1009 "https://indianindustrialworks.myycard.in/" "Mozilla/5.0 (Linux; Android 10; K) AppleWebKit/537.36 (KHTML, like Gecko) Chrome/138.0.0.0 Mobile Safari/537.36 (compatible; Google-Read-Aloud; +https://support.google.com/webmasters/answer/1061943)"
66.249.83.8 - - [19/Sep/2025:13:53:30 +0530] "GET /wp-content/plugins/master-addons/assets/vendor/popper.min.js?ver=2.0.9.6 HTTP/1.1" 200 6526 "https://indianindustrialworks.myycard.in/" "Mozilla/5.0 (Linux; Android 10; K) AppleWebKit/537.36 (KHTML, like Gecko) Chrome/138.0.0.0 Mobile Safari/537.36 (compatible; Google-Read-Aloud; +https://support.google.com/webmasters/answer/1061943)"
66.249.83.1 - - [19/Sep/2025:13:53:30 +0530] "GET /wp-content/plugins/jeg-elementor-kit/assets/js/elements/testimonials.js?ver=2.6.14 HTTP/1.1" 200 1082 "https://indianindustrialworks.myycard.in/" "Mozilla/5.0 (Linux; Android 10; K) AppleWebKit/537.36 (KHTML, like Gecko) Chrome/138.0.0.0 Mobile Safari/537.36 (compatible; Google-Read-Aloud; +https://support.google.com/webmasters/answer/1061943)"
66.249.83.9 - - [19/Sep/2025:13:53:30 +0530] "GET /wp-content/plugins/elementor-pro/assets/js/frontend.min.js?ver=3.26.3 HTTP/1.1" 200 6279 "https://indianindustrialworks.myycard.in/" "Mozilla/5.0 (Linux; Android 10; K) AppleWebKit/537.36 (KHTML, like Gecko) Chrome/138.0.0.0 Mobile Safari/537.36 (compatible; Google-Read-Aloud; +https://support.google.com/webmasters/answer/1061943)"
66.249.83.9 - - [19/Sep/2025:13:53:30 +0530] "GET /wp-content/plugins/jeg-elementor-kit/assets/js/elements/nav-menu.js?ver=2.6.14 HTTP/1.1" 200 1360 "https://indianindustrialworks.myycard.in/" "Mozilla/5.0 (Linux; Android 10; K) AppleWebKit/537.36 (KHTML, like Gecko) Chrome/138.0.0.0 Mobile Safari/537.36 (compatible; Google-Read-Aloud; +https://support.google.com/webmasters/answer/1061943)"
66.249.83.39 - - [19/Sep/2025:13:53:30 +0530] "GET /wp-content/plugins/elementor-pro/assets/js/webpack-pro.runtime.min.js?ver=3.26.3 HTTP/1.1" 200 2625 "https://indianindustrialworks.myycard.in/" "Mozilla/5.0 (Linux; Android 10; K) AppleWebKit/537.36 (KHTML, like Gecko) Chrome/138.0.0.0 Mobile Safari/537.36 (compatible; Google-Read-Aloud; +https://support.google.com/webmasters/answer/1061943)"
66.249.83.38 - - [19/Sep/2025:13:53:30 +0530] "GET /wp-content/plugins/master-addons/assets/js/master-addons-scripts.js?ver=2.0.9.6 HTTP/1.1" 200 26246 "https://indianindustrialworks.myycard.in/" "Mozilla/5.0 (Linux; Android 10; K) AppleWebKit/537.36 (KHTML, like Gecko) Chrome/138.0.0.0 Mobile Safari/537.36 (compatible; Google-Read-Aloud; +https://support.google.com/webmasters/answer/1061943)"
66.249.83.67 - - [19/Sep/2025:13:53:30 +0530] "GET /wp-includes/js/dist/i18n.min.js?ver=5e580eb46a90c2b997e6 HTTP/1.1" 200 3542 "https://indianindustrialworks.myycard.in/" "Mozilla/5.0 (Linux; Android 10; K) AppleWebKit/537.36 (KHTML, like Gecko) Chrome/138.0.0.0 Mobile Safari/537.36 (compatible; Google-Read-Aloud; +https://support.google.com/webmasters/answer/1061943)"
66.249.83.130 - - [19/Sep/2025:13:53:30 +0530] "GET /wp-content/plugins/elementor/assets/lib/font-awesome/js/v4-shims.min.js?ver=3.32.1 HTTP/1.1" 200 4042 "https://indianindustrialworks.myycard.in/" "Mozilla/5.0 (Linux; Android 10; K) AppleWebKit/537.36 (KHTML, like Gecko) Chrome/138.0.0.0 Mobile Safari/537.36 (compatible; Google-Read-Aloud; +https://support.google.com/webmasters/answer/1061943)"
66.249.83.39 - - [19/Sep/2025:13:53:30 +0530] "GET /wp-content/plugins/jeg-elementor-kit/assets/js/elements/accordion.js?ver=2.6.14 HTTP/1.1" 200 769 "https://indianindustrialworks.myycard.in/" "Mozilla/5.0 (Linux; Android 10; K) AppleWebKit/537.36 (KHTML, like Gecko) Chrome/138.0.0.0 Mobile Safari/537.36 (compatible; Google-Read-Aloud; +https://support.google.com/webmasters/answer/1061943)"
66.249.83.129 - - [19/Sep/2025:13:53:30 +0530] "GET /wp-content/plugins/jeg-elementor-kit/assets/js/elements/mailchimp.js?ver=2.6.14 HTTP/1.1" 200 900 "https://indianindustrialworks.myycard.in/" "Mozilla/5.0 (Linux; Android 10; K) AppleWebKit/537.36 (KHTML, like Gecko) Chrome/138.0.0.0 Mobile Safari/537.36 (compatible; Google-Read-Aloud; +https://support.google.com/webmasters/answer/1061943)"
66.249.83.37 - - [19/Sep/2025:13:53:30 +0530] "GET /wp-content/plugins/click-to-chat-for-whatsapp/new/inc/assets/js/app.js?ver=4.28 HTTP/1.1" 200 3359 "https://indianindustrialworks.myycard.in/" "Mozilla/5.0 (Linux; Android 10; K) AppleWebKit/537.36 (KHTML, like Gecko) Chrome/138.0.0.0 Mobile Safari/537.36 (compatible; Google-Read-Aloud; +https://support.google.com/webmasters/answer/1061943)"
66.249.83.9 - - [19/Sep/2025:13:53:30 +0530] "GET /wp-includes/js/dist/hooks.min.js?ver=4d63a3d491d11ffd8ac6 HTTP/1.1" 200 1571 "https://indianindustrialworks.myycard.in/" "Mozilla/5.0 (Linux; Android 10; K) AppleWebKit/537.36 (KHTML, like Gecko) Chrome/138.0.0.0 Mobile Safari/537.36 (compatible; Google-Read-Aloud; +https://support.google.com/webmasters/answer/1061943)"
66.249.83.130 - - [19/Sep/2025:13:53:30 +0530] "GET /wp-content/plugins/elementor-pro/assets/js/elements-handlers.min.js?ver=3.26.3 HTTP/1.1" 200 10180 "https://indianindustrialworks.myycard.in/" "Mozilla/5.0 (Linux; Android 10; K) AppleWebKit/537.36 (KHTML, like Gecko) Chrome/138.0.0.0 Mobile Safari/537.36 (compatible; Google-Read-Aloud; +https://support.google.com/webmasters/answer/1061943)"
66.249.83.65 - - [19/Sep/2025:13:53:31 +0530] "GET /wp-content/plugins/master-addons/assets/fonts/iconic-fonts/iconic-font.woff HTTP/1.1" 200 34588 "https://indianindustrialworks.myycard.in/wp-content/plugins/master-addons/assets/fonts/iconic-fonts/iconic-font.min.css?ver=2.0.9.6" "Mozilla/5.0 (Linux; Android 10; K) AppleWebKit/537.36 (KHTML, like Gecko) Chrome/138.0.0.0 Mobile Safari/537.36 (compatible; Google-Read-Aloud; +https://support.google.com/webmasters/answer/1061943)"
66.249.83.129 - - [19/Sep/2025:13:53:31 +0530] "GET /wp-content/plugins/jeg-elementor-kit/assets/js/elements/fun-fact.js?ver=2.6.14 HTTP/1.1" 200 848 "https://indianindustrialworks.myycard.in/" "Mozilla/5.0 (Linux; Android 10; K) AppleWebKit/537.36 (KHTML, like Gecko) Chrome/138.0.0.0 Mobile Safari/537.36 (compatible; Google-Read-Aloud; +https://support.google.com/webmasters/answer/1061943)"
66.249.83.1 - - [19/Sep/2025:13:53:31 +0530] "GET /wp-content/plugins/master-addons/assets/fonts/material-icons/material-icons.ttf HTTP/1.1" 200 72501 "https://indianindustrialworks.myycard.in/wp-content/plugins/master-addons/assets/fonts/material-icons/material-icons.css?ver=2.0.9.6" "Mozilla/5.0 (Linux; Android 10; K) AppleWebKit/537.36 (KHTML, like Gecko) Chrome/138.0.0.0 Mobile Safari/537.36 (compatible; Google-Read-Aloud; +https://support.google.com/webmasters/answer/1061943)"
66.249.83.130 - - [19/Sep/2025:13:53:31 +0530] "GET /wp-content/plugins/master-addons/assets/fonts/iconic-fonts/iconic-font.woff2 HTTP/1.1" 200 29080 "https://indianindustrialworks.myycard.in/wp-content/plugins/master-addons/assets/fonts/iconic-fonts/iconic-font.min.css?ver=2.0.9.6" "Mozilla/5.0 (Linux; Android 10; K) AppleWebKit/537.36 (KHTML, like Gecko) Chrome/138.0.0.0 Mobile Safari/537.36 (compatible; Google-Read-Aloud; +https://support.google.com/webmasters/answer/1061943)"
103.212.120.166 - - [19/Sep/2025:13:54:27 +0530] "POST /wp-cron.php?doing_wp_cron=1758270267.8591830730438232421875 HTTP/1.1" 403 1242 "-" "WordPress/6.8.2; https://indianindustrialworks.myycard.in"
163.53.179.32 - - [19/Sep/2025:13:54:27 +0530] "GET /index.php/wp-json/elementor/v1/checklist/user-progress HTTP/2" 200 204 "https://indianindustrialworks.myycard.in/wp-admin/post.php?post=17&action=elementor" "Mozilla/5.0 (Windows NT 10.0; Win64; x64) AppleWebKit/537.36 (KHTML, like Gecko) Chrome/140.0.0.0 Safari/537.36"
103.212.120.166 - - [19/Sep/2025:13:54:27 +0530] "POST /wp-cron.php?doing_wp_cron=1758270267.9207630157470703125000 HTTP/1.1" 403 1242 "-" "WordPress/6.8.2; https://indianindustrialworks.myycard.in"
163.53.179.32 - - [19/Sep/2025:13:54:27 +0530] "POST /wp-admin/admin-ajax.php HTTP/2" 200 96 "https://indianindustrialworks.myycard.in/wp-admin/post.php?post=17&action=elementor" "Mozilla/5.0 (Windows NT 10.0; Win64; x64) AppleWebKit/537.36 (KHTML, like Gecko) Chrome/140.0.0.0 Safari/537.36"
163.53.179.32 - - [19/Sep/2025:13:54:33 +0530] "POST /wp-admin/admin-ajax.php HTTP/2" 200 637 "https://indianindustrialworks.myycard.in/wp-admin/post.php?post=17&action=elementor" "Mozilla/5.0 (Windows NT 10.0; Win64; x64) AppleWebKit/537.36 (KHTML, like Gecko) Chrome/140.0.0.0 Safari/537.36"
163.53.179.32 - - [19/Sep/2025:13:54:33 +0530] "POST /wp-admin/admin-ajax.php HTTP/2" 200 640 "https://indianindustrialworks.myycard.in/wp-admin/post.php?post=17&action=elementor" "Mozilla/5.0 (Windows NT 10.0; Win64; x64) AppleWebKit/537.36 (KHTML, like Gecko) Chrome/140.0.0.0 Safari/537.36"
163.53.179.32 - - [19/Sep/2025:13:54:33 +0530] "POST /wp-admin/admin-ajax.php HTTP/2" 200 628 "https://indianindustrialworks.myycard.in/wp-admin/post.php?post=17&action=elementor" "Mozilla/5.0 (Windows NT 10.0; Win64; x64) AppleWebKit/537.36 (KHTML, like Gecko) Chrome/140.0.0.0 Safari/537.36"
163.53.179.32 - - [19/Sep/2025:13:54:34 +0530] "GET /index.php/wp-json/elementor/v1/checklist/user-progress HTTP/2" 200 204 "https://indianindustrialworks.myycard.in/wp-admin/post.php?post=17&action=elementor" "Mozilla/5.0 (Windows NT 10.0; Win64; x64) AppleWebKit/537.36 (KHTML, like Gecko) Chrome/140.0.0.0 Safari/537.36"
163.53.179.32 - - [19/Sep/2025:13:54:42 +0530] "POST /wp-admin/admin-ajax.php HTTP/2" 200 96 "https://indianindustrialworks.myycard.in/wp-admin/post.php?post=17&action=elementor" "Mozilla/5.0 (Windows NT 10.0; Win64; x64) AppleWebKit/537.36 (KHTML, like Gecko) Chrome/140.0.0.0 Safari/537.36"
163.53.179.32 - - [19/Sep/2025:13:54:45 +0530] "GET /wp-content/uploads/2025/09/b61a4e19-b2df-4686-84d6-a38965fd4644.jpg HTTP/2" 200 100577 "https://indianindustrialworks.myycard.in/wp-admin/post.php?post=17&action=elementor" "Mozilla/5.0 (Windows NT 10.0; Win64; x64) AppleWebKit/537.36 (KHTML, like Gecko) Chrome/140.0.0.0 Safari/537.36"
163.53.179.32 - - [19/Sep/2025:13:54:45 +0530] "POST /wp-admin/admin-ajax.php HTTP/2" 200 675 "https://indianindustrialworks.myycard.in/wp-admin/post.php?post=17&action=elementor" "Mozilla/5.0 (Windows NT 10.0; Win64; x64) AppleWebKit/537.36 (KHTML, like Gecko) Chrome/140.0.0.0 Safari/537.36"
163.53.179.32 - - [19/Sep/2025:13:54:57 +0530] "POST /wp-admin/admin-ajax.php HTTP/2" 200 96 "https://indianindustrialworks.myycard.in/wp-admin/post.php?post=17&action=elementor" "Mozilla/5.0 (Windows NT 10.0; Win64; x64) AppleWebKit/537.36 (KHTML, like Gecko) Chrome/140.0.0.0 Safari/537.36"
163.53.179.32 - - [19/Sep/2025:13:55:00 +0530] "POST /wp-admin/admin-ajax.php HTTP/2" 200 633 "https://indianindustrialworks.myycard.in/wp-admin/post.php?post=17&action=elementor" "Mozilla/5.0 (Windows NT 10.0; Win64; x64) AppleWebKit/537.36 (KHTML, like Gecko) Chrome/140.0.0.0 Safari/537.36"
163.53.179.32 - - [19/Sep/2025:13:55:02 +0530] "POST /wp-admin/admin-ajax.php HTTP/2" 200 636 "https://indianindustrialworks.myycard.in/wp-admin/post.php?post=17&action=elementor" "Mozilla/5.0 (Windows NT 10.0; Win64; x64) AppleWebKit/537.36 (KHTML, like Gecko) Chrome/140.0.0.0 Safari/537.36"
163.53.179.32 - - [19/Sep/2025:13:55:03 +0530] "POST /wp-admin/admin-ajax.php HTTP/2" 200 633 "https://indianindustrialworks.myycard.in/wp-admin/post.php?post=17&action=elementor" "Mozilla/5.0 (Windows NT 10.0; Win64; x64) AppleWebKit/537.36 (KHTML, like Gecko) Chrome/140.0.0.0 Safari/537.36"
163.53.179.32 - - [19/Sep/2025:13:55:06 +0530] "POST /wp-admin/admin-ajax.php HTTP/2" 200 9578 "https://indianindustrialworks.myycard.in/wp-admin/post.php?post=17&action=elementor" "Mozilla/5.0 (Windows NT 10.0; Win64; x64) AppleWebKit/537.36 (KHTML, like Gecko) Chrome/140.0.0.0 Safari/537.36"
163.53.179.32 - - [19/Sep/2025:13:55:06 +0530] "POST /wp-admin/admin-ajax.php HTTP/2" 200 9578 "https://indianindustrialworks.myycard.in/wp-admin/post.php?post=17&action=elementor" "Mozilla/5.0 (Windows NT 10.0; Win64; x64) AppleWebKit/537.36 (KHTML, like Gecko) Chrome/140.0.0.0 Safari/537.36"
163.53.179.32 - - [19/Sep/2025:13:55:11 +0530] "POST /wp-admin/async-upload.php HTTP/2" 200 679 "https://indianindustrialworks.myycard.in/wp-admin/post.php?post=17&action=elementor" "Mozilla/5.0 (Windows NT 10.0; Win64; x64) AppleWebKit/537.36 (KHTML, like Gecko) Chrome/140.0.0.0 Safari/537.36"
163.53.179.32 - - [19/Sep/2025:13:55:12 +0530] "GET /wp-content/uploads/2025/09/WhatsApp-Image-2025-09-19-at-13.47.58-1-225x300.jpeg HTTP/2" 200 10864 "https://indianindustrialworks.myycard.in/wp-admin/post.php?post=17&action=elementor" "Mozilla/5.0 (Windows NT 10.0; Win64; x64) AppleWebKit/537.36 (KHTML, like Gecko) Chrome/140.0.0.0 Safari/537.36"
163.53.179.32 - - [19/Sep/2025:13:55:12 +0530] "POST /wp-admin/admin-ajax.php HTTP/2" 200 96 "https://indianindustrialworks.myycard.in/wp-admin/post.php?post=17&action=elementor" "Mozilla/5.0 (Windows NT 10.0; Win64; x64) AppleWebKit/537.36 (KHTML, like Gecko) Chrome/140.0.0.0 Safari/537.36"
163.53.179.32 - - [19/Sep/2025:13:55:13 +0530] "GET /wp-content/uploads/2025/09/WhatsApp-Image-2025-09-19-at-13.47.58-1.jpeg HTTP/2" 200 55859 "https://indianindustrialworks.myycard.in/wp-admin/post.php?post=17&action=elementor" "Mozilla/5.0 (Windows NT 10.0; Win64; x64) AppleWebKit/537.36 (KHTML, like Gecko) Chrome/140.0.0.0 Safari/537.36"
163.53.179.32 - - [19/Sep/2025:13:55:13 +0530] "POST /wp-admin/admin-ajax.php HTTP/2" 200 679 "https://indianindustrialworks.myycard.in/wp-admin/post.php?post=17&action=elementor" "Mozilla/5.0 (Windows NT 10.0; Win64; x64) AppleWebKit/537.36 (KHTML, like Gecko) Chrome/140.0.0.0 Safari/537.36"
163.53.179.32 - - [19/Sep/2025:13:55:13 +0530] "POST /wp-admin/admin-ajax.php HTTP/2" 200 620 "https://indianindustrialworks.myycard.in/wp-admin/post.php?post=17&action=elementor" "Mozilla/5.0 (Windows NT 10.0; Win64; x64) AppleWebKit/537.36 (KHTML, like Gecko) Chrome/140.0.0.0 Safari/537.36"
103.212.120.166 - - [19/Sep/2025:13:55:28 +0530] "POST /wp-cron.php?doing_wp_cron=1758270328.6511719226837158203125 HTTP/1.1" 403 1242 "-" "WordPress/6.8.2; https://indianindustrialworks.myycard.in"
163.53.179.32 - - [19/Sep/2025:13:55:28 +0530] "POST /wp-admin/admin-ajax.php HTTP/2" 200 96 "https://indianindustrialworks.myycard.in/wp-admin/post.php?post=17&action=elementor" "Mozilla/5.0 (Windows NT 10.0; Win64; x64) AppleWebKit/537.36 (KHTML, like Gecko) Chrome/140.0.0.0 Safari/537.36"
163.53.179.32 - - [19/Sep/2025:13:55:40 +0530] "GET /index.php/wp-json/elementor/v1/checklist/user-progress HTTP/2" 200 204 "https://indianindustrialworks.myycard.in/wp-admin/post.php?post=17&action=elementor" "Mozilla/5.0 (Windows NT 10.0; Win64; x64) AppleWebKit/537.36 (KHTML, like Gecko) Chrome/140.0.0.0 Safari/537.36"
163.53.179.32 - - [19/Sep/2025:13:55:42 +0530] "POST /wp-admin/admin-ajax.php HTTP/2" 200 667 "https://indianindustrialworks.myycard.in/wp-admin/post.php?post=17&action=elementor" "Mozilla/5.0 (Windows NT 10.0; Win64; x64) AppleWebKit/537.36 (KHTML, like Gecko) Chrome/140.0.0.0 Safari/537.36"
163.53.179.32 - - [19/Sep/2025:13:55:43 +0530] "POST /wp-admin/admin-ajax.php HTTP/2" 200 96 "https://indianindustrialworks.myycard.in/wp-admin/post.php?post=17&action=elementor" "Mozilla/5.0 (Windows NT 10.0; Win64; x64) AppleWebKit/537.36 (KHTML, like Gecko) Chrome/140.0.0.0 Safari/537.36"
66.249.83.38 - - [19/Sep/2025:13:53:31 +0530] "GET /wp-includes/js/wp-emoji-release.min.js?ver=6.8.2 HTTP/1.1" 200 4769 "https://indianindustrialworks.myycard.in/" "Mozilla/5.0 (Linux; Android 10; K) AppleWebKit/537.36 (KHTML, like Gecko) Chrome/138.0.0.0 Mobile Safari/537.36 (compatible; Google-Read-Aloud; +https://support.google.com/webmasters/answer/1061943)"
66.249.83.131 - - [19/Sep/2025:13:53:33 +0530] "GET /wp-content/plugins/elementor/assets/js/shared-frontend-handlers.4c8abccc3e268b0767b2.bundle.min.js HTTP/1.1" 200 2542 "https://indianindustrialworks.myycard.in/" "Mozilla/5.0 (Linux; Android 10; K) AppleWebKit/537.36 (KHTML, like Gecko) Chrome/138.0.0.0 Mobile Safari/537.36 (compatible; Google-Read-Aloud; +https://support.google.com/webmasters/answer/1061943)"
66.249.83.66 - - [19/Sep/2025:13:53:33 +0530] "GET /wp-content/plugins/elementor/assets/js/text-editor.abc8f59c62f2820dc25a.bundle.min.js HTTP/1.1" 200 618 "https://indianindustrialworks.myycard.in/" "Mozilla/5.0 (Linux; Android 10; K) AppleWebKit/537.36 (KHTML, like Gecko) Chrome/138.0.0.0 Mobile Safari/537.36 (compatible; Google-Read-Aloud; +https://support.google.com/webmasters/answer/1061943)"
163.53.179.32 - - [19/Sep/2025:13:55:45 +0530] "GET /index.php/wp-json/elementor/v1/checklist/user-progress HTTP/2" 200 204 "https://indianindustrialworks.myycard.in/wp-admin/post.php?post=17&action=elementor" "Mozilla/5.0 (Windows NT 10.0; Win64; x64) AppleWebKit/537.36 (KHTML, like Gecko) Chrome/140.0.0.0 Safari/537.36"
163.53.179.32 - - [19/Sep/2025:13:55:46 +0530] "POST /wp-admin/admin-ajax.php HTTP/2" 200 685 "https://indianindustrialworks.myycard.in/wp-admin/post.php?post=17&action=elementor" "Mozilla/5.0 (Windows NT 10.0; Win64; x64) AppleWebKit/537.36 (KHTML, like Gecko) Chrome/140.0.0.0 Safari/537.36"
163.53.179.32 - - [19/Sep/2025:13:55:47 +0530] "GET /index.php/wp-json/elementor/v1/checklist/user-progress HTTP/2" 200 204 "https://indianindustrialworks.myycard.in/wp-admin/post.php?post=17&action=elementor" "Mozilla/5.0 (Windows NT 10.0; Win64; x64) AppleWebKit/537.36 (KHTML, like Gecko) Chrome/140.0.0.0 Safari/537.36"
163.53.179.32 - - [19/Sep/2025:13:55:50 +0530] "GET /wp-content/uploads/elementor/css/post-17.css?ver=1758270350 HTTP/2" 200 7840 "https://indianindustrialworks.myycard.in/" "Mozilla/5.0 (Windows NT 10.0; Win64; x64) AppleWebKit/537.36 (KHTML, like Gecko) Chrome/140.0.0.0 Safari/537.36"
163.53.179.32 - - [19/Sep/2025:13:55:49 +0530] "GET / HTTP/2" 200 28840 "-" "Mozilla/5.0 (Windows NT 10.0; Win64; x64) AppleWebKit/537.36 (KHTML, like Gecko) Chrome/140.0.0.0 Safari/537.36"
163.53.179.32 - - [19/Sep/2025:13:55:59 +0530] "POST /wp-admin/admin-ajax.php HTTP/2" 200 96 "https://indianindustrialworks.myycard.in/wp-admin/post.php?post=17&action=elementor" "Mozilla/5.0 (Windows NT 10.0; Win64; x64) AppleWebKit/537.36 (KHTML, like Gecko) Chrome/140.0.0.0 Safari/537.36"
103.212.120.166 - - [19/Sep/2025:13:56:34 +0530] "POST /wp-cron.php?doing_wp_cron=1758270394.7890129089355468750000 HTTP/1.1" 403 1242 "-" "WordPress/6.8.2; https://indianindustrialworks.myycard.in"
103.212.120.166 - - [19/Sep/2025:13:56:34 +0530] "POST /wp-cron.php?doing_wp_cron=1758270394.8123090267181396484375 HTTP/1.1" 403 1242 "-" "WordPress/6.8.2; https://indianindustrialworks.myycard.in"
163.53.179.32 - - [19/Sep/2025:13:56:34 +0530] "POST /wp-admin/admin-ajax.php HTTP/2" 200 96 "https://indianindustrialworks.myycard.in/wp-admin/post.php?post=17&action=elementor" "Mozilla/5.0 (Windows NT 10.0; Win64; x64) AppleWebKit/537.36 (KHTML, like Gecko) Chrome/140.0.0.0 Safari/537.36"
163.53.179.32 - - [19/Sep/2025:13:56:34 +0530] "GET /index.php/wp-json/elementor/v1/checklist/user-progress HTTP/2" 200 204 "https://indianindustrialworks.myycard.in/wp-admin/post.php?post=17&action=elementor" "Mozilla/5.0 (Windows NT 10.0; Win64; x64) AppleWebKit/537.36 (KHTML, like Gecko) Chrome/140.0.0.0 Safari/537.36"
103.212.120.166 - - [19/Sep/2025:13:58:35 +0530] "POST /wp-cron.php?doing_wp_cron=1758270515.7086288928985595703125 HTTP/1.1" 403 1242 "-" "WordPress/6.8.2; https://indianindustrialworks.myycard.in"
163.53.179.32 - - [19/Sep/2025:13:58:35 +0530] "POST /wp-admin/admin-ajax.php HTTP/2" 200 96 "https://indianindustrialworks.myycard.in/wp-admin/post.php?post=17&action=elementor" "Mozilla/5.0 (Windows NT 10.0; Win64; x64) AppleWebKit/537.36 (KHTML, like Gecko) Chrome/140.0.0.0 Safari/537.36"
163.53.179.32 - - [19/Sep/2025:13:58:48 +0530] "GET /index.php/wp-json/elementor/v1/checklist/user-progress HTTP/2" 200 204 "https://indianindustrialworks.myycard.in/wp-admin/post.php?post=17&action=elementor" "Mozilla/5.0 (Windows NT 10.0; Win64; x64) AppleWebKit/537.36 (KHTML, like Gecko) Chrome/140.0.0.0 Safari/537.36"
163.53.179.32 - - [19/Sep/2025:13:58:50 +0530] "POST /wp-admin/admin-ajax.php HTTP/3" 200 96 "https://indianindustrialworks.myycard.in/wp-admin/post.php?post=17&action=elementor" "Mozilla/5.0 (Windows NT 10.0; Win64; x64) AppleWebKit/537.36 (KHTML, like Gecko) Chrome/140.0.0.0 Safari/537.36"
163.53.179.32 - - [19/Sep/2025:13:58:54 +0530] "POST /wp-admin/admin-ajax.php HTTP/3" 200 639 "https://indianindustrialworks.myycard.in/wp-admin/post.php?post=17&action=elementor" "Mozilla/5.0 (Windows NT 10.0; Win64; x64) AppleWebKit/537.36 (KHTML, like Gecko) Chrome/140.0.0.0 Safari/537.36"
163.53.179.32 - - [19/Sep/2025:13:58:54 +0530] "POST /wp-admin/admin-ajax.php HTTP/3" 200 9693 "https://indianindustrialworks.myycard.in/wp-admin/post.php?post=17&action=elementor" "Mozilla/5.0 (Windows NT 10.0; Win64; x64) AppleWebKit/537.36 (KHTML, like Gecko) Chrome/140.0.0.0 Safari/537.36"
163.53.179.32 - - [19/Sep/2025:13:58:54 +0530] "POST /wp-admin/admin-ajax.php HTTP/3" 200 9693 "https://indianindustrialworks.myycard.in/wp-admin/post.php?post=17&action=elementor" "Mozilla/5.0 (Windows NT 10.0; Win64; x64) AppleWebKit/537.36 (KHTML, like Gecko) Chrome/140.0.0.0 Safari/537.36"
163.53.179.32 - - [19/Sep/2025:13:58:58 +0530] "POST /wp-admin/async-upload.php HTTP/3" 200 663 "https://indianindustrialworks.myycard.in/wp-admin/post.php?post=17&action=elementor" "Mozilla/5.0 (Windows NT 10.0; Win64; x64) AppleWebKit/537.36 (KHTML, like Gecko) Chrome/140.0.0.0 Safari/537.36"
163.53.179.32 - - [19/Sep/2025:13:59:00 +0530] "GET /wp-content/uploads/2025/09/WhatsApp-Image-2025-09-19-at-13.48.49-300x200.jpeg HTTP/3" 200 12270 "https://indianindustrialworks.myycard.in/wp-admin/post.php?post=17&action=elementor" "Mozilla/5.0 (Windows NT 10.0; Win64; x64) AppleWebKit/537.36 (KHTML, like Gecko) Chrome/140.0.0.0 Safari/537.36"
163.53.179.32 - - [19/Sep/2025:13:59:00 +0530] "GET /wp-content/uploads/2025/09/WhatsApp-Image-2025-09-19-at-13.48.49.jpeg HTTP/3" 200 44130 "https://indianindustrialworks.myycard.in/wp-admin/post.php?post=17&action=elementor" "Mozilla/5.0 (Windows NT 10.0; Win64; x64) AppleWebKit/537.36 (KHTML, like Gecko) Chrome/140.0.0.0 Safari/537.36"
163.53.179.32 - - [19/Sep/2025:13:59:00 +0530] "GET /index.php/wp-json/elementor/v1/checklist/user-progress HTTP/3" 200 204 "https://indianindustrialworks.myycard.in/wp-admin/post.php?post=17&action=elementor" "Mozilla/5.0 (Windows NT 10.0; Win64; x64) AppleWebKit/537.36 (KHTML, like Gecko) Chrome/140.0.0.0 Safari/537.36"
163.53.179.32 - - [19/Sep/2025:13:59:00 +0530] "POST /wp-admin/admin-ajax.php HTTP/3" 200 663 "https://indianindustrialworks.myycard.in/wp-admin/post.php?post=17&action=elementor" "Mozilla/5.0 (Windows NT 10.0; Win64; x64) AppleWebKit/537.36 (KHTML, like Gecko) Chrome/140.0.0.0 Safari/537.36"
163.53.179.32 - - [19/Sep/2025:13:59:00 +0530] "POST /wp-admin/admin-ajax.php HTTP/3" 200 623 "https://indianindustrialworks.myycard.in/wp-admin/post.php?post=17&action=elementor" "Mozilla/5.0 (Windows NT 10.0; Win64; x64) AppleWebKit/537.36 (KHTML, like Gecko) Chrome/140.0.0.0 Safari/537.36"
163.53.179.32 - - [19/Sep/2025:13:59:02 +0530] "GET /index.php/wp-json/elementor/v1/checklist/user-progress HTTP/3" 200 204 "https://indianindustrialworks.myycard.in/wp-admin/post.php?post=17&action=elementor" "Mozilla/5.0 (Windows NT 10.0; Win64; x64) AppleWebKit/537.36 (KHTML, like Gecko) Chrome/140.0.0.0 Safari/537.36"
163.53.179.32 - - [19/Sep/2025:13:59:02 +0530] "POST /wp-admin/admin-ajax.php HTTP/3" 200 684 "https://indianindustrialworks.myycard.in/wp-admin/post.php?post=17&action=elementor" "Mozilla/5.0 (Windows NT 10.0; Win64; x64) AppleWebKit/537.36 (KHTML, like Gecko) Chrome/140.0.0.0 Safari/537.36"
163.53.179.32 - - [19/Sep/2025:13:59:04 +0530] "GET /index.php/wp-json/elementor/v1/checklist/user-progress HTTP/3" 200 204 "https://indianindustrialworks.myycard.in/wp-admin/post.php?post=17&action=elementor" "Mozilla/5.0 (Windows NT 10.0; Win64; x64) AppleWebKit/537.36 (KHTML, like Gecko) Chrome/140.0.0.0 Safari/537.36"
163.53.179.32 - - [19/Sep/2025:13:59:08 +0530] "POST /wp-admin/admin-ajax.php HTTP/3" 200 96 "https://indianindustrialworks.myycard.in/wp-admin/post.php?post=17&action=elementor" "Mozilla/5.0 (Windows NT 10.0; Win64; x64) AppleWebKit/537.36 (KHTML, like Gecko) Chrome/140.0.0.0 Safari/537.36"
163.53.179.32 - - [19/Sep/2025:13:59:08 +0530] "GET / HTTP/3" 200 28822 "-" "Mozilla/5.0 (Windows NT 10.0; Win64; x64) AppleWebKit/537.36 (KHTML, like Gecko) Chrome/140.0.0.0 Safari/537.36"
163.53.179.32 - - [19/Sep/2025:13:59:09 +0530] "GET /index.php/wp-json/elementor/v1/checklist/user-progress HTTP/3" 200 204 "https://indianindustrialworks.myycard.in/wp-admin/post.php?post=17&action=elementor" "Mozilla/5.0 (Windows NT 10.0; Win64; x64) AppleWebKit/537.36 (KHTML, like Gecko) Chrome/140.0.0.0 Safari/537.36"
163.53.179.32 - - [19/Sep/2025:13:59:10 +0530] "GET /wp-content/uploads/elementor/css/post-17.css?ver=1758270549 HTTP/3" 200 6459 "https://indianindustrialworks.myycard.in/" "Mozilla/5.0 (Windows NT 10.0; Win64; x64) AppleWebKit/537.36 (KHTML, like Gecko) Chrome/140.0.0.0 Safari/537.36"
163.53.179.32 - - [19/Sep/2025:13:59:18 +0530] "GET /index.php/about-us/ HTTP/3" 200 23094 "https://indianindustrialworks.myycard.in/" "Mozilla/5.0 (Windows NT 10.0; Win64; x64) AppleWebKit/537.36 (KHTML, like Gecko) Chrome/140.0.0.0 Safari/537.36"
163.53.179.32 - - [19/Sep/2025:13:59:20 +0530] "GET /wp-content/uploads/elementor/css/post-20.css?ver=1758178271 HTTP/3" 200 3250 "https://indianindustrialworks.myycard.in/index.php/about-us/" "Mozilla/5.0 (Windows NT 10.0; Win64; x64) AppleWebKit/537.36 (KHTML, like Gecko) Chrome/140.0.0.0 Safari/537.36"
163.53.179.32 - - [19/Sep/2025:13:59:21 +0530] "POST /wp-admin/admin-ajax.php HTTP/3" 200 96 "https://indianindustrialworks.myycard.in/wp-admin/post.php?post=17&action=elementor" "Mozilla/5.0 (Windows NT 10.0; Win64; x64) AppleWebKit/537.36 (KHTML, like Gecko) Chrome/140.0.0.0 Safari/537.36"
163.53.179.32 - - [19/Sep/2025:13:59:22 +0530] "GET /wp-content/plugins/master-addons/assets/fonts/simple-line-icons/Simple-Line-Icons.woff2?v=2.4.0 HTTP/3" 200 30064 "https://indianindustrialworks.myycard.in/wp-content/plugins/master-addons/assets/fonts/simple-line-icons/simple-line-icons.css?ver=2.0.9.6" "Mozilla/5.0 (Windows NT 10.0; Win64; x64) AppleWebKit/537.36 (KHTML, like Gecko) Chrome/140.0.0.0 Safari/537.36"
163.53.179.32 - - [19/Sep/2025:13:59:22 +0530] "GET /wp-content/uploads/2025/09/creative-living-room-interior-composition.jpg HTTP/3" 200 358828 "https://indianindustrialworks.myycard.in/wp-content/uploads/elementor/css/post-20.css?ver=1758178271" "Mozilla/5.0 (Windows NT 10.0; Win64; x64) AppleWebKit/537.36 (KHTML, like Gecko) Chrome/140.0.0.0 Safari/537.36"
103.212.120.166 - - [19/Sep/2025:13:59:57 +0530] "POST /wp-cron.php?doing_wp_cron=1758270597.5659639835357666015625 HTTP/1.1" 403 1242 "-" "WordPress/6.8.2; https://indianindustrialworks.myycard.in"
163.53.179.32 - - [19/Sep/2025:13:59:57 +0530] "GET /index.php/wp-json/elementor/v1/checklist/user-progress HTTP/3" 200 204 "https://indianindustrialworks.myycard.in/wp-admin/post.php?post=17&action=elementor" "Mozilla/5.0 (Windows NT 10.0; Win64; x64) AppleWebKit/537.36 (KHTML, like Gecko) Chrome/140.0.0.0 Safari/537.36"
103.212.120.166 - - [19/Sep/2025:13:59:57 +0530] "POST /wp-cron.php?doing_wp_cron=1758270597.6157560348510742187500 HTTP/1.1" 403 1242 "-" "WordPress/6.8.2; https://indianindustrialworks.myycard.in"
163.53.179.32 - - [19/Sep/2025:13:59:57 +0530] "POST /wp-admin/admin-ajax.php HTTP/3" 200 96 "https://indianindustrialworks.myycard.in/wp-admin/post.php?post=17&action=elementor" "Mozilla/5.0 (Windows NT 10.0; Win64; x64) AppleWebKit/537.36 (KHTML, like Gecko) Chrome/140.0.0.0 Safari/537.36"
163.53.179.32 - - [19/Sep/2025:14:00:12 +0530] "POST /wp-admin/admin-ajax.php HTTP/3" 200 96 "https://indianindustrialworks.myycard.in/wp-admin/post.php?post=17&action=elementor" "Mozilla/5.0 (Windows NT 10.0; Win64; x64) AppleWebKit/537.36 (KHTML, like Gecko) Chrome/140.0.0.0 Safari/537.36"
103.212.120.166 - - [19/Sep/2025:14:02:13 +0530] "POST /wp-cron.php?doing_wp_cron=1758270733.6716380119323730468750 HTTP/1.1" 403 1242 "-" "WordPress/6.8.2; https://indianindustrialworks.myycard.in"
163.53.179.32 - - [19/Sep/2025:14:02:13 +0530] "POST /wp-admin/admin-ajax.php HTTP/3" 200 96 "https://indianindustrialworks.myycard.in/wp-admin/post.php?post=17&action=elementor" "Mozilla/5.0 (Windows NT 10.0; Win64; x64) AppleWebKit/537.36 (KHTML, like Gecko) Chrome/140.0.0.0 Safari/537.36"
103.212.120.166 - - [19/Sep/2025:14:04:14 +0530] "POST /wp-cron.php?doing_wp_cron=1758270854.7164800167083740234375 HTTP/1.1" 403 1242 "-" "WordPress/6.8.2; https://indianindustrialworks.myycard.in"
163.53.179.32 - - [19/Sep/2025:14:04:14 +0530] "POST /wp-admin/admin-ajax.php HTTP/3" 200 96 "https://indianindustrialworks.myycard.in/wp-admin/post.php?post=17&action=elementor" "Mozilla/5.0 (Windows NT 10.0; Win64; x64) AppleWebKit/537.36 (KHTML, like Gecko) Chrome/140.0.0.0 Safari/537.36"
103.241.225.254 - - [19/Sep/2025:14:04:26 +0530] "GET / HTTP/2" 200 23082 "-" "Mozilla/5.0 (Linux; Android 10; K) AppleWebKit/537.36 (KHTML, like Gecko) Chrome/140.0.0.0 Mobile Safari/537.36"
103.241.225.254 - - [19/Sep/2025:14:04:27 +0530] "GET /wp-content/uploads/elementor/css/post-17.css?ver=1758270549 HTTP/2" 200 6459 "https://indianindustrialworks.myycard.in/" "Mozilla/5.0 (Linux; Android 10; K) AppleWebKit/537.36 (KHTML, like Gecko) Chrome/140.0.0.0 Mobile Safari/537.36"
103.241.225.254 - - [19/Sep/2025:14:04:52 +0530] "GET /wp-content/uploads/2025/09/WhatsApp-Image-2025-09-19-at-13.48.49.jpeg HTTP/2" 200 44130 "https://indianindustrialworks.myycard.in/" "Mozilla/5.0 (Linux; Android 10; K) AppleWebKit/537.36 (KHTML, like Gecko) Chrome/140.0.0.0 Mobile Safari/537.36"
103.241.225.254 - - [19/Sep/2025:14:05:00 +0530] "GET /wp-content/uploads/2025/09/WhatsApp-Image-2025-09-19-at-13.47.58-1.jpeg HTTP/2" 200 55859 "https://indianindustrialworks.myycard.in/" "Mozilla/5.0 (Linux; Android 10; K) AppleWebKit/537.36 (KHTML, like Gecko) Chrome/140.0.0.0 Mobile Safari/537.36"
103.212.120.166 - - [19/Sep/2025:14:22:23 +0530] "POST /wp-cron.php?doing_wp_cron=1758271943.7270340919494628906250 HTTP/1.1" 403 1242 "-" "WordPress/6.8.2; https://indianindustrialworks.myycard.in"
106.221.64.94 - - [19/Sep/2025:14:22:23 +0530] "POST /wp-admin/admin-ajax.php HTTP/3" 200 96 "https://indianindustrialworks.myycard.in/wp-admin/post.php?post=17&action=elementor" "Mozilla/5.0 (Windows NT 10.0; Win64; x64) AppleWebKit/537.36 (KHTML, like Gecko) Chrome/140.0.0.0 Safari/537.36"
103.212.120.166 - - [19/Sep/2025:14:24:24 +0530] "POST /wp-cron.php?doing_wp_cron=1758272064.7309670448303222656250 HTTP/1.1" 403 1242 "-" "WordPress/6.8.2; https://indianindustrialworks.myycard.in"
106.221.64.94 - - [19/Sep/2025:14:24:24 +0530] "POST /wp-admin/admin-ajax.php HTTP/3" 200 96 "https://indianindustrialworks.myycard.in/wp-admin/post.php?post=17&action=elementor" "Mozilla/5.0 (Windows NT 10.0; Win64; x64) AppleWebKit/537.36 (KHTML, like Gecko) Chrome/140.0.0.0 Safari/537.36"
106.221.64.94 - - [19/Sep/2025:14:25:20 +0530] "GET /index.php/wp-json/elementor/v1/checklist/user-progress HTTP/2" 200 204 "https://indianindustrialworks.myycard.in/wp-admin/post.php?post=17&action=elementor" "Mozilla/5.0 (Windows NT 10.0; Win64; x64) AppleWebKit/537.36 (KHTML, like Gecko) Chrome/140.0.0.0 Safari/537.36"
106.221.64.94 - - [19/Sep/2025:14:25:20 +0530] "POST /wp-admin/admin-ajax.php HTTP/2" 200 96 "https://indianindustrialworks.myycard.in/wp-admin/post.php?post=17&action=elementor" "Mozilla/5.0 (Windows NT 10.0; Win64; x64) AppleWebKit/537.36 (KHTML, like Gecko) Chrome/140.0.0.0 Safari/537.36"
103.212.120.166 - - [19/Sep/2025:14:25:29 +0530] "POST /wp-cron.php?doing_wp_cron=1758272129.5949230194091796875000 HTTP/1.1" 403 1242 "-" "WordPress/6.8.2; https://indianindustrialworks.myycard.in"
106.221.64.94 - - [19/Sep/2025:14:25:29 +0530] "GET /index.php/wp-json/elementor/v1/checklist/user-progress HTTP/3" 200 204 "https://indianindustrialworks.myycard.in/wp-admin/post.php?post=17&action=elementor" "Mozilla/5.0 (Windows NT 10.0; Win64; x64) AppleWebKit/537.36 (KHTML, like Gecko) Chrome/140.0.0.0 Safari/537.36"
106.221.64.94 - - [19/Sep/2025:14:25:32 +0530] "GET / HTTP/3" 200 28822 "https://indianindustrialworks.myycard.in/index.php/about-us/" "Mozilla/5.0 (Windows NT 10.0; Win64; x64) AppleWebKit/537.36 (KHTML, like Gecko) Chrome/140.0.0.0 Safari/537.36"
106.221.64.94 - - [19/Sep/2025:14:25:36 +0530] "POST /wp-admin/admin-ajax.php HTTP/3" 200 96 "https://indianindustrialworks.myycard.in/wp-admin/post.php?post=17&action=elementor" "Mozilla/5.0 (Windows NT 10.0; Win64; x64) AppleWebKit/537.36 (KHTML, like Gecko) Chrome/140.0.0.0 Safari/537.36"
