163.53.179.32 - - [19/Sep/2025:13:28:43 +0530] "GET /wp-content/uploads/2025/09/my-space-at-the-office-cropped-shot-of-a-handsome-young-businessman-in-the-office--300x300.jpg HTTP/2" 200 14319 "https://indianindustrialworks.myycard.in/wp-admin/post.php?post=205&action=elementor" "Mozilla/5.0 (Windows NT 10.0; Win64; x64) AppleWebKit/537.36 (KHTML, like Gecko) Chrome/140.0.0.0 Safari/537.36"
163.53.179.32 - - [19/Sep/2025:13:28:43 +0530] "GET /wp-content/uploads/2025/09/stylish-wooden-design-in-trendy-scandinavian-apartment-with-white-wall-300x200.jpg HTTP/2" 200 8868 "https://indianindustrialworks.myycard.in/wp-admin/post.php?post=205&action=elementor" "Mozilla/5.0 (Windows NT 10.0; Win64; x64) AppleWebKit/537.36 (KHTML, like Gecko) Chrome/140.0.0.0 Safari/537.36"
163.53.179.32 - - [19/Sep/2025:13:28:43 +0530] "GET /wp-content/uploads/2025/09/stylish-wooden-design-in-trendy-scandinavian-apartment-with-white-wall-1-300x200.jpg HTTP/2" 200 8868 "https://indianindustrialworks.myycard.in/wp-admin/post.php?post=205&action=elementor" "Mozilla/5.0 (Windows NT 10.0; Win64; x64) AppleWebKit/537.36 (KHTML, like Gecko) Chrome/140.0.0.0 Safari/537.36"
163.53.179.32 - - [19/Sep/2025:13:28:43 +0530] "GET /wp-content/uploads/2025/09/beautiful-young-woman-smiling-300x300.jpg HTTP/2" 200 13603 "https://indianindustrialworks.myycard.in/wp-admin/post.php?post=205&action=elementor" "Mozilla/5.0 (Windows NT 10.0; Win64; x64) AppleWebKit/537.36 (KHTML, like Gecko) Chrome/140.0.0.0 Safari/537.36"
163.53.179.32 - - [19/Sep/2025:13:28:43 +0530] "GET /wp-content/uploads/2025/09/open-space-apartment-300x200.jpg HTTP/2" 200 14503 "https://indianindustrialworks.myycard.in/wp-admin/post.php?post=205&action=elementor" "Mozilla/5.0 (Windows NT 10.0; Win64; x64) AppleWebKit/537.36 (KHTML, like Gecko) Chrome/140.0.0.0 Safari/537.36"
163.53.179.32 - - [19/Sep/2025:13:28:43 +0530] "GET /wp-content/uploads/2025/09/warm-bedroom-interior-with-posters-300x200.jpg HTTP/2" 200 14449 "https://indianindustrialworks.myycard.in/wp-admin/post.php?post=205&action=elementor" "Mozilla/5.0 (Windows NT 10.0; Win64; x64) AppleWebKit/537.36 (KHTML, like Gecko) Chrome/140.0.0.0 Safari/537.36"
163.53.179.32 - - [19/Sep/2025:13:28:43 +0530] "GET /wp-content/uploads/2025/09/living-room-interior-2-300x200.jpg HTTP/2" 200 15541 "https://indianindustrialworks.myycard.in/wp-admin/post.php?post=205&action=elementor" "Mozilla/5.0 (Windows NT 10.0; Win64; x64) AppleWebKit/537.36 (KHTML, like Gecko) Chrome/140.0.0.0 Safari/537.36"
163.53.179.32 - - [19/Sep/2025:13:28:43 +0530] "GET /wp-content/uploads/2025/09/business-woman-sitting-at-table-and-smiling-in-ceramic-workshop-young-businesswoman-at-pottery-300x300.jpg HTTP/2" 200 15608 "https://indianindustrialworks.myycard.in/wp-admin/post.php?post=205&action=elementor" "Mozilla/5.0 (Windows NT 10.0; Win64; x64) AppleWebKit/537.36 (KHTML, like Gecko) Chrome/140.0.0.0 Safari/537.36"
163.53.179.32 - - [19/Sep/2025:13:28:43 +0530] "GET /wp-content/uploads/2025/09/calm-and-serene-colors-300x225.jpg HTTP/2" 200 10284 "https://indianindustrialworks.myycard.in/wp-admin/post.php?post=205&action=elementor" "Mozilla/5.0 (Windows NT 10.0; Win64; x64) AppleWebKit/537.36 (KHTML, like Gecko) Chrome/140.0.0.0 Safari/537.36"
163.53.179.32 - - [19/Sep/2025:13:28:43 +0530] "GET /wp-content/uploads/2025/09/modern-light-kitchen-interior-with-dining-area-near-window-wooden-concept-3d-rendering-300x188.jpg HTTP/2" 200 10590 "https://indianindustrialworks.myycard.in/wp-admin/post.php?post=205&action=elementor" "Mozilla/5.0 (Windows NT 10.0; Win64; x64) AppleWebKit/537.36 (KHTML, like Gecko) Chrome/140.0.0.0 Safari/537.36"
163.53.179.32 - - [19/Sep/2025:13:28:43 +0530] "GET /wp-content/uploads/2025/09/modern-minimalist-apartment-interior-in-scandinavian-style-ad-and-mockup-300x200.jpg HTTP/2" 200 11336 "https://indianindustrialworks.myycard.in/wp-admin/post.php?post=205&action=elementor" "Mozilla/5.0 (Windows NT 10.0; Win64; x64) AppleWebKit/537.36 (KHTML, like Gecko) Chrome/140.0.0.0 Safari/537.36"
163.53.179.32 - - [19/Sep/2025:13:28:43 +0530] "GET /wp-content/uploads/2025/09/asian-business-woman-working-in-laptop-on-sofa-japanese-businesswoman-work-at-home-300x300.jpg HTTP/2" 200 12936 "https://indianindustrialworks.myycard.in/wp-admin/post.php?post=205&action=elementor" "Mozilla/5.0 (Windows NT 10.0; Win64; x64) AppleWebKit/537.36 (KHTML, like Gecko) Chrome/140.0.0.0 Safari/537.36"
163.53.179.32 - - [19/Sep/2025:13:28:43 +0530] "GET /wp-content/uploads/2025/09/modern-bedroom-interior-300x200.jpg HTTP/2" 200 13299 "https://indianindustrialworks.myycard.in/wp-admin/post.php?post=205&action=elementor" "Mozilla/5.0 (Windows NT 10.0; Win64; x64) AppleWebKit/537.36 (KHTML, like Gecko) Chrome/140.0.0.0 Safari/537.36"
163.53.179.32 - - [19/Sep/2025:13:28:43 +0530] "GET /wp-content/uploads/2025/09/portrait-of-a-confident-businesswoman-with-curly-hair-on-isolated-background--300x300.jpg HTTP/2" 200 10753 "https://indianindustrialworks.myycard.in/wp-admin/post.php?post=205&action=elementor" "Mozilla/5.0 (Windows NT 10.0; Win64; x64) AppleWebKit/537.36 (KHTML, like Gecko) Chrome/140.0.0.0 Safari/537.36"
163.53.179.32 - - [19/Sep/2025:13:28:43 +0530] "GET /wp-content/uploads/2025/09/Logo-3@2x-300x74.png HTTP/2" 200 10958 "https://indianindustrialworks.myycard.in/wp-admin/post.php?post=205&action=elementor" "Mozilla/5.0 (Windows NT 10.0; Win64; x64) AppleWebKit/537.36 (KHTML, like Gecko) Chrome/140.0.0.0 Safari/537.36"
163.53.179.32 - - [19/Sep/2025:13:28:43 +0530] "GET /wp-content/uploads/2025/09/Logo-1@2x-300x72.png HTTP/2" 200 6462 "https://indianindustrialworks.myycard.in/wp-admin/post.php?post=205&action=elementor" "Mozilla/5.0 (Windows NT 10.0; Win64; x64) AppleWebKit/537.36 (KHTML, like Gecko) Chrome/140.0.0.0 Safari/537.36"
163.53.179.32 - - [19/Sep/2025:13:28:43 +0530] "GET /wp-content/uploads/2025/09/Logo-1402x-300x72.png HTTP/2" 200 6462 "https://indianindustrialworks.myycard.in/wp-admin/post.php?post=205&action=elementor" "Mozilla/5.0 (Windows NT 10.0; Win64; x64) AppleWebKit/537.36 (KHTML, like Gecko) Chrome/140.0.0.0 Safari/537.36"
163.53.179.32 - - [19/Sep/2025:13:28:43 +0530] "GET /wp-content/uploads/2025/09/bedroom-interior-300x200.jpg HTTP/2" 200 10913 "https://indianindustrialworks.myycard.in/wp-admin/post.php?post=205&action=elementor" "Mozilla/5.0 (Windows NT 10.0; Win64; x64) AppleWebKit/537.36 (KHTML, like Gecko) Chrome/140.0.0.0 Safari/537.36"
163.53.179.32 - - [19/Sep/2025:13:28:43 +0530] "GET /wp-content/uploads/2025/09/modern-bathroom-interior-design-on-white-wall--300x175.jpg HTTP/2" 200 12243 "https://indianindustrialworks.myycard.in/wp-admin/post.php?post=205&action=elementor" "Mozilla/5.0 (Windows NT 10.0; Win64; x64) AppleWebKit/537.36 (KHTML, like Gecko) Chrome/140.0.0.0 Safari/537.36"
163.53.179.32 - - [19/Sep/2025:13:28:43 +0530] "GET /wp-content/uploads/2025/09/Logo-3402x-300x74.png HTTP/2" 200 10958 "https://indianindustrialworks.myycard.in/wp-admin/post.php?post=205&action=elementor" "Mozilla/5.0 (Windows NT 10.0; Win64; x64) AppleWebKit/537.36 (KHTML, like Gecko) Chrome/140.0.0.0 Safari/537.36"
163.53.179.32 - - [19/Sep/2025:13:28:43 +0530] "GET /wp-content/uploads/2025/09/sofa-in-living-room-300x200.jpg HTTP/2" 200 12256 "https://indianindustrialworks.myycard.in/wp-admin/post.php?post=205&action=elementor" "Mozilla/5.0 (Windows NT 10.0; Win64; x64) AppleWebKit/537.36 (KHTML, like Gecko) Chrome/140.0.0.0 Safari/537.36"
163.53.179.32 - - [19/Sep/2025:13:28:43 +0530] "GET /wp-content/uploads/2025/09/Logo1-150x57.png HTTP/2" 200 1474 "https://indianindustrialworks.myycard.in/wp-admin/post.php?post=205&action=elementor" "Mozilla/5.0 (Windows NT 10.0; Win64; x64) AppleWebKit/537.36 (KHTML, like Gecko) Chrome/140.0.0.0 Safari/537.36"
163.53.179.32 - - [19/Sep/2025:13:28:43 +0530] "GET /wp-content/uploads/2025/09/living-room-interior-300x200.jpg HTTP/2" 200 12582 "https://indianindustrialworks.myycard.in/wp-admin/post.php?post=205&action=elementor" "Mozilla/5.0 (Windows NT 10.0; Win64; x64) AppleWebKit/537.36 (KHTML, like Gecko) Chrome/140.0.0.0 Safari/537.36"
163.53.179.32 - - [19/Sep/2025:13:28:43 +0530] "GET /wp-content/uploads/2025/09/Logo2-150x54.png HTTP/2" 200 1878 "https://indianindustrialworks.myycard.in/wp-admin/post.php?post=205&action=elementor" "Mozilla/5.0 (Windows NT 10.0; Win64; x64) AppleWebKit/537.36 (KHTML, like Gecko) Chrome/140.0.0.0 Safari/537.36"
163.53.179.32 - - [19/Sep/2025:13:28:43 +0530] "GET /wp-content/uploads/2025/09/living-room-interior-has-an-green-armchair-on-empty-dark-green-wall-background-300x225.jpg HTTP/2" 200 11913 "https://indianindustrialworks.myycard.in/wp-admin/post.php?post=205&action=elementor" "Mozilla/5.0 (Windows NT 10.0; Win64; x64) AppleWebKit/537.36 (KHTML, like Gecko) Chrome/140.0.0.0 Safari/537.36"
163.53.179.32 - - [19/Sep/2025:13:28:43 +0530] "GET /wp-content/uploads/2025/09/Logo5-150x60.png HTTP/2" 200 2292 "https://indianindustrialworks.myycard.in/wp-admin/post.php?post=205&action=elementor" "Mozilla/5.0 (Windows NT 10.0; Win64; x64) AppleWebKit/537.36 (KHTML, like Gecko) Chrome/140.0.0.0 Safari/537.36"
163.53.179.32 - - [19/Sep/2025:13:28:43 +0530] "GET /wp-content/uploads/2025/09/cozy-eco-boho-cozy-brown-chair-interior-design-working-from-home-interior-design-potted-plants-200x300.jpg HTTP/2" 200 14148 "https://indianindustrialworks.myycard.in/wp-admin/post.php?post=205&action=elementor" "Mozilla/5.0 (Windows NT 10.0; Win64; x64) AppleWebKit/537.36 (KHTML, like Gecko) Chrome/140.0.0.0 Safari/537.36"
163.53.179.32 - - [19/Sep/2025:13:28:43 +0530] "GET /wp-content/uploads/2025/09/bright-living-room-300x200.jpg HTTP/2" 200 13193 "https://indianindustrialworks.myycard.in/wp-admin/post.php?post=205&action=elementor" "Mozilla/5.0 (Windows NT 10.0; Win64; x64) AppleWebKit/537.36 (KHTML, like Gecko) Chrome/140.0.0.0 Safari/537.36"
163.53.179.32 - - [19/Sep/2025:13:28:43 +0530] "GET /wp-content/uploads/2025/09/modern-living-room-interior-300x200.jpg HTTP/2" 200 13485 "https://indianindustrialworks.myycard.in/wp-admin/post.php?post=205&action=elementor" "Mozilla/5.0 (Windows NT 10.0; Win64; x64) AppleWebKit/537.36 (KHTML, like Gecko) Chrome/140.0.0.0 Safari/537.36"
163.53.179.32 - - [19/Sep/2025:13:28:43 +0530] "GET /wp-content/uploads/2025/09/stylish-bright-baby-room-interior-with-wooden-furniture-300x200.jpg HTTP/2" 200 14089 "https://indianindustrialworks.myycard.in/wp-admin/post.php?post=205&action=elementor" "Mozilla/5.0 (Windows NT 10.0; Win64; x64) AppleWebKit/537.36 (KHTML, like Gecko) Chrome/140.0.0.0 Safari/537.36"
163.53.179.32 - - [19/Sep/2025:13:28:43 +0530] "GET /wp-content/uploads/2025/09/creative-living-room-interior-composition-300x200.jpg HTTP/2" 200 11882 "https://indianindustrialworks.myycard.in/wp-admin/post.php?post=205&action=elementor" "Mozilla/5.0 (Windows NT 10.0; Win64; x64) AppleWebKit/537.36 (KHTML, like Gecko) Chrome/140.0.0.0 Safari/537.36"
163.53.179.32 - - [19/Sep/2025:13:28:43 +0530] "GET /wp-content/uploads/2025/09/kitchen-interior-front-view-300x200.jpg HTTP/2" 200 10936 "https://indianindustrialworks.myycard.in/wp-admin/post.php?post=205&action=elementor" "Mozilla/5.0 (Windows NT 10.0; Win64; x64) AppleWebKit/537.36 (KHTML, like Gecko) Chrome/140.0.0.0 Safari/537.36"
163.53.179.32 - - [19/Sep/2025:13:28:43 +0530] "GET /wp-content/uploads/2025/09/home-office-interior-in-modern-natural-style-300x200.jpg HTTP/2" 200 18629 "https://indianindustrialworks.myycard.in/wp-admin/post.php?post=205&action=elementor" "Mozilla/5.0 (Windows NT 10.0; Win64; x64) AppleWebKit/537.36 (KHTML, like Gecko) Chrome/140.0.0.0 Safari/537.36"
163.53.179.32 - - [19/Sep/2025:13:28:43 +0530] "GET /wp-content/uploads/2025/09/shot-of-a-young-businesswoman-using-a-digital-tablet-in-the-office-300x300.jpg HTTP/2" 200 17526 "https://indianindustrialworks.myycard.in/wp-admin/post.php?post=205&action=elementor" "Mozilla/5.0 (Windows NT 10.0; Win64; x64) AppleWebKit/537.36 (KHTML, like Gecko) Chrome/140.0.0.0 Safari/537.36"
163.53.179.32 - - [19/Sep/2025:13:28:43 +0530] "GET /wp-content/uploads/2025/09/poster-frames-in-room-interior-with-light-neutral-wall-with-sunlight-and-wooden-furniture-300x250.jpg HTTP/2" 200 16841 "https://indianindustrialworks.myycard.in/wp-admin/post.php?post=205&action=elementor" "Mozilla/5.0 (Windows NT 10.0; Win64; x64) AppleWebKit/537.36 (KHTML, like Gecko) Chrome/140.0.0.0 Safari/537.36"
163.53.179.32 - - [19/Sep/2025:13:28:43 +0530] "GET /wp-content/uploads/2025/09/living-in-a-corporate-world-shot-of-a-young-businesswoman-in-her-office--300x300.jpg HTTP/2" 200 17864 "https://indianindustrialworks.myycard.in/wp-admin/post.php?post=205&action=elementor" "Mozilla/5.0 (Windows NT 10.0; Win64; x64) AppleWebKit/537.36 (KHTML, like Gecko) Chrome/140.0.0.0 Safari/537.36"
163.53.179.32 - - [19/Sep/2025:13:28:46 +0530] "POST /wp-admin/async-upload.php HTTP/2" 200 662 "https://indianindustrialworks.myycard.in/wp-admin/post.php?post=205&action=elementor" "Mozilla/5.0 (Windows NT 10.0; Win64; x64) AppleWebKit/537.36 (KHTML, like Gecko) Chrome/140.0.0.0 Safari/537.36"
163.53.179.32 - - [19/Sep/2025:13:28:46 +0530] "GET /wp-content/uploads/2025/09/100000-removebg-preview-300x60.png HTTP/2" 200 21656 "https://indianindustrialworks.myycard.in/wp-admin/post.php?post=205&action=elementor" "Mozilla/5.0 (Windows NT 10.0; Win64; x64) AppleWebKit/537.36 (KHTML, like Gecko) Chrome/140.0.0.0 Safari/537.36"
163.53.179.32 - - [19/Sep/2025:13:28:47 +0530] "GET /wp-content/uploads/2025/09/100000-removebg-preview.png HTTP/2" 200 211572 "https://indianindustrialworks.myycard.in/wp-admin/post.php?post=205&action=elementor" "Mozilla/5.0 (Windows NT 10.0; Win64; x64) AppleWebKit/537.36 (KHTML, like Gecko) Chrome/140.0.0.0 Safari/537.36"
163.53.179.32 - - [19/Sep/2025:13:28:47 +0530] "POST /wp-admin/admin-ajax.php HTTP/2" 200 662 "https://indianindustrialworks.myycard.in/wp-admin/post.php?post=205&action=elementor" "Mozilla/5.0 (Windows NT 10.0; Win64; x64) AppleWebKit/537.36 (KHTML, like Gecko) Chrome/140.0.0.0 Safari/537.36"
163.53.179.32 - - [19/Sep/2025:13:28:47 +0530] "GET /index.php/wp-json/elementor/v1/checklist/user-progress HTTP/2" 200 204 "https://indianindustrialworks.myycard.in/wp-admin/post.php?post=205&action=elementor" "Mozilla/5.0 (Windows NT 10.0; Win64; x64) AppleWebKit/537.36 (KHTML, like Gecko) Chrome/140.0.0.0 Safari/537.36"
163.53.179.32 - - [19/Sep/2025:13:28:48 +0530] "POST /wp-admin/admin-ajax.php HTTP/2" 200 242 "https://indianindustrialworks.myycard.in/wp-admin/post.php?post=205&action=elementor" "Mozilla/5.0 (Windows NT 10.0; Win64; x64) AppleWebKit/537.36 (KHTML, like Gecko) Chrome/140.0.0.0 Safari/537.36"
163.53.179.32 - - [19/Sep/2025:13:28:49 +0530] "GET /index.php/contact-us/ HTTP/2" 200 21614 "https://indianindustrialworks.myycard.in/index.php/elementor-hf/header/?elementor-preview=205&ver=1758268640" "Mozilla/5.0 (Windows NT 10.0; Win64; x64) AppleWebKit/537.36 (KHTML, like Gecko) Chrome/140.0.0.0 Safari/537.36"
163.53.179.32 - - [19/Sep/2025:13:28:49 +0530] "GET /index.php/wp-json/elementor/v1/checklist/user-progress HTTP/2" 200 204 "https://indianindustrialworks.myycard.in/wp-admin/post.php?post=205&action=elementor" "Mozilla/5.0 (Windows NT 10.0; Win64; x64) AppleWebKit/537.36 (KHTML, like Gecko) Chrome/140.0.0.0 Safari/537.36"
163.53.179.32 - - [19/Sep/2025:13:28:49 +0530] "POST /wp-admin/admin-ajax.php HTTP/2" 200 613 "https://indianindustrialworks.myycard.in/wp-admin/post.php?post=205&action=elementor" "Mozilla/5.0 (Windows NT 10.0; Win64; x64) AppleWebKit/537.36 (KHTML, like Gecko) Chrome/140.0.0.0 Safari/537.36"
163.53.179.32 - - [19/Sep/2025:13:28:50 +0530] "GET /index.php/wp-json/elementor/v1/checklist/user-progress HTTP/2" 200 204 "https://indianindustrialworks.myycard.in/wp-admin/post.php?post=205&action=elementor" "Mozilla/5.0 (Windows NT 10.0; Win64; x64) AppleWebKit/537.36 (KHTML, like Gecko) Chrome/140.0.0.0 Safari/537.36"
163.53.179.32 - - [19/Sep/2025:13:28:51 +0530] "POST /wp-admin/admin-ajax.php HTTP/2" 200 470 "https://indianindustrialworks.myycard.in/wp-admin/post.php?post=205&action=elementor" "Mozilla/5.0 (Windows NT 10.0; Win64; x64) AppleWebKit/537.36 (KHTML, like Gecko) Chrome/140.0.0.0 Safari/537.36"
163.53.179.32 - - [19/Sep/2025:13:28:51 +0530] "GET /index.php/wp-json/elementor/v1/checklist/user-progress HTTP/2" 200 204 "https://indianindustrialworks.myycard.in/wp-admin/post.php?post=205&action=elementor" "Mozilla/5.0 (Windows NT 10.0; Win64; x64) AppleWebKit/537.36 (KHTML, like Gecko) Chrome/140.0.0.0 Safari/537.36"
163.53.179.32 - - [19/Sep/2025:13:28:53 +0530] "GET /wp-content/uploads/elementor/css/post-205.css?ver=1758268733 HTTP/2" 200 2027 "https://indianindustrialworks.myycard.in/" "Mozilla/5.0 (Windows NT 10.0; Win64; x64) AppleWebKit/537.36 (KHTML, like Gecko) Chrome/140.0.0.0 Safari/537.36"
163.53.179.32 - - [19/Sep/2025:13:28:53 +0530] "GET / HTTP/2" 200 28595 "-" "Mozilla/5.0 (Windows NT 10.0; Win64; x64) AppleWebKit/537.36 (KHTML, like Gecko) Chrome/140.0.0.0 Safari/537.36"
163.53.179.32 - - [19/Sep/2025:13:28:53 +0530] "GET /wp-content/uploads/2025/09/100000-removebg-preview-768x155.png HTTP/2" 200 98920 "https://indianindustrialworks.myycard.in/" "Mozilla/5.0 (Windows NT 10.0; Win64; x64) AppleWebKit/537.36 (KHTML, like Gecko) Chrome/140.0.0.0 Safari/537.36"
163.53.179.32 - - [19/Sep/2025:13:28:53 +0530] "GET /wp-content/plugins/elementor/assets/lib/dialog/dialog.min.js?ver=4.9.4 HTTP/2" 304 0 "https://indianindustrialworks.myycard.in/" "Mozilla/5.0 (Windows NT 10.0; Win64; x64) AppleWebKit/537.36 (KHTML, like Gecko) Chrome/140.0.0.0 Safari/537.36"
163.53.179.32 - - [19/Sep/2025:13:27:40 +0530] "GET /wp-content/plugins/jeg-elementor-kit/assets/fonts/jkiticon/jkiticon.woff2?bv8d8l HTTP/3" 200 401140 "https://indianindustrialworks.myycard.in/wp-content/plugins/jeg-elementor-kit/assets/fonts/jkiticon/jkiticon.css?ver=2.6.14" "Mozilla/5.0 (Windows NT 10.0; Win64; x64) AppleWebKit/537.36 (KHTML, like Gecko) Chrome/140.0.0.0 Safari/537.36"
163.53.179.32 - - [19/Sep/2025:13:27:40 +0530] "GET /wp-content/plugins/header-footer-elementor/assets/fonts/hfe.ttf?ejqak3 HTTP/3" 200 21539 "https://indianindustrialworks.myycard.in/wp-content/plugins/header-footer-elementor/assets/css/style.css?ver=2.5.1" "Mozilla/5.0 (Windows NT 10.0; Win64; x64) AppleWebKit/537.36 (KHTML, like Gecko) Chrome/140.0.0.0 Safari/537.36"
163.53.179.32 - - [19/Sep/2025:13:27:40 +0530] "GET /wp-content/plugins/metform/public/assets/mf-icon/fonts/icomoon.ttf?166jp8 HTTP/3" 200 8046 "https://indianindustrialworks.myycard.in/wp-content/plugins/metform/public/assets/mf-icon/mf-icon.css?ver=4.0.6" "Mozilla/5.0 (Windows NT 10.0; Win64; x64) AppleWebKit/537.36 (KHTML, like Gecko) Chrome/140.0.0.0 Safari/537.36"
163.53.179.32 - - [19/Sep/2025:13:27:45 +0530] "GET /wp-content/plugins/elementor/assets/js/shared-editor-handlers.a182e3f9ce3b8b1e4b74.bundle.min.js HTTP/3" 304 0 "https://indianindustrialworks.myycard.in/index.php/elementor-hf/header/?elementor-preview=205&ver=1758268640" "Mozilla/5.0 (Windows NT 10.0; Win64; x64) AppleWebKit/537.36 (KHTML, like Gecko) Chrome/140.0.0.0 Safari/537.36"
163.53.179.32 - - [19/Sep/2025:13:27:45 +0530] "GET /wp-content/plugins/elementor/assets/js/container-editor-handlers.e7ee82232887ec8b73b7.bundle.min.js HTTP/3" 304 0 "https://indianindustrialworks.myycard.in/index.php/elementor-hf/header/?elementor-preview=205&ver=1758268640" "Mozilla/5.0 (Windows NT 10.0; Win64; x64) AppleWebKit/537.36 (KHTML, like Gecko) Chrome/140.0.0.0 Safari/537.36"
163.53.179.32 - - [19/Sep/2025:13:27:45 +0530] "GET /wp-content/plugins/elementor/assets/js/9f88a0d716a691c2448a.bundle.min.js HTTP/3" 304 0 "https://indianindustrialworks.myycard.in/wp-admin/post.php?post=205&action=elementor" "Mozilla/5.0 (Windows NT 10.0; Win64; x64) AppleWebKit/537.36 (KHTML, like Gecko) Chrome/140.0.0.0 Safari/537.36"
163.53.179.32 - - [19/Sep/2025:13:27:45 +0530] "GET /wp-content/plugins/elementor-pro/assets/js/nested-carousel-editor.6d7500036d0766bbe2fc.bundle.min.js HTTP/3" 304 0 "https://indianindustrialworks.myycard.in/wp-admin/post.php?post=205&action=elementor" "Mozilla/5.0 (Windows NT 10.0; Win64; x64) AppleWebKit/537.36 (KHTML, like Gecko) Chrome/140.0.0.0 Safari/537.36"
163.53.179.32 - - [19/Sep/2025:13:27:45 +0530] "GET /wp-content/plugins/elementor-pro/assets/js/off-canvas-editor.3bc6e394bd20d4fd64dc.bundle.min.js HTTP/3" 304 0 "https://indianindustrialworks.myycard.in/wp-admin/post.php?post=205&action=elementor" "Mozilla/5.0 (Windows NT 10.0; Win64; x64) AppleWebKit/537.36 (KHTML, like Gecko) Chrome/140.0.0.0 Safari/537.36"
163.53.179.32 - - [19/Sep/2025:13:27:45 +0530] "GET /wp-content/plugins/elementor/assets/js/e1cb4d726bb59646c677.bundle.min.js HTTP/3" 304 0 "https://indianindustrialworks.myycard.in/wp-admin/post.php?post=205&action=elementor" "Mozilla/5.0 (Windows NT 10.0; Win64; x64) AppleWebKit/537.36 (KHTML, like Gecko) Chrome/140.0.0.0 Safari/537.36"
163.53.179.32 - - [19/Sep/2025:13:27:45 +0530] "GET /wp-content/plugins/elementor/assets/js/ef2100ac3eda1a957819.bundle.min.js HTTP/3" 304 0 "https://indianindustrialworks.myycard.in/wp-admin/post.php?post=205&action=elementor" "Mozilla/5.0 (Windows NT 10.0; Win64; x64) AppleWebKit/537.36 (KHTML, like Gecko) Chrome/140.0.0.0 Safari/537.36"
163.53.179.32 - - [19/Sep/2025:13:28:54 +0530] "GET /wp-content/plugins/elementor/assets/js/elementor-admin-bar.min.js?ver=3.32.1 HTTP/2" 304 0 "https://indianindustrialworks.myycard.in/" "Mozilla/5.0 (Windows NT 10.0; Win64; x64) AppleWebKit/537.36 (KHTML, like Gecko) Chrome/140.0.0.0 Safari/537.36"
163.53.179.32 - - [19/Sep/2025:13:28:56 +0530] "POST /wp-admin/admin-ajax.php HTTP/2" 200 96 "https://indianindustrialworks.myycard.in/wp-admin/post.php?post=205&action=elementor" "Mozilla/5.0 (Windows NT 10.0; Win64; x64) AppleWebKit/537.36 (KHTML, like Gecko) Chrome/140.0.0.0 Safari/537.36"
163.53.179.32 - - [19/Sep/2025:13:28:56 +0530] "GET /index.php/wp-json/elementor/v1/checklist/user-progress HTTP/2" 200 204 "https://indianindustrialworks.myycard.in/wp-admin/post.php?post=205&action=elementor" "Mozilla/5.0 (Windows NT 10.0; Win64; x64) AppleWebKit/537.36 (KHTML, like Gecko) Chrome/140.0.0.0 Safari/537.36"
163.53.179.32 - - [19/Sep/2025:13:28:57 +0530] "POST /wp-admin/admin-ajax.php HTTP/2" 200 311 "https://indianindustrialworks.myycard.in/wp-admin/post.php?post=205&action=elementor" "Mozilla/5.0 (Windows NT 10.0; Win64; x64) AppleWebKit/537.36 (KHTML, like Gecko) Chrome/140.0.0.0 Safari/537.36"
103.212.120.166 - - [19/Sep/2025:13:32:18 +0530] "POST /wp-cron.php?doing_wp_cron=1758268938.9527769088745117187500 HTTP/1.1" 403 1242 "-" "WordPress/6.8.2; https://indianindustrialworks.myycard.in"
163.53.179.32 - - [19/Sep/2025:13:32:18 +0530] "GET / HTTP/2" 200 28582 "-" "Mozilla/5.0 (Windows NT 10.0; Win64; x64) AppleWebKit/537.36 (KHTML, like Gecko) Chrome/140.0.0.0 Safari/537.36"
163.53.179.32 - - [19/Sep/2025:13:32:19 +0530] "GET /wp-content/uploads/2025/09/WhatsApp-Image-2025-09-17-at-17.56.58.jpeg HTTP/2" 200 20747 "https://indianindustrialworks.myycard.in/" "Mozilla/5.0 (Windows NT 10.0; Win64; x64) AppleWebKit/537.36 (KHTML, like Gecko) Chrome/140.0.0.0 Safari/537.36"
163.53.179.32 - - [19/Sep/2025:13:32:47 +0530] "GET /wp-admin/ HTTP/2" 200 41556 "-" "Mozilla/5.0 (Windows NT 10.0; Win64; x64) AppleWebKit/537.36 (KHTML, like Gecko) Chrome/140.0.0.0 Safari/537.36"
163.53.179.32 - - [19/Sep/2025:13:32:53 +0530] "POST /wp-admin/admin-ajax.php HTTP/2" 200 21 "https://indianindustrialworks.myycard.in/wp-admin/" "Mozilla/5.0 (Windows NT 10.0; Win64; x64) AppleWebKit/537.36 (KHTML, like Gecko) Chrome/140.0.0.0 Safari/537.36"
163.53.179.32 - - [19/Sep/2025:13:33:11 +0530] "GET / HTTP/2" 200 28593 "https://indianindustrialworks.myycard.in/wp-admin/" "Mozilla/5.0 (Windows NT 10.0; Win64; x64) AppleWebKit/537.36 (KHTML, like Gecko) Chrome/140.0.0.0 Safari/537.36"
103.212.120.166 - - [19/Sep/2025:13:33:34 +0530] "POST /wp-cron.php?doing_wp_cron=1758269014.6879680156707763671875 HTTP/1.1" 403 1242 "-" "WordPress/6.8.2; https://indianindustrialworks.myycard.in"
163.53.179.32 - - [19/Sep/2025:13:33:34 +0530] "GET /wp-admin/post.php?post=17&action=elementor HTTP/2" 200 433208 "https://indianindustrialworks.myycard.in/" "Mozilla/5.0 (Windows NT 10.0; Win64; x64) AppleWebKit/537.36 (KHTML, like Gecko) Chrome/140.0.0.0 Safari/537.36"
163.53.179.32 - - [19/Sep/2025:13:33:37 +0530] "GET /index.php/wp-json/elementor/v1/global-widget/templates HTTP/2" 200 22 "https://indianindustrialworks.myycard.in/wp-admin/post.php?post=17&action=elementor" "Mozilla/5.0 (Windows NT 10.0; Win64; x64) AppleWebKit/537.36 (KHTML, like Gecko) Chrome/140.0.0.0 Safari/537.36"
163.53.179.32 - - [19/Sep/2025:13:33:37 +0530] "GET /?elementor-preview=17&ver=1758269014 HTTP/2" 200 17813 "https://indianindustrialworks.myycard.in/wp-admin/post.php?post=17&action=elementor" "Mozilla/5.0 (Windows NT 10.0; Win64; x64) AppleWebKit/537.36 (KHTML, like Gecko) Chrome/140.0.0.0 Safari/537.36"
163.53.179.32 - - [19/Sep/2025:13:33:37 +0530] "POST /wp-admin/admin-ajax.php HTTP/2" 200 96 "https://indianindustrialworks.myycard.in/wp-admin/post.php?post=17&action=elementor" "Mozilla/5.0 (Windows NT 10.0; Win64; x64) AppleWebKit/537.36 (KHTML, like Gecko) Chrome/140.0.0.0 Safari/537.36"
163.53.179.32 - - [19/Sep/2025:13:33:37 +0530] "GET /index.php/wp-json/elementor/v1/site-navigation/recent-posts?posts_per_page=6&_locale=user HTTP/2" 200 341 "https://indianindustrialworks.myycard.in/wp-admin/post.php?post=17&action=elementor" "Mozilla/5.0 (Windows NT 10.0; Win64; x64) AppleWebKit/537.36 (KHTML, like Gecko) Chrome/140.0.0.0 Safari/537.36"
163.53.179.32 - - [19/Sep/2025:13:33:37 +0530] "GET /index.php/wp-json/elementor/v1/checklist/user-progress HTTP/2" 200 204 "https://indianindustrialworks.myycard.in/wp-admin/post.php?post=17&action=elementor" "Mozilla/5.0 (Windows NT 10.0; Win64; x64) AppleWebKit/537.36 (KHTML, like Gecko) Chrome/140.0.0.0 Safari/537.36"
163.53.179.32 - - [19/Sep/2025:13:33:37 +0530] "GET /index.php/wp-json/elementor/v1/kit-elements-defaults HTTP/2" 200 22 "https://indianindustrialworks.myycard.in/wp-admin/post.php?post=17&action=elementor" "Mozilla/5.0 (Windows NT 10.0; Win64; x64) AppleWebKit/537.36 (KHTML, like Gecko) Chrome/140.0.0.0 Safari/537.36"
163.53.179.32 - - [19/Sep/2025:13:33:38 +0530] "GET /index.php/wp-json/elementor/v1/globals HTTP/2" 200 740 "https://indianindustrialworks.myycard.in/wp-admin/post.php?post=17&action=elementor" "Mozilla/5.0 (Windows NT 10.0; Win64; x64) AppleWebKit/537.36 (KHTML, like Gecko) Chrome/140.0.0.0 Safari/537.36"
163.53.179.32 - - [19/Sep/2025:13:33:38 +0530] "POST /wp-admin/admin-ajax.php HTTP/2" 200 1465574 "https://indianindustrialworks.myycard.in/wp-admin/post.php?post=17&action=elementor" "Mozilla/5.0 (Windows NT 10.0; Win64; x64) AppleWebKit/537.36 (KHTML, like Gecko) Chrome/140.0.0.0 Safari/537.36"
163.53.179.32 - - [19/Sep/2025:13:33:47 +0530] "GET /index.php/wp-json/elementor/v1/checklist/user-progress HTTP/2" 200 204 "https://indianindustrialworks.myycard.in/wp-admin/post.php?post=17&action=elementor" "Mozilla/5.0 (Windows NT 10.0; Win64; x64) AppleWebKit/537.36 (KHTML, like Gecko) Chrome/140.0.0.0 Safari/537.36"
163.53.179.32 - - [19/Sep/2025:13:33:49 +0530] "GET /index.php/wp-json/elementor/v1/user-data/current-user?context=edit HTTP/2" 200 391 "https://indianindustrialworks.myycard.in/wp-admin/post.php?post=17&action=elementor" "Mozilla/5.0 (Windows NT 10.0; Win64; x64) AppleWebKit/537.36 (KHTML, like Gecko) Chrome/140.0.0.0 Safari/537.36"
163.53.179.32 - - [19/Sep/2025:13:33:49 +0530] "POST /wp-admin/admin-ajax.php HTTP/2" 200 78 "https://indianindustrialworks.myycard.in/wp-admin/post.php?post=17&action=elementor" "Mozilla/5.0 (Windows NT 10.0; Win64; x64) AppleWebKit/537.36 (KHTML, like Gecko) Chrome/140.0.0.0 Safari/537.36"
163.53.179.32 - - [19/Sep/2025:13:33:50 +0530] "POST /wp-admin/admin-ajax.php HTTP/2" 200 292 "https://indianindustrialworks.myycard.in/wp-admin/post.php?post=17&action=elementor" "Mozilla/5.0 (Windows NT 10.0; Win64; x64) AppleWebKit/537.36 (KHTML, like Gecko) Chrome/140.0.0.0 Safari/537.36"
163.53.179.32 - - [19/Sep/2025:13:33:53 +0530] "POST /wp-admin/admin-ajax.php HTTP/2" 200 75 "https://indianindustrialworks.myycard.in/wp-admin/post.php?post=17&action=elementor" "Mozilla/5.0 (Windows NT 10.0; Win64; x64) AppleWebKit/537.36 (KHTML, like Gecko) Chrome/140.0.0.0 Safari/537.36"
163.53.179.32 - - [19/Sep/2025:13:33:55 +0530] "POST /wp-admin/admin-ajax.php HTTP/2" 200 96 "https://indianindustrialworks.myycard.in/wp-admin/post.php?post=17&action=elementor" "Mozilla/5.0 (Windows NT 10.0; Win64; x64) AppleWebKit/537.36 (KHTML, like Gecko) Chrome/140.0.0.0 Safari/537.36"
163.53.179.32 - - [19/Sep/2025:13:34:11 +0530] "GET /index.php/wp-json/elementor/v1/checklist/user-progress HTTP/2" 200 204 "https://indianindustrialworks.myycard.in/wp-admin/post.php?post=17&action=elementor" "Mozilla/5.0 (Windows NT 10.0; Win64; x64) AppleWebKit/537.36 (KHTML, like Gecko) Chrome/140.0.0.0 Safari/537.36"
163.53.179.32 - - [19/Sep/2025:13:34:13 +0530] "POST /wp-admin/admin-ajax.php HTTP/2" 200 96 "https://indianindustrialworks.myycard.in/wp-admin/post.php?post=17&action=elementor" "Mozilla/5.0 (Windows NT 10.0; Win64; x64) AppleWebKit/537.36 (KHTML, like Gecko) Chrome/140.0.0.0 Safari/537.36"
163.53.179.32 - - [19/Sep/2025:13:35:31 +0530] "POST /wp-admin/admin-ajax.php HTTP/2" 200 96 "https://indianindustrialworks.myycard.in/wp-admin/post.php?post=17&action=elementor" "Mozilla/5.0 (Windows NT 10.0; Win64; x64) AppleWebKit/537.36 (KHTML, like Gecko) Chrome/140.0.0.0 Safari/537.36"
103.212.120.166 - - [19/Sep/2025:13:35:39 +0530] "POST /wp-cron.php?doing_wp_cron=1758269139.8806550502777099609375 HTTP/1.1" 403 1242 "-" "WordPress/6.8.2; https://indianindustrialworks.myycard.in"
163.53.179.32 - - [19/Sep/2025:13:35:39 +0530] "GET /index.php/wp-json/elementor/v1/checklist/user-progress HTTP/2" 200 204 "https://indianindustrialworks.myycard.in/wp-admin/post.php?post=17&action=elementor" "Mozilla/5.0 (Windows NT 10.0; Win64; x64) AppleWebKit/537.36 (KHTML, like Gecko) Chrome/140.0.0.0 Safari/537.36"
163.53.179.32 - - [19/Sep/2025:13:35:40 +0530] "POST /wp-admin/admin-ajax.php HTTP/2" 200 723 "https://indianindustrialworks.myycard.in/wp-admin/post.php?post=17&action=elementor" "Mozilla/5.0 (Windows NT 10.0; Win64; x64) AppleWebKit/537.36 (KHTML, like Gecko) Chrome/140.0.0.0 Safari/537.36"
163.53.179.32 - - [19/Sep/2025:13:35:41 +0530] "GET /index.php/wp-json/elementor/v1/checklist/user-progress HTTP/2" 200 204 "https://indianindustrialworks.myycard.in/wp-admin/post.php?post=17&action=elementor" "Mozilla/5.0 (Windows NT 10.0; Win64; x64) AppleWebKit/537.36 (KHTML, like Gecko) Chrome/140.0.0.0 Safari/537.36"
163.53.179.32 - - [19/Sep/2025:13:35:42 +0530] "POST /wp-admin/admin-ajax.php HTTP/2" 200 734 "https://indianindustrialworks.myycard.in/wp-admin/post.php?post=17&action=elementor" "Mozilla/5.0 (Windows NT 10.0; Win64; x64) AppleWebKit/537.36 (KHTML, like Gecko) Chrome/140.0.0.0 Safari/537.36"
163.53.179.32 - - [19/Sep/2025:13:35:45 +0530] "POST /wp-admin/admin-ajax.php HTTP/2" 200 96 "https://indianindustrialworks.myycard.in/wp-admin/post.php?post=17&action=elementor" "Mozilla/5.0 (Windows NT 10.0; Win64; x64) AppleWebKit/537.36 (KHTML, like Gecko) Chrome/140.0.0.0 Safari/537.36"
163.53.179.32 - - [19/Sep/2025:13:35:49 +0530] "POST /wp-admin/admin-ajax.php HTTP/2" 200 645 "https://indianindustrialworks.myycard.in/wp-admin/post.php?post=17&action=elementor" "Mozilla/5.0 (Windows NT 10.0; Win64; x64) AppleWebKit/537.36 (KHTML, like Gecko) Chrome/140.0.0.0 Safari/537.36"
163.53.179.32 - - [19/Sep/2025:13:35:50 +0530] "POST /wp-admin/admin-ajax.php HTTP/2" 200 670 "https://indianindustrialworks.myycard.in/wp-admin/post.php?post=17&action=elementor" "Mozilla/5.0 (Windows NT 10.0; Win64; x64) AppleWebKit/537.36 (KHTML, like Gecko) Chrome/140.0.0.0 Safari/537.36"
163.53.179.32 - - [19/Sep/2025:13:35:51 +0530] "POST /wp-admin/admin-ajax.php HTTP/2" 200 621 "https://indianindustrialworks.myycard.in/wp-admin/post.php?post=17&action=elementor" "Mozilla/5.0 (Windows NT 10.0; Win64; x64) AppleWebKit/537.36 (KHTML, like Gecko) Chrome/140.0.0.0 Safari/537.36"
163.53.179.32 - - [19/Sep/2025:13:35:51 +0530] "POST /wp-admin/admin-ajax.php HTTP/2" 200 607 "https://indianindustrialworks.myycard.in/wp-admin/post.php?post=17&action=elementor" "Mozilla/5.0 (Windows NT 10.0; Win64; x64) AppleWebKit/537.36 (KHTML, like Gecko) Chrome/140.0.0.0 Safari/537.36"
163.53.179.32 - - [19/Sep/2025:13:35:51 +0530] "POST /wp-admin/admin-ajax.php HTTP/2" 200 612 "https://indianindustrialworks.myycard.in/wp-admin/post.php?post=17&action=elementor" "Mozilla/5.0 (Windows NT 10.0; Win64; x64) AppleWebKit/537.36 (KHTML, like Gecko) Chrome/140.0.0.0 Safari/537.36"
163.53.179.32 - - [19/Sep/2025:13:35:51 +0530] "POST /wp-admin/admin-ajax.php HTTP/2" 200 619 "https://indianindustrialworks.myycard.in/wp-admin/post.php?post=17&action=elementor" "Mozilla/5.0 (Windows NT 10.0; Win64; x64) AppleWebKit/537.36 (KHTML, like Gecko) Chrome/140.0.0.0 Safari/537.36"
163.53.179.32 - - [19/Sep/2025:13:35:56 +0530] "GET /index.php/wp-json/elementor/v1/checklist/user-progress HTTP/2" 200 204 "https://indianindustrialworks.myycard.in/wp-admin/post.php?post=17&action=elementor" "Mozilla/5.0 (Windows NT 10.0; Win64; x64) AppleWebKit/537.36 (KHTML, like Gecko) Chrome/140.0.0.0 Safari/537.36"
163.53.179.32 - - [19/Sep/2025:13:36:01 +0530] "POST /wp-admin/admin-ajax.php HTTP/2" 200 96 "https://indianindustrialworks.myycard.in/wp-admin/post.php?post=17&action=elementor" "Mozilla/5.0 (Windows NT 10.0; Win64; x64) AppleWebKit/537.36 (KHTML, like Gecko) Chrome/140.0.0.0 Safari/537.36"
163.53.179.32 - - [19/Sep/2025:13:36:03 +0530] "GET /index.php/wp-json/elementor/v1/checklist/user-progress HTTP/2" 200 204 "https://indianindustrialworks.myycard.in/wp-admin/post.php?post=17&action=elementor" "Mozilla/5.0 (Windows NT 10.0; Win64; x64) AppleWebKit/537.36 (KHTML, like Gecko) Chrome/140.0.0.0 Safari/537.36"
163.53.179.32 - - [19/Sep/2025:13:36:10 +0530] "GET /index.php/wp-json/elementor/v1/checklist/user-progress HTTP/2" 200 204 "https://indianindustrialworks.myycard.in/wp-admin/post.php?post=17&action=elementor" "Mozilla/5.0 (Windows NT 10.0; Win64; x64) AppleWebKit/537.36 (KHTML, like Gecko) Chrome/140.0.0.0 Safari/537.36"
163.53.179.32 - - [19/Sep/2025:13:36:16 +0530] "POST /wp-admin/admin-ajax.php HTTP/2" 200 96 "https://indianindustrialworks.myycard.in/wp-admin/post.php?post=17&action=elementor" "Mozilla/5.0 (Windows NT 10.0; Win64; x64) AppleWebKit/537.36 (KHTML, like Gecko) Chrome/140.0.0.0 Safari/537.36"
163.53.179.32 - - [19/Sep/2025:13:36:28 +0530] "GET /index.php/wp-json/elementor/v1/checklist/user-progress HTTP/2" 200 204 "https://indianindustrialworks.myycard.in/wp-admin/post.php?post=17&action=elementor" "Mozilla/5.0 (Windows NT 10.0; Win64; x64) AppleWebKit/537.36 (KHTML, like Gecko) Chrome/140.0.0.0 Safari/537.36"
163.53.179.32 - - [19/Sep/2025:13:36:31 +0530] "POST /wp-admin/admin-ajax.php HTTP/2" 200 96 "https://indianindustrialworks.myycard.in/wp-admin/post.php?post=17&action=elementor" "Mozilla/5.0 (Windows NT 10.0; Win64; x64) AppleWebKit/537.36 (KHTML, like Gecko) Chrome/140.0.0.0 Safari/537.36"
103.212.120.166 - - [19/Sep/2025:13:36:43 +0530] "POST /wp-cron.php?doing_wp_cron=1758269203.7524249553680419921875 HTTP/1.1" 403 1242 "-" "WordPress/6.8.2; https://indianindustrialworks.myycard.in"
163.53.179.32 - - [19/Sep/2025:13:36:43 +0530] "GET /index.php/wp-json/elementor/v1/checklist/user-progress HTTP/2" 200 204 "https://indianindustrialworks.myycard.in/wp-admin/post.php?post=17&action=elementor" "Mozilla/5.0 (Windows NT 10.0; Win64; x64) AppleWebKit/537.36 (KHTML, like Gecko) Chrome/140.0.0.0 Safari/537.36"
163.53.179.32 - - [19/Sep/2025:13:36:43 +0530] "POST /wp-admin/admin-ajax.php HTTP/2" 200 685 "https://indianindustrialworks.myycard.in/wp-admin/post.php?post=17&action=elementor" "Mozilla/5.0 (Windows NT 10.0; Win64; x64) AppleWebKit/537.36 (KHTML, like Gecko) Chrome/140.0.0.0 Safari/537.36"
163.53.179.32 - - [19/Sep/2025:13:36:45 +0530] "GET /index.php/wp-json/elementor/v1/checklist/user-progress HTTP/2" 200 204 "https://indianindustrialworks.myycard.in/wp-admin/post.php?post=17&action=elementor" "Mozilla/5.0 (Windows NT 10.0; Win64; x64) AppleWebKit/537.36 (KHTML, like Gecko) Chrome/140.0.0.0 Safari/537.36"
163.53.179.32 - - [19/Sep/2025:13:36:47 +0530] "POST /wp-admin/admin-ajax.php HTTP/2" 200 96 "https://indianindustrialworks.myycard.in/wp-admin/post.php?post=17&action=elementor" "Mozilla/5.0 (Windows NT 10.0; Win64; x64) AppleWebKit/537.36 (KHTML, like Gecko) Chrome/140.0.0.0 Safari/537.36"
163.53.179.32 - - [19/Sep/2025:13:36:47 +0530] "GET /wp-content/uploads/elementor/css/post-17.css?ver=1758269207 HTTP/2" 200 7570 "https://indianindustrialworks.myycard.in/" "Mozilla/5.0 (Windows NT 10.0; Win64; x64) AppleWebKit/537.36 (KHTML, like Gecko) Chrome/140.0.0.0 Safari/537.36"
163.53.179.32 - - [19/Sep/2025:13:36:46 +0530] "GET / HTTP/2" 200 28614 "-" "Mozilla/5.0 (Windows NT 10.0; Win64; x64) AppleWebKit/537.36 (KHTML, like Gecko) Chrome/140.0.0.0 Safari/537.36"
163.53.179.32 - - [19/Sep/2025:13:37:00 +0530] "GET /index.php/wp-json/elementor/v1/checklist/user-progress HTTP/2" 200 204 "https://indianindustrialworks.myycard.in/wp-admin/post.php?post=17&action=elementor" "Mozilla/5.0 (Windows NT 10.0; Win64; x64) AppleWebKit/537.36 (KHTML, like Gecko) Chrome/140.0.0.0 Safari/537.36"
163.53.179.32 - - [19/Sep/2025:13:37:02 +0530] "POST /wp-admin/admin-ajax.php HTTP/2" 200 96 "https://indianindustrialworks.myycard.in/wp-admin/post.php?post=17&action=elementor" "Mozilla/5.0 (Windows NT 10.0; Win64; x64) AppleWebKit/537.36 (KHTML, like Gecko) Chrome/140.0.0.0 Safari/537.36"
163.53.179.32 - - [19/Sep/2025:13:37:17 +0530] "POST /wp-admin/admin-ajax.php HTTP/2" 200 96 "https://indianindustrialworks.myycard.in/wp-admin/post.php?post=17&action=elementor" "Mozilla/5.0 (Windows NT 10.0; Win64; x64) AppleWebKit/537.36 (KHTML, like Gecko) Chrome/140.0.0.0 Safari/537.36"
163.53.179.32 - - [19/Sep/2025:13:37:33 +0530] "POST /wp-admin/admin-ajax.php HTTP/2" 200 96 "https://indianindustrialworks.myycard.in/wp-admin/post.php?post=17&action=elementor" "Mozilla/5.0 (Windows NT 10.0; Win64; x64) AppleWebKit/537.36 (KHTML, like Gecko) Chrome/140.0.0.0 Safari/537.36"
163.53.179.32 - - [19/Sep/2025:13:34:20 +0530] "GET /index.php/wp-json/elementor/v1/checklist/user-progress HTTP/2" 200 204 "https://indianindustrialworks.myycard.in/wp-admin/post.php?post=17&action=elementor" "Mozilla/5.0 (Windows NT 10.0; Win64; x64) AppleWebKit/537.36 (KHTML, like Gecko) Chrome/140.0.0.0 Safari/537.36"
163.53.179.32 - - [19/Sep/2025:13:34:29 +0530] "GET /index.php/wp-json/elementor/v1/checklist/user-progress HTTP/2" 200 204 "https://indianindustrialworks.myycard.in/wp-admin/post.php?post=17&action=elementor" "Mozilla/5.0 (Windows NT 10.0; Win64; x64) AppleWebKit/537.36 (KHTML, like Gecko) Chrome/140.0.0.0 Safari/537.36"
163.53.179.32 - - [19/Sep/2025:13:34:30 +0530] "POST /wp-admin/admin-ajax.php HTTP/2" 200 96 "https://indianindustrialworks.myycard.in/wp-admin/post.php?post=17&action=elementor" "Mozilla/5.0 (Windows NT 10.0; Win64; x64) AppleWebKit/537.36 (KHTML, like Gecko) Chrome/140.0.0.0 Safari/537.36"
163.53.179.32 - - [19/Sep/2025:13:34:33 +0530] "GET /index.php/wp-json/elementor/v1/checklist/user-progress HTTP/2" 200 204 "https://indianindustrialworks.myycard.in/wp-admin/post.php?post=17&action=elementor" "Mozilla/5.0 (Windows NT 10.0; Win64; x64) AppleWebKit/537.36 (KHTML, like Gecko) Chrome/140.0.0.0 Safari/537.36"
103.212.120.166 - - [19/Sep/2025:13:34:39 +0530] "POST /wp-cron.php?doing_wp_cron=1758269079.6684548854827880859375 HTTP/1.1" 403 1242 "-" "WordPress/6.8.2; https://indianindustrialworks.myycard.in"
163.53.179.32 - - [19/Sep/2025:13:34:39 +0530] "GET /index.php/wp-json/elementor/v1/checklist/user-progress HTTP/2" 200 204 "https://indianindustrialworks.myycard.in/wp-admin/post.php?post=17&action=elementor" "Mozilla/5.0 (Windows NT 10.0; Win64; x64) AppleWebKit/537.36 (KHTML, like Gecko) Chrome/140.0.0.0 Safari/537.36"
163.53.179.32 - - [19/Sep/2025:13:34:45 +0530] "POST /wp-admin/admin-ajax.php HTTP/2" 200 96 "https://indianindustrialworks.myycard.in/wp-admin/post.php?post=17&action=elementor" "Mozilla/5.0 (Windows NT 10.0; Win64; x64) AppleWebKit/537.36 (KHTML, like Gecko) Chrome/140.0.0.0 Safari/537.36"
163.53.179.32 - - [19/Sep/2025:13:35:00 +0530] "POST /wp-admin/admin-ajax.php HTTP/2" 200 96 "https://indianindustrialworks.myycard.in/wp-admin/post.php?post=17&action=elementor" "Mozilla/5.0 (Windows NT 10.0; Win64; x64) AppleWebKit/537.36 (KHTML, like Gecko) Chrome/140.0.0.0 Safari/537.36"
163.53.179.32 - - [19/Sep/2025:13:35:15 +0530] "POST /wp-admin/admin-ajax.php HTTP/2" 200 96 "https://indianindustrialworks.myycard.in/wp-admin/post.php?post=17&action=elementor" "Mozilla/5.0 (Windows NT 10.0; Win64; x64) AppleWebKit/537.36 (KHTML, like Gecko) Chrome/140.0.0.0 Safari/537.36"
103.212.120.166 - - [19/Sep/2025:13:41:35 +0530] "POST /wp-cron.php?doing_wp_cron=1758269495.7077100276947021484375 HTTP/1.1" 403 1242 "-" "WordPress/6.8.2; https://indianindustrialworks.myycard.in"
163.53.179.32 - - [19/Sep/2025:13:41:35 +0530] "POST /wp-admin/admin-ajax.php HTTP/2" 200 96 "https://indianindustrialworks.myycard.in/wp-admin/post.php?post=17&action=elementor" "Mozilla/5.0 (Windows NT 10.0; Win64; x64) AppleWebKit/537.36 (KHTML, like Gecko) Chrome/140.0.0.0 Safari/537.36"
103.212.120.166 - - [19/Sep/2025:13:43:36 +0530] "POST /wp-cron.php?doing_wp_cron=1758269616.7394859790802001953125 HTTP/1.1" 403 1242 "-" "WordPress/6.8.2; https://indianindustrialworks.myycard.in"
163.53.179.32 - - [19/Sep/2025:13:43:36 +0530] "POST /wp-admin/admin-ajax.php HTTP/2" 200 96 "https://indianindustrialworks.myycard.in/wp-admin/post.php?post=17&action=elementor" "Mozilla/5.0 (Windows NT 10.0; Win64; x64) AppleWebKit/537.36 (KHTML, like Gecko) Chrome/140.0.0.0 Safari/537.36"
103.212.120.166 - - [19/Sep/2025:13:44:48 +0530] "POST /wp-cron.php?doing_wp_cron=1758269688.3315401077270507812500 HTTP/1.1" 403 1242 "-" "WordPress/6.8.2; https://indianindustrialworks.myycard.in"
103.212.120.166 - - [19/Sep/2025:13:44:48 +0530] "POST /wp-cron.php?doing_wp_cron=1758269688.3482460975646972656250 HTTP/1.1" 403 1242 "-" "WordPress/6.8.2; https://indianindustrialworks.myycard.in"
163.53.179.32 - - [19/Sep/2025:13:44:48 +0530] "GET /index.php/wp-json/elementor/v1/checklist/user-progress HTTP/2" 200 204 "https://indianindustrialworks.myycard.in/wp-admin/post.php?post=17&action=elementor" "Mozilla/5.0 (Windows NT 10.0; Win64; x64) AppleWebKit/537.36 (KHTML, like Gecko) Chrome/140.0.0.0 Safari/537.36"
103.212.120.166 - - [19/Sep/2025:13:44:48 +0530] "POST /wp-cron.php?doing_wp_cron=1758269688.4037630558013916015625 HTTP/1.1" 403 1242 "-" "WordPress/6.8.2; https://indianindustrialworks.myycard.in"
163.53.179.32 - - [19/Sep/2025:13:44:48 +0530] "POST /wp-admin/admin-ajax.php HTTP/2" 200 96 "https://indianindustrialworks.myycard.in/wp-admin/post.php?post=17&action=elementor" "Mozilla/5.0 (Windows NT 10.0; Win64; x64) AppleWebKit/537.36 (KHTML, like Gecko) Chrome/140.0.0.0 Safari/537.36"
163.53.179.32 - - [19/Sep/2025:13:44:48 +0530] "GET /index.php/about-us/ HTTP/2" 200 23119 "https://indianindustrialworks.myycard.in/?elementor-preview=17&ver=1758269014" "Mozilla/5.0 (Windows NT 10.0; Win64; x64) AppleWebKit/537.36 (KHTML, like Gecko) Chrome/140.0.0.0 Safari/537.36"
163.53.179.32 - - [19/Sep/2025:13:45:01 +0530] "POST /wp-admin/admin-ajax.php HTTP/2" 200 96 "https://indianindustrialworks.myycard.in/wp-admin/post.php?post=17&action=elementor" "Mozilla/5.0 (Windows NT 10.0; Win64; x64) AppleWebKit/537.36 (KHTML, like Gecko) Chrome/140.0.0.0 Safari/537.36"
163.53.179.32 - - [19/Sep/2025:13:45:19 +0530] "POST /wp-admin/admin-ajax.php HTTP/2" 200 96 "https://indianindustrialworks.myycard.in/wp-admin/post.php?post=17&action=elementor" "Mozilla/5.0 (Windows NT 10.0; Win64; x64) AppleWebKit/537.36 (KHTML, like Gecko) Chrome/140.0.0.0 Safari/537.36"
103.212.120.166 - - [19/Sep/2025:13:47:18 +0530] "POST /wp-cron.php?doing_wp_cron=1758269838.4833440780639648437500 HTTP/1.1" 403 1242 "-" "WordPress/6.8.2; https://indianindustrialworks.myycard.in"
103.212.120.166 - - [19/Sep/2025:13:47:18 +0530] "POST /wp-cron.php?doing_wp_cron=1758269838.5114040374755859375000 HTTP/1.1" 403 1242 "-" "WordPress/6.8.2; https://indianindustrialworks.myycard.in"
163.53.179.32 - - [19/Sep/2025:13:47:18 +0530] "GET /index.php/wp-json/elementor/v1/checklist/user-progress HTTP/2" 200 204 "https://indianindustrialworks.myycard.in/wp-admin/post.php?post=17&action=elementor" "Mozilla/5.0 (Windows NT 10.0; Win64; x64) AppleWebKit/537.36 (KHTML, like Gecko) Chrome/140.0.0.0 Safari/537.36"
163.53.179.32 - - [19/Sep/2025:13:47:18 +0530] "POST /wp-admin/admin-ajax.php HTTP/2" 200 96 "https://indianindustrialworks.myycard.in/wp-admin/post.php?post=17&action=elementor" "Mozilla/5.0 (Windows NT 10.0; Win64; x64) AppleWebKit/537.36 (KHTML, like Gecko) Chrome/140.0.0.0 Safari/537.36"
163.53.179.32 - - [19/Sep/2025:13:47:26 +0530] "GET /index.php/wp-json/elementor/v1/checklist/user-progress HTTP/2" 200 204 "https://indianindustrialworks.myycard.in/wp-admin/post.php?post=17&action=elementor" "Mozilla/5.0 (Windows NT 10.0; Win64; x64) AppleWebKit/537.36 (KHTML, like Gecko) Chrome/140.0.0.0 Safari/537.36"
163.53.179.32 - - [19/Sep/2025:13:47:33 +0530] "POST /wp-admin/admin-ajax.php HTTP/2" 200 96 "https://indianindustrialworks.myycard.in/wp-admin/post.php?post=17&action=elementor" "Mozilla/5.0 (Windows NT 10.0; Win64; x64) AppleWebKit/537.36 (KHTML, like Gecko) Chrome/140.0.0.0 Safari/537.36"
163.53.179.32 - - [19/Sep/2025:13:47:38 +0530] "GET /index.php/wp-json/elementor/v1/checklist/user-progress HTTP/2" 200 204 "https://indianindustrialworks.myycard.in/wp-admin/post.php?post=17&action=elementor" "Mozilla/5.0 (Windows NT 10.0; Win64; x64) AppleWebKit/537.36 (KHTML, like Gecko) Chrome/140.0.0.0 Safari/537.36"
163.53.179.32 - - [19/Sep/2025:13:47:40 +0530] "GET /wp-content/plugins/elementor/assets/lib/font-awesome/js/regular.js HTTP/2" 304 0 "https://indianindustrialworks.myycard.in/wp-admin/post.php?post=17&action=elementor" "Mozilla/5.0 (Windows NT 10.0; Win64; x64) AppleWebKit/537.36 (KHTML, like Gecko) Chrome/140.0.0.0 Safari/537.36"
163.53.179.32 - - [19/Sep/2025:13:47:40 +0530] "GET /wp-content/plugins/elementor/assets/lib/font-awesome/js/solid.js HTTP/2" 304 0 "https://indianindustrialworks.myycard.in/wp-admin/post.php?post=17&action=elementor" "Mozilla/5.0 (Windows NT 10.0; Win64; x64) AppleWebKit/537.36 (KHTML, like Gecko) Chrome/140.0.0.0 Safari/537.36"
163.53.179.32 - - [19/Sep/2025:13:47:40 +0530] "GET /wp-content/plugins/elementor/assets/lib/font-awesome/js/brands.js HTTP/2" 304 0 "https://indianindustrialworks.myycard.in/wp-admin/post.php?post=17&action=elementor" "Mozilla/5.0 (Windows NT 10.0; Win64; x64) AppleWebKit/537.36 (KHTML, like Gecko) Chrome/140.0.0.0 Safari/537.36"
163.53.179.32 - - [19/Sep/2025:13:47:40 +0530] "GET /wp-content/plugins/master-addons/assets/fonts/simple-line-icons/simple-line-icons.js?v=2.0.9.6 HTTP/2" 304 0 "https://indianindustrialworks.myycard.in/wp-admin/post.php?post=17&action=elementor" "Mozilla/5.0 (Windows NT 10.0; Win64; x64) AppleWebKit/537.36 (KHTML, like Gecko) Chrome/140.0.0.0 Safari/537.36"
163.53.179.32 - - [19/Sep/2025:13:47:40 +0530] "GET /wp-content/plugins/master-addons/assets/fonts/iconic-fonts/iconic-fonts.js?v=2.0.9.6 HTTP/2" 304 0 "https://indianindustrialworks.myycard.in/wp-admin/post.php?post=17&action=elementor" "Mozilla/5.0 (Windows NT 10.0; Win64; x64) AppleWebKit/537.36 (KHTML, like Gecko) Chrome/140.0.0.0 Safari/537.36"
163.53.179.32 - - [19/Sep/2025:13:47:40 +0530] "GET /wp-content/plugins/master-addons/assets/fonts/linear-icons/linear-icons.js?v=2.0.9.6 HTTP/2" 304 0 "https://indianindustrialworks.myycard.in/wp-admin/post.php?post=17&action=elementor" "Mozilla/5.0 (Windows NT 10.0; Win64; x64) AppleWebKit/537.36 (KHTML, like Gecko) Chrome/140.0.0.0 Safari/537.36"
163.53.179.32 - - [19/Sep/2025:13:47:40 +0530] "GET /wp-content/plugins/master-addons/assets/fonts/material-icons/material-icons.js?v=2.0.9.6 HTTP/2" 304 0 "https://indianindustrialworks.myycard.in/wp-admin/post.php?post=17&action=elementor" "Mozilla/5.0 (Windows NT 10.0; Win64; x64) AppleWebKit/537.36 (KHTML, like Gecko) Chrome/140.0.0.0 Safari/537.36"
163.53.179.32 - - [19/Sep/2025:13:47:42 +0530] "POST /wp-admin/admin-ajax.php HTTP/2" 200 666 "https://indianindustrialworks.myycard.in/wp-admin/post.php?post=17&action=elementor" "Mozilla/5.0 (Windows NT 10.0; Win64; x64) AppleWebKit/537.36 (KHTML, like Gecko) Chrome/140.0.0.0 Safari/537.36"
163.53.179.32 - - [19/Sep/2025:13:47:42 +0530] "POST /wp-admin/admin-ajax.php HTTP/2" 200 9218 "https://indianindustrialworks.myycard.in/wp-admin/post.php?post=17&action=elementor" "Mozilla/5.0 (Windows NT 10.0; Win64; x64) AppleWebKit/537.36 (KHTML, like Gecko) Chrome/140.0.0.0 Safari/537.36"
163.53.179.32 - - [19/Sep/2025:13:47:42 +0530] "POST /wp-admin/admin-ajax.php HTTP/2" 200 9218 "https://indianindustrialworks.myycard.in/wp-admin/post.php?post=17&action=elementor" "Mozilla/5.0 (Windows NT 10.0; Win64; x64) AppleWebKit/537.36 (KHTML, like Gecko) Chrome/140.0.0.0 Safari/537.36"
163.53.179.32 - - [19/Sep/2025:13:47:42 +0530] "GET /wp-content/uploads/2025/09/k9bok6dsyjvcrp9325fcwep759y5y0w6.jpg HTTP/2" 200 163278 "https://indianindustrialworks.myycard.in/wp-admin/post.php?post=17&action=elementor" "Mozilla/5.0 (Windows NT 10.0; Win64; x64) AppleWebKit/537.36 (KHTML, like Gecko) Chrome/140.0.0.0 Safari/537.36"
