106.221.64.94 - - [19/Sep/2025:14:25:37 +0530] "GET /wp-admin/ HTTP/3" 200 41528 "-" "Mozilla/5.0 (Windows NT 10.0; Win64; x64) AppleWebKit/537.36 (KHTML, like Gecko) Chrome/140.0.0.0 Safari/537.36"
106.221.64.94 - - [19/Sep/2025:14:25:38 +0530] "POST /wp-admin/admin-ajax.php HTTP/3" 200 109 "https://indianindustrialworks.myycard.in/wp-admin/" "Mozilla/5.0 (Windows NT 10.0; Win64; x64) AppleWebKit/537.36 (KHTML, like Gecko) Chrome/140.0.0.0 Safari/537.36"
106.221.64.94 - - [19/Sep/2025:14:25:43 +0530] "GET / HTTP/3" 200 28809 "https://indianindustrialworks.myycard.in/wp-admin/" "Mozilla/5.0 (Windows NT 10.0; Win64; x64) AppleWebKit/537.36 (KHTML, like Gecko) Chrome/140.0.0.0 Safari/537.36"
106.221.64.94 - - [19/Sep/2025:14:25:47 +0530] "GET /index.php/about-us/ HTTP/3" 200 23097 "https://indianindustrialworks.myycard.in/" "Mozilla/5.0 (Windows NT 10.0; Win64; x64) AppleWebKit/537.36 (KHTML, like Gecko) Chrome/140.0.0.0 Safari/537.36"
106.221.64.94 - - [19/Sep/2025:14:25:49 +0530] "GET /index.php/our-services/ HTTP/3" 200 23102 "https://indianindustrialworks.myycard.in/index.php/about-us/" "Mozilla/5.0 (Windows NT 10.0; Win64; x64) AppleWebKit/537.36 (KHTML, like Gecko) Chrome/140.0.0.0 Safari/537.36"
106.221.64.94 - - [19/Sep/2025:14:25:50 +0530] "GET /wp-content/uploads/elementor/css/post-22.css?ver=1758272150 HTTP/3" 200 3893 "https://indianindustrialworks.myycard.in/index.php/our-services/" "Mozilla/5.0 (Windows NT 10.0; Win64; x64) AppleWebKit/537.36 (KHTML, like Gecko) Chrome/140.0.0.0 Safari/537.36"
106.221.64.94 - - [19/Sep/2025:14:25:50 +0530] "GET /wp-content/uploads/2025/09/What-Are-the-Different-Ceiling-Finishes.jpeg HTTP/3" 200 27874 "https://indianindustrialworks.myycard.in/wp-content/uploads/elementor/css/post-22.css?ver=1758272150" "Mozilla/5.0 (Windows NT 10.0; Win64; x64) AppleWebKit/537.36 (KHTML, like Gecko) Chrome/140.0.0.0 Safari/537.36"
106.221.64.94 - - [19/Sep/2025:14:25:51 +0530] "GET /wp-admin/post.php?post=22&action=elementor HTTP/3" 200 317391 "https://indianindustrialworks.myycard.in/index.php/our-services/" "Mozilla/5.0 (Windows NT 10.0; Win64; x64) AppleWebKit/537.36 (KHTML, like Gecko) Chrome/140.0.0.0 Safari/537.36"
106.221.64.94 - - [19/Sep/2025:14:25:54 +0530] "GET /index.php/wp-json/elementor/v1/global-widget/templates HTTP/3" 200 22 "https://indianindustrialworks.myycard.in/wp-admin/post.php?post=22&action=elementor" "Mozilla/5.0 (Windows NT 10.0; Win64; x64) AppleWebKit/537.36 (KHTML, like Gecko) Chrome/140.0.0.0 Safari/537.36"
106.221.64.94 - - [19/Sep/2025:14:25:54 +0530] "GET /index.php/our-services/?elementor-preview=22&ver=1758272152 HTTP/3" 200 17851 "https://indianindustrialworks.myycard.in/wp-admin/post.php?post=22&action=elementor" "Mozilla/5.0 (Windows NT 10.0; Win64; x64) AppleWebKit/537.36 (KHTML, like Gecko) Chrome/140.0.0.0 Safari/537.36"
106.221.64.94 - - [19/Sep/2025:14:25:54 +0530] "GET /index.php/wp-json/elementor/v1/site-navigation/recent-posts?posts_per_page=6&_locale=user HTTP/3" 200 343 "https://indianindustrialworks.myycard.in/wp-admin/post.php?post=22&action=elementor" "Mozilla/5.0 (Windows NT 10.0; Win64; x64) AppleWebKit/537.36 (KHTML, like Gecko) Chrome/140.0.0.0 Safari/537.36"
106.221.64.94 - - [19/Sep/2025:14:25:54 +0530] "POST /wp-admin/admin-ajax.php HTTP/3" 200 96 "https://indianindustrialworks.myycard.in/wp-admin/post.php?post=22&action=elementor" "Mozilla/5.0 (Windows NT 10.0; Win64; x64) AppleWebKit/537.36 (KHTML, like Gecko) Chrome/140.0.0.0 Safari/537.36"
106.221.64.94 - - [19/Sep/2025:14:25:54 +0530] "GET /index.php/wp-json/elementor/v1/checklist/user-progress HTTP/3" 200 204 "https://indianindustrialworks.myycard.in/wp-admin/post.php?post=22&action=elementor" "Mozilla/5.0 (Windows NT 10.0; Win64; x64) AppleWebKit/537.36 (KHTML, like Gecko) Chrome/140.0.0.0 Safari/537.36"
106.221.64.94 - - [19/Sep/2025:14:25:54 +0530] "GET /index.php/wp-json/elementor/v1/kit-elements-defaults HTTP/3" 200 22 "https://indianindustrialworks.myycard.in/wp-admin/post.php?post=22&action=elementor" "Mozilla/5.0 (Windows NT 10.0; Win64; x64) AppleWebKit/537.36 (KHTML, like Gecko) Chrome/140.0.0.0 Safari/537.36"
106.221.64.94 - - [19/Sep/2025:14:25:55 +0530] "POST /wp-admin/admin-ajax.php HTTP/3" 200 1465444 "https://indianindustrialworks.myycard.in/wp-admin/post.php?post=22&action=elementor" "Mozilla/5.0 (Windows NT 10.0; Win64; x64) AppleWebKit/537.36 (KHTML, like Gecko) Chrome/140.0.0.0 Safari/537.36"
106.221.64.94 - - [19/Sep/2025:14:25:55 +0530] "GET /index.php/wp-json/elementor/v1/globals HTTP/3" 200 740 "https://indianindustrialworks.myycard.in/wp-admin/post.php?post=22&action=elementor" "Mozilla/5.0 (Windows NT 10.0; Win64; x64) AppleWebKit/537.36 (KHTML, like Gecko) Chrome/140.0.0.0 Safari/537.36"
106.221.64.94 - - [19/Sep/2025:14:26:01 +0530] "GET /index.php/wp-json/elementor/v1/checklist/user-progress HTTP/3" 200 204 "https://indianindustrialworks.myycard.in/wp-admin/post.php?post=22&action=elementor" "Mozilla/5.0 (Windows NT 10.0; Win64; x64) AppleWebKit/537.36 (KHTML, like Gecko) Chrome/140.0.0.0 Safari/537.36"
106.221.64.94 - - [19/Sep/2025:14:26:03 +0530] "POST /wp-admin/admin-ajax.php HTTP/3" 200 78 "https://indianindustrialworks.myycard.in/wp-admin/post.php?post=22&action=elementor" "Mozilla/5.0 (Windows NT 10.0; Win64; x64) AppleWebKit/537.36 (KHTML, like Gecko) Chrome/140.0.0.0 Safari/537.36"
106.221.64.94 - - [19/Sep/2025:14:26:03 +0530] "GET /index.php/wp-json/elementor/v1/user-data/current-user?context=edit HTTP/3" 200 391 "https://indianindustrialworks.myycard.in/wp-admin/post.php?post=22&action=elementor" "Mozilla/5.0 (Windows NT 10.0; Win64; x64) AppleWebKit/537.36 (KHTML, like Gecko) Chrome/140.0.0.0 Safari/537.36"
106.221.64.94 - - [19/Sep/2025:14:26:04 +0530] "GET /index.php/wp-json/elementor/v1/checklist/user-progress HTTP/3" 200 204 "https://indianindustrialworks.myycard.in/wp-admin/post.php?post=22&action=elementor" "Mozilla/5.0 (Windows NT 10.0; Win64; x64) AppleWebKit/537.36 (KHTML, like Gecko) Chrome/140.0.0.0 Safari/537.36"
106.221.64.94 - - [19/Sep/2025:14:26:12 +0530] "POST /wp-admin/admin-ajax.php HTTP/3" 200 96 "https://indianindustrialworks.myycard.in/wp-admin/post.php?post=22&action=elementor" "Mozilla/5.0 (Windows NT 10.0; Win64; x64) AppleWebKit/537.36 (KHTML, like Gecko) Chrome/140.0.0.0 Safari/537.36"
106.221.64.94 - - [19/Sep/2025:14:26:22 +0530] "GET /index.php/wp-json/elementor/v1/checklist/user-progress HTTP/3" 200 204 "https://indianindustrialworks.myycard.in/wp-admin/post.php?post=22&action=elementor" "Mozilla/5.0 (Windows NT 10.0; Win64; x64) AppleWebKit/537.36 (KHTML, like Gecko) Chrome/140.0.0.0 Safari/537.36"
106.221.64.94 - - [19/Sep/2025:14:26:23 +0530] "GET /index.php/wp-json/elementor/v1/checklist/user-progress HTTP/3" 200 204 "https://indianindustrialworks.myycard.in/wp-admin/post.php?post=17&action=elementor" "Mozilla/5.0 (Windows NT 10.0; Win64; x64) AppleWebKit/537.36 (KHTML, like Gecko) Chrome/140.0.0.0 Safari/537.36"
106.221.64.94 - - [19/Sep/2025:14:26:23 +0530] "POST /wp-admin/admin-ajax.php HTTP/3" 200 96 "https://indianindustrialworks.myycard.in/wp-admin/post.php?post=17&action=elementor" "Mozilla/5.0 (Windows NT 10.0; Win64; x64) AppleWebKit/537.36 (KHTML, like Gecko) Chrome/140.0.0.0 Safari/537.36"
106.221.64.94 - - [19/Sep/2025:14:26:27 +0530] "GET /index.php/wp-json/elementor/v1/checklist/user-progress HTTP/3" 200 204 "https://indianindustrialworks.myycard.in/wp-admin/post.php?post=22&action=elementor" "Mozilla/5.0 (Windows NT 10.0; Win64; x64) AppleWebKit/537.36 (KHTML, like Gecko) Chrome/140.0.0.0 Safari/537.36"
106.221.64.94 - - [19/Sep/2025:14:26:27 +0530] "POST /wp-admin/admin-ajax.php HTTP/3" 200 96 "https://indianindustrialworks.myycard.in/wp-admin/post.php?post=22&action=elementor" "Mozilla/5.0 (Windows NT 10.0; Win64; x64) AppleWebKit/537.36 (KHTML, like Gecko) Chrome/140.0.0.0 Safari/537.36"
103.212.120.166 - - [19/Sep/2025:14:26:32 +0530] "POST /wp-cron.php?doing_wp_cron=1758272192.0795660018920898437500 HTTP/1.1" 403 1242 "-" "WordPress/6.8.2; https://indianindustrialworks.myycard.in"
106.221.64.94 - - [19/Sep/2025:14:26:31 +0530] "GET /index.php/wp-json/elementor/v1/checklist/user-progress HTTP/3" 200 204 "https://indianindustrialworks.myycard.in/wp-admin/post.php?post=17&action=elementor" "Mozilla/5.0 (Windows NT 10.0; Win64; x64) AppleWebKit/537.36 (KHTML, like Gecko) Chrome/140.0.0.0 Safari/537.36"
106.221.64.94 - - [19/Sep/2025:14:26:33 +0530] "GET /index.php/wp-json/elementor/v1/checklist/user-progress HTTP/3" 200 204 "https://indianindustrialworks.myycard.in/wp-admin/post.php?post=22&action=elementor" "Mozilla/5.0 (Windows NT 10.0; Win64; x64) AppleWebKit/537.36 (KHTML, like Gecko) Chrome/140.0.0.0 Safari/537.36"
106.221.64.94 - - [19/Sep/2025:14:26:35 +0530] "GET /index.php/wp-json/elementor/v1/checklist/user-progress HTTP/3" 200 204 "https://indianindustrialworks.myycard.in/wp-admin/post.php?post=22&action=elementor" "Mozilla/5.0 (Windows NT 10.0; Win64; x64) AppleWebKit/537.36 (KHTML, like Gecko) Chrome/140.0.0.0 Safari/537.36"
103.212.120.166 - - [19/Sep/2025:14:18:08 +0530] "POST /wp-cron.php?doing_wp_cron=1758271688.0833559036254882812500 HTTP/1.1" 403 1242 "-" "WordPress/6.8.2; https://indianindustrialworks.myycard.in"
106.221.64.94 - - [19/Sep/2025:14:18:07 +0530] "GET /index.php/wp-json/elementor/v1/checklist/user-progress HTTP/3" 200 204 "https://indianindustrialworks.myycard.in/wp-admin/post.php?post=17&action=elementor" "Mozilla/5.0 (Windows NT 10.0; Win64; x64) AppleWebKit/537.36 (KHTML, like Gecko) Chrome/140.0.0.0 Safari/537.36"
103.241.225.254 - - [19/Sep/2025:14:18:16 +0530] "GET / HTTP/2" 200 23086 "-" "Mozilla/5.0 (Linux; Android 10; K) AppleWebKit/537.36 (KHTML, like Gecko) Chrome/140.0.0.0 Mobile Safari/537.36"
103.241.225.254 - - [19/Sep/2025:14:18:18 +0530] "GET /favicon.ico HTTP/2" 404 1251 "https://indianindustrialworks.myycard.in/" "Mozilla/5.0 (Linux; Android 10; K) AppleWebKit/537.36 (KHTML, like Gecko) Chrome/140.0.0.0 Mobile Safari/537.36"
106.221.64.94 - - [19/Sep/2025:14:18:21 +0530] "POST /wp-admin/admin-ajax.php HTTP/3" 200 96 "https://indianindustrialworks.myycard.in/wp-admin/post.php?post=17&action=elementor" "Mozilla/5.0 (Windows NT 10.0; Win64; x64) AppleWebKit/537.36 (KHTML, like Gecko) Chrome/140.0.0.0 Safari/537.36"
103.212.120.166 - - [19/Sep/2025:14:20:22 +0530] "POST /wp-cron.php?doing_wp_cron=1758271822.7663369178771972656250 HTTP/1.1" 403 1242 "-" "WordPress/6.8.2; https://indianindustrialworks.myycard.in"
106.221.64.94 - - [19/Sep/2025:14:20:22 +0530] "POST /wp-admin/admin-ajax.php HTTP/3" 200 96 "https://indianindustrialworks.myycard.in/wp-admin/post.php?post=17&action=elementor" "Mozilla/5.0 (Windows NT 10.0; Win64; x64) AppleWebKit/537.36 (KHTML, like Gecko) Chrome/140.0.0.0 Safari/537.36"
106.221.64.94 - - [19/Sep/2025:14:26:39 +0530] "POST /wp-admin/admin-ajax.php HTTP/3" 200 96 "https://indianindustrialworks.myycard.in/wp-admin/post.php?post=17&action=elementor" "Mozilla/5.0 (Windows NT 10.0; Win64; x64) AppleWebKit/537.36 (KHTML, like Gecko) Chrome/140.0.0.0 Safari/537.36"
106.221.64.94 - - [19/Sep/2025:14:26:44 +0530] "GET /index.php/wp-json/elementor/v1/checklist/user-progress HTTP/3" 200 204 "https://indianindustrialworks.myycard.in/wp-admin/post.php?post=22&action=elementor" "Mozilla/5.0 (Windows NT 10.0; Win64; x64) AppleWebKit/537.36 (KHTML, like Gecko) Chrome/140.0.0.0 Safari/537.36"
106.221.64.94 - - [19/Sep/2025:14:26:46 +0530] "POST /wp-admin/admin-ajax.php HTTP/3" 200 96 "https://indianindustrialworks.myycard.in/wp-admin/post.php?post=22&action=elementor" "Mozilla/5.0 (Windows NT 10.0; Win64; x64) AppleWebKit/537.36 (KHTML, like Gecko) Chrome/140.0.0.0 Safari/537.36"
106.221.64.94 - - [19/Sep/2025:14:26:46 +0530] "POST /wp-admin/admin-ajax.php HTTP/3" 200 609 "https://indianindustrialworks.myycard.in/wp-admin/post.php?post=22&action=elementor" "Mozilla/5.0 (Windows NT 10.0; Win64; x64) AppleWebKit/537.36 (KHTML, like Gecko) Chrome/140.0.0.0 Safari/537.36"
106.221.64.94 - - [19/Sep/2025:14:26:48 +0530] "GET /index.php/wp-json/elementor/v1/checklist/user-progress HTTP/3" 200 204 "https://indianindustrialworks.myycard.in/wp-admin/post.php?post=22&action=elementor" "Mozilla/5.0 (Windows NT 10.0; Win64; x64) AppleWebKit/537.36 (KHTML, like Gecko) Chrome/140.0.0.0 Safari/537.36"
106.221.64.94 - - [19/Sep/2025:14:26:48 +0530] "POST /wp-admin/admin-ajax.php HTTP/3" 200 487 "https://indianindustrialworks.myycard.in/wp-admin/post.php?post=22&action=elementor" "Mozilla/5.0 (Windows NT 10.0; Win64; x64) AppleWebKit/537.36 (KHTML, like Gecko) Chrome/140.0.0.0 Safari/537.36"
106.221.64.94 - - [19/Sep/2025:14:26:51 +0530] "GET /wp-admin/about.php HTTP/3" 200 32539 "https://indianindustrialworks.myycard.in/index.php/about-us/" "Mozilla/5.0 (Windows NT 10.0; Win64; x64) AppleWebKit/537.36 (KHTML, like Gecko) Chrome/140.0.0.0 Safari/537.36"
106.221.64.94 - - [19/Sep/2025:14:26:52 +0530] "GET /wp-admin/load-styles.php?c=0&dir=ltr&load%5Bchunk_0%5D=dashicons,admin-bar,common,forms,admin-menu,dashboard,list-tables,edit,revisions,media,themes,about,nav-menus,wp-pointer,widgets&load%5Bchunk_1%5D=,site-icon,l10n,buttons,wp-auth-check,wp-color-picker&ver=6.8.2 HTTP/3" 200 102362 "https://indianindustrialworks.myycard.in/wp-admin/about.php" "Mozilla/5.0 (Windows NT 10.0; Win64; x64) AppleWebKit/537.36 (KHTML, like Gecko) Chrome/140.0.0.0 Safari/537.36"
106.221.64.94 - - [19/Sep/2025:14:26:52 +0530] "GET /wp-admin/images/about-release-badge.svg?ver=6.8 HTTP/3" 200 2032 "https://indianindustrialworks.myycard.in/wp-admin/about.php" "Mozilla/5.0 (Windows NT 10.0; Win64; x64) AppleWebKit/537.36 (KHTML, like Gecko) Chrome/140.0.0.0 Safari/537.36"
106.221.64.94 - - [19/Sep/2025:14:26:52 +0530] "GET /index.php/wp-json/elementor/v1/checklist/user-progress HTTP/3" 200 204 "https://indianindustrialworks.myycard.in/wp-admin/post.php?post=17&action=elementor" "Mozilla/5.0 (Windows NT 10.0; Win64; x64) AppleWebKit/537.36 (KHTML, like Gecko) Chrome/140.0.0.0 Safari/537.36"
106.221.64.94 - - [19/Sep/2025:14:26:55 +0530] "GET /wp-admin/plugin-install.php HTTP/3" 200 37214 "https://indianindustrialworks.myycard.in/wp-admin/about.php" "Mozilla/5.0 (Windows NT 10.0; Win64; x64) AppleWebKit/537.36 (KHTML, like Gecko) Chrome/140.0.0.0 Safari/537.36"
106.221.64.94 - - [19/Sep/2025:14:27:10 +0530] "POST /wp-admin/admin-ajax.php HTTP/3" 200 2820 "https://indianindustrialworks.myycard.in/wp-admin/plugin-install.php?s=wpvivid&tab=search&type=term" "Mozilla/5.0 (Windows NT 10.0; Win64; x64) AppleWebKit/537.36 (KHTML, like Gecko) Chrome/140.0.0.0 Safari/537.36"
103.212.120.166 - - [19/Sep/2025:14:27:34 +0530] "POST /wp-cron.php?doing_wp_cron=1758272254.8416979312896728515625 HTTP/1.1" 403 1242 "-" "WordPress/6.8.2; https://indianindustrialworks.myycard.in"
106.221.64.94 - - [19/Sep/2025:14:27:34 +0530] "POST /wp-admin/admin-ajax.php HTTP/3" 200 237 "https://indianindustrialworks.myycard.in/wp-admin/plugin-install.php?s=wpvivid&tab=search&type=term" "Mozilla/5.0 (Windows NT 10.0; Win64; x64) AppleWebKit/537.36 (KHTML, like Gecko) Chrome/140.0.0.0 Safari/537.36"
106.221.64.94 - - [19/Sep/2025:14:27:47 +0530] "POST /wp-admin/admin-ajax.php HTTP/3" 200 233 "https://indianindustrialworks.myycard.in/wp-admin/plugin-install.php?s=wpvivid&tab=search&type=term" "Mozilla/5.0 (Windows NT 10.0; Win64; x64) AppleWebKit/537.36 (KHTML, like Gecko) Chrome/140.0.0.0 Safari/537.36"
106.221.64.94 - - [19/Sep/2025:14:27:49 +0530] "POST /wp-admin/admin-ajax.php HTTP/3" 400 21 "https://indianindustrialworks.myycard.in/wp-admin/plugin-install.php?s=wpvivid&tab=search&type=term" "Mozilla/5.0 (Windows NT 10.0; Win64; x64) AppleWebKit/537.36 (KHTML, like Gecko) Chrome/140.0.0.0 Safari/537.36"
106.221.64.94 - - [19/Sep/2025:14:27:49 +0530] "GET /wp-admin/plugins.php?_wpnonce=02e3bf2a38&action=activate&plugin=wpvivid-backuprestore/wpvivid-backuprestore.php HTTP/3" 302 20 "https://indianindustrialworks.myycard.in/wp-admin/plugin-install.php?s=wpvivid&tab=search&type=term" "Mozilla/5.0 (Windows NT 10.0; Win64; x64) AppleWebKit/537.36 (KHTML, like Gecko) Chrome/140.0.0.0 Safari/537.36"
106.221.64.94 - - [19/Sep/2025:14:27:52 +0530] "GET /wp-admin/plugins.php?activate=true&plugin_status=all&paged=1&s= HTTP/3" 302 49354 "https://indianindustrialworks.myycard.in/wp-admin/plugin-install.php?s=wpvivid&tab=search&type=term" "Mozilla/5.0 (Windows NT 10.0; Win64; x64) AppleWebKit/537.36 (KHTML, like Gecko) Chrome/140.0.0.0 Safari/537.36"
106.221.64.94 - - [19/Sep/2025:14:27:53 +0530] "GET /wp-admin/admin.php?page=WPvivid HTTP/3" 200 74961 "https://indianindustrialworks.myycard.in/wp-admin/plugin-install.php?s=wpvivid&tab=search&type=term" "Mozilla/5.0 (Windows NT 10.0; Win64; x64) AppleWebKit/537.36 (KHTML, like Gecko) Chrome/140.0.0.0 Safari/537.36"
106.221.64.94 - - [19/Sep/2025:14:27:54 +0530] "GET /wp-content/plugins/wpvivid-backuprestore/admin/css/wpvivid-admin.css?ver=0.9.119 HTTP/3" 200 1997 "https://indianindustrialworks.myycard.in/wp-admin/admin.php?page=WPvivid" "Mozilla/5.0 (Windows NT 10.0; Win64; x64) AppleWebKit/537.36 (KHTML, like Gecko) Chrome/140.0.0.0 Safari/537.36"
106.221.64.94 - - [19/Sep/2025:14:27:54 +0530] "GET /wp-content/plugins/wpvivid-backuprestore/admin/css/wpvivid-snapshot-style.css?ver=0.9.119 HTTP/3" 200 3675 "https://indianindustrialworks.myycard.in/wp-admin/admin.php?page=WPvivid" "Mozilla/5.0 (Windows NT 10.0; Win64; x64) AppleWebKit/537.36 (KHTML, like Gecko) Chrome/140.0.0.0 Safari/537.36"
106.221.64.94 - - [19/Sep/2025:14:27:54 +0530] "GET /wp-content/plugins/wpvivid-backuprestore/admin/js/jstree/dist/jstree.min.js?ver=0.9.119 HTTP/3" 200 30862 "https://indianindustrialworks.myycard.in/wp-admin/admin.php?page=WPvivid" "Mozilla/5.0 (Windows NT 10.0; Win64; x64) AppleWebKit/537.36 (KHTML, like Gecko) Chrome/140.0.0.0 Safari/537.36"
106.221.64.94 - - [19/Sep/2025:14:27:54 +0530] "GET /wp-content/plugins/wpvivid-backuprestore/admin/partials/images/delete-tab.png HTTP/3" 200 1136 "https://indianindustrialworks.myycard.in/wp-admin/admin.php?page=WPvivid" "Mozilla/5.0 (Windows NT 10.0; Win64; x64) AppleWebKit/537.36 (KHTML, like Gecko) Chrome/140.0.0.0 Safari/537.36"
106.221.64.94 - - [19/Sep/2025:14:27:54 +0530] "GET /wp-content/plugins/wpvivid-backuprestore/admin/js/wpvivid-admin.js?ver=0.9.119 HTTP/3" 200 5050 "https://indianindustrialworks.myycard.in/wp-admin/admin.php?page=WPvivid" "Mozilla/5.0 (Windows NT 10.0; Win64; x64) AppleWebKit/537.36 (KHTML, like Gecko) Chrome/140.0.0.0 Safari/537.36"
106.221.64.94 - - [19/Sep/2025:14:27:54 +0530] "GET /wp-content/plugins/wpvivid-backuprestore/admin/partials/images/storage-ftp(gray).png HTTP/3" 200 1161 "https://indianindustrialworks.myycard.in/wp-admin/admin.php?page=WPvivid" "Mozilla/5.0 (Windows NT 10.0; Win64; x64) AppleWebKit/537.36 (KHTML, like Gecko) Chrome/140.0.0.0 Safari/537.36"
106.221.64.94 - - [19/Sep/2025:14:27:54 +0530] "GET /wp-content/plugins/wpvivid-backuprestore/admin/partials/images/storage-sftp(gray).png HTTP/3" 200 1243 "https://indianindustrialworks.myycard.in/wp-admin/admin.php?page=WPvivid" "Mozilla/5.0 (Windows NT 10.0; Win64; x64) AppleWebKit/537.36 (KHTML, like Gecko) Chrome/140.0.0.0 Safari/537.36"
106.221.64.94 - - [19/Sep/2025:14:27:54 +0530] "GET /wp-content/plugins/wpvivid-backuprestore/admin/partials/images/stroage-google-drive(gray).png HTTP/3" 200 1473 "https://indianindustrialworks.myycard.in/wp-admin/admin.php?page=WPvivid" "Mozilla/5.0 (Windows NT 10.0; Win64; x64) AppleWebKit/537.36 (KHTML, like Gecko) Chrome/140.0.0.0 Safari/537.36"
106.221.64.94 - - [19/Sep/2025:14:27:54 +0530] "GET /wp-content/plugins/wpvivid-backuprestore/admin/partials/images/storage-dropbox(gray).png HTTP/3" 200 1576 "https://indianindustrialworks.myycard.in/wp-admin/admin.php?page=WPvivid" "Mozilla/5.0 (Windows NT 10.0; Win64; x64) AppleWebKit/537.36 (KHTML, like Gecko) Chrome/140.0.0.0 Safari/537.36"
106.221.64.94 - - [19/Sep/2025:14:27:54 +0530] "GET /wp-content/plugins/wpvivid-backuprestore/admin/partials/images/storage-microsoft-onedrive(gray).png HTTP/3" 200 1368 "https://indianindustrialworks.myycard.in/wp-admin/admin.php?page=WPvivid" "Mozilla/5.0 (Windows NT 10.0; Win64; x64) AppleWebKit/537.36 (KHTML, like Gecko) Chrome/140.0.0.0 Safari/537.36"
106.221.64.94 - - [19/Sep/2025:14:27:54 +0530] "GET /wp-content/plugins/wpvivid-backuprestore/admin/partials/images/storage-amazon-s3(gray).png HTTP/3" 200 1447 "https://indianindustrialworks.myycard.in/wp-admin/admin.php?page=WPvivid" "Mozilla/5.0 (Windows NT 10.0; Win64; x64) AppleWebKit/537.36 (KHTML, like Gecko) Chrome/140.0.0.0 Safari/537.36"
106.221.64.94 - - [19/Sep/2025:14:27:54 +0530] "GET /wp-cron.php HTTP/3" 403 1242 "https://indianindustrialworks.myycard.in/wp-admin/admin.php?page=WPvivid" "Mozilla/5.0 (Windows NT 10.0; Win64; x64) AppleWebKit/537.36 (KHTML, like Gecko) Chrome/140.0.0.0 Safari/537.36"
106.221.64.94 - - [19/Sep/2025:14:27:54 +0530] "GET /wp-content/plugins/wpvivid-backuprestore/admin/partials/images/storage-digitalocean(gray).png HTTP/3" 200 1442 "https://indianindustrialworks.myycard.in/wp-admin/admin.php?page=WPvivid" "Mozilla/5.0 (Windows NT 10.0; Win64; x64) AppleWebKit/537.36 (KHTML, like Gecko) Chrome/140.0.0.0 Safari/537.36"
106.221.64.94 - - [19/Sep/2025:14:27:54 +0530] "GET /wp-content/plugins/wpvivid-backuprestore/admin/partials/images/add-storages.png HTTP/3" 200 1153 "https://indianindustrialworks.myycard.in/wp-admin/admin.php?page=WPvivid" "Mozilla/5.0 (Windows NT 10.0; Win64; x64) AppleWebKit/537.36 (KHTML, like Gecko) Chrome/140.0.0.0 Safari/537.36"
106.221.64.94 - - [19/Sep/2025:14:27:54 +0530] "GET /wp-content/plugins/wpvivid-backuprestore/admin/partials/images/stroage-google-drive.png HTTP/3" 200 4150 "https://indianindustrialworks.myycard.in/wp-admin/admin.php?page=WPvivid" "Mozilla/5.0 (Windows NT 10.0; Win64; x64) AppleWebKit/537.36 (KHTML, like Gecko) Chrome/140.0.0.0 Safari/537.36"
106.221.64.94 - - [19/Sep/2025:14:27:54 +0530] "GET /wp-content/plugins/wpvivid-backuprestore/admin/partials/images/storage-microsoft-onedrive.png HTTP/3" 200 4025 "https://indianindustrialworks.myycard.in/wp-admin/admin.php?page=WPvivid" "Mozilla/5.0 (Windows NT 10.0; Win64; x64) AppleWebKit/537.36 (KHTML, like Gecko) Chrome/140.0.0.0 Safari/537.36"
106.221.64.94 - - [19/Sep/2025:14:27:54 +0530] "GET /wp-content/plugins/wpvivid-backuprestore/admin/partials/images/storage-amazon-s3.png HTTP/3" 200 4078 "https://indianindustrialworks.myycard.in/wp-admin/admin.php?page=WPvivid" "Mozilla/5.0 (Windows NT 10.0; Win64; x64) AppleWebKit/537.36 (KHTML, like Gecko) Chrome/140.0.0.0 Safari/537.36"
103.212.120.166 - - [19/Sep/2025:14:28:53 +0530] "POST /wp-cron.php?doing_wp_cron=1758272333.7929120063781738281250 HTTP/1.1" 403 1242 "-" "WordPress/6.8.2; https://indianindustrialworks.myycard.in"
106.221.64.94 - - [19/Sep/2025:14:28:53 +0530] "POST /wp-admin/admin-ajax.php HTTP/3" 200 877 "https://indianindustrialworks.myycard.in/wp-admin/admin.php?page=WPvivid" "Mozilla/5.0 (Windows NT 10.0; Win64; x64) AppleWebKit/537.36 (KHTML, like Gecko) Chrome/140.0.0.0 Safari/537.36"
106.221.64.94 - - [19/Sep/2025:14:28:55 +0530] "POST /wp-admin/admin-ajax.php HTTP/3" 200 67 "https://indianindustrialworks.myycard.in/wp-admin/admin.php?page=WPvivid" "Mozilla/5.0 (Windows NT 10.0; Win64; x64) AppleWebKit/537.36 (KHTML, like Gecko) Chrome/140.0.0.0 Safari/537.36"
106.221.64.94 - - [19/Sep/2025:14:28:57 +0530] "POST /wp-admin/admin-ajax.php HTTP/3" 200 1928 "https://indianindustrialworks.myycard.in/wp-admin/admin.php?page=WPvivid" "Mozilla/5.0 (Windows NT 10.0; Win64; x64) AppleWebKit/537.36 (KHTML, like Gecko) Chrome/140.0.0.0 Safari/537.36"
106.221.64.94 - - [19/Sep/2025:14:29:01 +0530] "POST /wp-admin/admin-ajax.php HTTP/3" 200 1956 "https://indianindustrialworks.myycard.in/wp-admin/admin.php?page=WPvivid" "Mozilla/5.0 (Windows NT 10.0; Win64; x64) AppleWebKit/537.36 (KHTML, like Gecko) Chrome/140.0.0.0 Safari/537.36"
106.221.64.94 - - [19/Sep/2025:14:29:05 +0530] "POST /wp-admin/admin-ajax.php HTTP/3" 200 1956 "https://indianindustrialworks.myycard.in/wp-admin/admin.php?page=WPvivid" "Mozilla/5.0 (Windows NT 10.0; Win64; x64) AppleWebKit/537.36 (KHTML, like Gecko) Chrome/140.0.0.0 Safari/537.36"
106.221.64.94 - - [19/Sep/2025:14:29:09 +0530] "POST /wp-admin/admin-ajax.php HTTP/3" 200 1956 "https://indianindustrialworks.myycard.in/wp-admin/admin.php?page=WPvivid" "Mozilla/5.0 (Windows NT 10.0; Win64; x64) AppleWebKit/537.36 (KHTML, like Gecko) Chrome/140.0.0.0 Safari/537.36"
106.221.64.94 - - [19/Sep/2025:14:27:54 +0530] "GET /wp-content/plugins/wpvivid-backuprestore/admin/partials/images/storage-dropbox.png HTTP/3" 200 4206 "https://indianindustrialworks.myycard.in/wp-admin/admin.php?page=WPvivid" "Mozilla/5.0 (Windows NT 10.0; Win64; x64) AppleWebKit/537.36 (KHTML, like Gecko) Chrome/140.0.0.0 Safari/537.36"
106.221.64.94 - - [19/Sep/2025:14:27:54 +0530] "GET /wp-content/plugins/wpvivid-backuprestore/admin/partials/images/storage-digitalocean.png HTTP/3" 200 1407 "https://indianindustrialworks.myycard.in/wp-admin/admin.php?page=WPvivid" "Mozilla/5.0 (Windows NT 10.0; Win64; x64) AppleWebKit/537.36 (KHTML, like Gecko) Chrome/140.0.0.0 Safari/537.36"
106.221.64.94 - - [19/Sep/2025:14:27:54 +0530] "GET /wp-content/plugins/wpvivid-backuprestore/admin/partials/images/storage-ftp.png HTTP/3" 200 1208 "https://indianindustrialworks.myycard.in/wp-admin/admin.php?page=WPvivid" "Mozilla/5.0 (Windows NT 10.0; Win64; x64) AppleWebKit/537.36 (KHTML, like Gecko) Chrome/140.0.0.0 Safari/537.36"
106.221.64.94 - - [19/Sep/2025:14:27:54 +0530] "GET /wp-content/plugins/wpvivid-backuprestore/admin/partials/images/storage-sftp.png HTTP/3" 200 1297 "https://indianindustrialworks.myycard.in/wp-admin/admin.php?page=WPvivid" "Mozilla/5.0 (Windows NT 10.0; Win64; x64) AppleWebKit/537.36 (KHTML, like Gecko) Chrome/140.0.0.0 Safari/537.36"
106.221.64.94 - - [19/Sep/2025:14:27:54 +0530] "POST /wp-admin/admin-ajax.php HTTP/3" 200 178 "https://indianindustrialworks.myycard.in/wp-admin/admin.php?page=WPvivid" "Mozilla/5.0 (Windows NT 10.0; Win64; x64) AppleWebKit/537.36 (KHTML, like Gecko) Chrome/140.0.0.0 Safari/537.36"
23.27.145.83 - - [19/Sep/2025:14:27:55 +0530] "GET / HTTP/1.1" 301 20 "-" "Mozilla/5.0 (X11; Linux i686; rv:109.0) Gecko/20100101 Firefox/120.0"
23.27.145.83 - - [19/Sep/2025:14:27:57 +0530] "GET / HTTP/1.1" 200 23076 "-" "Mozilla/5.0 (X11; Linux i686; rv:109.0) Gecko/20100101 Firefox/120.0"
106.221.64.94 - - [19/Sep/2025:14:27:59 +0530] "POST /wp-admin/admin-ajax.php HTTP/3" 200 178 "https://indianindustrialworks.myycard.in/wp-admin/admin.php?page=WPvivid" "Mozilla/5.0 (Windows NT 10.0; Win64; x64) AppleWebKit/537.36 (KHTML, like Gecko) Chrome/140.0.0.0 Safari/537.36"
106.221.64.94 - - [19/Sep/2025:14:28:03 +0530] "POST /wp-admin/admin-ajax.php HTTP/3" 200 178 "https://indianindustrialworks.myycard.in/wp-admin/admin.php?page=WPvivid" "Mozilla/5.0 (Windows NT 10.0; Win64; x64) AppleWebKit/537.36 (KHTML, like Gecko) Chrome/140.0.0.0 Safari/537.36"
106.221.64.94 - - [19/Sep/2025:14:28:07 +0530] "POST /wp-admin/admin-ajax.php HTTP/3" 200 178 "https://indianindustrialworks.myycard.in/wp-admin/admin.php?page=WPvivid" "Mozilla/5.0 (Windows NT 10.0; Win64; x64) AppleWebKit/537.36 (KHTML, like Gecko) Chrome/140.0.0.0 Safari/537.36"
106.221.64.94 - - [19/Sep/2025:14:28:11 +0530] "POST /wp-admin/admin-ajax.php HTTP/3" 200 178 "https://indianindustrialworks.myycard.in/wp-admin/admin.php?page=WPvivid" "Mozilla/5.0 (Windows NT 10.0; Win64; x64) AppleWebKit/537.36 (KHTML, like Gecko) Chrome/140.0.0.0 Safari/537.36"
106.221.64.94 - - [19/Sep/2025:14:29:25 +0530] "POST /wp-admin/admin-ajax.php HTTP/3" 200 1981 "https://indianindustrialworks.myycard.in/wp-admin/admin.php?page=WPvivid" "Mozilla/5.0 (Windows NT 10.0; Win64; x64) AppleWebKit/537.36 (KHTML, like Gecko) Chrome/140.0.0.0 Safari/537.36"
106.221.64.94 - - [19/Sep/2025:14:29:29 +0530] "POST /wp-admin/admin-ajax.php HTTP/3" 200 1981 "https://indianindustrialworks.myycard.in/wp-admin/admin.php?page=WPvivid" "Mozilla/5.0 (Windows NT 10.0; Win64; x64) AppleWebKit/537.36 (KHTML, like Gecko) Chrome/140.0.0.0 Safari/537.36"
106.221.64.94 - - [19/Sep/2025:14:29:32 +0530] "POST /wp-admin/admin-ajax.php HTTP/3" 200 1982 "https://indianindustrialworks.myycard.in/wp-admin/admin.php?page=WPvivid" "Mozilla/5.0 (Windows NT 10.0; Win64; x64) AppleWebKit/537.36 (KHTML, like Gecko) Chrome/140.0.0.0 Safari/537.36"
106.221.64.94 - - [19/Sep/2025:14:29:37 +0530] "POST /wp-admin/admin-ajax.php HTTP/3" 200 1986 "https://indianindustrialworks.myycard.in/wp-admin/admin.php?page=WPvivid" "Mozilla/5.0 (Windows NT 10.0; Win64; x64) AppleWebKit/537.36 (KHTML, like Gecko) Chrome/140.0.0.0 Safari/537.36"
106.221.64.94 - - [19/Sep/2025:14:29:41 +0530] "POST /wp-admin/admin-ajax.php HTTP/3" 200 2029 "https://indianindustrialworks.myycard.in/wp-admin/admin.php?page=WPvivid" "Mozilla/5.0 (Windows NT 10.0; Win64; x64) AppleWebKit/537.36 (KHTML, like Gecko) Chrome/140.0.0.0 Safari/537.36"
106.221.64.94 - - [19/Sep/2025:14:29:45 +0530] "POST /wp-admin/admin-ajax.php HTTP/3" 200 2029 "https://indianindustrialworks.myycard.in/wp-admin/admin.php?page=WPvivid" "Mozilla/5.0 (Windows NT 10.0; Win64; x64) AppleWebKit/537.36 (KHTML, like Gecko) Chrome/140.0.0.0 Safari/537.36"
106.221.64.94 - - [19/Sep/2025:14:29:49 +0530] "POST /wp-admin/admin-ajax.php HTTP/3" 200 2295 "https://indianindustrialworks.myycard.in/wp-admin/admin.php?page=WPvivid" "Mozilla/5.0 (Windows NT 10.0; Win64; x64) AppleWebKit/537.36 (KHTML, like Gecko) Chrome/140.0.0.0 Safari/537.36"
106.221.64.94 - - [19/Sep/2025:14:29:53 +0530] "POST /wp-admin/admin-ajax.php HTTP/3" 200 2296 "https://indianindustrialworks.myycard.in/wp-admin/admin.php?page=WPvivid" "Mozilla/5.0 (Windows NT 10.0; Win64; x64) AppleWebKit/537.36 (KHTML, like Gecko) Chrome/140.0.0.0 Safari/537.36"
103.212.120.166 - - [19/Sep/2025:14:29:56 +0530] "POST /wp-cron.php?doing_wp_cron=1758272396.7333359718322753906250 HTTP/1.1" 403 1242 "-" "WordPress/6.8.2; https://indianindustrialworks.myycard.in"
106.221.64.94 - - [19/Sep/2025:14:29:56 +0530] "POST /wp-admin/admin-ajax.php HTTP/3" 200 67 "https://indianindustrialworks.myycard.in/wp-admin/admin.php?page=WPvivid" "Mozilla/5.0 (Windows NT 10.0; Win64; x64) AppleWebKit/537.36 (KHTML, like Gecko) Chrome/140.0.0.0 Safari/537.36"
106.221.64.94 - - [19/Sep/2025:14:29:57 +0530] "POST /wp-admin/admin-ajax.php HTTP/3" 200 2453 "https://indianindustrialworks.myycard.in/wp-admin/admin.php?page=WPvivid" "Mozilla/5.0 (Windows NT 10.0; Win64; x64) AppleWebKit/537.36 (KHTML, like Gecko) Chrome/140.0.0.0 Safari/537.36"
106.221.64.94 - - [19/Sep/2025:14:30:01 +0530] "POST /wp-admin/admin-ajax.php HTTP/3" 200 2453 "https://indianindustrialworks.myycard.in/wp-admin/admin.php?page=WPvivid" "Mozilla/5.0 (Windows NT 10.0; Win64; x64) AppleWebKit/537.36 (KHTML, like Gecko) Chrome/140.0.0.0 Safari/537.36"
106.221.64.94 - - [19/Sep/2025:14:30:05 +0530] "POST /wp-admin/admin-ajax.php HTTP/3" 200 2453 "https://indianindustrialworks.myycard.in/wp-admin/admin.php?page=WPvivid" "Mozilla/5.0 (Windows NT 10.0; Win64; x64) AppleWebKit/537.36 (KHTML, like Gecko) Chrome/140.0.0.0 Safari/537.36"
106.221.64.94 - - [19/Sep/2025:14:30:09 +0530] "POST /wp-admin/admin-ajax.php HTTP/3" 200 2471 "https://indianindustrialworks.myycard.in/wp-admin/admin.php?page=WPvivid" "Mozilla/5.0 (Windows NT 10.0; Win64; x64) AppleWebKit/537.36 (KHTML, like Gecko) Chrome/140.0.0.0 Safari/537.36"
106.221.64.94 - - [19/Sep/2025:14:29:13 +0530] "POST /wp-admin/admin-ajax.php HTTP/3" 200 1957 "https://indianindustrialworks.myycard.in/wp-admin/admin.php?page=WPvivid" "Mozilla/5.0 (Windows NT 10.0; Win64; x64) AppleWebKit/537.36 (KHTML, like Gecko) Chrome/140.0.0.0 Safari/537.36"
106.221.64.94 - - [19/Sep/2025:14:29:17 +0530] "POST /wp-admin/admin-ajax.php HTTP/3" 200 1956 "https://indianindustrialworks.myycard.in/wp-admin/admin.php?page=WPvivid" "Mozilla/5.0 (Windows NT 10.0; Win64; x64) AppleWebKit/537.36 (KHTML, like Gecko) Chrome/140.0.0.0 Safari/537.36"
106.221.64.94 - - [19/Sep/2025:14:29:21 +0530] "POST /wp-admin/admin-ajax.php HTTP/3" 200 1962 "https://indianindustrialworks.myycard.in/wp-admin/admin.php?page=WPvivid" "Mozilla/5.0 (Windows NT 10.0; Win64; x64) AppleWebKit/537.36 (KHTML, like Gecko) Chrome/140.0.0.0 Safari/537.36"
106.221.64.94 - - [19/Sep/2025:14:28:53 +0530] "POST /wp-admin/admin-ajax.php HTTP/3" 200 0 "https://indianindustrialworks.myycard.in/wp-admin/admin.php?page=WPvivid" "Mozilla/5.0 (Windows NT 10.0; Win64; x64) AppleWebKit/537.36 (KHTML, like Gecko) Chrome/140.0.0.0 Safari/537.36"
106.221.64.94 - - [19/Sep/2025:14:30:13 +0530] "POST /wp-admin/admin-ajax.php HTTP/3" 200 2471 "https://indianindustrialworks.myycard.in/wp-admin/admin.php?page=WPvivid" "Mozilla/5.0 (Windows NT 10.0; Win64; x64) AppleWebKit/537.36 (KHTML, like Gecko) Chrome/140.0.0.0 Safari/537.36"
106.221.64.94 - - [19/Sep/2025:14:30:16 +0530] "POST /wp-admin/admin-ajax.php HTTP/3" 200 2471 "https://indianindustrialworks.myycard.in/wp-admin/admin.php?page=WPvivid" "Mozilla/5.0 (Windows NT 10.0; Win64; x64) AppleWebKit/537.36 (KHTML, like Gecko) Chrome/140.0.0.0 Safari/537.36"
106.221.64.94 - - [19/Sep/2025:14:30:20 +0530] "POST /wp-admin/admin-ajax.php HTTP/3" 200 2486 "https://indianindustrialworks.myycard.in/wp-admin/admin.php?page=WPvivid" "Mozilla/5.0 (Windows NT 10.0; Win64; x64) AppleWebKit/537.36 (KHTML, like Gecko) Chrome/140.0.0.0 Safari/537.36"
106.221.64.94 - - [19/Sep/2025:14:30:24 +0530] "POST /wp-admin/admin-ajax.php HTTP/3" 200 2486 "https://indianindustrialworks.myycard.in/wp-admin/admin.php?page=WPvivid" "Mozilla/5.0 (Windows NT 10.0; Win64; x64) AppleWebKit/537.36 (KHTML, like Gecko) Chrome/140.0.0.0 Safari/537.36"
106.221.64.94 - - [19/Sep/2025:14:30:27 +0530] "POST /wp-admin/admin-ajax.php HTTP/3" 200 2486 "https://indianindustrialworks.myycard.in/wp-admin/admin.php?page=WPvivid" "Mozilla/5.0 (Windows NT 10.0; Win64; x64) AppleWebKit/537.36 (KHTML, like Gecko) Chrome/140.0.0.0 Safari/537.36"
106.221.64.94 - - [19/Sep/2025:14:30:31 +0530] "POST /wp-admin/admin-ajax.php HTTP/3" 200 2528 "https://indianindustrialworks.myycard.in/wp-admin/admin.php?page=WPvivid" "Mozilla/5.0 (Windows NT 10.0; Win64; x64) AppleWebKit/537.36 (KHTML, like Gecko) Chrome/140.0.0.0 Safari/537.36"
106.221.64.94 - - [19/Sep/2025:14:30:34 +0530] "POST /wp-admin/admin-ajax.php HTTP/3" 200 2528 "https://indianindustrialworks.myycard.in/wp-admin/admin.php?page=WPvivid" "Mozilla/5.0 (Windows NT 10.0; Win64; x64) AppleWebKit/537.36 (KHTML, like Gecko) Chrome/140.0.0.0 Safari/537.36"
106.221.64.94 - - [19/Sep/2025:14:30:38 +0530] "POST /wp-admin/admin-ajax.php HTTP/3" 200 2529 "https://indianindustrialworks.myycard.in/wp-admin/admin.php?page=WPvivid" "Mozilla/5.0 (Windows NT 10.0; Win64; x64) AppleWebKit/537.36 (KHTML, like Gecko) Chrome/140.0.0.0 Safari/537.36"
106.221.64.94 - - [19/Sep/2025:14:30:41 +0530] "POST /wp-admin/admin-ajax.php HTTP/3" 200 2529 "https://indianindustrialworks.myycard.in/wp-admin/admin.php?page=WPvivid" "Mozilla/5.0 (Windows NT 10.0; Win64; x64) AppleWebKit/537.36 (KHTML, like Gecko) Chrome/140.0.0.0 Safari/537.36"
106.221.64.94 - - [19/Sep/2025:14:30:45 +0530] "POST /wp-admin/admin-ajax.php HTTP/3" 200 2358 "https://indianindustrialworks.myycard.in/wp-admin/admin.php?page=WPvivid" "Mozilla/5.0 (Windows NT 10.0; Win64; x64) AppleWebKit/537.36 (KHTML, like Gecko) Chrome/140.0.0.0 Safari/537.36"
106.221.64.94 - - [19/Sep/2025:14:30:45 +0530] "POST /wp-admin/admin-ajax.php HTTP/3" 200 1075 "https://indianindustrialworks.myycard.in/wp-admin/admin.php?page=WPvivid" "Mozilla/5.0 (Windows NT 10.0; Win64; x64) AppleWebKit/537.36 (KHTML, like Gecko) Chrome/140.0.0.0 Safari/537.36"
106.221.64.94 - - [19/Sep/2025:14:30:45 +0530] "POST /wp-admin/admin-ajax.php HTTP/3" 200 365 "https://indianindustrialworks.myycard.in/wp-admin/admin.php?page=WPvivid" "Mozilla/5.0 (Windows NT 10.0; Win64; x64) AppleWebKit/537.36 (KHTML, like Gecko) Chrome/140.0.0.0 Safari/537.36"
106.221.64.94 - - [19/Sep/2025:14:30:46 +0530] "GET /wp-content/plugins/wpvivid-backuprestore/admin/partials/images/unlocked.png HTTP/3" 200 1207 "https://indianindustrialworks.myycard.in/wp-admin/admin.php?page=WPvivid" "Mozilla/5.0 (Windows NT 10.0; Win64; x64) AppleWebKit/537.36 (KHTML, like Gecko) Chrome/140.0.0.0 Safari/537.36"
106.221.64.94 - - [19/Sep/2025:14:30:46 +0530] "GET /wp-content/plugins/wpvivid-backuprestore/admin/partials/images/Log.png HTTP/3" 200 1154 "https://indianindustrialworks.myycard.in/wp-admin/admin.php?page=WPvivid" "Mozilla/5.0 (Windows NT 10.0; Win64; x64) AppleWebKit/537.36 (KHTML, like Gecko) Chrome/140.0.0.0 Safari/537.36"
106.221.64.94 - - [19/Sep/2025:14:30:46 +0530] "GET /wp-content/plugins/wpvivid-backuprestore/admin/partials/images/storage-local.png HTTP/3" 200 1432 "https://indianindustrialworks.myycard.in/wp-admin/admin.php?page=WPvivid" "Mozilla/5.0 (Windows NT 10.0; Win64; x64) AppleWebKit/537.36 (KHTML, like Gecko) Chrome/140.0.0.0 Safari/537.36"
106.221.64.94 - - [19/Sep/2025:14:30:46 +0530] "GET /wp-content/plugins/wpvivid-backuprestore/admin/partials/images/download.png HTTP/3" 200 1213 "https://indianindustrialworks.myycard.in/wp-admin/admin.php?page=WPvivid" "Mozilla/5.0 (Windows NT 10.0; Win64; x64) AppleWebKit/537.36 (KHTML, like Gecko) Chrome/140.0.0.0 Safari/537.36"
106.221.64.94 - - [19/Sep/2025:14:30:46 +0530] "GET /wp-content/plugins/wpvivid-backuprestore/admin/partials/images/Restore.png HTTP/3" 200 1367 "https://indianindustrialworks.myycard.in/wp-admin/admin.php?page=WPvivid" "Mozilla/5.0 (Windows NT 10.0; Win64; x64) AppleWebKit/537.36 (KHTML, like Gecko) Chrome/140.0.0.0 Safari/537.36"
106.221.64.94 - - [19/Sep/2025:14:30:46 +0530] "GET /wp-content/plugins/wpvivid-backuprestore/admin/partials/images/Delete.png HTTP/3" 200 1209 "https://indianindustrialworks.myycard.in/wp-admin/admin.php?page=WPvivid" "Mozilla/5.0 (Windows NT 10.0; Win64; x64) AppleWebKit/537.36 (KHTML, like Gecko) Chrome/140.0.0.0 Safari/537.36"
106.221.64.94 - - [19/Sep/2025:14:30:49 +0530] "POST /wp-admin/admin-ajax.php HTTP/3" 200 178 "https://indianindustrialworks.myycard.in/wp-admin/admin.php?page=WPvivid" "Mozilla/5.0 (Windows NT 10.0; Win64; x64) AppleWebKit/537.36 (KHTML, like Gecko) Chrome/140.0.0.0 Safari/537.36"
106.221.64.94 - - [19/Sep/2025:14:30:53 +0530] "POST /wp-admin/admin-ajax.php HTTP/3" 200 178 "https://indianindustrialworks.myycard.in/wp-admin/admin.php?page=WPvivid" "Mozilla/5.0 (Windows NT 10.0; Win64; x64) AppleWebKit/537.36 (KHTML, like Gecko) Chrome/140.0.0.0 Safari/537.36"
106.221.64.94 - - [19/Sep/2025:14:30:55 +0530] "GET /wp-cron.php HTTP/3" 403 1242 "https://indianindustrialworks.myycard.in/wp-admin/admin.php?page=WPvivid" "Mozilla/5.0 (Windows NT 10.0; Win64; x64) AppleWebKit/537.36 (KHTML, like Gecko) Chrome/140.0.0.0 Safari/537.36"
103.212.120.166 - - [19/Sep/2025:14:30:57 +0530] "POST /wp-cron.php?doing_wp_cron=1758272457.7011709213256835937500 HTTP/1.1" 403 1242 "-" "WordPress/6.8.2; https://indianindustrialworks.myycard.in"
106.221.64.94 - - [19/Sep/2025:14:30:57 +0530] "POST /wp-admin/admin-ajax.php HTTP/3" 200 67 "https://indianindustrialworks.myycard.in/wp-admin/admin.php?page=WPvivid" "Mozilla/5.0 (Windows NT 10.0; Win64; x64) AppleWebKit/537.36 (KHTML, like Gecko) Chrome/140.0.0.0 Safari/537.36"
103.212.120.166 - - [19/Sep/2025:14:30:57 +0530] "POST /wp-cron.php?doing_wp_cron=1758272457.8799030780792236328125 HTTP/1.1" 403 1242 "-" "WordPress/6.8.2; https://indianindustrialworks.myycard.in"
106.221.64.94 - - [19/Sep/2025:14:30:57 +0530] "POST /wp-admin/admin-ajax.php HTTP/3" 200 178 "https://indianindustrialworks.myycard.in/wp-admin/admin.php?page=WPvivid" "Mozilla/5.0 (Windows NT 10.0; Win64; x64) AppleWebKit/537.36 (KHTML, like Gecko) Chrome/140.0.0.0 Safari/537.36"
106.221.64.94 - - [19/Sep/2025:14:31:00 +0530] "POST /wp-admin/admin-ajax.php HTTP/3" 200 178 "https://indianindustrialworks.myycard.in/wp-admin/admin.php?page=WPvivid" "Mozilla/5.0 (Windows NT 10.0; Win64; x64) AppleWebKit/537.36 (KHTML, like Gecko) Chrome/140.0.0.0 Safari/537.36"
106.221.64.94 - - [19/Sep/2025:14:31:01 +0530] "POST /wp-admin/admin-ajax.php HTTP/3" 200 661 "https://indianindustrialworks.myycard.in/wp-admin/admin.php?page=WPvivid" "Mozilla/5.0 (Windows NT 10.0; Win64; x64) AppleWebKit/537.36 (KHTML, like Gecko) Chrome/140.0.0.0 Safari/537.36"
106.221.64.94 - - [19/Sep/2025:14:31:07 +0530] "POST /wp-admin/admin-ajax.php HTTP/3" 200 178 "https://indianindustrialworks.myycard.in/wp-admin/admin.php?page=WPvivid" "Mozilla/5.0 (Windows NT 10.0; Win64; x64) AppleWebKit/537.36 (KHTML, like Gecko) Chrome/140.0.0.0 Safari/537.36"
106.221.64.94 - - [19/Sep/2025:14:31:03 +0530] "GET /wp-admin/admin-ajax.php?_wpnonce=e8156e5b5a&action=wpvivid_download_backup&backup_id=wpvivid-08e55478d41fb&file_name=indianindustrialworks.myycard.in_wpvivid-08e55478d41fb_2025-09-19-08-58_backup_all.zip HTTP/3" 200 132996139 "https://indianindustrialworks.myycard.in/wp-admin/admin.php?page=WPvivid" "Mozilla/5.0 (Windows NT 10.0; Win64; x64) AppleWebKit/537.36 (KHTML, like Gecko) Chrome/140.0.0.0 Safari/537.36"
103.212.120.166 - - [19/Sep/2025:14:31:58 +0530] "POST /wp-cron.php?doing_wp_cron=1758272518.7138829231262207031250 HTTP/1.1" 403 1242 "-" "WordPress/6.8.2; https://indianindustrialworks.myycard.in"
106.221.64.94 - - [19/Sep/2025:14:31:58 +0530] "POST /wp-admin/admin-ajax.php HTTP/3" 200 67 "https://indianindustrialworks.myycard.in/wp-admin/admin.php?page=WPvivid" "Mozilla/5.0 (Windows NT 10.0; Win64; x64) AppleWebKit/537.36 (KHTML, like Gecko) Chrome/140.0.0.0 Safari/537.36"