163.53.179.32 - - [19/Sep/2025:13:47:51 +0530] "POST /wp-admin/admin-ajax.php HTTP/2" 200 96 "https://indianindustrialworks.myycard.in/wp-admin/post.php?post=17&action=elementor" "Mozilla/5.0 (Windows NT 10.0; Win64; x64) AppleWebKit/537.36 (KHTML, like Gecko) Chrome/140.0.0.0 Safari/537.36"
163.53.179.32 - - [19/Sep/2025:13:47:47 +0530] "POST /wp-admin/async-upload.php HTTP/2" 200 687 "https://indianindustrialworks.myycard.in/wp-admin/post.php?post=17&action=elementor" "Mozilla/5.0 (Windows NT 10.0; Win64; x64) AppleWebKit/537.36 (KHTML, like Gecko) Chrome/140.0.0.0 Safari/537.36"
163.53.179.32 - - [19/Sep/2025:13:47:54 +0530] "GET /wp-content/uploads/2025/09/WhatsApp-Image-2025-09-19-at-13.45.39-300x225.jpeg HTTP/2" 200 17788 "https://indianindustrialworks.myycard.in/wp-admin/post.php?post=17&action=elementor" "Mozilla/5.0 (Windows NT 10.0; Win64; x64) AppleWebKit/537.36 (KHTML, like Gecko) Chrome/140.0.0.0 Safari/537.36"
163.53.179.32 - - [19/Sep/2025:13:47:58 +0530] "GET /index.php/wp-json/elementor/v1/checklist/user-progress HTTP/2" 200 204 "https://indianindustrialworks.myycard.in/wp-admin/post.php?post=17&action=elementor" "Mozilla/5.0 (Windows NT 10.0; Win64; x64) AppleWebKit/537.36 (KHTML, like Gecko) Chrome/140.0.0.0 Safari/537.36"
163.53.179.32 - - [19/Sep/2025:13:47:58 +0530] "POST /wp-admin/admin-ajax.php HTTP/2" 200 687 "https://indianindustrialworks.myycard.in/wp-admin/post.php?post=17&action=elementor" "Mozilla/5.0 (Windows NT 10.0; Win64; x64) AppleWebKit/537.36 (KHTML, like Gecko) Chrome/140.0.0.0 Safari/537.36"
163.53.179.32 - - [19/Sep/2025:13:47:55 +0530] "POST /wp-admin/admin-ajax.php HTTP/2" 200 694 "https://indianindustrialworks.myycard.in/wp-admin/post.php?post=17&action=elementor" "Mozilla/5.0 (Windows NT 10.0; Win64; x64) AppleWebKit/537.36 (KHTML, like Gecko) Chrome/140.0.0.0 Safari/537.36"
163.53.179.32 - - [19/Sep/2025:13:47:58 +0530] "GET /wp-content/uploads/2025/09/WhatsApp-Image-2025-09-19-at-13.45.39.jpeg HTTP/2" 200 330734 "https://indianindustrialworks.myycard.in/wp-admin/post.php?post=17&action=elementor" "Mozilla/5.0 (Windows NT 10.0; Win64; x64) AppleWebKit/537.36 (KHTML, like Gecko) Chrome/140.0.0.0 Safari/537.36"
163.53.179.32 - - [19/Sep/2025:13:47:59 +0530] "GET /wp-content/uploads/2025/09/WhatsApp-Image-2025-09-19-at-13.45.39-768x576.jpeg HTTP/2" 200 78757 "https://indianindustrialworks.myycard.in/?elementor-preview=17&ver=1758269014" "Mozilla/5.0 (Windows NT 10.0; Win64; x64) AppleWebKit/537.36 (KHTML, like Gecko) Chrome/140.0.0.0 Safari/537.36"
163.53.179.32 - - [19/Sep/2025:13:48:03 +0530] "GET /index.php/wp-json/elementor/v1/checklist/user-progress HTTP/2" 200 204 "https://indianindustrialworks.myycard.in/wp-admin/post.php?post=17&action=elementor" "Mozilla/5.0 (Windows NT 10.0; Win64; x64) AppleWebKit/537.36 (KHTML, like Gecko) Chrome/140.0.0.0 Safari/537.36"
163.53.179.32 - - [19/Sep/2025:13:48:03 +0530] "POST /wp-admin/admin-ajax.php HTTP/2" 200 96 "https://indianindustrialworks.myycard.in/wp-admin/post.php?post=17&action=elementor" "Mozilla/5.0 (Windows NT 10.0; Win64; x64) AppleWebKit/537.36 (KHTML, like Gecko) Chrome/140.0.0.0 Safari/537.36"
163.53.179.32 - - [19/Sep/2025:13:48:04 +0530] "POST /wp-admin/admin-ajax.php HTTP/2" 200 684 "https://indianindustrialworks.myycard.in/wp-admin/post.php?post=17&action=elementor" "Mozilla/5.0 (Windows NT 10.0; Win64; x64) AppleWebKit/537.36 (KHTML, like Gecko) Chrome/140.0.0.0 Safari/537.36"
163.53.179.32 - - [19/Sep/2025:13:48:07 +0530] "GET /index.php/wp-json/elementor/v1/checklist/user-progress HTTP/2" 200 204 "https://indianindustrialworks.myycard.in/wp-admin/post.php?post=17&action=elementor" "Mozilla/5.0 (Windows NT 10.0; Win64; x64) AppleWebKit/537.36 (KHTML, like Gecko) Chrome/140.0.0.0 Safari/537.36"
163.53.179.32 - - [19/Sep/2025:13:48:11 +0530] "GET /wp-content/uploads/elementor/css/post-17.css?ver=1758269890 HTTP/2" 200 6244 "https://indianindustrialworks.myycard.in/" "Mozilla/5.0 (Windows NT 10.0; Win64; x64) AppleWebKit/537.36 (KHTML, like Gecko) Chrome/140.0.0.0 Safari/537.36"
163.53.179.32 - - [19/Sep/2025:13:48:10 +0530] "GET / HTTP/2" 200 28602 "-" "Mozilla/5.0 (Windows NT 10.0; Win64; x64) AppleWebKit/537.36 (KHTML, like Gecko) Chrome/140.0.0.0 Safari/537.36"
103.212.120.166 - - [19/Sep/2025:13:48:19 +0530] "POST /wp-cron.php?doing_wp_cron=1758269899.6546769142150878906250 HTTP/1.1" 403 1242 "-" "WordPress/6.8.2; https://indianindustrialworks.myycard.in"
163.53.179.32 - - [19/Sep/2025:13:48:19 +0530] "POST /wp-admin/admin-ajax.php HTTP/2" 200 96 "https://indianindustrialworks.myycard.in/wp-admin/post.php?post=17&action=elementor" "Mozilla/5.0 (Windows NT 10.0; Win64; x64) AppleWebKit/537.36 (KHTML, like Gecko) Chrome/140.0.0.0 Safari/537.36"
163.53.179.32 - - [19/Sep/2025:13:49:16 +0530] "GET /index.php/wp-json/elementor/v1/checklist/user-progress HTTP/2" 200 204 "https://indianindustrialworks.myycard.in/wp-admin/post.php?post=17&action=elementor" "Mozilla/5.0 (Windows NT 10.0; Win64; x64) AppleWebKit/537.36 (KHTML, like Gecko) Chrome/140.0.0.0 Safari/537.36"
163.53.179.32 - - [19/Sep/2025:13:49:16 +0530] "POST /wp-admin/admin-ajax.php HTTP/2" 200 96 "https://indianindustrialworks.myycard.in/wp-admin/post.php?post=17&action=elementor" "Mozilla/5.0 (Windows NT 10.0; Win64; x64) AppleWebKit/537.36 (KHTML, like Gecko) Chrome/140.0.0.0 Safari/537.36"
103.212.120.166 - - [19/Sep/2025:13:49:29 +0530] "POST /wp-cron.php?doing_wp_cron=1758269969.4034879207611083984375 HTTP/1.1" 403 1242 "-" "WordPress/6.8.2; https://indianindustrialworks.myycard.in"
163.53.179.32 - - [19/Sep/2025:13:49:29 +0530] "GET /index.php/wp-json/elementor/v1/checklist/user-progress HTTP/2" 200 204 "https://indianindustrialworks.myycard.in/wp-admin/post.php?post=17&action=elementor" "Mozilla/5.0 (Windows NT 10.0; Win64; x64) AppleWebKit/537.36 (KHTML, like Gecko) Chrome/140.0.0.0 Safari/537.36"
163.53.179.32 - - [19/Sep/2025:13:49:32 +0530] "POST /wp-admin/admin-ajax.php HTTP/2" 200 96 "https://indianindustrialworks.myycard.in/wp-admin/post.php?post=17&action=elementor" "Mozilla/5.0 (Windows NT 10.0; Win64; x64) AppleWebKit/537.36 (KHTML, like Gecko) Chrome/140.0.0.0 Safari/537.36"
163.53.179.32 - - [19/Sep/2025:13:50:03 +0530] "GET /index.php/wp-json/elementor/v1/checklist/user-progress HTTP/2" 200 204 "https://indianindustrialworks.myycard.in/wp-admin/post.php?post=17&action=elementor" "Mozilla/5.0 (Windows NT 10.0; Win64; x64) AppleWebKit/537.36 (KHTML, like Gecko) Chrome/140.0.0.0 Safari/537.36"
163.53.179.32 - - [19/Sep/2025:13:50:03 +0530] "POST /wp-admin/admin-ajax.php HTTP/2" 200 96 "https://indianindustrialworks.myycard.in/wp-admin/post.php?post=17&action=elementor" "Mozilla/5.0 (Windows NT 10.0; Win64; x64) AppleWebKit/537.36 (KHTML, like Gecko) Chrome/140.0.0.0 Safari/537.36"
163.53.179.32 - - [19/Sep/2025:13:50:18 +0530] "POST /wp-admin/admin-ajax.php HTTP/2" 200 96 "https://indianindustrialworks.myycard.in/wp-admin/post.php?post=17&action=elementor" "Mozilla/5.0 (Windows NT 10.0; Win64; x64) AppleWebKit/537.36 (KHTML, like Gecko) Chrome/140.0.0.0 Safari/537.36"
103.212.120.166 - - [19/Sep/2025:13:50:35 +0530] "POST /wp-cron.php?doing_wp_cron=1758270035.6618409156799316406250 HTTP/1.1" 403 1242 "-" "WordPress/6.8.2; https://indianindustrialworks.myycard.in"
163.53.179.32 - - [19/Sep/2025:13:50:35 +0530] "POST /wp-admin/admin-ajax.php HTTP/2" 200 96 "https://indianindustrialworks.myycard.in/wp-admin/post.php?post=17&action=elementor" "Mozilla/5.0 (Windows NT 10.0; Win64; x64) AppleWebKit/537.36 (KHTML, like Gecko) Chrome/140.0.0.0 Safari/537.36"
103.212.120.166 - - [19/Sep/2025:13:50:35 +0530] "POST /wp-cron.php?doing_wp_cron=1758270035.7403309345245361328125 HTTP/1.1" 403 1242 "-" "WordPress/6.8.2; https://indianindustrialworks.myycard.in"
163.53.179.32 - - [19/Sep/2025:13:50:35 +0530] "GET /index.php/wp-json/elementor/v1/checklist/user-progress HTTP/2" 200 204 "https://indianindustrialworks.myycard.in/wp-admin/post.php?post=17&action=elementor" "Mozilla/5.0 (Windows NT 10.0; Win64; x64) AppleWebKit/537.36 (KHTML, like Gecko) Chrome/140.0.0.0 Safari/537.36"
163.53.179.32 - - [19/Sep/2025:13:50:39 +0530] "GET /index.php/wp-json/elementor/v1/checklist/user-progress HTTP/2" 200 204 "https://indianindustrialworks.myycard.in/wp-admin/post.php?post=17&action=elementor" "Mozilla/5.0 (Windows NT 10.0; Win64; x64) AppleWebKit/537.36 (KHTML, like Gecko) Chrome/140.0.0.0 Safari/537.36"
163.53.179.32 - - [19/Sep/2025:13:50:39 +0530] "POST /wp-admin/admin-ajax.php HTTP/2" 200 640 "https://indianindustrialworks.myycard.in/wp-admin/post.php?post=17&action=elementor" "Mozilla/5.0 (Windows NT 10.0; Win64; x64) AppleWebKit/537.36 (KHTML, like Gecko) Chrome/140.0.0.0 Safari/537.36"
163.53.179.32 - - [19/Sep/2025:13:50:40 +0530] "POST /wp-admin/admin-ajax.php HTTP/2" 200 9366 "https://indianindustrialworks.myycard.in/wp-admin/post.php?post=17&action=elementor" "Mozilla/5.0 (Windows NT 10.0; Win64; x64) AppleWebKit/537.36 (KHTML, like Gecko) Chrome/140.0.0.0 Safari/537.36"
163.53.179.32 - - [19/Sep/2025:13:50:40 +0530] "POST /wp-admin/admin-ajax.php HTTP/2" 200 9366 "https://indianindustrialworks.myycard.in/wp-admin/post.php?post=17&action=elementor" "Mozilla/5.0 (Windows NT 10.0; Win64; x64) AppleWebKit/537.36 (KHTML, like Gecko) Chrome/140.0.0.0 Safari/537.36"
163.53.179.32 - - [19/Sep/2025:13:50:46 +0530] "POST /wp-admin/async-upload.php HTTP/2" 200 661 "https://indianindustrialworks.myycard.in/wp-admin/post.php?post=17&action=elementor" "Mozilla/5.0 (Windows NT 10.0; Win64; x64) AppleWebKit/537.36 (KHTML, like Gecko) Chrome/140.0.0.0 Safari/537.36"
163.53.179.32 - - [19/Sep/2025:13:50:47 +0530] "GET /wp-content/uploads/2025/09/WhatsApp-Image-2025-09-19-at-13.48.47-300x300.jpeg HTTP/2" 200 18086 "https://indianindustrialworks.myycard.in/wp-admin/post.php?post=17&action=elementor" "Mozilla/5.0 (Windows NT 10.0; Win64; x64) AppleWebKit/537.36 (KHTML, like Gecko) Chrome/140.0.0.0 Safari/537.36"
163.53.179.32 - - [19/Sep/2025:13:50:48 +0530] "GET /wp-content/uploads/2025/09/WhatsApp-Image-2025-09-19-at-13.48.47.jpeg HTTP/2" 200 128988 "https://indianindustrialworks.myycard.in/wp-admin/post.php?post=17&action=elementor" "Mozilla/5.0 (Windows NT 10.0; Win64; x64) AppleWebKit/537.36 (KHTML, like Gecko) Chrome/140.0.0.0 Safari/537.36"
163.53.179.32 - - [19/Sep/2025:13:50:48 +0530] "POST /wp-admin/admin-ajax.php HTTP/2" 200 661 "https://indianindustrialworks.myycard.in/wp-admin/post.php?post=17&action=elementor" "Mozilla/5.0 (Windows NT 10.0; Win64; x64) AppleWebKit/537.36 (KHTML, like Gecko) Chrome/140.0.0.0 Safari/537.36"
163.53.179.32 - - [19/Sep/2025:13:50:48 +0530] "POST /wp-admin/admin-ajax.php HTTP/2" 200 661 "https://indianindustrialworks.myycard.in/wp-admin/post.php?post=17&action=elementor" "Mozilla/5.0 (Windows NT 10.0; Win64; x64) AppleWebKit/537.36 (KHTML, like Gecko) Chrome/140.0.0.0 Safari/537.36"
163.53.179.32 - - [19/Sep/2025:13:50:50 +0530] "POST /wp-admin/admin-ajax.php HTTP/2" 200 96 "https://indianindustrialworks.myycard.in/wp-admin/post.php?post=17&action=elementor" "Mozilla/5.0 (Windows NT 10.0; Win64; x64) AppleWebKit/537.36 (KHTML, like Gecko) Chrome/140.0.0.0 Safari/537.36"
163.53.179.32 - - [19/Sep/2025:13:51:02 +0530] "GET /index.php/wp-json/elementor/v1/checklist/user-progress HTTP/2" 200 204 "https://indianindustrialworks.myycard.in/wp-admin/post.php?post=17&action=elementor" "Mozilla/5.0 (Windows NT 10.0; Win64; x64) AppleWebKit/537.36 (KHTML, like Gecko) Chrome/140.0.0.0 Safari/537.36"
163.53.179.32 - - [19/Sep/2025:13:51:03 +0530] "POST /wp-admin/admin-ajax.php HTTP/2" 200 683 "https://indianindustrialworks.myycard.in/wp-admin/post.php?post=17&action=elementor" "Mozilla/5.0 (Windows NT 10.0; Win64; x64) AppleWebKit/537.36 (KHTML, like Gecko) Chrome/140.0.0.0 Safari/537.36"
163.53.179.32 - - [19/Sep/2025:13:51:04 +0530] "GET /index.php/wp-json/elementor/v1/checklist/user-progress HTTP/2" 200 204 "https://indianindustrialworks.myycard.in/wp-admin/post.php?post=17&action=elementor" "Mozilla/5.0 (Windows NT 10.0; Win64; x64) AppleWebKit/537.36 (KHTML, like Gecko) Chrome/140.0.0.0 Safari/537.36"
163.53.179.32 - - [19/Sep/2025:13:51:05 +0530] "POST /wp-admin/admin-ajax.php HTTP/2" 200 96 "https://indianindustrialworks.myycard.in/wp-admin/post.php?post=17&action=elementor" "Mozilla/5.0 (Windows NT 10.0; Win64; x64) AppleWebKit/537.36 (KHTML, like Gecko) Chrome/140.0.0.0 Safari/537.36"
163.53.179.32 - - [19/Sep/2025:13:51:15 +0530] "GET /index.php/wp-json/elementor/v1/checklist/user-progress HTTP/2" 200 204 "https://indianindustrialworks.myycard.in/wp-admin/post.php?post=17&action=elementor" "Mozilla/5.0 (Windows NT 10.0; Win64; x64) AppleWebKit/537.36 (KHTML, like Gecko) Chrome/140.0.0.0 Safari/537.36"
163.53.179.32 - - [19/Sep/2025:13:51:17 +0530] "POST /wp-admin/admin-ajax.php HTTP/2" 200 616 "https://indianindustrialworks.myycard.in/wp-admin/post.php?post=17&action=elementor" "Mozilla/5.0 (Windows NT 10.0; Win64; x64) AppleWebKit/537.36 (KHTML, like Gecko) Chrome/140.0.0.0 Safari/537.36"
163.53.179.32 - - [19/Sep/2025:13:51:18 +0530] "POST /wp-admin/admin-ajax.php HTTP/2" 200 9473 "https://indianindustrialworks.myycard.in/wp-admin/post.php?post=17&action=elementor" "Mozilla/5.0 (Windows NT 10.0; Win64; x64) AppleWebKit/537.36 (KHTML, like Gecko) Chrome/140.0.0.0 Safari/537.36"
163.53.179.32 - - [19/Sep/2025:13:51:18 +0530] "POST /wp-admin/admin-ajax.php HTTP/2" 200 9473 "https://indianindustrialworks.myycard.in/wp-admin/post.php?post=17&action=elementor" "Mozilla/5.0 (Windows NT 10.0; Win64; x64) AppleWebKit/537.36 (KHTML, like Gecko) Chrome/140.0.0.0 Safari/537.36"
163.53.179.32 - - [19/Sep/2025:13:51:20 +0530] "POST /wp-admin/admin-ajax.php HTTP/2" 200 96 "https://indianindustrialworks.myycard.in/wp-admin/post.php?post=17&action=elementor" "Mozilla/5.0 (Windows NT 10.0; Win64; x64) AppleWebKit/537.36 (KHTML, like Gecko) Chrome/140.0.0.0 Safari/537.36"
163.53.179.32 - - [19/Sep/2025:13:51:22 +0530] "POST /wp-admin/async-upload.php HTTP/2" 200 657 "https://indianindustrialworks.myycard.in/wp-admin/post.php?post=17&action=elementor" "Mozilla/5.0 (Windows NT 10.0; Win64; x64) AppleWebKit/537.36 (KHTML, like Gecko) Chrome/140.0.0.0 Safari/537.36"
163.53.179.32 - - [19/Sep/2025:13:51:23 +0530] "GET /wp-content/uploads/2025/09/WhatsApp-Image-2025-09-19-at-13.46.40-300x300.jpeg HTTP/2" 200 16372 "https://indianindustrialworks.myycard.in/wp-admin/post.php?post=17&action=elementor" "Mozilla/5.0 (Windows NT 10.0; Win64; x64) AppleWebKit/537.36 (KHTML, like Gecko) Chrome/140.0.0.0 Safari/537.36"
163.53.179.32 - - [19/Sep/2025:13:51:23 +0530] "GET /wp-content/uploads/2025/09/WhatsApp-Image-2025-09-19-at-13.46.40.jpeg HTTP/2" 200 90275 "https://indianindustrialworks.myycard.in/wp-admin/post.php?post=17&action=elementor" "Mozilla/5.0 (Windows NT 10.0; Win64; x64) AppleWebKit/537.36 (KHTML, like Gecko) Chrome/140.0.0.0 Safari/537.36"
163.53.179.32 - - [19/Sep/2025:13:51:23 +0530] "GET /index.php/wp-json/elementor/v1/checklist/user-progress HTTP/2" 200 204 "https://indianindustrialworks.myycard.in/wp-admin/post.php?post=17&action=elementor" "Mozilla/5.0 (Windows NT 10.0; Win64; x64) AppleWebKit/537.36 (KHTML, like Gecko) Chrome/140.0.0.0 Safari/537.36"
163.53.179.32 - - [19/Sep/2025:13:51:23 +0530] "POST /wp-admin/admin-ajax.php HTTP/2" 200 657 "https://indianindustrialworks.myycard.in/wp-admin/post.php?post=17&action=elementor" "Mozilla/5.0 (Windows NT 10.0; Win64; x64) AppleWebKit/537.36 (KHTML, like Gecko) Chrome/140.0.0.0 Safari/537.36"
163.53.179.32 - - [19/Sep/2025:13:51:23 +0530] "POST /wp-admin/admin-ajax.php HTTP/2" 200 650 "https://indianindustrialworks.myycard.in/wp-admin/post.php?post=17&action=elementor" "Mozilla/5.0 (Windows NT 10.0; Win64; x64) AppleWebKit/537.36 (KHTML, like Gecko) Chrome/140.0.0.0 Safari/537.36"
163.53.179.32 - - [19/Sep/2025:13:51:25 +0530] "GET /index.php/wp-json/elementor/v1/checklist/user-progress HTTP/2" 200 204 "https://indianindustrialworks.myycard.in/wp-admin/post.php?post=17&action=elementor" "Mozilla/5.0 (Windows NT 10.0; Win64; x64) AppleWebKit/537.36 (KHTML, like Gecko) Chrome/140.0.0.0 Safari/537.36"
163.53.179.32 - - [19/Sep/2025:13:51:25 +0530] "POST /wp-admin/admin-ajax.php HTTP/2" 200 684 "https://indianindustrialworks.myycard.in/wp-admin/post.php?post=17&action=elementor" "Mozilla/5.0 (Windows NT 10.0; Win64; x64) AppleWebKit/537.36 (KHTML, like Gecko) Chrome/140.0.0.0 Safari/537.36"
163.53.179.32 - - [19/Sep/2025:13:51:27 +0530] "GET /index.php/wp-json/elementor/v1/checklist/user-progress HTTP/2" 200 204 "https://indianindustrialworks.myycard.in/wp-admin/post.php?post=17&action=elementor" "Mozilla/5.0 (Windows NT 10.0; Win64; x64) AppleWebKit/537.36 (KHTML, like Gecko) Chrome/140.0.0.0 Safari/537.36"
163.53.179.32 - - [19/Sep/2025:13:51:35 +0530] "POST /wp-admin/admin-ajax.php HTTP/2" 200 96 "https://indianindustrialworks.myycard.in/wp-admin/post.php?post=17&action=elementor" "Mozilla/5.0 (Windows NT 10.0; Win64; x64) AppleWebKit/537.36 (KHTML, like Gecko) Chrome/140.0.0.0 Safari/537.36"
103.212.120.166 - - [19/Sep/2025:13:51:51 +0530] "POST /wp-cron.php?doing_wp_cron=1758270111.8600969314575195312500 HTTP/1.1" 403 1242 "-" "WordPress/6.8.2; https://indianindustrialworks.myycard.in"
163.53.179.32 - - [19/Sep/2025:13:51:51 +0530] "POST /wp-admin/admin-ajax.php HTTP/2" 200 96 "https://indianindustrialworks.myycard.in/wp-admin/post.php?post=17&action=elementor" "Mozilla/5.0 (Windows NT 10.0; Win64; x64) AppleWebKit/537.36 (KHTML, like Gecko) Chrome/140.0.0.0 Safari/537.36"
163.53.179.32 - - [19/Sep/2025:13:51:59 +0530] "GET /index.php/wp-json/elementor/v1/checklist/user-progress HTTP/2" 200 204 "https://indianindustrialworks.myycard.in/wp-admin/post.php?post=17&action=elementor" "Mozilla/5.0 (Windows NT 10.0; Win64; x64) AppleWebKit/537.36 (KHTML, like Gecko) Chrome/140.0.0.0 Safari/537.36"
163.53.179.32 - - [19/Sep/2025:13:52:06 +0530] "POST /wp-admin/admin-ajax.php HTTP/2" 200 96 "https://indianindustrialworks.myycard.in/wp-admin/post.php?post=17&action=elementor" "Mozilla/5.0 (Windows NT 10.0; Win64; x64) AppleWebKit/537.36 (KHTML, like Gecko) Chrome/140.0.0.0 Safari/537.36"
163.53.179.32 - - [19/Sep/2025:13:52:21 +0530] "POST /wp-admin/admin-ajax.php HTTP/2" 200 96 "https://indianindustrialworks.myycard.in/wp-admin/post.php?post=17&action=elementor" "Mozilla/5.0 (Windows NT 10.0; Win64; x64) AppleWebKit/537.36 (KHTML, like Gecko) Chrome/140.0.0.0 Safari/537.36"
163.53.179.32 - - [19/Sep/2025:13:52:36 +0530] "POST /wp-admin/admin-ajax.php HTTP/2" 200 96 "https://indianindustrialworks.myycard.in/wp-admin/post.php?post=17&action=elementor" "Mozilla/5.0 (Windows NT 10.0; Win64; x64) AppleWebKit/537.36 (KHTML, like Gecko) Chrome/140.0.0.0 Safari/537.36"
163.53.179.32 - - [19/Sep/2025:13:52:49 +0530] "GET /index.php/wp-json/elementor/v1/checklist/user-progress HTTP/2" 200 204 "https://indianindustrialworks.myycard.in/wp-admin/post.php?post=17&action=elementor" "Mozilla/5.0 (Windows NT 10.0; Win64; x64) AppleWebKit/537.36 (KHTML, like Gecko) Chrome/140.0.0.0 Safari/537.36"
163.53.179.32 - - [19/Sep/2025:13:52:51 +0530] "POST /wp-admin/admin-ajax.php HTTP/2" 200 96 "https://indianindustrialworks.myycard.in/wp-admin/post.php?post=17&action=elementor" "Mozilla/5.0 (Windows NT 10.0; Win64; x64) AppleWebKit/537.36 (KHTML, like Gecko) Chrome/140.0.0.0 Safari/537.36"
103.212.120.166 - - [19/Sep/2025:13:53:01 +0530] "POST /wp-cron.php?doing_wp_cron=1758270181.3200540542602539062500 HTTP/1.1" 403 1242 "-" "WordPress/6.8.2; https://indianindustrialworks.myycard.in"
163.53.179.32 - - [19/Sep/2025:13:53:00 +0530] "GET / HTTP/2" 200 28581 "-" "Mozilla/5.0 (Windows NT 10.0; Win64; x64) AppleWebKit/537.36 (KHTML, like Gecko) Chrome/140.0.0.0 Safari/537.36"
163.53.179.32 - - [19/Sep/2025:13:53:02 +0530] "GET /wp-content/uploads/elementor/css/post-17.css?ver=1758270181 HTTP/2" 200 6251 "https://indianindustrialworks.myycard.in/" "Mozilla/5.0 (Windows NT 10.0; Win64; x64) AppleWebKit/537.36 (KHTML, like Gecko) Chrome/140.0.0.0 Safari/537.36"
163.53.179.32 - - [19/Sep/2025:13:53:02 +0530] "GET /wp-content/uploads/2025/09/WhatsApp-Image-2025-09-19-at-13.48.47-768x768.jpeg HTTP/2" 200 83338 "https://indianindustrialworks.myycard.in/" "Mozilla/5.0 (Windows NT 10.0; Win64; x64) AppleWebKit/537.36 (KHTML, like Gecko) Chrome/140.0.0.0 Safari/537.36"
163.53.179.32 - - [19/Sep/2025:13:53:02 +0530] "GET /wp-content/uploads/2025/09/WhatsApp-Image-2025-09-19-at-13.46.40-768x768.jpeg HTTP/2" 200 78995 "https://indianindustrialworks.myycard.in/" "Mozilla/5.0 (Windows NT 10.0; Win64; x64) AppleWebKit/537.36 (KHTML, like Gecko) Chrome/140.0.0.0 Safari/537.36"
163.53.179.32 - - [19/Sep/2025:13:53:07 +0530] "POST /wp-admin/admin-ajax.php HTTP/2" 200 96 "https://indianindustrialworks.myycard.in/wp-admin/post.php?post=17&action=elementor" "Mozilla/5.0 (Windows NT 10.0; Win64; x64) AppleWebKit/537.36 (KHTML, like Gecko) Chrome/140.0.0.0 Safari/537.36"
27.61.165.140 - - [19/Sep/2025:13:53:10 +0530] "GET / HTTP/1.1" 200 22853 "-" "WhatsApp/2.23.20.0"
103.241.225.254 - - [19/Sep/2025:13:53:16 +0530] "GET / HTTP/2" 200 22852 "-" "Mozilla/5.0 (Linux; Android 10; K) AppleWebKit/537.36 (KHTML, like Gecko) Chrome/140.0.0.0 Mobile Safari/537.36"
103.241.225.254 - - [19/Sep/2025:13:53:17 +0530] "GET /wp-content/uploads/elementor/css/post-17.css?ver=1758270181 HTTP/2" 200 6251 "https://indianindustrialworks.myycard.in/" "Mozilla/5.0 (Linux; Android 10; K) AppleWebKit/537.36 (KHTML, like Gecko) Chrome/140.0.0.0 Mobile Safari/537.36"
103.241.225.254 - - [19/Sep/2025:13:53:17 +0530] "GET /wp-content/uploads/elementor/css/post-205.css?ver=1758268733 HTTP/2" 200 1856 "https://indianindustrialworks.myycard.in/" "Mozilla/5.0 (Linux; Android 10; K) AppleWebKit/537.36 (KHTML, like Gecko) Chrome/140.0.0.0 Mobile Safari/537.36"
103.241.225.254 - - [19/Sep/2025:13:53:18 +0530] "GET /wp-content/plugins/elementor/assets/js/webpack.runtime.min.js?ver=3.32.1 HTTP/2" 304 0 "https://indianindustrialworks.myycard.in/" "Mozilla/5.0 (Linux; Android 10; K) AppleWebKit/537.36 (KHTML, like Gecko) Chrome/140.0.0.0 Mobile Safari/537.36"
103.241.225.254 - - [19/Sep/2025:13:53:18 +0530] "GET /wp-content/plugins/elementor/assets/js/frontend-modules.min.js?ver=3.32.1 HTTP/2" 304 0 "https://indianindustrialworks.myycard.in/" "Mozilla/5.0 (Linux; Android 10; K) AppleWebKit/537.36 (KHTML, like Gecko) Chrome/140.0.0.0 Mobile Safari/537.36"
103.241.225.254 - - [19/Sep/2025:13:53:18 +0530] "GET /wp-content/plugins/elementor/assets/js/frontend.min.js?ver=3.32.1 HTTP/2" 304 0 "https://indianindustrialworks.myycard.in/" "Mozilla/5.0 (Linux; Android 10; K) AppleWebKit/537.36 (KHTML, like Gecko) Chrome/140.0.0.0 Mobile Safari/537.36"
103.241.225.254 - - [19/Sep/2025:13:53:18 +0530] "GET /wp-content/plugins/elementor/assets/css/widget-icon-list.min.css?ver=3.32.1 HTTP/2" 200 962 "https://indianindustrialworks.myycard.in/" "Mozilla/5.0 (Linux; Android 10; K) AppleWebKit/537.36 (KHTML, like Gecko) Chrome/140.0.0.0 Mobile Safari/537.36"
103.241.225.254 - - [19/Sep/2025:13:53:17 +0530] "GET /wp-content/uploads/2025/09/100000-removebg-preview.png HTTP/2" 200 211572 "https://indianindustrialworks.myycard.in/" "Mozilla/5.0 (Linux; Android 10; K) AppleWebKit/537.36 (KHTML, like Gecko) Chrome/140.0.0.0 Mobile Safari/537.36"
103.241.225.254 - - [19/Sep/2025:13:53:18 +0530] "GET /wp-content/plugins/elementor/assets/lib/swiper/v8/swiper.min.js?ver=8.4.5 HTTP/2" 304 0 "https://indianindustrialworks.myycard.in/" "Mozilla/5.0 (Linux; Android 10; K) AppleWebKit/537.36 (KHTML, like Gecko) Chrome/140.0.0.0 Mobile Safari/537.36"
103.241.225.254 - - [19/Sep/2025:13:53:18 +0530] "GET /wp-content/plugins/master-addons/assets/vendor/popper.min.js?ver=2.0.9.6 HTTP/2" 304 0 "https://indianindustrialworks.myycard.in/" "Mozilla/5.0 (Linux; Android 10; K) AppleWebKit/537.36 (KHTML, like Gecko) Chrome/140.0.0.0 Mobile Safari/537.36"
103.241.225.254 - - [19/Sep/2025:13:53:18 +0530] "GET /wp-content/plugins/master-addons/assets/vendor/tippyjs/js/tippy.min.js?ver=2.0.9.6 HTTP/2" 304 0 "https://indianindustrialworks.myycard.in/" "Mozilla/5.0 (Linux; Android 10; K) AppleWebKit/537.36 (KHTML, like Gecko) Chrome/140.0.0.0 Mobile Safari/537.36"
103.241.225.254 - - [19/Sep/2025:13:53:18 +0530] "GET /wp-content/plugins/metform/public/assets/lib/cute-alert/cute-alert.js?ver=4.0.6 HTTP/2" 304 0 "https://indianindustrialworks.myycard.in/" "Mozilla/5.0 (Linux; Android 10; K) AppleWebKit/537.36 (KHTML, like Gecko) Chrome/140.0.0.0 Mobile Safari/537.36"
103.241.225.254 - - [19/Sep/2025:13:53:18 +0530] "GET /wp-content/themes/hello-elementor/assets/js/hello-frontend.js?ver=3.4.4 HTTP/2" 304 0 "https://indianindustrialworks.myycard.in/" "Mozilla/5.0 (Linux; Android 10; K) AppleWebKit/537.36 (KHTML, like Gecko) Chrome/140.0.0.0 Mobile Safari/537.36"
103.241.225.254 - - [19/Sep/2025:13:53:18 +0530] "GET /wp-content/plugins/jeg-elementor-kit/assets/js/tiny-slider/tiny-slider.js?ver=2.9.3 HTTP/2" 304 0 "https://indianindustrialworks.myycard.in/" "Mozilla/5.0 (Linux; Android 10; K) AppleWebKit/537.36 (KHTML, like Gecko) Chrome/140.0.0.0 Mobile Safari/537.36"
103.241.225.254 - - [19/Sep/2025:13:53:18 +0530] "GET /wp-content/plugins/jeg-elementor-kit/assets/js/elements/testimonials.js?ver=2.6.14 HTTP/2" 304 0 "https://indianindustrialworks.myycard.in/" "Mozilla/5.0 (Linux; Android 10; K) AppleWebKit/537.36 (KHTML, like Gecko) Chrome/140.0.0.0 Mobile Safari/537.36"
103.241.225.254 - - [19/Sep/2025:13:53:18 +0530] "GET /wp-content/plugins/jeg-elementor-kit/assets/js/elements/fun-fact.js?ver=2.6.14 HTTP/2" 304 0 "https://indianindustrialworks.myycard.in/" "Mozilla/5.0 (Linux; Android 10; K) AppleWebKit/537.36 (KHTML, like Gecko) Chrome/140.0.0.0 Mobile Safari/537.36"
103.241.225.254 - - [19/Sep/2025:13:53:18 +0530] "GET /wp-content/plugins/jeg-elementor-kit/assets/js/elements/accordion.js?ver=2.6.14 HTTP/2" 304 0 "https://indianindustrialworks.myycard.in/" "Mozilla/5.0 (Linux; Android 10; K) AppleWebKit/537.36 (KHTML, like Gecko) Chrome/140.0.0.0 Mobile Safari/537.36"
103.241.225.254 - - [19/Sep/2025:13:53:17 +0530] "GET /wp-content/uploads/2025/09/WhatsApp-Image-2025-09-19-at-13.45.39.jpeg HTTP/2" 200 330734 "https://indianindustrialworks.myycard.in/" "Mozilla/5.0 (Linux; Android 10; K) AppleWebKit/537.36 (KHTML, like Gecko) Chrome/140.0.0.0 Mobile Safari/537.36"
103.241.225.254 - - [19/Sep/2025:13:53:18 +0530] "GET /wp-content/plugins/master-addons/assets/js/plugins.js?ver=2.0.9.6 HTTP/2" 304 0 "https://indianindustrialworks.myycard.in/" "Mozilla/5.0 (Linux; Android 10; K) AppleWebKit/537.36 (KHTML, like Gecko) Chrome/140.0.0.0 Mobile Safari/537.36"
103.241.225.254 - - [19/Sep/2025:13:53:18 +0530] "GET /wp-content/plugins/master-addons/assets/js/master-addons-scripts.js?ver=2.0.9.6 HTTP/2" 304 0 "https://indianindustrialworks.myycard.in/" "Mozilla/5.0 (Linux; Android 10; K) AppleWebKit/537.36 (KHTML, like Gecko) Chrome/140.0.0.0 Mobile Safari/537.36"
103.241.225.254 - - [19/Sep/2025:13:53:18 +0530] "GET /wp-content/plugins/jeg-elementor-kit/assets/js/elements/sticky-element.js?ver=2.6.14 HTTP/2" 304 0 "https://indianindustrialworks.myycard.in/" "Mozilla/5.0 (Linux; Android 10; K) AppleWebKit/537.36 (KHTML, like Gecko) Chrome/140.0.0.0 Mobile Safari/537.36"
103.241.225.254 - - [19/Sep/2025:13:53:18 +0530] "GET /wp-content/plugins/jeg-elementor-kit/assets/js/elements/nav-menu.js?ver=2.6.14 HTTP/2" 304 0 "https://indianindustrialworks.myycard.in/" "Mozilla/5.0 (Linux; Android 10; K) AppleWebKit/537.36 (KHTML, like Gecko) Chrome/140.0.0.0 Mobile Safari/537.36"
103.241.225.254 - - [19/Sep/2025:13:53:19 +0530] "GET /wp-content/plugins/elementor/assets/lib/font-awesome/js/v4-shims.min.js?ver=3.32.1 HTTP/2" 304 0 "https://indianindustrialworks.myycard.in/" "Mozilla/5.0 (Linux; Android 10; K) AppleWebKit/537.36 (KHTML, like Gecko) Chrome/140.0.0.0 Mobile Safari/537.36"
103.241.225.254 - - [19/Sep/2025:13:53:19 +0530] "GET /wp-content/plugins/jeg-elementor-kit/assets/js/elements/mailchimp.js?ver=2.6.14 HTTP/2" 304 0 "https://indianindustrialworks.myycard.in/" "Mozilla/5.0 (Linux; Android 10; K) AppleWebKit/537.36 (KHTML, like Gecko) Chrome/140.0.0.0 Mobile Safari/537.36"
103.241.225.254 - - [19/Sep/2025:13:53:19 +0530] "GET /wp-content/plugins/elementor-pro/assets/js/webpack-pro.runtime.min.js?ver=3.26.3 HTTP/2" 304 0 "https://indianindustrialworks.myycard.in/" "Mozilla/5.0 (Linux; Android 10; K) AppleWebKit/537.36 (KHTML, like Gecko) Chrome/140.0.0.0 Mobile Safari/537.36"
103.241.225.254 - - [19/Sep/2025:13:53:19 +0530] "GET /wp-content/plugins/elementor-pro/assets/js/frontend.min.js?ver=3.26.3 HTTP/2" 304 0 "https://indianindustrialworks.myycard.in/" "Mozilla/5.0 (Linux; Android 10; K) AppleWebKit/537.36 (KHTML, like Gecko) Chrome/140.0.0.0 Mobile Safari/537.36"
103.241.225.254 - - [19/Sep/2025:13:53:19 +0530] "GET /wp-content/plugins/elementor-pro/assets/js/elements-handlers.min.js?ver=3.26.3 HTTP/2" 304 0 "https://indianindustrialworks.myycard.in/" "Mozilla/5.0 (Linux; Android 10; K) AppleWebKit/537.36 (KHTML, like Gecko) Chrome/140.0.0.0 Mobile Safari/537.36"
103.241.225.254 - - [19/Sep/2025:13:53:20 +0530] "GET /wp-content/plugins/click-to-chat-for-whatsapp/new/inc/assets/js/app.js?ver=4.28 HTTP/2" 304 0 "https://indianindustrialworks.myycard.in/" "Mozilla/5.0 (Linux; Android 10; K) AppleWebKit/537.36 (KHTML, like Gecko) Chrome/140.0.0.0 Mobile Safari/537.36"
103.241.225.254 - - [19/Sep/2025:13:53:19 +0530] "GET /wp-content/uploads/2025/09/WhatsApp-Image-2025-09-19-at-13.48.47.jpeg HTTP/2" 200 128988 "https://indianindustrialworks.myycard.in/" "Mozilla/5.0 (Linux; Android 10; K) AppleWebKit/537.36 (KHTML, like Gecko) Chrome/140.0.0.0 Mobile Safari/537.36"
103.241.225.254 - - [19/Sep/2025:13:53:20 +0530] "GET /wp-content/uploads/2025/09/WhatsApp-Image-2025-09-19-at-13.46.40.jpeg HTTP/2" 200 90275 "https://indianindustrialworks.myycard.in/" "Mozilla/5.0 (Linux; Android 10; K) AppleWebKit/537.36 (KHTML, like Gecko) Chrome/140.0.0.0 Mobile Safari/537.36"
103.241.225.254 - - [19/Sep/2025:13:53:22 +0530] "GET /wp-content/plugins/elementor/assets/js/shared-frontend-handlers.4c8abccc3e268b0767b2.bundle.min.js HTTP/2" 304 0 "https://indianindustrialworks.myycard.in/" "Mozilla/5.0 (Linux; Android 10; K) AppleWebKit/537.36 (KHTML, like Gecko) Chrome/140.0.0.0 Mobile Safari/537.36"
103.241.225.254 - - [19/Sep/2025:13:53:22 +0530] "GET /wp-content/plugins/elementor/assets/js/text-editor.abc8f59c62f2820dc25a.bundle.min.js HTTP/2" 304 0 "https://indianindustrialworks.myycard.in/" "Mozilla/5.0 (Linux; Android 10; K) AppleWebKit/537.36 (KHTML, like Gecko) Chrome/140.0.0.0 Mobile Safari/537.36"
66.249.83.65 - - [19/Sep/2025:13:53:23 +0530] "GET / HTTP/1.1" 200 22845 "-" "Mozilla/5.0 (Linux; Android 10; K) AppleWebKit/537.36 (KHTML, like Gecko) Chrome/138.0.0.0 Mobile Safari/537.36 (compatible; Google-Read-Aloud; +https://support.google.com/webmasters/answer/1061943)"
66.249.83.98 - - [19/Sep/2025:13:53:26 +0530] "GET / HTTP/1.1" 200 22846 "-" "Mozilla/5.0 (Linux; Android 10; K) AppleWebKit/537.36 (KHTML, like Gecko) Chrome/138.0.0.0 Mobile Safari/537.36 (compatible; Google-Read-Aloud; +https://support.google.com/webmasters/answer/1061943)"
66.249.83.67 - - [19/Sep/2025:13:53:26 +0530] "GET / HTTP/1.1" 200 22850 "-" "Mozilla/5.0 (Linux; Android 10; K) AppleWebKit/537.36 (KHTML, like Gecko) Chrome/138.0.0.0 Mobile Safari/537.36 (compatible; Google-Read-Aloud; +https://support.google.com/webmasters/answer/1061943)"
66.249.83.65 - - [19/Sep/2025:13:53:27 +0530] "GET /wp-content/plugins/master-addons/assets/fonts/iconic-fonts/iconic-font.min.css?ver=2.0.9.6 HTTP/1.1" 200 2392 "https://indianindustrialworks.myycard.in/" "Mozilla/5.0 (Linux; Android 10; K) AppleWebKit/537.36 (KHTML, like Gecko) Chrome/138.0.0.0 Mobile Safari/537.36 (compatible; Google-Read-Aloud; +https://support.google.com/webmasters/answer/1061943)"
66.249.83.67 - - [19/Sep/2025:13:53:28 +0530] "GET /wp-content/uploads/elementor/css/post-17.css?ver=1758270181 HTTP/1.1" 200 6251 "https://indianindustrialworks.myycard.in/" "Mozilla/5.0 (Linux; Android 10; K) AppleWebKit/537.36 (KHTML, like Gecko) Chrome/138.0.0.0 Mobile Safari/537.36 (compatible; Google-Read-Aloud; +https://support.google.com/webmasters/answer/1061943)"
103.241.225.254 - - [19/Sep/2025:13:53:28 +0530] "GET /favicon.ico HTTP/2" 404 1251 "https://indianindustrialworks.myycard.in/" "Mozilla/5.0 (Linux; Android 10; K) AppleWebKit/537.36 (KHTML, like Gecko) Chrome/140.0.0.0 Mobile Safari/537.36"
66.249.83.98 - - [19/Sep/2025:13:53:28 +0530] "GET /wp-content/plugins/jeg-elementor-kit/assets/css/elements/main.css?ver=2.6.14 HTTP/1.1" 200 23502 "https://indianindustrialworks.myycard.in/" "Mozilla/5.0 (Linux; Android 10; K) AppleWebKit/537.36 (KHTML, like Gecko) Chrome/138.0.0.0 Mobile Safari/537.36 (compatible; Google-Read-Aloud; +https://support.google.com/webmasters/answer/1061943)"
66.249.83.67 - - [19/Sep/2025:13:53:28 +0530] "GET /wp-content/plugins/elementor/assets/css/widget-heading.min.css?ver=3.32.1 HTTP/1.1" 200 154 "https://indianindustrialworks.myycard.in/" "Mozilla/5.0 (Linux; Android 10; K) AppleWebKit/537.36 (KHTML, like Gecko) Chrome/138.0.0.0 Mobile Safari/537.36 (compatible; Google-Read-Aloud; +https://support.google.com/webmasters/answer/1061943)"
66.249.83.38 - - [19/Sep/2025:13:53:28 +0530] "GET /wp-content/plugins/elementor/assets/lib/swiper/v8/css/swiper.min.css?ver=8.4.5 HTTP/1.1" 200 4248 "https://indianindustrialworks.myycard.in/" "Mozilla/5.0 (Linux; Android 10; K) AppleWebKit/537.36 (KHTML, like Gecko) Chrome/138.0.0.0 Mobile Safari/537.36 (compatible; Google-Read-Aloud; +https://support.google.com/webmasters/answer/1061943)"
66.249.83.66 - - [19/Sep/2025:13:53:28 +0530] "GET /wp-content/plugins/elementor/assets/lib/animations/styles/fadeInLeft.min.css?ver=3.32.1 HTTP/1.1" 200 137 "https://indianindustrialworks.myycard.in/" "Mozilla/5.0 (Linux; Android 10; K) AppleWebKit/537.36 (KHTML, like Gecko) Chrome/138.0.0.0 Mobile Safari/537.36 (compatible; Google-Read-Aloud; +https://support.google.com/webmasters/answer/1061943)"
66.249.83.8 - - [19/Sep/2025:13:53:28 +0530] "GET /wp-content/plugins/elementor/assets/css/widget-spacer.min.css?ver=3.32.1 HTTP/1.1" 200 315 "https://indianindustrialworks.myycard.in/" "Mozilla/5.0 (Linux; Android 10; K) AppleWebKit/537.36 (KHTML, like Gecko) Chrome/138.0.0.0 Mobile Safari/537.36 (compatible; Google-Read-Aloud; +https://support.google.com/webmasters/answer/1061943)"
66.249.83.8 - - [19/Sep/2025:13:53:28 +0530] "GET /wp-content/plugins/metform/public/assets/lib/cute-alert/style.css?ver=4.0.6 HTTP/1.1" 200 1064 "https://indianindustrialworks.myycard.in/" "Mozilla/5.0 (Linux; Android 10; K) AppleWebKit/537.36 (KHTML, like Gecko) Chrome/138.0.0.0 Mobile Safari/537.36 (compatible; Google-Read-Aloud; +https://support.google.com/webmasters/answer/1061943)"
66.249.83.37 - - [19/Sep/2025:13:53:28 +0530] "GET /wp-content/plugins/elementor-pro/assets/css/widget-mega-menu.min.css?ver=3.26.2 HTTP/1.1" 200 2683 "https://indianindustrialworks.myycard.in/" "Mozilla/5.0 (Linux; Android 10; K) AppleWebKit/537.36 (KHTML, like Gecko) Chrome/138.0.0.0 Mobile Safari/537.36 (compatible; Google-Read-Aloud; +https://support.google.com/webmasters/answer/1061943)"
66.249.83.39 - - [19/Sep/2025:13:53:28 +0530] "GET /wp-content/plugins/master-addons/assets/css/master-addons-styles.css?ver=6.8.2 HTTP/1.1" 200 39118 "https://indianindustrialworks.myycard.in/" "Mozilla/5.0 (Linux; Android 10; K) AppleWebKit/537.36 (KHTML, like Gecko) Chrome/138.0.0.0 Mobile Safari/537.36 (compatible; Google-Read-Aloud; +https://support.google.com/webmasters/answer/1061943)"
66.249.83.67 - - [19/Sep/2025:13:53:28 +0530] "GET /wp-content/plugins/elementor/assets/lib/swiper/v8/css/swiper.min.css?ver=8.4.5 HTTP/1.1" 200 4248 "https://indianindustrialworks.myycard.in/" "Mozilla/5.0 (Linux; Android 10; K) AppleWebKit/537.36 (KHTML, like Gecko) Chrome/138.0.0.0 Mobile Safari/537.36 (compatible; Google-Read-Aloud; +https://support.google.com/webmasters/answer/1061943)"
66.249.83.9 - - [19/Sep/2025:13:53:28 +0530] "GET /wp-content/plugins/master-addons/assets/vendor/tippyjs/css/tippy.css?ver=6.8.2 HTTP/1.1" 200 1734 "https://indianindustrialworks.myycard.in/" "Mozilla/5.0 (Linux; Android 10; K) AppleWebKit/537.36 (KHTML, like Gecko) Chrome/138.0.0.0 Mobile Safari/537.36 (compatible; Google-Read-Aloud; +https://support.google.com/webmasters/answer/1061943)"
66.249.83.1 - - [19/Sep/2025:13:53:28 +0530] "GET /wp-content/plugins/elementor/assets/lib/animations/styles/fadeIn.min.css?ver=3.32.1 HTTP/1.1" 200 77 "https://indianindustrialworks.myycard.in/" "Mozilla/5.0 (Linux; Android 10; K) AppleWebKit/537.36 (KHTML, like Gecko) Chrome/138.0.0.0 Mobile Safari/537.36 (compatible; Google-Read-Aloud; +https://support.google.com/webmasters/answer/1061943)"
66.249.83.66 - - [19/Sep/2025:13:53:28 +0530] "GET /wp-content/plugins/elementor-pro/assets/css/widget-mega-menu.min.css?ver=3.26.2 HTTP/1.1" 200 2683 "https://indianindustrialworks.myycard.in/" "Mozilla/5.0 (Linux; Android 10; K) AppleWebKit/537.36 (KHTML, like Gecko) Chrome/138.0.0.0 Mobile Safari/537.36 (compatible; Google-Read-Aloud; +https://support.google.com/webmasters/answer/1061943)"
66.249.83.66 - - [19/Sep/2025:13:53:28 +0530] "GET /wp-content/plugins/master-addons/assets/fonts/iconic-fonts/iconic-font.min.css?ver=2.0.9.6 HTTP/1.1" 200 2392 "https://indianindustrialworks.myycard.in/" "Mozilla/5.0 (Linux; Android 10; K) AppleWebKit/537.36 (KHTML, like Gecko) Chrome/138.0.0.0 Mobile Safari/537.36 (compatible; Google-Read-Aloud; +https://support.google.com/webmasters/answer/1061943)"
66.249.83.129 - - [19/Sep/2025:13:53:28 +0530] "GET /wp-content/plugins/jeg-elementor-kit/lib/jeg-framework/assets/css/jeg-dynamic-styles.css?ver=1.3.0 HTTP/1.1" 200 0 "https://indianindustrialworks.myycard.in/" "Mozilla/5.0 (Linux; Android 10; K) AppleWebKit/537.36 (KHTML, like Gecko) Chrome/138.0.0.0 Mobile Safari/537.36 (compatible; Google-Read-Aloud; +https://support.google.com/webmasters/answer/1061943)"
66.249.83.1 - - [19/Sep/2025:13:53:28 +0530] "GET /wp-includes/js/jquery/jquery-migrate.min.js?ver=3.4.1 HTTP/1.1" 200 4678 "https://indianindustrialworks.myycard.in/" "Mozilla/5.0 (Linux; Android 10; K) AppleWebKit/537.36 (KHTML, like Gecko) Chrome/138.0.0.0 Mobile Safari/537.36 (compatible; Google-Read-Aloud; +https://support.google.com/webmasters/answer/1061943)"
66.249.83.39 - - [19/Sep/2025:13:53:28 +0530] "GET /wp-content/plugins/header-footer-elementor/assets/css/header-footer-elementor.css?ver=2.5.1 HTTP/1.1" 200 259 "https://indianindustrialworks.myycard.in/" "Mozilla/5.0 (Linux; Android 10; K) AppleWebKit/537.36 (KHTML, like Gecko) Chrome/138.0.0.0 Mobile Safari/537.36 (compatible; Google-Read-Aloud; +https://support.google.com/webmasters/answer/1061943)"
66.249.83.99 - - [19/Sep/2025:13:53:28 +0530] "GET /wp-content/plugins/elementor/assets/css/widget-icon-list.min.css?ver=3.32.1 HTTP/1.1" 200 962 "https://indianindustrialworks.myycard.in/" "Mozilla/5.0 (Linux; Android 10; K) AppleWebKit/537.36 (KHTML, like Gecko) Chrome/138.0.0.0 Mobile Safari/537.36 (compatible; Google-Read-Aloud; +https://support.google.com/webmasters/answer/1061943)"
66.249.83.65 - - [19/Sep/2025:13:53:28 +0530] "GET /wp-content/plugins/header-footer-elementor/assets/css/header-footer-elementor.css?ver=2.5.1 HTTP/1.1" 200 259 "https://indianindustrialworks.myycard.in/" "Mozilla/5.0 (Linux; Android 10; K) AppleWebKit/537.36 (KHTML, like Gecko) Chrome/138.0.0.0 Mobile Safari/537.36 (compatible; Google-Read-Aloud; +https://support.google.com/webmasters/answer/1061943)"
66.249.83.1 - - [19/Sep/2025:13:53:28 +0530] "GET /wp-content/plugins/click-to-chat-for-whatsapp/new/inc/assets/css/main.css?ver=4.28 HTTP/1.1" 200 645 "https://indianindustrialworks.myycard.in/" "Mozilla/5.0 (Linux; Android 10; K) AppleWebKit/537.36 (KHTML, like Gecko) Chrome/138.0.0.0 Mobile Safari/537.36 (compatible; Google-Read-Aloud; +https://support.google.com/webmasters/answer/1061943)"
66.249.83.129 - - [19/Sep/2025:13:53:28 +0530] "GET /wp-content/plugins/elementor/assets/lib/font-awesome/css/solid.css?ver=5.15.3 HTTP/1.1" 200 296 "https://indianindustrialworks.myycard.in/" "Mozilla/5.0 (Linux; Android 10; K) AppleWebKit/537.36 (KHTML, like Gecko) Chrome/138.0.0.0 Mobile Safari/537.36 (compatible; Google-Read-Aloud; +https://support.google.com/webmasters/answer/1061943)"
66.249.83.129 - - [19/Sep/2025:13:53:28 +0530] "GET /wp-content/plugins/elementor/assets/lib/font-awesome/css/all.min.css?ver=3.32.1 HTTP/1.1" 200 12380 "https://indianindustrialworks.myycard.in/" "Mozilla/5.0 (Linux; Android 10; K) AppleWebKit/537.36 (KHTML, like Gecko) Chrome/138.0.0.0 Mobile Safari/537.36 (compatible; Google-Read-Aloud; +https://support.google.com/webmasters/answer/1061943)"
66.249.83.9 - - [19/Sep/2025:13:53:28 +0530] "GET /wp-content/plugins/elementor/assets/lib/font-awesome/css/v4-shims.min.css?ver=3.32.1 HTTP/1.1" 200 3987 "https://indianindustrialworks.myycard.in/" "Mozilla/5.0 (Linux; Android 10; K) AppleWebKit/537.36 (KHTML, like Gecko) Chrome/138.0.0.0 Mobile Safari/537.36 (compatible; Google-Read-Aloud; +https://support.google.com/webmasters/answer/1061943)"
66.249.83.65 - - [19/Sep/2025:13:53:28 +0530] "GET /wp-content/themes/hello-elementor/assets/css/reset.css?ver=3.4.4 HTTP/1.1" 200 1581 "https://indianindustrialworks.myycard.in/" "Mozilla/5.0 (Linux; Android 10; K) AppleWebKit/537.36 (KHTML, like Gecko) Chrome/138.0.0.0 Mobile Safari/537.36 (compatible; Google-Read-Aloud; +https://support.google.com/webmasters/answer/1061943)"
66.249.83.99 - - [19/Sep/2025:13:53:29 +0530] "GET /wp-content/plugins/elementor/assets/css/frontend.min.css?ver=3.32.1 HTTP/1.1" 200 6534 "https://indianindustrialworks.myycard.in/" "Mozilla/5.0 (Linux; Android 10; K) AppleWebKit/537.36 (KHTML, like Gecko) Chrome/138.0.0.0 Mobile Safari/537.36 (compatible; Google-Read-Aloud; +https://support.google.com/webmasters/answer/1061943)"
66.249.83.65 - - [19/Sep/2025:13:53:29 +0530] "GET /wp-content/plugins/elementor/assets/lib/font-awesome/css/v4-shims.min.css?ver=3.32.1 HTTP/1.1" 200 3987 "https://indianindustrialworks.myycard.in/" "Mozilla/5.0 (Linux; Android 10; K) AppleWebKit/537.36 (KHTML, like Gecko) Chrome/138.0.0.0 Mobile Safari/537.36 (compatible; Google-Read-Aloud; +https://support.google.com/webmasters/answer/1061943)"
66.249.83.1 - - [19/Sep/2025:13:53:29 +0530] "GET /wp-content/plugins/header-footer-elementor/inc/widgets-css/frontend.css?ver=2.5.1 HTTP/1.1" 200 8270 "https://indianindustrialworks.myycard.in/" "Mozilla/5.0 (Linux; Android 10; K) AppleWebKit/537.36 (KHTML, like Gecko) Chrome/138.0.0.0 Mobile Safari/537.36 (compatible; Google-Read-Aloud; +https://support.google.com/webmasters/answer/1061943)"
66.249.83.98 - - [19/Sep/2025:13:53:29 +0530] "GET /wp-content/plugins/jeg-elementor-kit/assets/css/elements/main.css?ver=2.6.14 HTTP/1.1" 200 23502 "https://indianindustrialworks.myycard.in/" "Mozilla/5.0 (Linux; Android 10; K) AppleWebKit/537.36 (KHTML, like Gecko) Chrome/138.0.0.0 Mobile Safari/537.36 (compatible; Google-Read-Aloud; +https://support.google.com/webmasters/answer/1061943)"
66.249.83.66 - - [19/Sep/2025:13:53:29 +0530] "GET /wp-content/plugins/elementor/assets/lib/animations/styles/fadeInLeft.min.css?ver=3.32.1 HTTP/1.1" 200 137 "https://indianindustrialworks.myycard.in/" "Mozilla/5.0 (Linux; Android 10; K) AppleWebKit/537.36 (KHTML, like Gecko) Chrome/138.0.0.0 Mobile Safari/537.36 (compatible; Google-Read-Aloud; +https://support.google.com/webmasters/answer/1061943)"
66.249.83.98 - - [19/Sep/2025:13:53:29 +0530] "GET /wp-content/plugins/header-footer-elementor/inc/widgets-css/frontend.css?ver=2.5.1 HTTP/1.1" 200 8270 "https://indianindustrialworks.myycard.in/" "Mozilla/5.0 (Linux; Android 10; K) AppleWebKit/537.36 (KHTML, like Gecko) Chrome/138.0.0.0 Mobile Safari/537.36 (compatible; Google-Read-Aloud; +https://support.google.com/webmasters/answer/1061943)"
66.249.83.131 - - [19/Sep/2025:13:53:29 +0530] "GET /wp-content/plugins/elementor/assets/css/widget-heading.min.css?ver=3.32.1 HTTP/1.1" 200 154 "https://indianindustrialworks.myycard.in/" "Mozilla/5.0 (Linux; Android 10; K) AppleWebKit/537.36 (KHTML, like Gecko) Chrome/138.0.0.0 Mobile Safari/537.36 (compatible; Google-Read-Aloud; +https://support.google.com/webmasters/answer/1061943)"
66.249.83.130 - - [19/Sep/2025:13:53:29 +0530] "GET /wp-content/plugins/master-addons/assets/fonts/material-icons/material-icons.css?ver=2.0.9.6 HTTP/1.1" 200 9493 "https://indianindustrialworks.myycard.in/" "Mozilla/5.0 (Linux; Android 10; K) AppleWebKit/537.36 (KHTML, like Gecko) Chrome/138.0.0.0 Mobile Safari/537.36 (compatible; Google-Read-Aloud; +https://support.google.com/webmasters/answer/1061943)"
66.249.83.9 - - [19/Sep/2025:13:53:29 +0530] "GET /wp-content/plugins/elementor/assets/lib/font-awesome/css/brands.css?ver=5.15.3 HTTP/1.1" 200 296 "https://indianindustrialworks.myycard.in/" "Mozilla/5.0 (Linux; Android 10; K) AppleWebKit/537.36 (KHTML, like Gecko) Chrome/138.0.0.0 Mobile Safari/537.36 (compatible; Google-Read-Aloud; +https://support.google.com/webmasters/answer/1061943)"
66.249.83.38 - - [19/Sep/2025:13:53:29 +0530] "GET /wp-content/plugins/master-addons/assets/fonts/material-icons/material-icons.css?ver=2.0.9.6 HTTP/1.1" 200 9493 "https://indianindustrialworks.myycard.in/" "Mozilla/5.0 (Linux; Android 10; K) AppleWebKit/537.36 (KHTML, like Gecko) Chrome/138.0.0.0 Mobile Safari/537.36 (compatible; Google-Read-Aloud; +https://support.google.com/webmasters/answer/1061943)"
66.249.83.38 - - [19/Sep/2025:13:53:29 +0530] "GET /wp-content/plugins/elementor/assets/lib/animations/styles/fadeIn.min.css?ver=3.32.1 HTTP/1.1" 200 77 "https://indianindustrialworks.myycard.in/" "Mozilla/5.0 (Linux; Android 10; K) AppleWebKit/537.36 (KHTML, like Gecko) Chrome/138.0.0.0 Mobile Safari/537.36 (compatible; Google-Read-Aloud; +https://support.google.com/webmasters/answer/1061943)"
66.249.83.99 - - [19/Sep/2025:13:53:29 +0530] "GET /wp-content/plugins/elementor/assets/lib/eicons/css/elementor-icons.min.css?ver=5.34.0 HTTP/1.1" 200 3997 "https://indianindustrialworks.myycard.in/" "Mozilla/5.0 (Linux; Android 10; K) AppleWebKit/537.36 (KHTML, like Gecko) Chrome/138.0.0.0 Mobile Safari/537.36 (compatible; Google-Read-Aloud; +https://support.google.com/webmasters/answer/1061943)"
66.249.83.39 - - [19/Sep/2025:13:53:29 +0530] "GET /wp-content/uploads/elementor/css/post-17.css?ver=1758270181 HTTP/1.1" 200 6251 "https://indianindustrialworks.myycard.in/" "Mozilla/5.0 (Linux; Android 10; K) AppleWebKit/537.36 (KHTML, like Gecko) Chrome/138.0.0.0 Mobile Safari/537.36 (compatible; Google-Read-Aloud; +https://support.google.com/webmasters/answer/1061943)"
66.249.83.97 - - [19/Sep/2025:13:53:29 +0530] "GET /wp-content/plugins/elementor/assets/lib/font-awesome/css/all.min.css?ver=3.32.1 HTTP/1.1" 200 12380 "https://indianindustrialworks.myycard.in/" "Mozilla/5.0 (Linux; Android 10; K) AppleWebKit/537.36 (KHTML, like Gecko) Chrome/138.0.0.0 Mobile Safari/537.36 (compatible; Google-Read-Aloud; +https://support.google.com/webmasters/answer/1061943)"
66.249.83.99 - - [19/Sep/2025:13:53:29 +0530] "GET /wp-content/plugins/metform/public/assets/css/text-editor.css?ver=4.0.6 HTTP/1.1" 200 3261 "https://indianindustrialworks.myycard.in/" "Mozilla/5.0 (Linux; Android 10; K) AppleWebKit/537.36 (KHTML, like Gecko) Chrome/138.0.0.0 Mobile Safari/537.36 (compatible; Google-Read-Aloud; +https://support.google.com/webmasters/answer/1061943)"
66.249.83.38 - - [19/Sep/2025:13:53:29 +0530] "GET /wp-content/plugins/elementor/assets/css/widget-social-icons.min.css?ver=3.24.0 HTTP/1.1" 200 1069 "https://indianindustrialworks.myycard.in/" "Mozilla/5.0 (Linux; Android 10; K) AppleWebKit/537.36 (KHTML, like Gecko) Chrome/138.0.0.0 Mobile Safari/537.36 (compatible; Google-Read-Aloud; +https://support.google.com/webmasters/answer/1061943)"
66.249.83.129 - - [19/Sep/2025:13:53:29 +0530] "GET /wp-content/plugins/elementor/assets/css/widget-spacer.min.css?ver=3.32.1 HTTP/1.1" 200 315 "https://indianindustrialworks.myycard.in/" "Mozilla/5.0 (Linux; Android 10; K) AppleWebKit/537.36 (KHTML, like Gecko) Chrome/138.0.0.0 Mobile Safari/537.36 (compatible; Google-Read-Aloud; +https://support.google.com/webmasters/answer/1061943)"
66.249.83.39 - - [19/Sep/2025:13:53:29 +0530] "GET /wp-content/themes/hello-elementor/assets/css/header-footer.css?ver=3.4.4 HTTP/1.1" 200 1261 "https://indianindustrialworks.myycard.in/" "Mozilla/5.0 (Linux; Android 10; K) AppleWebKit/537.36 (KHTML, like Gecko) Chrome/138.0.0.0 Mobile Safari/537.36 (compatible; Google-Read-Aloud; +https://support.google.com/webmasters/answer/1061943)"
66.249.83.66 - - [19/Sep/2025:13:53:29 +0530] "GET /wp-content/plugins/elementor-pro/assets/css/widget-blockquote.min.css?ver=3.25.0 HTTP/1.1" 200 955 "https://indianindustrialworks.myycard.in/" "Mozilla/5.0 (Linux; Android 10; K) AppleWebKit/537.36 (KHTML, like Gecko) Chrome/138.0.0.0 Mobile Safari/537.36 (compatible; Google-Read-Aloud; +https://support.google.com/webmasters/answer/1061943)"
66.249.83.131 - - [19/Sep/2025:13:53:29 +0530] "GET /wp-content/uploads/elementor/css/post-34.css?ver=1758178027 HTTP/1.1" 200 1326 "https://indianindustrialworks.myycard.in/" "Mozilla/5.0 (Linux; Android 10; K) AppleWebKit/537.36 (KHTML, like Gecko) Chrome/138.0.0.0 Mobile Safari/537.36 (compatible; Google-Read-Aloud; +https://support.google.com/webmasters/answer/1061943)"
66.249.83.67 - - [19/Sep/2025:13:53:29 +0530] "GET /wp-content/plugins/elementor/assets/lib/eicons/css/elementor-icons.min.css?ver=5.34.0 HTTP/1.1" 200 3997 "https://indianindustrialworks.myycard.in/" "Mozilla/5.0 (Linux; Android 10; K) AppleWebKit/537.36 (KHTML, like Gecko) Chrome/138.0.0.0 Mobile Safari/537.36 (compatible; Google-Read-Aloud; +https://support.google.com/webmasters/answer/1061943)"
