152.59.16.52 - - [17/Apr/2025:13:34:29 +0530] "GET /wp-content/plugins/elementor/assets/lib/eicons/css/elementor-icons.min.css?ver=5.34.0 HTTP/2" 200 3845 "https://ekakshhomecare.myycard.in/" "Mozilla/5.0 (Linux; Android 10; K) AppleWebKit/537.36 (KHTML, like Gecko) SamsungBrowser/27.0 Chrome/125.0.0.0 Mobile Safari/537.36"
152.59.16.52 - - [17/Apr/2025:13:34:29 +0530] "GET /wp-content/plugins/elementor/assets/css/widget-icon-list.min.css?ver=3.24.3 HTTP/2" 200 957 "https://ekakshhomecare.myycard.in/" "Mozilla/5.0 (Linux; Android 10; K) AppleWebKit/537.36 (KHTML, like Gecko) SamsungBrowser/27.0 Chrome/125.0.0.0 Mobile Safari/537.36"
152.59.16.52 - - [17/Apr/2025:13:34:29 +0530] "GET /wp-content/plugins/elementor/assets/css/widget-social-icons.min.css?ver=3.24.0 HTTP/2" 200 1069 "https://ekakshhomecare.myycard.in/" "Mozilla/5.0 (Linux; Android 10; K) AppleWebKit/537.36 (KHTML, like Gecko) SamsungBrowser/27.0 Chrome/125.0.0.0 Mobile Safari/537.36"
152.59.16.52 - - [17/Apr/2025:13:34:29 +0530] "GET /wp-content/plugins/elementor/assets/lib/font-awesome/css/brands.css?ver=5.15.3 HTTP/2" 200 296 "https://ekakshhomecare.myycard.in/" "Mozilla/5.0 (Linux; Android 10; K) AppleWebKit/537.36 (KHTML, like Gecko) SamsungBrowser/27.0 Chrome/125.0.0.0 Mobile Safari/537.36"
152.59.16.52 - - [17/Apr/2025:13:34:29 +0530] "GET /wp-content/plugins/elementor/assets/lib/font-awesome/css/fontawesome.css?ver=5.15.3 HTTP/2" 200 12526 "https://ekakshhomecare.myycard.in/" "Mozilla/5.0 (Linux; Android 10; K) AppleWebKit/537.36 (KHTML, like Gecko) SamsungBrowser/27.0 Chrome/125.0.0.0 Mobile Safari/537.36"
152.59.16.52 - - [17/Apr/2025:13:34:29 +0530] "GET /wp-content/plugins/elementor/assets/lib/font-awesome/css/solid.css?ver=5.15.3 HTTP/2" 200 296 "https://ekakshhomecare.myycard.in/" "Mozilla/5.0 (Linux; Android 10; K) AppleWebKit/537.36 (KHTML, like Gecko) SamsungBrowser/27.0 Chrome/125.0.0.0 Mobile Safari/537.36"
152.59.16.52 - - [17/Apr/2025:13:34:29 +0530] "GET /wp-content/plugins/elementor-pro/assets/css/widget-blockquote.min.css?ver=3.25.0 HTTP/2" 200 966 "https://ekakshhomecare.myycard.in/" "Mozilla/5.0 (Linux; Android 10; K) AppleWebKit/537.36 (KHTML, like Gecko) SamsungBrowser/27.0 Chrome/125.0.0.0 Mobile Safari/537.36"
152.59.16.52 - - [17/Apr/2025:13:34:29 +0530] "GET /wp-content/plugins/elementor-pro/assets/css/widget-mega-menu.min.css?ver=3.26.2 HTTP/2" 200 2698 "https://ekakshhomecare.myycard.in/" "Mozilla/5.0 (Linux; Android 10; K) AppleWebKit/537.36 (KHTML, like Gecko) SamsungBrowser/27.0 Chrome/125.0.0.0 Mobile Safari/537.36"
152.59.16.52 - - [17/Apr/2025:13:34:29 +0530] "GET /wp-content/plugins/elementor-pro/assets/css/widget-nav-menu.min.css?ver=3.26.0 HTTP/2" 200 3164 "https://ekakshhomecare.myycard.in/" "Mozilla/5.0 (Linux; Android 10; K) AppleWebKit/537.36 (KHTML, like Gecko) SamsungBrowser/27.0 Chrome/125.0.0.0 Mobile Safari/537.36"
152.59.16.52 - - [17/Apr/2025:13:34:29 +0530] "GET /wp-content/plugins/elementskit-lite/widgets/init/assets/css/responsive.css?ver=3.4.9 HTTP/2" 200 2859 "https://ekakshhomecare.myycard.in/" "Mozilla/5.0 (Linux; Android 10; K) AppleWebKit/537.36 (KHTML, like Gecko) SamsungBrowser/27.0 Chrome/125.0.0.0 Mobile Safari/537.36"
152.59.16.52 - - [17/Apr/2025:13:34:29 +0530] "GET /wp-content/plugins/master-addons/assets/css/master-addons-styles.css?ver=6.7.2 HTTP/2" 200 38659 "https://ekakshhomecare.myycard.in/" "Mozilla/5.0 (Linux; Android 10; K) AppleWebKit/537.36 (KHTML, like Gecko) SamsungBrowser/27.0 Chrome/125.0.0.0 Mobile Safari/537.36"
152.59.16.52 - - [17/Apr/2025:13:34:29 +0530] "GET /wp-content/plugins/elementskit-lite/modules/elementskit-icon-pack/assets/css/ekiticons.css?ver=3.4.9 HTTP/2" 200 11776 "https://ekakshhomecare.myycard.in/" "Mozilla/5.0 (Linux; Android 10; K) AppleWebKit/537.36 (KHTML, like Gecko) SamsungBrowser/27.0 Chrome/125.0.0.0 Mobile Safari/537.36"
152.59.16.52 - - [17/Apr/2025:13:34:29 +0530] "GET /wp-content/plugins/elementskit-lite/widgets/init/assets/css/widget-styles.css?ver=3.4.9 HTTP/2" 200 48234 "https://ekakshhomecare.myycard.in/" "Mozilla/5.0 (Linux; Android 10; K) AppleWebKit/537.36 (KHTML, like Gecko) SamsungBrowser/27.0 Chrome/125.0.0.0 Mobile Safari/537.36"
152.59.16.52 - - [17/Apr/2025:13:34:29 +0530] "GET /wp-includes/js/jquery/jquery.min.js?ver=3.7.1 HTTP/2" 200 29744 "https://ekakshhomecare.myycard.in/" "Mozilla/5.0 (Linux; Android 10; K) AppleWebKit/537.36 (KHTML, like Gecko) SamsungBrowser/27.0 Chrome/125.0.0.0 Mobile Safari/537.36"
152.59.16.52 - - [17/Apr/2025:13:34:29 +0530] "GET /wp-includes/js/jquery/jquery-migrate.min.js?ver=3.4.1 HTTP/2" 200 4678 "https://ekakshhomecare.myycard.in/" "Mozilla/5.0 (Linux; Android 10; K) AppleWebKit/537.36 (KHTML, like Gecko) SamsungBrowser/27.0 Chrome/125.0.0.0 Mobile Safari/537.36"
152.59.16.52 - - [17/Apr/2025:13:34:29 +0530] "GET /wp-content/uploads/2025/04/200-removebg-preview.png HTTP/2" 200 110982 "https://ekakshhomecare.myycard.in/" "Mozilla/5.0 (Linux; Android 10; K) AppleWebKit/537.36 (KHTML, like Gecko) SamsungBrowser/27.0 Chrome/125.0.0.0 Mobile Safari/537.36"
152.59.16.52 - - [17/Apr/2025:13:34:29 +0530] "GET /wp-content/uploads/2025/04/diploma-1024x683.webp HTTP/2" 200 58652 "https://ekakshhomecare.myycard.in/" "Mozilla/5.0 (Linux; Android 10; K) AppleWebKit/537.36 (KHTML, like Gecko) SamsungBrowser/27.0 Chrome/125.0.0.0 Mobile Safari/537.36"
152.59.16.52 - - [17/Apr/2025:13:34:29 +0530] "GET /wp-content/uploads/2025/04/100-removebg-preview.png HTTP/2" 200 165754 "https://ekakshhomecare.myycard.in/" "Mozilla/5.0 (Linux; Android 10; K) AppleWebKit/537.36 (KHTML, like Gecko) SamsungBrowser/27.0 Chrome/125.0.0.0 Mobile Safari/537.36"
152.59.16.52 - - [17/Apr/2025:13:34:29 +0530] "GET /wp-content/plugins/elementor/assets/css/widget-social-icons.min.css?ver=3.28.3 HTTP/2" 200 1069 "https://ekakshhomecare.myycard.in/" "Mozilla/5.0 (Linux; Android 10; K) AppleWebKit/537.36 (KHTML, like Gecko) SamsungBrowser/27.0 Chrome/125.0.0.0 Mobile Safari/537.36"
152.59.16.52 - - [17/Apr/2025:13:34:29 +0530] "GET /wp-content/plugins/elementor/assets/css/conditionals/apple-webkit.min.css?ver=3.28.3 HTTP/2" 200 472 "https://ekakshhomecare.myycard.in/" "Mozilla/5.0 (Linux; Android 10; K) AppleWebKit/537.36 (KHTML, like Gecko) SamsungBrowser/27.0 Chrome/125.0.0.0 Mobile Safari/537.36"
152.59.16.52 - - [17/Apr/2025:13:34:29 +0530] "GET /wp-content/plugins/elementor/assets/css/widget-icon-list.min.css?ver=3.28.3 HTTP/2" 200 957 "https://ekakshhomecare.myycard.in/" "Mozilla/5.0 (Linux; Android 10; K) AppleWebKit/537.36 (KHTML, like Gecko) SamsungBrowser/27.0 Chrome/125.0.0.0 Mobile Safari/537.36"
152.59.16.52 - - [17/Apr/2025:13:34:29 +0530] "GET /wp-content/plugins/click-to-chat-for-whatsapp/new/inc/assets/js/app.js?ver=4.20 HTTP/2" 200 2906 "https://ekakshhomecare.myycard.in/" "Mozilla/5.0 (Linux; Android 10; K) AppleWebKit/537.36 (KHTML, like Gecko) SamsungBrowser/27.0 Chrome/125.0.0.0 Mobile Safari/537.36"
152.59.16.52 - - [17/Apr/2025:13:34:29 +0530] "GET /wp-content/themes/hello-elementor/assets/js/hello-frontend.min.js?ver=3.3.0 HTTP/2" 200 548 "https://ekakshhomecare.myycard.in/" "Mozilla/5.0 (Linux; Android 10; K) AppleWebKit/537.36 (KHTML, like Gecko) SamsungBrowser/27.0 Chrome/125.0.0.0 Mobile Safari/537.36"
152.59.16.52 - - [17/Apr/2025:13:34:29 +0530] "GET /wp-content/plugins/elementskit-lite/libs/framework/assets/js/frontend-script.js?ver=3.4.9 HTTP/2" 200 40 "https://ekakshhomecare.myycard.in/" "Mozilla/5.0 (Linux; Android 10; K) AppleWebKit/537.36 (KHTML, like Gecko) SamsungBrowser/27.0 Chrome/125.0.0.0 Mobile Safari/537.36"
152.59.16.52 - - [17/Apr/2025:13:34:29 +0530] "GET /wp-content/plugins/elementskit-lite/widgets/init/assets/js/widget-scripts.js?ver=3.4.9 HTTP/2" 200 40425 "https://ekakshhomecare.myycard.in/" "Mozilla/5.0 (Linux; Android 10; K) AppleWebKit/537.36 (KHTML, like Gecko) SamsungBrowser/27.0 Chrome/125.0.0.0 Mobile Safari/537.36"
152.59.16.52 - - [17/Apr/2025:13:34:29 +0530] "GET /wp-content/plugins/master-addons/assets/js/plugins.js?ver=2.0.7.4 HTTP/2" 200 8508 "https://ekakshhomecare.myycard.in/" "Mozilla/5.0 (Linux; Android 10; K) AppleWebKit/537.36 (KHTML, like Gecko) SamsungBrowser/27.0 Chrome/125.0.0.0 Mobile Safari/537.36"
152.59.16.52 - - [17/Apr/2025:13:34:29 +0530] "GET /wp-content/plugins/master-addons/assets/js/master-addons-scripts.js?ver=2.0.7.4 HTTP/2" 200 24114 "https://ekakshhomecare.myycard.in/" "Mozilla/5.0 (Linux; Android 10; K) AppleWebKit/537.36 (KHTML, like Gecko) SamsungBrowser/27.0 Chrome/125.0.0.0 Mobile Safari/537.36"
152.59.16.52 - - [17/Apr/2025:13:34:29 +0530] "GET /wp-content/plugins/elementor-pro/assets/lib/smartmenus/jquery.smartmenus.min.js?ver=1.2.1 HTTP/2" 200 6867 "https://ekakshhomecare.myycard.in/" "Mozilla/5.0 (Linux; Android 10; K) AppleWebKit/537.36 (KHTML, like Gecko) SamsungBrowser/27.0 Chrome/125.0.0.0 Mobile Safari/537.36"
152.59.16.52 - - [17/Apr/2025:13:34:29 +0530] "GET /wp-content/plugins/elementor-pro/assets/js/webpack-pro.runtime.min.js?ver=3.21.2 HTTP/2" 200 2465 "https://ekakshhomecare.myycard.in/" "Mozilla/5.0 (Linux; Android 10; K) AppleWebKit/537.36 (KHTML, like Gecko) SamsungBrowser/27.0 Chrome/125.0.0.0 Mobile Safari/537.36"
152.59.16.52 - - [17/Apr/2025:13:34:29 +0530] "GET /wp-content/plugins/elementor/assets/js/webpack.runtime.min.js?ver=3.28.3 HTTP/2" 200 2228 "https://ekakshhomecare.myycard.in/" "Mozilla/5.0 (Linux; Android 10; K) AppleWebKit/537.36 (KHTML, like Gecko) SamsungBrowser/27.0 Chrome/125.0.0.0 Mobile Safari/537.36"
152.59.16.52 - - [17/Apr/2025:13:34:29 +0530] "GET /wp-content/plugins/elementor/assets/lib/swiper/v8/swiper.min.js?ver=8.4.5 HTTP/2" 200 38152 "https://ekakshhomecare.myycard.in/" "Mozilla/5.0 (Linux; Android 10; K) AppleWebKit/537.36 (KHTML, like Gecko) SamsungBrowser/27.0 Chrome/125.0.0.0 Mobile Safari/537.36"
152.59.16.52 - - [17/Apr/2025:13:34:29 +0530] "GET /wp-content/plugins/elementor/assets/js/frontend-modules.min.js?ver=3.28.3 HTTP/2" 200 14421 "https://ekakshhomecare.myycard.in/" "Mozilla/5.0 (Linux; Android 10; K) AppleWebKit/537.36 (KHTML, like Gecko) SamsungBrowser/27.0 Chrome/125.0.0.0 Mobile Safari/537.36"
152.59.16.52 - - [17/Apr/2025:13:34:29 +0530] "GET /wp-includes/js/dist/hooks.min.js?ver=4d63a3d491d11ffd8ac6 HTTP/2" 200 1571 "https://ekakshhomecare.myycard.in/" "Mozilla/5.0 (Linux; Android 10; K) AppleWebKit/537.36 (KHTML, like Gecko) SamsungBrowser/27.0 Chrome/125.0.0.0 Mobile Safari/537.36"
152.59.16.52 - - [17/Apr/2025:13:34:29 +0530] "GET /wp-includes/js/dist/i18n.min.js?ver=5e580eb46a90c2b997e6 HTTP/2" 200 3542 "https://ekakshhomecare.myycard.in/" "Mozilla/5.0 (Linux; Android 10; K) AppleWebKit/537.36 (KHTML, like Gecko) SamsungBrowser/27.0 Chrome/125.0.0.0 Mobile Safari/537.36"
152.59.16.52 - - [17/Apr/2025:13:34:29 +0530] "GET /wp-content/plugins/elementor-pro/assets/js/frontend.min.js?ver=3.21.2 HTTP/2" 200 6470 "https://ekakshhomecare.myycard.in/" "Mozilla/5.0 (Linux; Android 10; K) AppleWebKit/537.36 (KHTML, like Gecko) SamsungBrowser/27.0 Chrome/125.0.0.0 Mobile Safari/537.36"
152.59.16.52 - - [17/Apr/2025:13:34:29 +0530] "GET /wp-includes/js/jquery/ui/core.min.js?ver=1.13.3 HTTP/2" 200 6811 "https://ekakshhomecare.myycard.in/" "Mozilla/5.0 (Linux; Android 10; K) AppleWebKit/537.36 (KHTML, like Gecko) SamsungBrowser/27.0 Chrome/125.0.0.0 Mobile Safari/537.36"
152.59.16.52 - - [17/Apr/2025:13:34:29 +0530] "GET /wp-content/plugins/elementor/assets/js/frontend.min.js?ver=3.28.3 HTTP/2" 200 13098 "https://ekakshhomecare.myycard.in/" "Mozilla/5.0 (Linux; Android 10; K) AppleWebKit/537.36 (KHTML, like Gecko) SamsungBrowser/27.0 Chrome/125.0.0.0 Mobile Safari/537.36"
152.59.16.52 - - [17/Apr/2025:13:34:29 +0530] "GET /wp-content/plugins/elementor-pro/assets/js/elements-handlers.min.js?ver=3.21.2 HTTP/2" 200 8850 "https://ekakshhomecare.myycard.in/" "Mozilla/5.0 (Linux; Android 10; K) AppleWebKit/537.36 (KHTML, like Gecko) SamsungBrowser/27.0 Chrome/125.0.0.0 Mobile Safari/537.36"
152.59.16.52 - - [17/Apr/2025:13:34:29 +0530] "GET /wp-content/plugins/elementskit-lite/widgets/init/assets/js/animate-circle.min.js?ver=3.4.9 HTTP/2" 200 393 "https://ekakshhomecare.myycard.in/" "Mozilla/5.0 (Linux; Android 10; K) AppleWebKit/537.36 (KHTML, like Gecko) SamsungBrowser/27.0 Chrome/125.0.0.0 Mobile Safari/537.36"
152.59.16.52 - - [17/Apr/2025:13:34:29 +0530] "GET /wp-content/plugins/elementskit-lite/widgets/init/assets/js/elementor.js?ver=3.4.9 HTTP/2" 200 5290 "https://ekakshhomecare.myycard.in/" "Mozilla/5.0 (Linux; Android 10; K) AppleWebKit/537.36 (KHTML, like Gecko) SamsungBrowser/27.0 Chrome/125.0.0.0 Mobile Safari/537.36"
152.59.16.52 - - [17/Apr/2025:13:34:29 +0530] "GET /wp-content/plugins/elementskit-lite/modules/elementskit-icon-pack/assets/fonts/elementskit.woff?y24e1e HTTP/2" 200 459560 "https://ekakshhomecare.myycard.in/wp-content/plugins/elementskit-lite/modules/elementskit-icon-pack/assets/css/ekiticons.css?ver=3.4.9" "Mozilla/5.0 (Linux; Android 10; K) AppleWebKit/537.36 (KHTML, like Gecko) SamsungBrowser/27.0 Chrome/125.0.0.0 Mobile Safari/537.36"
152.59.16.52 - - [17/Apr/2025:13:34:29 +0530] "GET /wp-content/uploads/2025/04/20250110_173722-1024x1024.png HTTP/2" 200 666539 "https://ekakshhomecare.myycard.in/" "Mozilla/5.0 (Linux; Android 10; K) AppleWebKit/537.36 (KHTML, like Gecko) SamsungBrowser/27.0 Chrome/125.0.0.0 Mobile Safari/537.36"
152.59.16.52 - - [17/Apr/2025:13:34:29 +0530] "GET /wp-content/uploads/2025/04/20250110_173317-1024x1024.png HTTP/2" 200 469792 "https://ekakshhomecare.myycard.in/" "Mozilla/5.0 (Linux; Android 10; K) AppleWebKit/537.36 (KHTML, like Gecko) SamsungBrowser/27.0 Chrome/125.0.0.0 Mobile Safari/537.36"
152.59.16.52 - - [17/Apr/2025:13:34:29 +0530] "GET /wp-content/uploads/2025/04/20250110_173500-1024x1024.png HTTP/2" 200 641245 "https://ekakshhomecare.myycard.in/" "Mozilla/5.0 (Linux; Android 10; K) AppleWebKit/537.36 (KHTML, like Gecko) SamsungBrowser/27.0 Chrome/125.0.0.0 Mobile Safari/537.36"
152.59.16.52 - - [17/Apr/2025:13:34:29 +0530] "GET /wp-content/uploads/2025/04/20250110_174557-1024x1024.png HTTP/2" 200 397804 "https://ekakshhomecare.myycard.in/" "Mozilla/5.0 (Linux; Android 10; K) AppleWebKit/537.36 (KHTML, like Gecko) SamsungBrowser/27.0 Chrome/125.0.0.0 Mobile Safari/537.36"
152.59.16.52 - - [17/Apr/2025:13:34:31 +0530] "GET /wp-content/plugins/elementor-pro/assets/js/nav-menu.d43af66e5000fd109c04.bundle.min.js HTTP/2" 200 1561 "https://ekakshhomecare.myycard.in/" "Mozilla/5.0 (Linux; Android 10; K) AppleWebKit/537.36 (KHTML, like Gecko) SamsungBrowser/27.0 Chrome/125.0.0.0 Mobile Safari/537.36"
152.59.16.52 - - [17/Apr/2025:13:34:31 +0530] "GET /wp-content/uploads/2025/04/qzy9m4VfQztAb7G-yb_odSrpEF3JUGbgFx5-YuGCeO5RqAsLGd41FaoiBL78zVOwki4e9x62NQcwrQ47WX1C3MeV.jpg HTTP/2" 200 219846 "https://ekakshhomecare.myycard.in/" "Mozilla/5.0 (Linux; Android 10; K) AppleWebKit/537.36 (KHTML, like Gecko) SamsungBrowser/27.0 Chrome/125.0.0.0 Mobile Safari/537.36"
152.59.16.52 - - [17/Apr/2025:13:34:31 +0530] "GET /wp-content/uploads/2025/04/ltam9w8tpgo3htd9pbivzquos3n5btlh.jpg HTTP/2" 200 277101 "https://ekakshhomecare.myycard.in/" "Mozilla/5.0 (Linux; Android 10; K) AppleWebKit/537.36 (KHTML, like Gecko) SamsungBrowser/27.0 Chrome/125.0.0.0 Mobile Safari/537.36"
152.59.16.52 - - [17/Apr/2025:13:34:31 +0530] "GET /wp-content/uploads/2025/04/gallery-fensterputzer-2.jpg HTTP/2" 200 353196 "https://ekakshhomecare.myycard.in/" "Mozilla/5.0 (Linux; Android 10; K) AppleWebKit/537.36 (KHTML, like Gecko) SamsungBrowser/27.0 Chrome/125.0.0.0 Mobile Safari/537.36"
152.59.16.52 - - [17/Apr/2025:13:34:31 +0530] "GET /wp-content/plugins/elementor/assets/js/text-editor.c084ef86600b6f11690d.bundle.min.js HTTP/2" 200 621 "https://ekakshhomecare.myycard.in/" "Mozilla/5.0 (Linux; Android 10; K) AppleWebKit/537.36 (KHTML, like Gecko) SamsungBrowser/27.0 Chrome/125.0.0.0 Mobile Safari/537.36"
152.59.16.52 - - [17/Apr/2025:13:34:31 +0530] "GET /wp-content/plugins/elementor-pro/assets/js/form.10bf1a6475f0741920ff.bundle.min.js HTTP/2" 200 4771 "https://ekakshhomecare.myycard.in/" "Mozilla/5.0 (Linux; Android 10; K) AppleWebKit/537.36 (KHTML, like Gecko) SamsungBrowser/27.0 Chrome/125.0.0.0 Mobile Safari/537.36"
152.59.16.52 - - [17/Apr/2025:13:34:31 +0530] "GET /wp-content/plugins/elementor-pro/assets/js/popup.085c1727e36940b18f29.bundle.min.js HTTP/2" 200 393 "https://ekakshhomecare.myycard.in/" "Mozilla/5.0 (Linux; Android 10; K) AppleWebKit/537.36 (KHTML, like Gecko) SamsungBrowser/27.0 Chrome/125.0.0.0 Mobile Safari/537.36"
152.59.16.52 - - [17/Apr/2025:13:34:31 +0530] "GET /favicon.ico HTTP/2" 404 1251 "https://ekakshhomecare.myycard.in/" "Mozilla/5.0 (Linux; Android 10; K) AppleWebKit/537.36 (KHTML, like Gecko) SamsungBrowser/27.0 Chrome/125.0.0.0 Mobile Safari/537.36"
152.59.16.52 - - [17/Apr/2025:13:34:32 +0530] "GET /wp-content/uploads/2025/04/20250120_1955240-1024x1024.png HTTP/2" 200 583372 "https://ekakshhomecare.myycard.in/" "Mozilla/5.0 (Linux; Android 10; K) AppleWebKit/537.36 (KHTML, like Gecko) SamsungBrowser/27.0 Chrome/125.0.0.0 Mobile Safari/537.36"
152.59.16.52 - - [17/Apr/2025:13:34:32 +0530] "GET /wp-content/uploads/2025/04/20250215_180613-1024x1024.png HTTP/2" 200 483383 "https://ekakshhomecare.myycard.in/" "Mozilla/5.0 (Linux; Android 10; K) AppleWebKit/537.36 (KHTML, like Gecko) SamsungBrowser/27.0 Chrome/125.0.0.0 Mobile Safari/537.36"
152.59.16.52 - - [17/Apr/2025:13:34:35 +0530] "GET /wp-content/uploads/2025/04/20250215_180438-1024x1024.png HTTP/2" 200 374696 "https://ekakshhomecare.myycard.in/" "Mozilla/5.0 (Linux; Android 10; K) AppleWebKit/537.36 (KHTML, like Gecko) SamsungBrowser/27.0 Chrome/125.0.0.0 Mobile Safari/537.36"
152.59.16.52 - - [17/Apr/2025:13:34:36 +0530] "GET /wp-content/uploads/2025/04/1.png HTTP/2" 200 118873 "https://ekakshhomecare.myycard.in/" "Mozilla/5.0 (Linux; Android 10; K) AppleWebKit/537.36 (KHTML, like Gecko) SamsungBrowser/27.0 Chrome/125.0.0.0 Mobile Safari/537.36"
103.212.120.166 - - [17/Apr/2025:13:38:15 +0530] "POST /wp-cron.php?doing_wp_cron=1744877295.1063010692596435546875 HTTP/1.1" 403 1242 "-" "WordPress/6.7.2; https://ekakshhomecare.myycard.in"
152.58.63.0 - - [17/Apr/2025:13:38:15 +0530] "GET / HTTP/2" 200 19372 "-" "Mozilla/5.0 (Linux; Android 10; K) AppleWebKit/537.36 (KHTML, like Gecko) Chrome/135.0.0.0 Mobile Safari/537.36"
152.58.63.0 - - [17/Apr/2025:13:38:15 +0530] "GET /favicon.ico HTTP/2" 404 1251 "https://ekakshhomecare.myycard.in/" "Mozilla/5.0 (Linux; Android 10; K) AppleWebKit/537.36 (KHTML, like Gecko) Chrome/135.0.0.0 Mobile Safari/537.36"
152.58.63.0 - - [17/Apr/2025:13:38:31 +0530] "GET /index.php/toilet-cleaner/ HTTP/2" 200 18097 "-" "Mozilla/5.0 (Linux; Android 10; K) AppleWebKit/537.36 (KHTML, like Gecko) Chrome/135.0.0.0 Mobile Safari/537.36"
103.212.120.166 - - [17/Apr/2025:13:42:59 +0530] "POST /wp-cron.php?doing_wp_cron=1744877579.6827089786529541015625 HTTP/1.1" 403 1242 "-" "WordPress/6.7.2; https://ekakshhomecare.myycard.in"
152.58.63.0 - - [17/Apr/2025:13:42:59 +0530] "GET / HTTP/2" 200 19372 "-" "Mozilla/5.0 (Linux; Android 10; K) AppleWebKit/537.36 (KHTML, like Gecko) Chrome/135.0.0.0 Mobile Safari/537.36"
103.212.120.166 - - [17/Apr/2025:13:56:10 +0530] "POST /wp-cron.php?doing_wp_cron=1744878370.7083768844604492187500 HTTP/1.1" 403 1242 "-" "WordPress/6.7.2; https://ekakshhomecare.myycard.in"
150.107.241.148 - - [17/Apr/2025:13:56:10 +0530] "GET / HTTP/2" 200 25477 "-" "Mozilla/5.0 (Windows NT 10.0; Win64; x64) AppleWebKit/537.36 (KHTML, like Gecko) Chrome/135.0.0.0 Safari/537.36"
150.107.241.148 - - [17/Apr/2025:13:56:16 +0530] "GET /index.php/contact-us/ HTTP/2" 200 23592 "https://ekakshhomecare.myycard.in/" "Mozilla/5.0 (Windows NT 10.0; Win64; x64) AppleWebKit/537.36 (KHTML, like Gecko) Chrome/135.0.0.0 Safari/537.36"
152.58.63.116 - - [17/Apr/2025:13:58:31 +0530] "GET /favicon.ico HTTP/2" 404 1251 "https://ekakshhomecare.myycard.in/" "Mozilla/5.0 (Linux; Android 10; K) AppleWebKit/537.36 (KHTML, like Gecko) Chrome/135.0.0.0 Mobile Safari/537.36"
103.212.120.166 - - [17/Apr/2025:13:58:51 +0530] "POST /wp-cron.php?doing_wp_cron=1744878531.6551110744476318359375 HTTP/1.1" 403 1242 "-" "WordPress/6.7.2; https://ekakshhomecare.myycard.in"
150.107.241.148 - - [17/Apr/2025:13:58:51 +0530] "GET / HTTP/3" 200 25486 "https://ekakshhomecare.myycard.in/index.php/contact-us/" "Mozilla/5.0 (Windows NT 10.0; Win64; x64) AppleWebKit/537.36 (KHTML, like Gecko) Chrome/135.0.0.0 Safari/537.36"
150.107.241.148 - - [17/Apr/2025:13:58:59 +0530] "GET /wp-admin/ HTTP/3" 200 34992 "-" "Mozilla/5.0 (Windows NT 10.0; Win64; x64) AppleWebKit/537.36 (KHTML, like Gecko) Chrome/135.0.0.0 Safari/537.36"
150.107.241.148 - - [17/Apr/2025:13:59:05 +0530] "GET / HTTP/3" 200 25477 "https://ekakshhomecare.myycard.in/wp-admin/" "Mozilla/5.0 (Windows NT 10.0; Win64; x64) AppleWebKit/537.36 (KHTML, like Gecko) Chrome/135.0.0.0 Safari/537.36"
150.107.241.148 - - [17/Apr/2025:13:59:08 +0530] "GET /index.php/contact-us/ HTTP/3" 200 23592 "https://ekakshhomecare.myycard.in/" "Mozilla/5.0 (Windows NT 10.0; Win64; x64) AppleWebKit/537.36 (KHTML, like Gecko) Chrome/135.0.0.0 Safari/537.36"
150.107.241.148 - - [17/Apr/2025:13:59:11 +0530] "GET /wp-admin/post.php?post=16&action=edit HTTP/3" 200 86387 "https://ekakshhomecare.myycard.in/index.php/contact-us/" "Mozilla/5.0 (Windows NT 10.0; Win64; x64) AppleWebKit/537.36 (KHTML, like Gecko) Chrome/135.0.0.0 Safari/537.36"
150.107.241.148 - - [17/Apr/2025:13:59:14 +0530] "OPTIONS /index.php/wp-json/wp/v2/settings?_locale=user HTTP/3" 200 1221 "https://ekakshhomecare.myycard.in/wp-admin/post.php?post=16&action=edit" "Mozilla/5.0 (Windows NT 10.0; Win64; x64) AppleWebKit/537.36 (KHTML, like Gecko) Chrome/135.0.0.0 Safari/537.36"
150.107.241.148 - - [17/Apr/2025:13:59:15 +0530] "GET /index.php/wp-json/wp/v2/block-patterns/categories?_locale=user HTTP/3" 200 632 "https://ekakshhomecare.myycard.in/wp-admin/post.php?post=16&action=edit" "Mozilla/5.0 (Windows NT 10.0; Win64; x64) AppleWebKit/537.36 (KHTML, like Gecko) Chrome/135.0.0.0 Safari/537.36"
150.107.241.148 - - [17/Apr/2025:13:59:15 +0530] "GET /index.php/wp-json/wp/v2/templates/lookup?slug=page-contact-us&_locale=user HTTP/3" 200 22 "https://ekakshhomecare.myycard.in/wp-admin/post.php?post=16&action=edit" "Mozilla/5.0 (Windows NT 10.0; Win64; x64) AppleWebKit/537.36 (KHTML, like Gecko) Chrome/135.0.0.0 Safari/537.36"
150.107.241.148 - - [17/Apr/2025:13:59:15 +0530] "GET /index.php/wp-json/?_fields=description%2Cgmt_offset%2Chome%2Cname%2Csite_icon%2Csite_icon_url%2Csite_logo%2Ctimezone_string%2Curl&_locale=user HTTP/3" 200 155 "https://ekakshhomecare.myycard.in/wp-admin/post.php?post=16&action=edit" "Mozilla/5.0 (Windows NT 10.0; Win64; x64) AppleWebKit/537.36 (KHTML, like Gecko) Chrome/135.0.0.0 Safari/537.36"
150.107.241.148 - - [17/Apr/2025:13:59:15 +0530] "GET /index.php/wp-json/wp/v2/types?context=view&_locale=user HTTP/3" 200 906 "https://ekakshhomecare.myycard.in/wp-admin/post.php?post=16&action=edit" "Mozilla/5.0 (Windows NT 10.0; Win64; x64) AppleWebKit/537.36 (KHTML, like Gecko) Chrome/135.0.0.0 Safari/537.36"
150.107.241.148 - - [17/Apr/2025:13:59:15 +0530] "GET /index.php/wp-json/wp/v2/users?context=view&who=authors&per_page=50&_fields=id%2Cname&_locale=user HTTP/3" 200 54 "https://ekakshhomecare.myycard.in/wp-admin/post.php?post=16&action=edit" "Mozilla/5.0 (Windows NT 10.0; Win64; x64) AppleWebKit/537.36 (KHTML, like Gecko) Chrome/135.0.0.0 Safari/537.36"
150.107.241.148 - - [17/Apr/2025:13:59:15 +0530] "GET /index.php/wp-json/wp/v2/taxonomies?context=edit&per_page=100&_locale=user HTTP/3" 200 1465 "https://ekakshhomecare.myycard.in/wp-admin/post.php?post=16&action=edit" "Mozilla/5.0 (Windows NT 10.0; Win64; x64) AppleWebKit/537.36 (KHTML, like Gecko) Chrome/135.0.0.0 Safari/537.36"
150.107.241.148 - - [17/Apr/2025:13:59:15 +0530] "GET /index.php/wp-json/wp/v2/wp_pattern_category?context=view&per_page=100&_fields=id%2Cname%2Cdescription%2Cslug&_locale=user HTTP/3" 200 22 "https://ekakshhomecare.myycard.in/wp-admin/post.php?post=16&action=edit" "Mozilla/5.0 (Windows NT 10.0; Win64; x64) AppleWebKit/537.36 (KHTML, like Gecko) Chrome/135.0.0.0 Safari/537.36"
150.107.241.148 - - [17/Apr/2025:13:59:16 +0530] "GET /index.php/wp-json/wp/v2/users/1?context=view&_fields=id%2Cname&_locale=user HTTP/3" 200 52 "https://ekakshhomecare.myycard.in/wp-admin/post.php?post=16&action=edit" "Mozilla/5.0 (Windows NT 10.0; Win64; x64) AppleWebKit/537.36 (KHTML, like Gecko) Chrome/135.0.0.0 Safari/537.36"
150.107.241.148 - - [17/Apr/2025:13:59:24 +0530] "POST /wp-admin/admin-ajax.php HTTP/3" 200 101 "https://ekakshhomecare.myycard.in/wp-admin/post.php?post=16&action=edit" "Mozilla/5.0 (Windows NT 10.0; Win64; x64) AppleWebKit/537.36 (KHTML, like Gecko) Chrome/135.0.0.0 Safari/537.36"
150.107.241.148 - - [17/Apr/2025:13:59:27 +0530] "POST /wp-admin/admin-ajax.php HTTP/3" 200 21 "https://ekakshhomecare.myycard.in/wp-admin/post.php?post=16&action=edit" "Mozilla/5.0 (Windows NT 10.0; Win64; x64) AppleWebKit/537.36 (KHTML, like Gecko) Chrome/135.0.0.0 Safari/537.36"
150.107.241.148 - - [17/Apr/2025:13:59:27 +0530] "GET /wp-admin/post.php?post=16&action=elementor HTTP/3" 200 309726 "https://ekakshhomecare.myycard.in/wp-admin/post.php?post=16&action=edit" "Mozilla/5.0 (Windows NT 10.0; Win64; x64) AppleWebKit/537.36 (KHTML, like Gecko) Chrome/135.0.0.0 Safari/537.36"
150.107.241.148 - - [17/Apr/2025:13:59:31 +0530] "GET /index.php/wp-json/elementor/v1/global-widget/templates HTTP/3" 200 22 "https://ekakshhomecare.myycard.in/wp-admin/post.php?post=16&action=elementor" "Mozilla/5.0 (Windows NT 10.0; Win64; x64) AppleWebKit/537.36 (KHTML, like Gecko) Chrome/135.0.0.0 Safari/537.36"
150.107.241.148 - - [17/Apr/2025:13:59:31 +0530] "GET /index.php/contact-us/?elementor-preview=16&ver=1744878567 HTTP/3" 200 19826 "https://ekakshhomecare.myycard.in/wp-admin/post.php?post=16&action=elementor" "Mozilla/5.0 (Windows NT 10.0; Win64; x64) AppleWebKit/537.36 (KHTML, like Gecko) Chrome/135.0.0.0 Safari/537.36"
150.107.241.148 - - [17/Apr/2025:13:59:31 +0530] "POST /wp-admin/admin-ajax.php HTTP/3" 200 96 "https://ekakshhomecare.myycard.in/wp-admin/post.php?post=16&action=elementor" "Mozilla/5.0 (Windows NT 10.0; Win64; x64) AppleWebKit/537.36 (KHTML, like Gecko) Chrome/135.0.0.0 Safari/537.36"
150.107.241.148 - - [17/Apr/2025:13:59:31 +0530] "GET /index.php/wp-json/elementor/v1/checklist/user-progress HTTP/3" 200 194 "https://ekakshhomecare.myycard.in/wp-admin/post.php?post=16&action=elementor" "Mozilla/5.0 (Windows NT 10.0; Win64; x64) AppleWebKit/537.36 (KHTML, like Gecko) Chrome/135.0.0.0 Safari/537.36"
150.107.241.148 - - [17/Apr/2025:13:59:31 +0530] "GET /index.php/wp-json/elementor/v1/site-navigation/recent-posts?posts_per_page=6&_locale=user HTTP/3" 200 334 "https://ekakshhomecare.myycard.in/wp-admin/post.php?post=16&action=elementor" "Mozilla/5.0 (Windows NT 10.0; Win64; x64) AppleWebKit/537.36 (KHTML, like Gecko) Chrome/135.0.0.0 Safari/537.36"
150.107.241.148 - - [17/Apr/2025:13:59:32 +0530] "GET /index.php/wp-json/elementor/v1/kit-elements-defaults HTTP/3" 200 22 "https://ekakshhomecare.myycard.in/wp-admin/post.php?post=16&action=elementor" "Mozilla/5.0 (Windows NT 10.0; Win64; x64) AppleWebKit/537.36 (KHTML, like Gecko) Chrome/135.0.0.0 Safari/537.36"
150.107.241.148 - - [17/Apr/2025:13:59:34 +0530] "POST /wp-admin/admin-ajax.php HTTP/3" 200 1576747 "https://ekakshhomecare.myycard.in/wp-admin/post.php?post=16&action=elementor" "Mozilla/5.0 (Windows NT 10.0; Win64; x64) AppleWebKit/537.36 (KHTML, like Gecko) Chrome/135.0.0.0 Safari/537.36"
150.107.241.148 - - [17/Apr/2025:13:59:43 +0530] "GET /wp-content/plugins/powerpack-lite-for-elementor/assets/lib/chartjs/chart.umd.min.js?ver=2.9.1 HTTP/3" 404 22362 "https://ekakshhomecare.myycard.in/index.php/contact-us/?elementor-preview=16&ver=1744878567" "Mozilla/5.0 (Windows NT 10.0; Win64; x64) AppleWebKit/537.36 (KHTML, like Gecko) Chrome/135.0.0.0 Safari/537.36"
150.107.241.148 - - [17/Apr/2025:13:59:45 +0530] "GET /index.php/wp-json/elementor/v1/globals HTTP/3" 200 664 "https://ekakshhomecare.myycard.in/wp-admin/post.php?post=16&action=elementor" "Mozilla/5.0 (Windows NT 10.0; Win64; x64) AppleWebKit/537.36 (KHTML, like Gecko) Chrome/135.0.0.0 Safari/537.36"
150.107.241.148 - - [17/Apr/2025:13:59:47 +0530] "GET /index.php/wp-json/elementor/v1/checklist/user-progress HTTP/3" 200 194 "https://ekakshhomecare.myycard.in/wp-admin/post.php?post=16&action=elementor" "Mozilla/5.0 (Windows NT 10.0; Win64; x64) AppleWebKit/537.36 (KHTML, like Gecko) Chrome/135.0.0.0 Safari/537.36"
103.212.120.166 - - [17/Apr/2025:14:00:57 +0530] "POST /wp-cron.php?doing_wp_cron=1744878657.3766129016876220703125 HTTP/1.1" 403 1242 "-" "WordPress/6.7.2; https://ekakshhomecare.myycard.in"
150.107.241.148 - - [17/Apr/2025:14:00:57 +0530] "POST /wp-admin/admin-ajax.php HTTP/3" 200 112 "https://ekakshhomecare.myycard.in/wp-admin/post.php?post=16&action=elementor" "Mozilla/5.0 (Windows NT 10.0; Win64; x64) AppleWebKit/537.36 (KHTML, like Gecko) Chrome/135.0.0.0 Safari/537.36"
150.107.241.148 - - [17/Apr/2025:14:01:22 +0530] "POST /wp-admin/admin-ajax.php HTTP/3" 200 96 "https://ekakshhomecare.myycard.in/wp-admin/post.php?post=16&action=elementor" "Mozilla/5.0 (Windows NT 10.0; Win64; x64) AppleWebKit/537.36 (KHTML, like Gecko) Chrome/135.0.0.0 Safari/537.36"
150.107.241.148 - - [17/Apr/2025:14:01:22 +0530] "GET /index.php/wp-json/elementor/v1/checklist/user-progress HTTP/3" 200 194 "https://ekakshhomecare.myycard.in/wp-admin/post.php?post=16&action=elementor" "Mozilla/5.0 (Windows NT 10.0; Win64; x64) AppleWebKit/537.36 (KHTML, like Gecko) Chrome/135.0.0.0 Safari/537.36"
150.107.241.148 - - [17/Apr/2025:14:01:38 +0530] "POST /wp-admin/admin-ajax.php HTTP/3" 200 96 "https://ekakshhomecare.myycard.in/wp-admin/post.php?post=16&action=elementor" "Mozilla/5.0 (Windows NT 10.0; Win64; x64) AppleWebKit/537.36 (KHTML, like Gecko) Chrome/135.0.0.0 Safari/537.36"
103.212.120.166 - - [17/Apr/2025:14:02:30 +0530] "POST /wp-cron.php?doing_wp_cron=1744878750.7299139499664306640625 HTTP/1.1" 403 1242 "-" "WordPress/6.7.2; https://ekakshhomecare.myycard.in"
103.212.120.166 - - [17/Apr/2025:14:02:30 +0530] "POST /wp-cron.php?doing_wp_cron=1744878750.7350521087646484375000 HTTP/1.1" 403 1242 "-" "WordPress/6.7.2; https://ekakshhomecare.myycard.in"
150.107.241.148 - - [17/Apr/2025:14:02:30 +0530] "POST /wp-admin/admin-ajax.php HTTP/2" 200 96 "https://ekakshhomecare.myycard.in/wp-admin/post.php?post=16&action=elementor" "Mozilla/5.0 (Windows NT 10.0; Win64; x64) AppleWebKit/537.36 (KHTML, like Gecko) Chrome/135.0.0.0 Safari/537.36"
150.107.241.148 - - [17/Apr/2025:14:02:30 +0530] "GET /index.php/wp-json/elementor/v1/checklist/user-progress HTTP/2" 200 194 "https://ekakshhomecare.myycard.in/wp-admin/post.php?post=16&action=elementor" "Mozilla/5.0 (Windows NT 10.0; Win64; x64) AppleWebKit/537.36 (KHTML, like Gecko) Chrome/135.0.0.0 Safari/537.36"
150.107.241.148 - - [17/Apr/2025:14:02:46 +0530] "POST /wp-admin/admin-ajax.php HTTP/3" 200 96 "https://ekakshhomecare.myycard.in/wp-admin/post.php?post=16&action=elementor" "Mozilla/5.0 (Windows NT 10.0; Win64; x64) AppleWebKit/537.36 (KHTML, like Gecko) Chrome/135.0.0.0 Safari/537.36"
203.109.112.162 - - [17/Apr/2025:14:03:06 +0530] "GET / HTTP/3" 200 19372 "-" "Mozilla/5.0 (iPhone; CPU iPhone OS 18_3_2 like Mac OS X) AppleWebKit/605.1.15 (KHTML, like Gecko) Version/18.3.1 Mobile/15E148 Safari/604.1"
203.109.112.162 - - [17/Apr/2025:14:03:06 +0530] "GET /wp-content/plugins/click-to-chat-for-whatsapp/new/inc/assets/js/app.js?ver=4.20 HTTP/3" 304 0 "https://ekakshhomecare.myycard.in/" "Mozilla/5.0 (iPhone; CPU iPhone OS 18_3_2 like Mac OS X) AppleWebKit/605.1.15 (KHTML, like Gecko) Version/18.3.1 Mobile/15E148 Safari/604.1"
203.109.112.162 - - [17/Apr/2025:14:03:06 +0530] "GET /wp-content/plugins/master-addons/assets/vendor/popper.min.js?ver=2.0.7.4 HTTP/3" 304 0 "https://ekakshhomecare.myycard.in/" "Mozilla/5.0 (iPhone; CPU iPhone OS 18_3_2 like Mac OS X) AppleWebKit/605.1.15 (KHTML, like Gecko) Version/18.3.1 Mobile/15E148 Safari/604.1"
203.109.112.162 - - [17/Apr/2025:14:03:06 +0530] "GET /wp-content/plugins/elementor/assets/lib/swiper/v8/swiper.min.js?ver=8.4.5 HTTP/3" 304 0 "https://ekakshhomecare.myycard.in/" "Mozilla/5.0 (iPhone; CPU iPhone OS 18_3_2 like Mac OS X) AppleWebKit/605.1.15 (KHTML, like Gecko) Version/18.3.1 Mobile/15E148 Safari/604.1"
203.109.112.162 - - [17/Apr/2025:14:03:06 +0530] "GET /wp-content/plugins/master-addons/assets/vendor/tippyjs/js/tippy.min.js?ver=2.0.7.4 HTTP/3" 304 0 "https://ekakshhomecare.myycard.in/" "Mozilla/5.0 (iPhone; CPU iPhone OS 18_3_2 like Mac OS X) AppleWebKit/605.1.15 (KHTML, like Gecko) Version/18.3.1 Mobile/15E148 Safari/604.1"
203.109.112.162 - - [17/Apr/2025:14:03:06 +0530] "GET /wp-content/themes/hello-elementor/assets/js/hello-frontend.min.js?ver=3.3.0 HTTP/3" 304 0 "https://ekakshhomecare.myycard.in/" "Mozilla/5.0 (iPhone; CPU iPhone OS 18_3_2 like Mac OS X) AppleWebKit/605.1.15 (KHTML, like Gecko) Version/18.3.1 Mobile/15E148 Safari/604.1"
203.109.112.162 - - [17/Apr/2025:14:03:06 +0530] "GET /wp-content/plugins/elementskit-lite/libs/framework/assets/js/frontend-script.js?ver=3.4.9 HTTP/3" 304 0 "https://ekakshhomecare.myycard.in/" "Mozilla/5.0 (iPhone; CPU iPhone OS 18_3_2 like Mac OS X) AppleWebKit/605.1.15 (KHTML, like Gecko) Version/18.3.1 Mobile/15E148 Safari/604.1"
203.109.112.162 - - [17/Apr/2025:14:03:06 +0530] "GET /wp-content/plugins/master-addons/assets/js/plugins.js?ver=2.0.7.4 HTTP/3" 304 0 "https://ekakshhomecare.myycard.in/" "Mozilla/5.0 (iPhone; CPU iPhone OS 18_3_2 like Mac OS X) AppleWebKit/605.1.15 (KHTML, like Gecko) Version/18.3.1 Mobile/15E148 Safari/604.1"
203.109.112.162 - - [17/Apr/2025:14:03:06 +0530] "GET /wp-content/plugins/elementor-pro/assets/lib/smartmenus/jquery.smartmenus.min.js?ver=1.2.1 HTTP/3" 304 0 "https://ekakshhomecare.myycard.in/" "Mozilla/5.0 (iPhone; CPU iPhone OS 18_3_2 like Mac OS X) AppleWebKit/605.1.15 (KHTML, like Gecko) Version/18.3.1 Mobile/15E148 Safari/604.1"
203.109.112.162 - - [17/Apr/2025:14:03:06 +0530] "GET /wp-content/plugins/elementor-pro/assets/js/webpack-pro.runtime.min.js?ver=3.21.2 HTTP/3" 304 0 "https://ekakshhomecare.myycard.in/" "Mozilla/5.0 (iPhone; CPU iPhone OS 18_3_2 like Mac OS X) AppleWebKit/605.1.15 (KHTML, like Gecko) Version/18.3.1 Mobile/15E148 Safari/604.1"
203.109.112.162 - - [17/Apr/2025:14:03:06 +0530] "GET /wp-content/plugins/elementor/assets/js/webpack.runtime.min.js?ver=3.28.3 HTTP/3" 304 0 "https://ekakshhomecare.myycard.in/" "Mozilla/5.0 (iPhone; CPU iPhone OS 18_3_2 like Mac OS X) AppleWebKit/605.1.15 (KHTML, like Gecko) Version/18.3.1 Mobile/15E148 Safari/604.1"
203.109.112.162 - - [17/Apr/2025:14:03:06 +0530] "GET /wp-content/plugins/elementskit-lite/widgets/init/assets/js/widget-scripts.js?ver=3.4.9 HTTP/3" 304 0 "https://ekakshhomecare.myycard.in/" "Mozilla/5.0 (iPhone; CPU iPhone OS 18_3_2 like Mac OS X) AppleWebKit/605.1.15 (KHTML, like Gecko) Version/18.3.1 Mobile/15E148 Safari/604.1"
203.109.112.162 - - [17/Apr/2025:14:03:06 +0530] "GET /wp-content/plugins/elementor/assets/js/frontend-modules.min.js?ver=3.28.3 HTTP/3" 304 0 "https://ekakshhomecare.myycard.in/" "Mozilla/5.0 (iPhone; CPU iPhone OS 18_3_2 like Mac OS X) AppleWebKit/605.1.15 (KHTML, like Gecko) Version/18.3.1 Mobile/15E148 Safari/604.1"
203.109.112.162 - - [17/Apr/2025:14:03:06 +0530] "GET /wp-content/plugins/master-addons/assets/js/master-addons-scripts.js?ver=2.0.7.4 HTTP/3" 304 0 "https://ekakshhomecare.myycard.in/" "Mozilla/5.0 (iPhone; CPU iPhone OS 18_3_2 like Mac OS X) AppleWebKit/605.1.15 (KHTML, like Gecko) Version/18.3.1 Mobile/15E148 Safari/604.1"
203.109.112.162 - - [17/Apr/2025:14:03:06 +0530] "GET /wp-content/plugins/elementor-pro/assets/js/frontend.min.js?ver=3.21.2 HTTP/3" 304 0 "https://ekakshhomecare.myycard.in/" "Mozilla/5.0 (iPhone; CPU iPhone OS 18_3_2 like Mac OS X) AppleWebKit/605.1.15 (KHTML, like Gecko) Version/18.3.1 Mobile/15E148 Safari/604.1"
203.109.112.162 - - [17/Apr/2025:14:03:06 +0530] "GET /wp-content/plugins/elementskit-lite/widgets/init/assets/js/animate-circle.min.js?ver=3.4.9 HTTP/3" 304 0 "https://ekakshhomecare.myycard.in/" "Mozilla/5.0 (iPhone; CPU iPhone OS 18_3_2 like Mac OS X) AppleWebKit/605.1.15 (KHTML, like Gecko) Version/18.3.1 Mobile/15E148 Safari/604.1"
203.109.112.162 - - [17/Apr/2025:14:03:06 +0530] "GET /wp-content/plugins/elementor/assets/js/frontend.min.js?ver=3.28.3 HTTP/3" 304 0 "https://ekakshhomecare.myycard.in/" "Mozilla/5.0 (iPhone; CPU iPhone OS 18_3_2 like Mac OS X) AppleWebKit/605.1.15 (KHTML, like Gecko) Version/18.3.1 Mobile/15E148 Safari/604.1"
203.109.112.162 - - [17/Apr/2025:14:03:06 +0530] "GET /wp-content/plugins/elementor-pro/assets/js/nav-menu.d43af66e5000fd109c04.bundle.min.js HTTP/3" 304 0 "https://ekakshhomecare.myycard.in/" "Mozilla/5.0 (iPhone; CPU iPhone OS 18_3_2 like Mac OS X) AppleWebKit/605.1.15 (KHTML, like Gecko) Version/18.3.1 Mobile/15E148 Safari/604.1"
203.109.112.162 - - [17/Apr/2025:14:03:06 +0530] "GET /wp-content/plugins/elementor/assets/js/text-editor.c084ef86600b6f11690d.bundle.min.js HTTP/3" 304 0 "https://ekakshhomecare.myycard.in/" "Mozilla/5.0 (iPhone; CPU iPhone OS 18_3_2 like Mac OS X) AppleWebKit/605.1.15 (KHTML, like Gecko) Version/18.3.1 Mobile/15E148 Safari/604.1"
203.109.112.162 - - [17/Apr/2025:14:03:06 +0530] "GET /wp-content/plugins/elementor-pro/assets/js/elements-handlers.min.js?ver=3.21.2 HTTP/3" 304 0 "https://ekakshhomecare.myycard.in/" "Mozilla/5.0 (iPhone; CPU iPhone OS 18_3_2 like Mac OS X) AppleWebKit/605.1.15 (KHTML, like Gecko) Version/18.3.1 Mobile/15E148 Safari/604.1"
203.109.112.162 - - [17/Apr/2025:14:03:06 +0530] "GET /wp-content/plugins/elementor-pro/assets/js/popup.085c1727e36940b18f29.bundle.min.js HTTP/3" 304 0 "https://ekakshhomecare.myycard.in/" "Mozilla/5.0 (iPhone; CPU iPhone OS 18_3_2 like Mac OS X) AppleWebKit/605.1.15 (KHTML, like Gecko) Version/18.3.1 Mobile/15E148 Safari/604.1"
203.109.112.162 - - [17/Apr/2025:14:03:06 +0530] "GET /wp-content/plugins/elementskit-lite/widgets/init/assets/js/elementor.js?ver=3.4.9 HTTP/3" 304 0 "https://ekakshhomecare.myycard.in/" "Mozilla/5.0 (iPhone; CPU iPhone OS 18_3_2 like Mac OS X) AppleWebKit/605.1.15 (KHTML, like Gecko) Version/18.3.1 Mobile/15E148 Safari/604.1"
203.109.112.162 - - [17/Apr/2025:14:03:06 +0530] "GET /wp-content/plugins/elementor-pro/assets/js/form.10bf1a6475f0741920ff.bundle.min.js HTTP/3" 304 0 "https://ekakshhomecare.myycard.in/" "Mozilla/5.0 (iPhone; CPU iPhone OS 18_3_2 like Mac OS X) AppleWebKit/605.1.15 (KHTML, like Gecko) Version/18.3.1 Mobile/15E148 Safari/604.1"
203.109.112.162 - - [17/Apr/2025:14:03:06 +0530] "GET /wp-content/uploads/elementor/css/post-9.css?ver=1744873538 HTTP/3" 200 2515 "https://ekakshhomecare.myycard.in/" "Mozilla/5.0 (iPhone; CPU iPhone OS 18_3_2 like Mac OS X) AppleWebKit/605.1.15 (KHTML, like Gecko) Version/18.3.1 Mobile/15E148 Safari/604.1"
203.109.112.162 - - [17/Apr/2025:14:03:06 +0530] "GET /wp-content/uploads/elementor/css/post-193.css?ver=1744875546 HTTP/3" 200 2321 "https://ekakshhomecare.myycard.in/" "Mozilla/5.0 (iPhone; CPU iPhone OS 18_3_2 like Mac OS X) AppleWebKit/605.1.15 (KHTML, like Gecko) Version/18.3.1 Mobile/15E148 Safari/604.1"
203.109.112.162 - - [17/Apr/2025:14:03:06 +0530] "GET /wp-content/uploads/elementor/css/post-158.css?ver=1744873520 HTTP/3" 200 1066 "https://ekakshhomecare.myycard.in/" "Mozilla/5.0 (iPhone; CPU iPhone OS 18_3_2 like Mac OS X) AppleWebKit/605.1.15 (KHTML, like Gecko) Version/18.3.1 Mobile/15E148 Safari/604.1"
150.107.241.148 - - [17/Apr/2025:14:03:06 +0530] "POST /wp-admin/admin-ajax.php HTTP/3" 200 94 "https://ekakshhomecare.myycard.in/wp-admin/post.php?post=16&action=elementor" "Mozilla/5.0 (Windows NT 10.0; Win64; x64) AppleWebKit/537.36 (KHTML, like Gecko) Chrome/135.0.0.0 Safari/537.36"
150.107.241.148 - - [17/Apr/2025:14:03:06 +0530] "GET /index.php/wp-json/elementor/v1/checklist/user-progress HTTP/3" 200 194 "https://ekakshhomecare.myycard.in/wp-admin/post.php?post=16&action=elementor" "Mozilla/5.0 (Windows NT 10.0; Win64; x64) AppleWebKit/537.36 (KHTML, like Gecko) Chrome/135.0.0.0 Safari/537.36"
150.107.241.148 - - [17/Apr/2025:14:03:14 +0530] "GET /index.php/wp-json/elementor/v1/checklist/user-progress HTTP/3" 200 194 "https://ekakshhomecare.myycard.in/wp-admin/post.php?post=16&action=elementor" "Mozilla/5.0 (Windows NT 10.0; Win64; x64) AppleWebKit/537.36 (KHTML, like Gecko) Chrome/135.0.0.0 Safari/537.36"
150.107.241.148 - - [17/Apr/2025:14:03:18 +0530] "GET /index.php/wp-json/elementor/v1/checklist/user-progress HTTP/3" 200 194 "https://ekakshhomecare.myycard.in/wp-admin/post.php?post=16&action=elementor" "Mozilla/5.0 (Windows NT 10.0; Win64; x64) AppleWebKit/537.36 (KHTML, like Gecko) Chrome/135.0.0.0 Safari/537.36"
150.107.241.148 - - [17/Apr/2025:14:03:22 +0530] "POST /wp-admin/admin-ajax.php HTTP/3" 200 96 "https://ekakshhomecare.myycard.in/wp-admin/post.php?post=16&action=elementor" "Mozilla/5.0 (Windows NT 10.0; Win64; x64) AppleWebKit/537.36 (KHTML, like Gecko) Chrome/135.0.0.0 Safari/537.36"
203.109.112.162 - - [17/Apr/2025:14:03:25 +0530] "GET /index.php/toilet-cleaner/ HTTP/3" 200 18097 "https://ekakshhomecare.myycard.in/" "Mozilla/5.0 (iPhone; CPU iPhone OS 18_3_2 like Mac OS X) AppleWebKit/605.1.15 (KHTML, like Gecko) Version/18.3.1 Mobile/15E148 Safari/604.1"
203.109.112.162 - - [17/Apr/2025:14:03:25 +0530] "GET /wp-content/uploads/elementor/css/post-348.css?ver=1744873100 HTTP/3" 200 626 "https://ekakshhomecare.myycard.in/index.php/toilet-cleaner/" "Mozilla/5.0 (iPhone; CPU iPhone OS 18_3_2 like Mac OS X) AppleWebKit/605.1.15 (KHTML, like Gecko) Version/18.3.1 Mobile/15E148 Safari/604.1"
203.109.112.162 - - [17/Apr/2025:14:03:25 +0530] "GET /wp-content/plugins/elementor/assets/js/image-carousel.6167d20b95b33386757b.bundle.min.js HTTP/3" 304 0 "https://ekakshhomecare.myycard.in/index.php/toilet-cleaner/" "Mozilla/5.0 (iPhone; CPU iPhone OS 18_3_2 like Mac OS X) AppleWebKit/605.1.15 (KHTML, like Gecko) Version/18.3.1 Mobile/15E148 Safari/604.1"
103.212.120.166 - - [17/Apr/2025:14:03:34 +0530] "POST /wp-cron.php?doing_wp_cron=1744878814.7061309814453125000000 HTTP/1.1" 403 1242 "-" "WordPress/6.7.2; https://ekakshhomecare.myycard.in"
203.109.112.162 - - [17/Apr/2025:14:03:34 +0530] "GET /index.php/surface-cleaners/ HTTP/3" 200 18095 "https://ekakshhomecare.myycard.in/" "Mozilla/5.0 (iPhone; CPU iPhone OS 18_3_2 like Mac OS X) AppleWebKit/605.1.15 (KHTML, like Gecko) Version/18.3.1 Mobile/15E148 Safari/604.1"
203.109.112.162 - - [17/Apr/2025:14:03:34 +0530] "GET /wp-content/uploads/elementor/css/post-352.css?ver=1744873190 HTTP/3" 200 623 "https://ekakshhomecare.myycard.in/index.php/surface-cleaners/" "Mozilla/5.0 (iPhone; CPU iPhone OS 18_3_2 like Mac OS X) AppleWebKit/605.1.15 (KHTML, like Gecko) Version/18.3.1 Mobile/15E148 Safari/604.1"
203.109.112.162 - - [17/Apr/2025:14:03:34 +0530] "GET /wp-content/uploads/2025/04/20250215_180703-1024x1024.png HTTP/3" 200 468855 "https://ekakshhomecare.myycard.in/index.php/surface-cleaners/" "Mozilla/5.0 (iPhone; CPU iPhone OS 18_3_2 like Mac OS X) AppleWebKit/605.1.15 (KHTML, like Gecko) Version/18.3.1 Mobile/15E148 Safari/604.1"
203.109.112.162 - - [17/Apr/2025:14:03:34 +0530] "GET /wp-content/uploads/2025/04/20250215_181017-1024x1024.png HTTP/3" 200 499523 "https://ekakshhomecare.myycard.in/index.php/surface-cleaners/" "Mozilla/5.0 (iPhone; CPU iPhone OS 18_3_2 like Mac OS X) AppleWebKit/605.1.15 (KHTML, like Gecko) Version/18.3.1 Mobile/15E148 Safari/604.1"
203.109.112.162 - - [17/Apr/2025:14:03:34 +0530] "GET /wp-content/uploads/2025/04/20250215_181207-1024x1024.png HTTP/3" 200 855705 "https://ekakshhomecare.myycard.in/index.php/surface-cleaners/" "Mozilla/5.0 (iPhone; CPU iPhone OS 18_3_2 like Mac OS X) AppleWebKit/605.1.15 (KHTML, like Gecko) Version/18.3.1 Mobile/15E148 Safari/604.1"
203.109.112.162 - - [17/Apr/2025:14:03:34 +0530] "GET /wp-content/uploads/2025/04/20250215_181323-1024x1024.png HTTP/3" 200 966442 "https://ekakshhomecare.myycard.in/index.php/surface-cleaners/" "Mozilla/5.0 (iPhone; CPU iPhone OS 18_3_2 like Mac OS X) AppleWebKit/605.1.15 (KHTML, like Gecko) Version/18.3.1 Mobile/15E148 Safari/604.1"
203.109.112.162 - - [17/Apr/2025:14:03:34 +0530] "GET /wp-content/uploads/2025/04/Cover-1-1024x1024.png HTTP/3" 200 849307 "https://ekakshhomecare.myycard.in/index.php/surface-cleaners/" "Mozilla/5.0 (iPhone; CPU iPhone OS 18_3_2 like Mac OS X) AppleWebKit/605.1.15 (KHTML, like Gecko) Version/18.3.1 Mobile/15E148 Safari/604.1"
203.109.112.162 - - [17/Apr/2025:14:03:34 +0530] "GET /wp-content/uploads/2025/04/20250215_181712-1024x1024.png HTTP/3" 200 838874 "https://ekakshhomecare.myycard.in/index.php/surface-cleaners/" "Mozilla/5.0 (iPhone; CPU iPhone OS 18_3_2 like Mac OS X) AppleWebKit/605.1.15 (KHTML, like Gecko) Version/18.3.1 Mobile/15E148 Safari/604.1"
203.109.112.162 - - [17/Apr/2025:14:03:57 +0530] "GET /index.php/bathroom-cleaner/ HTTP/3" 200 17955 "https://ekakshhomecare.myycard.in/" "Mozilla/5.0 (iPhone; CPU iPhone OS 18_3_2 like Mac OS X) AppleWebKit/605.1.15 (KHTML, like Gecko) Version/18.3.1 Mobile/15E148 Safari/604.1"
203.109.112.162 - - [17/Apr/2025:14:03:57 +0530] "GET /wp-content/uploads/elementor/css/post-356.css?ver=1744873267 HTTP/3" 200 625 "https://ekakshhomecare.myycard.in/index.php/bathroom-cleaner/" "Mozilla/5.0 (iPhone; CPU iPhone OS 18_3_2 like Mac OS X) AppleWebKit/605.1.15 (KHTML, like Gecko) Version/18.3.1 Mobile/15E148 Safari/604.1"
203.109.112.162 - - [17/Apr/2025:14:04:11 +0530] "GET / HTTP/3" 200 19372 "https://ekakshhomecare.myycard.in/index.php/bathroom-cleaner/" "Mozilla/5.0 (iPhone; CPU iPhone OS 18_3_2 like Mac OS X) AppleWebKit/605.1.15 (KHTML, like Gecko) Version/18.3.1 Mobile/15E148 Safari/604.1"
150.107.241.148 - - [17/Apr/2025:14:04:22 +0530] "POST /wp-admin/admin-ajax.php HTTP/3" 200 96 "https://ekakshhomecare.myycard.in/wp-admin/post.php?post=16&action=elementor" "Mozilla/5.0 (Windows NT 10.0; Win64; x64) AppleWebKit/537.36 (KHTML, like Gecko) Chrome/135.0.0.0 Safari/537.36"
150.107.241.148 - - [17/Apr/2025:14:04:22 +0530] "GET /index.php/wp-json/elementor/v1/checklist/user-progress HTTP/3" 200 194 "https://ekakshhomecare.myycard.in/wp-admin/post.php?post=16&action=elementor" "Mozilla/5.0 (Windows NT 10.0; Win64; x64) AppleWebKit/537.36 (KHTML, like Gecko) Chrome/135.0.0.0 Safari/537.36"
103.212.120.166 - - [17/Apr/2025:14:04:41 +0530] "POST /wp-cron.php?doing_wp_cron=1744878881.1133460998535156250000 HTTP/1.1" 403 1242 "-" "WordPress/6.7.2; https://ekakshhomecare.myycard.in"
150.107.241.148 - - [17/Apr/2025:14:04:41 +0530] "POST /wp-admin/admin-ajax.php HTTP/3" 200 96 "https://ekakshhomecare.myycard.in/wp-admin/post.php?post=16&action=elementor" "Mozilla/5.0 (Windows NT 10.0; Win64; x64) AppleWebKit/537.36 (KHTML, like Gecko) Chrome/135.0.0.0 Safari/537.36"
103.212.120.166 - - [17/Apr/2025:14:04:41 +0530] "POST /wp-cron.php?doing_wp_cron=1744878881.1579449176788330078125 HTTP/1.1" 403 1242 "-" "WordPress/6.7.2; https://ekakshhomecare.myycard.in"
150.107.241.148 - - [17/Apr/2025:14:04:41 +0530] "GET /index.php/wp-json/elementor/v1/checklist/user-progress HTTP/3" 200 194 "https://ekakshhomecare.myycard.in/wp-admin/post.php?post=16&action=elementor" "Mozilla/5.0 (Windows NT 10.0; Win64; x64) AppleWebKit/537.36 (KHTML, like Gecko) Chrome/135.0.0.0 Safari/537.36"
150.107.241.148 - - [17/Apr/2025:14:04:47 +0530] "GET /index.php/wp-json/elementor/v1/checklist/user-progress HTTP/3" 200 194 "https://ekakshhomecare.myycard.in/wp-admin/post.php?post=16&action=elementor" "Mozilla/5.0 (Windows NT 10.0; Win64; x64) AppleWebKit/537.36 (KHTML, like Gecko) Chrome/135.0.0.0 Safari/537.36"
150.107.241.148 - - [17/Apr/2025:14:04:48 +0530] "GET / HTTP/3" 200 25486 "https://ekakshhomecare.myycard.in/index.php/contact-us/" "Mozilla/5.0 (Windows NT 10.0; Win64; x64) AppleWebKit/537.36 (KHTML, like Gecko) Chrome/135.0.0.0 Safari/537.36"
150.107.241.148 - - [17/Apr/2025:14:04:51 +0530] "GET /index.php/wp-json/elementor/v1/checklist/user-progress HTTP/3" 200 194 "https://ekakshhomecare.myycard.in/wp-admin/post.php?post=16&action=elementor" "Mozilla/5.0 (Windows NT 10.0; Win64; x64) AppleWebKit/537.36 (KHTML, like Gecko) Chrome/135.0.0.0 Safari/537.36"
150.107.241.148 - - [17/Apr/2025:14:04:56 +0530] "POST /wp-admin/admin-ajax.php HTTP/3" 200 607 "https://ekakshhomecare.myycard.in/wp-admin/post.php?post=16&action=elementor" "Mozilla/5.0 (Windows NT 10.0; Win64; x64) AppleWebKit/537.36 (KHTML, like Gecko) Chrome/135.0.0.0 Safari/537.36"
150.107.241.148 - - [17/Apr/2025:14:04:56 +0530] "POST /wp-admin/admin-ajax.php HTTP/3" 200 96 "https://ekakshhomecare.myycard.in/wp-admin/post.php?post=16&action=elementor" "Mozilla/5.0 (Windows NT 10.0; Win64; x64) AppleWebKit/537.36 (KHTML, like Gecko) Chrome/135.0.0.0 Safari/537.36"
150.107.241.148 - - [17/Apr/2025:14:05:10 +0530] "POST /wp-admin/admin-ajax.php HTTP/3" 200 607 "https://ekakshhomecare.myycard.in/wp-admin/post.php?post=16&action=elementor" "Mozilla/5.0 (Windows NT 10.0; Win64; x64) AppleWebKit/537.36 (KHTML, like Gecko) Chrome/135.0.0.0 Safari/537.36"
150.107.241.148 - - [17/Apr/2025:14:05:11 +0530] "POST /wp-admin/admin-ajax.php HTTP/3" 200 96 "https://ekakshhomecare.myycard.in/wp-admin/post.php?post=16&action=elementor" "Mozilla/5.0 (Windows NT 10.0; Win64; x64) AppleWebKit/537.36 (KHTML, like Gecko) Chrome/135.0.0.0 Safari/537.36"
150.107.241.148 - - [17/Apr/2025:14:05:17 +0530] "POST /wp-admin/admin-ajax.php HTTP/3" 200 607 "https://ekakshhomecare.myycard.in/wp-admin/post.php?post=16&action=elementor" "Mozilla/5.0 (Windows NT 10.0; Win64; x64) AppleWebKit/537.36 (KHTML, like Gecko) Chrome/135.0.0.0 Safari/537.36"
