150.107.241.148 - - [17/Apr/2025:14:05:26 +0530] "POST /wp-admin/admin-ajax.php HTTP/3" 200 96 "https://ekakshhomecare.myycard.in/wp-admin/post.php?post=16&action=elementor" "Mozilla/5.0 (Windows NT 10.0; Win64; x64) AppleWebKit/537.36 (KHTML, like Gecko) Chrome/135.0.0.0 Safari/537.36"
150.107.241.148 - - [17/Apr/2025:14:05:27 +0530] "POST /wp-admin/admin-ajax.php HTTP/3" 200 607 "https://ekakshhomecare.myycard.in/wp-admin/post.php?post=16&action=elementor" "Mozilla/5.0 (Windows NT 10.0; Win64; x64) AppleWebKit/537.36 (KHTML, like Gecko) Chrome/135.0.0.0 Safari/537.36"
150.107.241.148 - - [17/Apr/2025:14:05:38 +0530] "GET /index.php/wp-json/elementor/v1/checklist/user-progress HTTP/3" 200 194 "https://ekakshhomecare.myycard.in/wp-admin/post.php?post=16&action=elementor" "Mozilla/5.0 (Windows NT 10.0; Win64; x64) AppleWebKit/537.36 (KHTML, like Gecko) Chrome/135.0.0.0 Safari/537.36"
103.212.120.166 - - [17/Apr/2025:14:05:42 +0530] "POST /wp-cron.php?doing_wp_cron=1744878942.3443000316619873046875 HTTP/1.1" 403 1242 "-" "WordPress/6.7.2; https://ekakshhomecare.myycard.in"
150.107.241.148 - - [17/Apr/2025:14:05:42 +0530] "POST /wp-admin/admin-ajax.php HTTP/3" 200 96 "https://ekakshhomecare.myycard.in/wp-admin/post.php?post=16&action=elementor" "Mozilla/5.0 (Windows NT 10.0; Win64; x64) AppleWebKit/537.36 (KHTML, like Gecko) Chrome/135.0.0.0 Safari/537.36"
103.212.120.166 - - [17/Apr/2025:14:07:43 +0530] "POST /wp-cron.php?doing_wp_cron=1744879063.4061689376831054687500 HTTP/1.1" 403 1242 "-" "WordPress/6.7.2; https://ekakshhomecare.myycard.in"
150.107.241.148 - - [17/Apr/2025:14:07:43 +0530] "POST /wp-admin/admin-ajax.php HTTP/3" 200 96 "https://ekakshhomecare.myycard.in/wp-admin/post.php?post=16&action=elementor" "Mozilla/5.0 (Windows NT 10.0; Win64; x64) AppleWebKit/537.36 (KHTML, like Gecko) Chrome/135.0.0.0 Safari/537.36"
103.212.120.166 - - [17/Apr/2025:14:09:44 +0530] "POST /wp-cron.php?doing_wp_cron=1744879184.8287909030914306640625 HTTP/1.1" 403 1242 "-" "WordPress/6.7.2; https://ekakshhomecare.myycard.in"
150.107.241.148 - - [17/Apr/2025:14:09:44 +0530] "POST /wp-admin/admin-ajax.php HTTP/3" 200 96 "https://ekakshhomecare.myycard.in/wp-admin/post.php?post=16&action=elementor" "Mozilla/5.0 (Windows NT 10.0; Win64; x64) AppleWebKit/537.36 (KHTML, like Gecko) Chrome/135.0.0.0 Safari/537.36"
103.212.120.166 - - [17/Apr/2025:14:11:45 +0530] "POST /wp-cron.php?doing_wp_cron=1744879305.4852659702301025390625 HTTP/1.1" 403 1242 "-" "WordPress/6.7.2; https://ekakshhomecare.myycard.in"
150.107.241.148 - - [17/Apr/2025:14:11:45 +0530] "POST /wp-admin/admin-ajax.php HTTP/2" 200 96 "https://ekakshhomecare.myycard.in/wp-admin/post.php?post=16&action=elementor" "Mozilla/5.0 (Windows NT 10.0; Win64; x64) AppleWebKit/537.36 (KHTML, like Gecko) Chrome/135.0.0.0 Safari/537.36"
103.212.120.166 - - [17/Apr/2025:14:13:36 +0530] "POST /wp-cron.php?doing_wp_cron=1744879416.6716790199279785156250 HTTP/1.1" 403 1242 "-" "WordPress/6.7.2; https://ekakshhomecare.myycard.in"
150.107.241.148 - - [17/Apr/2025:14:13:36 +0530] "GET /wp-admin/ HTTP/2" 200 34993 "-" "Mozilla/5.0 (Windows NT 10.0; Win64; x64) AppleWebKit/537.36 (KHTML, like Gecko) Chrome/135.0.0.0 Safari/537.36"
150.107.241.148 - - [17/Apr/2025:14:13:40 +0530] "GET /wp-admin/plugin-install.php HTTP/2" 200 29850 "https://ekakshhomecare.myycard.in/wp-admin/" "Mozilla/5.0 (Windows NT 10.0; Win64; x64) AppleWebKit/537.36 (KHTML, like Gecko) Chrome/135.0.0.0 Safari/537.36"
150.107.241.148 - - [17/Apr/2025:14:13:46 +0530] "POST /wp-admin/admin-ajax.php HTTP/2" 200 96 "https://ekakshhomecare.myycard.in/wp-admin/post.php?post=16&action=elementor" "Mozilla/5.0 (Windows NT 10.0; Win64; x64) AppleWebKit/537.36 (KHTML, like Gecko) Chrome/135.0.0.0 Safari/537.36"
150.107.241.148 - - [17/Apr/2025:14:13:55 +0530] "POST /wp-admin/admin-ajax.php HTTP/2" 200 2578 "https://ekakshhomecare.myycard.in/wp-admin/plugin-install.php?s=wpvivid&tab=search&type=term" "Mozilla/5.0 (Windows NT 10.0; Win64; x64) AppleWebKit/537.36 (KHTML, like Gecko) Chrome/135.0.0.0 Safari/537.36"
150.107.241.148 - - [17/Apr/2025:14:13:59 +0530] "GET /index.php/wp-json/elementor/v1/checklist/user-progress HTTP/2" 200 194 "https://ekakshhomecare.myycard.in/wp-admin/post.php?post=16&action=elementor" "Mozilla/5.0 (Windows NT 10.0; Win64; x64) AppleWebKit/537.36 (KHTML, like Gecko) Chrome/135.0.0.0 Safari/537.36"
150.107.241.148 - - [17/Apr/2025:14:14:01 +0530] "POST /wp-admin/admin-ajax.php HTTP/2" 200 96 "https://ekakshhomecare.myycard.in/wp-admin/post.php?post=16&action=elementor" "Mozilla/5.0 (Windows NT 10.0; Win64; x64) AppleWebKit/537.36 (KHTML, like Gecko) Chrome/135.0.0.0 Safari/537.36"
150.107.241.148 - - [17/Apr/2025:14:14:04 +0530] "POST /wp-admin/admin-ajax.php HTTP/2" 200 233 "https://ekakshhomecare.myycard.in/wp-admin/plugin-install.php?s=wpvivid&tab=search&type=term" "Mozilla/5.0 (Windows NT 10.0; Win64; x64) AppleWebKit/537.36 (KHTML, like Gecko) Chrome/135.0.0.0 Safari/537.36"
150.107.241.148 - - [17/Apr/2025:14:14:14 +0530] "POST /wp-admin/admin-ajax.php HTTP/2" 200 225 "https://ekakshhomecare.myycard.in/wp-admin/plugin-install.php?s=wpvivid&tab=search&type=term" "Mozilla/5.0 (Windows NT 10.0; Win64; x64) AppleWebKit/537.36 (KHTML, like Gecko) Chrome/135.0.0.0 Safari/537.36"
150.107.241.148 - - [17/Apr/2025:14:14:24 +0530] "POST /wp-admin/admin-ajax.php HTTP/2" 400 21 "https://ekakshhomecare.myycard.in/wp-admin/plugin-install.php?s=wpvivid&tab=search&type=term" "Mozilla/5.0 (Windows NT 10.0; Win64; x64) AppleWebKit/537.36 (KHTML, like Gecko) Chrome/135.0.0.0 Safari/537.36"
150.107.241.148 - - [17/Apr/2025:14:14:24 +0530] "GET /wp-admin/plugins.php?_wpnonce=886acd79dc&action=activate&plugin=wpvivid-backuprestore/wpvivid-backuprestore.php HTTP/2" 302 20 "https://ekakshhomecare.myycard.in/wp-admin/plugin-install.php?s=wpvivid&tab=search&type=term" "Mozilla/5.0 (Windows NT 10.0; Win64; x64) AppleWebKit/537.36 (KHTML, like Gecko) Chrome/135.0.0.0 Safari/537.36"
150.107.241.148 - - [17/Apr/2025:14:14:26 +0530] "GET /wp-admin/plugins.php?activate=true&plugin_status=all&paged=1&s= HTTP/2" 302 39023 "https://ekakshhomecare.myycard.in/wp-admin/plugin-install.php?s=wpvivid&tab=search&type=term" "Mozilla/5.0 (Windows NT 10.0; Win64; x64) AppleWebKit/537.36 (KHTML, like Gecko) Chrome/135.0.0.0 Safari/537.36"
150.107.241.148 - - [17/Apr/2025:14:14:26 +0530] "GET /wp-admin/admin.php?page=WPvivid HTTP/2" 200 68071 "https://ekakshhomecare.myycard.in/wp-admin/plugin-install.php?s=wpvivid&tab=search&type=term" "Mozilla/5.0 (Windows NT 10.0; Win64; x64) AppleWebKit/537.36 (KHTML, like Gecko) Chrome/135.0.0.0 Safari/537.36"
150.107.241.148 - - [17/Apr/2025:14:14:27 +0530] "GET /wp-content/plugins/wpvivid-backuprestore/admin/css/wpvivid-admin.css?ver=0.9.114 HTTP/2" 200 1997 "https://ekakshhomecare.myycard.in/wp-admin/admin.php?page=WPvivid" "Mozilla/5.0 (Windows NT 10.0; Win64; x64) AppleWebKit/537.36 (KHTML, like Gecko) Chrome/135.0.0.0 Safari/537.36"
150.107.241.148 - - [17/Apr/2025:14:14:27 +0530] "GET /wp-content/plugins/wpvivid-backuprestore/admin/css/wpvivid-snapshot-style.css?ver=0.9.114 HTTP/2" 200 3675 "https://ekakshhomecare.myycard.in/wp-admin/admin.php?page=WPvivid" "Mozilla/5.0 (Windows NT 10.0; Win64; x64) AppleWebKit/537.36 (KHTML, like Gecko) Chrome/135.0.0.0 Safari/537.36"
150.107.241.148 - - [17/Apr/2025:14:14:27 +0530] "GET /wp-content/plugins/wpvivid-backuprestore/admin/partials/images/delete-tab.png HTTP/2" 200 1136 "https://ekakshhomecare.myycard.in/wp-admin/admin.php?page=WPvivid" "Mozilla/5.0 (Windows NT 10.0; Win64; x64) AppleWebKit/537.36 (KHTML, like Gecko) Chrome/135.0.0.0 Safari/537.36"
150.107.241.148 - - [17/Apr/2025:14:14:27 +0530] "GET /wp-content/plugins/wpvivid-backuprestore/admin/partials/images/storage-ftp(gray).png HTTP/2" 200 1161 "https://ekakshhomecare.myycard.in/wp-admin/admin.php?page=WPvivid" "Mozilla/5.0 (Windows NT 10.0; Win64; x64) AppleWebKit/537.36 (KHTML, like Gecko) Chrome/135.0.0.0 Safari/537.36"
150.107.241.148 - - [17/Apr/2025:14:14:27 +0530] "GET /wp-content/plugins/wpvivid-backuprestore/admin/js/jstree/dist/jstree.min.js?ver=0.9.114 HTTP/2" 200 30862 "https://ekakshhomecare.myycard.in/wp-admin/admin.php?page=WPvivid" "Mozilla/5.0 (Windows NT 10.0; Win64; x64) AppleWebKit/537.36 (KHTML, like Gecko) Chrome/135.0.0.0 Safari/537.36"
150.107.241.148 - - [17/Apr/2025:14:14:27 +0530] "GET /wp-content/plugins/wpvivid-backuprestore/admin/js/wpvivid-admin.js?ver=0.9.114 HTTP/2" 200 5050 "https://ekakshhomecare.myycard.in/wp-admin/admin.php?page=WPvivid" "Mozilla/5.0 (Windows NT 10.0; Win64; x64) AppleWebKit/537.36 (KHTML, like Gecko) Chrome/135.0.0.0 Safari/537.36"
150.107.241.148 - - [17/Apr/2025:14:14:27 +0530] "GET /wp-content/plugins/wpvivid-backuprestore/admin/partials/images/storage-sftp(gray).png HTTP/2" 200 1243 "https://ekakshhomecare.myycard.in/wp-admin/admin.php?page=WPvivid" "Mozilla/5.0 (Windows NT 10.0; Win64; x64) AppleWebKit/537.36 (KHTML, like Gecko) Chrome/135.0.0.0 Safari/537.36"
150.107.241.148 - - [17/Apr/2025:14:14:27 +0530] "GET /wp-content/plugins/wpvivid-backuprestore/admin/partials/images/stroage-google-drive(gray).png HTTP/2" 200 1473 "https://ekakshhomecare.myycard.in/wp-admin/admin.php?page=WPvivid" "Mozilla/5.0 (Windows NT 10.0; Win64; x64) AppleWebKit/537.36 (KHTML, like Gecko) Chrome/135.0.0.0 Safari/537.36"
150.107.241.148 - - [17/Apr/2025:14:14:27 +0530] "GET /wp-content/plugins/wpvivid-backuprestore/admin/partials/images/storage-dropbox(gray).png HTTP/2" 200 1576 "https://ekakshhomecare.myycard.in/wp-admin/admin.php?page=WPvivid" "Mozilla/5.0 (Windows NT 10.0; Win64; x64) AppleWebKit/537.36 (KHTML, like Gecko) Chrome/135.0.0.0 Safari/537.36"
150.107.241.148 - - [17/Apr/2025:14:14:27 +0530] "GET /wp-content/plugins/wpvivid-backuprestore/admin/partials/images/storage-microsoft-onedrive(gray).png HTTP/2" 200 1368 "https://ekakshhomecare.myycard.in/wp-admin/admin.php?page=WPvivid" "Mozilla/5.0 (Windows NT 10.0; Win64; x64) AppleWebKit/537.36 (KHTML, like Gecko) Chrome/135.0.0.0 Safari/537.36"
150.107.241.148 - - [17/Apr/2025:14:14:27 +0530] "GET /wp-content/plugins/wpvivid-backuprestore/admin/partials/images/storage-amazon-s3(gray).png HTTP/2" 200 1447 "https://ekakshhomecare.myycard.in/wp-admin/admin.php?page=WPvivid" "Mozilla/5.0 (Windows NT 10.0; Win64; x64) AppleWebKit/537.36 (KHTML, like Gecko) Chrome/135.0.0.0 Safari/537.36"
150.107.241.148 - - [17/Apr/2025:14:14:27 +0530] "GET /wp-content/plugins/wpvivid-backuprestore/admin/partials/images/storage-digitalocean(gray).png HTTP/2" 200 1442 "https://ekakshhomecare.myycard.in/wp-admin/admin.php?page=WPvivid" "Mozilla/5.0 (Windows NT 10.0; Win64; x64) AppleWebKit/537.36 (KHTML, like Gecko) Chrome/135.0.0.0 Safari/537.36"
150.107.241.148 - - [17/Apr/2025:14:14:27 +0530] "GET /wp-content/plugins/wpvivid-backuprestore/admin/partials/images/add-storages.png HTTP/2" 200 1153 "https://ekakshhomecare.myycard.in/wp-admin/admin.php?page=WPvivid" "Mozilla/5.0 (Windows NT 10.0; Win64; x64) AppleWebKit/537.36 (KHTML, like Gecko) Chrome/135.0.0.0 Safari/537.36"
150.107.241.148 - - [17/Apr/2025:14:14:27 +0530] "GET /wp-content/plugins/wpvivid-backuprestore/admin/partials/images/stroage-google-drive.png HTTP/2" 200 4150 "https://ekakshhomecare.myycard.in/wp-admin/admin.php?page=WPvivid" "Mozilla/5.0 (Windows NT 10.0; Win64; x64) AppleWebKit/537.36 (KHTML, like Gecko) Chrome/135.0.0.0 Safari/537.36"
150.107.241.148 - - [17/Apr/2025:14:14:27 +0530] "GET /wp-content/plugins/wpvivid-backuprestore/admin/partials/images/storage-dropbox.png HTTP/2" 200 4206 "https://ekakshhomecare.myycard.in/wp-admin/admin.php?page=WPvivid" "Mozilla/5.0 (Windows NT 10.0; Win64; x64) AppleWebKit/537.36 (KHTML, like Gecko) Chrome/135.0.0.0 Safari/537.36"
150.107.241.148 - - [17/Apr/2025:14:14:27 +0530] "GET /wp-content/plugins/wpvivid-backuprestore/admin/partials/images/storage-microsoft-onedrive.png HTTP/2" 200 4025 "https://ekakshhomecare.myycard.in/wp-admin/admin.php?page=WPvivid" "Mozilla/5.0 (Windows NT 10.0; Win64; x64) AppleWebKit/537.36 (KHTML, like Gecko) Chrome/135.0.0.0 Safari/537.36"
150.107.241.148 - - [17/Apr/2025:14:14:27 +0530] "GET /wp-content/plugins/wpvivid-backuprestore/admin/partials/images/storage-amazon-s3.png HTTP/2" 200 4078 "https://ekakshhomecare.myycard.in/wp-admin/admin.php?page=WPvivid" "Mozilla/5.0 (Windows NT 10.0; Win64; x64) AppleWebKit/537.36 (KHTML, like Gecko) Chrome/135.0.0.0 Safari/537.36"
150.107.241.148 - - [17/Apr/2025:14:14:27 +0530] "GET /wp-cron.php HTTP/2" 403 1242 "https://ekakshhomecare.myycard.in/wp-admin/admin.php?page=WPvivid" "Mozilla/5.0 (Windows NT 10.0; Win64; x64) AppleWebKit/537.36 (KHTML, like Gecko) Chrome/135.0.0.0 Safari/537.36"
150.107.241.148 - - [17/Apr/2025:14:14:27 +0530] "GET /wp-content/plugins/wpvivid-backuprestore/admin/partials/images/storage-digitalocean.png HTTP/2" 200 1407 "https://ekakshhomecare.myycard.in/wp-admin/admin.php?page=WPvivid" "Mozilla/5.0 (Windows NT 10.0; Win64; x64) AppleWebKit/537.36 (KHTML, like Gecko) Chrome/135.0.0.0 Safari/537.36"
150.107.241.148 - - [17/Apr/2025:14:14:27 +0530] "GET /wp-content/plugins/wpvivid-backuprestore/admin/partials/images/storage-ftp.png HTTP/2" 200 1208 "https://ekakshhomecare.myycard.in/wp-admin/admin.php?page=WPvivid" "Mozilla/5.0 (Windows NT 10.0; Win64; x64) AppleWebKit/537.36 (KHTML, like Gecko) Chrome/135.0.0.0 Safari/537.36"
150.107.241.148 - - [17/Apr/2025:14:14:27 +0530] "GET /wp-content/plugins/wpvivid-backuprestore/admin/partials/images/storage-sftp.png HTTP/2" 200 1297 "https://ekakshhomecare.myycard.in/wp-admin/admin.php?page=WPvivid" "Mozilla/5.0 (Windows NT 10.0; Win64; x64) AppleWebKit/537.36 (KHTML, like Gecko) Chrome/135.0.0.0 Safari/537.36"
150.107.241.148 - - [17/Apr/2025:14:14:27 +0530] "POST /wp-admin/admin-ajax.php HTTP/2" 200 178 "https://ekakshhomecare.myycard.in/wp-admin/admin.php?page=WPvivid" "Mozilla/5.0 (Windows NT 10.0; Win64; x64) AppleWebKit/537.36 (KHTML, like Gecko) Chrome/135.0.0.0 Safari/537.36"
150.107.241.148 - - [17/Apr/2025:14:14:32 +0530] "POST /wp-admin/admin-ajax.php HTTP/2" 200 178 "https://ekakshhomecare.myycard.in/wp-admin/admin.php?page=WPvivid" "Mozilla/5.0 (Windows NT 10.0; Win64; x64) AppleWebKit/537.36 (KHTML, like Gecko) Chrome/135.0.0.0 Safari/537.36"
150.107.241.148 - - [17/Apr/2025:14:14:33 +0530] "POST /wp-admin/admin-ajax.php HTTP/2" 200 872 "https://ekakshhomecare.myycard.in/wp-admin/admin.php?page=WPvivid" "Mozilla/5.0 (Windows NT 10.0; Win64; x64) AppleWebKit/537.36 (KHTML, like Gecko) Chrome/135.0.0.0 Safari/537.36"
150.107.241.148 - - [17/Apr/2025:14:14:35 +0530] "POST /wp-admin/admin-ajax.php HTTP/2" 200 1833 "https://ekakshhomecare.myycard.in/wp-admin/admin.php?page=WPvivid" "Mozilla/5.0 (Windows NT 10.0; Win64; x64) AppleWebKit/537.36 (KHTML, like Gecko) Chrome/135.0.0.0 Safari/537.36"
103.212.120.166 - - [17/Apr/2025:14:14:39 +0530] "POST /wp-cron.php?doing_wp_cron=1744879479.3659510612487792968750 HTTP/1.1" 403 1242 "-" "WordPress/6.7.2; https://ekakshhomecare.myycard.in"
150.107.241.148 - - [17/Apr/2025:14:14:39 +0530] "POST /wp-admin/admin-ajax.php HTTP/2" 200 1920 "https://ekakshhomecare.myycard.in/wp-admin/admin.php?page=WPvivid" "Mozilla/5.0 (Windows NT 10.0; Win64; x64) AppleWebKit/537.36 (KHTML, like Gecko) Chrome/135.0.0.0 Safari/537.36"
150.107.241.148 - - [17/Apr/2025:14:14:43 +0530] "POST /wp-admin/admin-ajax.php HTTP/2" 200 1920 "https://ekakshhomecare.myycard.in/wp-admin/admin.php?page=WPvivid" "Mozilla/5.0 (Windows NT 10.0; Win64; x64) AppleWebKit/537.36 (KHTML, like Gecko) Chrome/135.0.0.0 Safari/537.36"
150.107.241.148 - - [17/Apr/2025:14:14:47 +0530] "POST /wp-admin/admin-ajax.php HTTP/2" 200 1948 "https://ekakshhomecare.myycard.in/wp-admin/admin.php?page=WPvivid" "Mozilla/5.0 (Windows NT 10.0; Win64; x64) AppleWebKit/537.36 (KHTML, like Gecko) Chrome/135.0.0.0 Safari/537.36"
150.107.241.148 - - [17/Apr/2025:14:14:51 +0530] "POST /wp-admin/admin-ajax.php HTTP/2" 200 1948 "https://ekakshhomecare.myycard.in/wp-admin/admin.php?page=WPvivid" "Mozilla/5.0 (Windows NT 10.0; Win64; x64) AppleWebKit/537.36 (KHTML, like Gecko) Chrome/135.0.0.0 Safari/537.36"
150.107.241.148 - - [17/Apr/2025:14:14:55 +0530] "POST /wp-admin/admin-ajax.php HTTP/2" 200 1949 "https://ekakshhomecare.myycard.in/wp-admin/admin.php?page=WPvivid" "Mozilla/5.0 (Windows NT 10.0; Win64; x64) AppleWebKit/537.36 (KHTML, like Gecko) Chrome/135.0.0.0 Safari/537.36"
150.107.241.148 - - [17/Apr/2025:14:14:59 +0530] "POST /wp-admin/admin-ajax.php HTTP/2" 200 1949 "https://ekakshhomecare.myycard.in/wp-admin/admin.php?page=WPvivid" "Mozilla/5.0 (Windows NT 10.0; Win64; x64) AppleWebKit/537.36 (KHTML, like Gecko) Chrome/135.0.0.0 Safari/537.36"
150.107.241.148 - - [17/Apr/2025:14:15:03 +0530] "POST /wp-admin/admin-ajax.php HTTP/2" 200 1949 "https://ekakshhomecare.myycard.in/wp-admin/admin.php?page=WPvivid" "Mozilla/5.0 (Windows NT 10.0; Win64; x64) AppleWebKit/537.36 (KHTML, like Gecko) Chrome/135.0.0.0 Safari/537.36"
150.107.241.148 - - [17/Apr/2025:14:14:34 +0530] "POST /wp-admin/admin-ajax.php HTTP/2" 200 54 "https://ekakshhomecare.myycard.in/wp-admin/admin.php?page=WPvivid" "Mozilla/5.0 (Windows NT 10.0; Win64; x64) AppleWebKit/537.36 (KHTML, like Gecko) Chrome/135.0.0.0 Safari/537.36"
150.107.241.148 - - [17/Apr/2025:14:15:06 +0530] "POST /wp-admin/admin-ajax.php HTTP/2" 200 1949 "https://ekakshhomecare.myycard.in/wp-admin/admin.php?page=WPvivid" "Mozilla/5.0 (Windows NT 10.0; Win64; x64) AppleWebKit/537.36 (KHTML, like Gecko) Chrome/135.0.0.0 Safari/537.36"
150.107.241.148 - - [17/Apr/2025:14:15:10 +0530] "POST /wp-admin/admin-ajax.php HTTP/2" 200 1949 "https://ekakshhomecare.myycard.in/wp-admin/admin.php?page=WPvivid" "Mozilla/5.0 (Windows NT 10.0; Win64; x64) AppleWebKit/537.36 (KHTML, like Gecko) Chrome/135.0.0.0 Safari/537.36"
150.107.241.148 - - [17/Apr/2025:14:15:14 +0530] "POST /wp-admin/admin-ajax.php HTTP/2" 200 1949 "https://ekakshhomecare.myycard.in/wp-admin/admin.php?page=WPvivid" "Mozilla/5.0 (Windows NT 10.0; Win64; x64) AppleWebKit/537.36 (KHTML, like Gecko) Chrome/135.0.0.0 Safari/537.36"
150.107.241.148 - - [17/Apr/2025:14:15:18 +0530] "POST /wp-admin/admin-ajax.php HTTP/2" 200 1954 "https://ekakshhomecare.myycard.in/wp-admin/admin.php?page=WPvivid" "Mozilla/5.0 (Windows NT 10.0; Win64; x64) AppleWebKit/537.36 (KHTML, like Gecko) Chrome/135.0.0.0 Safari/537.36"
150.107.241.148 - - [17/Apr/2025:14:15:22 +0530] "POST /wp-admin/admin-ajax.php HTTP/2" 200 1975 "https://ekakshhomecare.myycard.in/wp-admin/admin.php?page=WPvivid" "Mozilla/5.0 (Windows NT 10.0; Win64; x64) AppleWebKit/537.36 (KHTML, like Gecko) Chrome/135.0.0.0 Safari/537.36"
150.107.241.148 - - [17/Apr/2025:14:15:26 +0530] "POST /wp-admin/admin-ajax.php HTTP/2" 200 1977 "https://ekakshhomecare.myycard.in/wp-admin/admin.php?page=WPvivid" "Mozilla/5.0 (Windows NT 10.0; Win64; x64) AppleWebKit/537.36 (KHTML, like Gecko) Chrome/135.0.0.0 Safari/537.36"
150.107.241.148 - - [17/Apr/2025:14:15:28 +0530] "POST /wp-admin/admin-ajax.php HTTP/2" 200 67 "https://ekakshhomecare.myycard.in/wp-admin/admin.php?page=WPvivid" "Mozilla/5.0 (Windows NT 10.0; Win64; x64) AppleWebKit/537.36 (KHTML, like Gecko) Chrome/135.0.0.0 Safari/537.36"
150.107.241.148 - - [17/Apr/2025:14:15:30 +0530] "POST /wp-admin/admin-ajax.php HTTP/2" 200 1975 "https://ekakshhomecare.myycard.in/wp-admin/admin.php?page=WPvivid" "Mozilla/5.0 (Windows NT 10.0; Win64; x64) AppleWebKit/537.36 (KHTML, like Gecko) Chrome/135.0.0.0 Safari/537.36"
150.107.241.148 - - [17/Apr/2025:14:15:34 +0530] "POST /wp-admin/admin-ajax.php HTTP/2" 200 1971 "https://ekakshhomecare.myycard.in/wp-admin/admin.php?page=WPvivid" "Mozilla/5.0 (Windows NT 10.0; Win64; x64) AppleWebKit/537.36 (KHTML, like Gecko) Chrome/135.0.0.0 Safari/537.36"
150.107.241.148 - - [17/Apr/2025:14:15:38 +0530] "POST /wp-admin/admin-ajax.php HTTP/2" 200 1979 "https://ekakshhomecare.myycard.in/wp-admin/admin.php?page=WPvivid" "Mozilla/5.0 (Windows NT 10.0; Win64; x64) AppleWebKit/537.36 (KHTML, like Gecko) Chrome/135.0.0.0 Safari/537.36"
103.212.120.166 - - [17/Apr/2025:14:15:42 +0530] "POST /wp-cron.php?doing_wp_cron=1744879542.3632619380950927734375 HTTP/1.1" 403 1242 "-" "WordPress/6.7.2; https://ekakshhomecare.myycard.in"
150.107.241.148 - - [17/Apr/2025:14:15:42 +0530] "POST /wp-admin/admin-ajax.php HTTP/2" 200 1980 "https://ekakshhomecare.myycard.in/wp-admin/admin.php?page=WPvivid" "Mozilla/5.0 (Windows NT 10.0; Win64; x64) AppleWebKit/537.36 (KHTML, like Gecko) Chrome/135.0.0.0 Safari/537.36"
150.107.241.148 - - [17/Apr/2025:14:15:46 +0530] "POST /wp-admin/admin-ajax.php HTTP/2" 200 1982 "https://ekakshhomecare.myycard.in/wp-admin/admin.php?page=WPvivid" "Mozilla/5.0 (Windows NT 10.0; Win64; x64) AppleWebKit/537.36 (KHTML, like Gecko) Chrome/135.0.0.0 Safari/537.36"
150.107.241.148 - - [17/Apr/2025:14:15:50 +0530] "POST /wp-admin/admin-ajax.php HTTP/2" 200 1980 "https://ekakshhomecare.myycard.in/wp-admin/admin.php?page=WPvivid" "Mozilla/5.0 (Windows NT 10.0; Win64; x64) AppleWebKit/537.36 (KHTML, like Gecko) Chrome/135.0.0.0 Safari/537.36"
150.107.241.148 - - [17/Apr/2025:14:15:54 +0530] "POST /wp-admin/admin-ajax.php HTTP/2" 200 1982 "https://ekakshhomecare.myycard.in/wp-admin/admin.php?page=WPvivid" "Mozilla/5.0 (Windows NT 10.0; Win64; x64) AppleWebKit/537.36 (KHTML, like Gecko) Chrome/135.0.0.0 Safari/537.36"
150.107.241.148 - - [17/Apr/2025:14:15:57 +0530] "POST /wp-admin/admin-ajax.php HTTP/2" 200 1982 "https://ekakshhomecare.myycard.in/wp-admin/admin.php?page=WPvivid" "Mozilla/5.0 (Windows NT 10.0; Win64; x64) AppleWebKit/537.36 (KHTML, like Gecko) Chrome/135.0.0.0 Safari/537.36"
150.107.241.148 - - [17/Apr/2025:14:16:01 +0530] "POST /wp-admin/admin-ajax.php HTTP/2" 200 1982 "https://ekakshhomecare.myycard.in/wp-admin/admin.php?page=WPvivid" "Mozilla/5.0 (Windows NT 10.0; Win64; x64) AppleWebKit/537.36 (KHTML, like Gecko) Chrome/135.0.0.0 Safari/537.36"
150.107.241.148 - - [17/Apr/2025:14:16:05 +0530] "POST /wp-admin/admin-ajax.php HTTP/2" 200 1980 "https://ekakshhomecare.myycard.in/wp-admin/admin.php?page=WPvivid" "Mozilla/5.0 (Windows NT 10.0; Win64; x64) AppleWebKit/537.36 (KHTML, like Gecko) Chrome/135.0.0.0 Safari/537.36"
150.107.241.148 - - [17/Apr/2025:14:16:09 +0530] "POST /wp-admin/admin-ajax.php HTTP/2" 200 1980 "https://ekakshhomecare.myycard.in/wp-admin/admin.php?page=WPvivid" "Mozilla/5.0 (Windows NT 10.0; Win64; x64) AppleWebKit/537.36 (KHTML, like Gecko) Chrome/135.0.0.0 Safari/537.36"
150.107.241.148 - - [17/Apr/2025:14:16:13 +0530] "POST /wp-admin/admin-ajax.php HTTP/2" 200 1985 "https://ekakshhomecare.myycard.in/wp-admin/admin.php?page=WPvivid" "Mozilla/5.0 (Windows NT 10.0; Win64; x64) AppleWebKit/537.36 (KHTML, like Gecko) Chrome/135.0.0.0 Safari/537.36"
150.107.241.148 - - [17/Apr/2025:14:16:17 +0530] "POST /wp-admin/admin-ajax.php HTTP/2" 200 1983 "https://ekakshhomecare.myycard.in/wp-admin/admin.php?page=WPvivid" "Mozilla/5.0 (Windows NT 10.0; Win64; x64) AppleWebKit/537.36 (KHTML, like Gecko) Chrome/135.0.0.0 Safari/537.36"
150.107.241.148 - - [17/Apr/2025:14:16:20 +0530] "POST /wp-admin/admin-ajax.php HTTP/2" 200 1983 "https://ekakshhomecare.myycard.in/wp-admin/admin.php?page=WPvivid" "Mozilla/5.0 (Windows NT 10.0; Win64; x64) AppleWebKit/537.36 (KHTML, like Gecko) Chrome/135.0.0.0 Safari/537.36"
150.107.241.148 - - [17/Apr/2025:14:16:24 +0530] "POST /wp-admin/admin-ajax.php HTTP/2" 200 1983 "https://ekakshhomecare.myycard.in/wp-admin/admin.php?page=WPvivid" "Mozilla/5.0 (Windows NT 10.0; Win64; x64) AppleWebKit/537.36 (KHTML, like Gecko) Chrome/135.0.0.0 Safari/537.36"
150.107.241.148 - - [17/Apr/2025:14:16:28 +0530] "POST /wp-admin/admin-ajax.php HTTP/2" 200 1983 "https://ekakshhomecare.myycard.in/wp-admin/admin.php?page=WPvivid" "Mozilla/5.0 (Windows NT 10.0; Win64; x64) AppleWebKit/537.36 (KHTML, like Gecko) Chrome/135.0.0.0 Safari/537.36"
150.107.241.148 - - [17/Apr/2025:14:16:28 +0530] "POST /wp-admin/admin-ajax.php HTTP/2" 200 67 "https://ekakshhomecare.myycard.in/wp-admin/admin.php?page=WPvivid" "Mozilla/5.0 (Windows NT 10.0; Win64; x64) AppleWebKit/537.36 (KHTML, like Gecko) Chrome/135.0.0.0 Safari/537.36"
150.107.241.148 - - [17/Apr/2025:14:16:32 +0530] "POST /wp-admin/admin-ajax.php HTTP/2" 200 1985 "https://ekakshhomecare.myycard.in/wp-admin/admin.php?page=WPvivid" "Mozilla/5.0 (Windows NT 10.0; Win64; x64) AppleWebKit/537.36 (KHTML, like Gecko) Chrome/135.0.0.0 Safari/537.36"
150.107.241.148 - - [17/Apr/2025:14:16:36 +0530] "POST /wp-admin/admin-ajax.php HTTP/2" 200 1985 "https://ekakshhomecare.myycard.in/wp-admin/admin.php?page=WPvivid" "Mozilla/5.0 (Windows NT 10.0; Win64; x64) AppleWebKit/537.36 (KHTML, like Gecko) Chrome/135.0.0.0 Safari/537.36"
150.107.241.148 - - [17/Apr/2025:14:16:40 +0530] "POST /wp-admin/admin-ajax.php HTTP/2" 200 1985 "https://ekakshhomecare.myycard.in/wp-admin/admin.php?page=WPvivid" "Mozilla/5.0 (Windows NT 10.0; Win64; x64) AppleWebKit/537.36 (KHTML, like Gecko) Chrome/135.0.0.0 Safari/537.36"
103.212.120.166 - - [17/Apr/2025:14:16:44 +0530] "POST /wp-cron.php?doing_wp_cron=1744879604.3704509735107421875000 HTTP/1.1" 403 1242 "-" "WordPress/6.7.2; https://ekakshhomecare.myycard.in"
150.107.241.148 - - [17/Apr/2025:14:16:44 +0530] "POST /wp-admin/admin-ajax.php HTTP/2" 200 1986 "https://ekakshhomecare.myycard.in/wp-admin/admin.php?page=WPvivid" "Mozilla/5.0 (Windows NT 10.0; Win64; x64) AppleWebKit/537.36 (KHTML, like Gecko) Chrome/135.0.0.0 Safari/537.36"
150.107.241.148 - - [17/Apr/2025:14:16:48 +0530] "POST /wp-admin/admin-ajax.php HTTP/2" 200 1986 "https://ekakshhomecare.myycard.in/wp-admin/admin.php?page=WPvivid" "Mozilla/5.0 (Windows NT 10.0; Win64; x64) AppleWebKit/537.36 (KHTML, like Gecko) Chrome/135.0.0.0 Safari/537.36"
150.107.241.148 - - [17/Apr/2025:14:16:52 +0530] "POST /wp-admin/admin-ajax.php HTTP/2" 200 1983 "https://ekakshhomecare.myycard.in/wp-admin/admin.php?page=WPvivid" "Mozilla/5.0 (Windows NT 10.0; Win64; x64) AppleWebKit/537.36 (KHTML, like Gecko) Chrome/135.0.0.0 Safari/537.36"
150.107.241.148 - - [17/Apr/2025:14:16:56 +0530] "POST /wp-admin/admin-ajax.php HTTP/2" 200 2025 "https://ekakshhomecare.myycard.in/wp-admin/admin.php?page=WPvivid" "Mozilla/5.0 (Windows NT 10.0; Win64; x64) AppleWebKit/537.36 (KHTML, like Gecko) Chrome/135.0.0.0 Safari/537.36"
150.107.241.148 - - [17/Apr/2025:14:17:00 +0530] "POST /wp-admin/admin-ajax.php HTTP/2" 200 2025 "https://ekakshhomecare.myycard.in/wp-admin/admin.php?page=WPvivid" "Mozilla/5.0 (Windows NT 10.0; Win64; x64) AppleWebKit/537.36 (KHTML, like Gecko) Chrome/135.0.0.0 Safari/537.36"
150.107.241.148 - - [17/Apr/2025:14:17:04 +0530] "POST /wp-admin/admin-ajax.php HTTP/2" 200 2032 "https://ekakshhomecare.myycard.in/wp-admin/admin.php?page=WPvivid" "Mozilla/5.0 (Windows NT 10.0; Win64; x64) AppleWebKit/537.36 (KHTML, like Gecko) Chrome/135.0.0.0 Safari/537.36"
150.107.241.148 - - [17/Apr/2025:14:17:08 +0530] "POST /wp-admin/admin-ajax.php HTTP/2" 200 2212 "https://ekakshhomecare.myycard.in/wp-admin/admin.php?page=WPvivid" "Mozilla/5.0 (Windows NT 10.0; Win64; x64) AppleWebKit/537.36 (KHTML, like Gecko) Chrome/135.0.0.0 Safari/537.36"
150.107.241.148 - - [17/Apr/2025:14:17:12 +0530] "POST /wp-admin/admin-ajax.php HTTP/2" 200 2212 "https://ekakshhomecare.myycard.in/wp-admin/admin.php?page=WPvivid" "Mozilla/5.0 (Windows NT 10.0; Win64; x64) AppleWebKit/537.36 (KHTML, like Gecko) Chrome/135.0.0.0 Safari/537.36"
150.107.241.148 - - [17/Apr/2025:14:17:16 +0530] "POST /wp-admin/admin-ajax.php HTTP/2" 200 2296 "https://ekakshhomecare.myycard.in/wp-admin/admin.php?page=WPvivid" "Mozilla/5.0 (Windows NT 10.0; Win64; x64) AppleWebKit/537.36 (KHTML, like Gecko) Chrome/135.0.0.0 Safari/537.36"
150.107.241.148 - - [17/Apr/2025:14:17:20 +0530] "POST /wp-admin/admin-ajax.php HTTP/2" 200 2296 "https://ekakshhomecare.myycard.in/wp-admin/admin.php?page=WPvivid" "Mozilla/5.0 (Windows NT 10.0; Win64; x64) AppleWebKit/537.36 (KHTML, like Gecko) Chrome/135.0.0.0 Safari/537.36"
150.107.241.148 - - [17/Apr/2025:14:17:24 +0530] "POST /wp-admin/admin-ajax.php HTTP/2" 200 2296 "https://ekakshhomecare.myycard.in/wp-admin/admin.php?page=WPvivid" "Mozilla/5.0 (Windows NT 10.0; Win64; x64) AppleWebKit/537.36 (KHTML, like Gecko) Chrome/135.0.0.0 Safari/537.36"
150.107.241.148 - - [17/Apr/2025:14:17:28 +0530] "GET /wp-cron.php HTTP/2" 403 1242 "https://ekakshhomecare.myycard.in/wp-admin/admin.php?page=WPvivid" "Mozilla/5.0 (Windows NT 10.0; Win64; x64) AppleWebKit/537.36 (KHTML, like Gecko) Chrome/135.0.0.0 Safari/537.36"
150.107.241.148 - - [17/Apr/2025:14:17:28 +0530] "POST /wp-admin/admin-ajax.php HTTP/2" 200 2454 "https://ekakshhomecare.myycard.in/wp-admin/admin.php?page=WPvivid" "Mozilla/5.0 (Windows NT 10.0; Win64; x64) AppleWebKit/537.36 (KHTML, like Gecko) Chrome/135.0.0.0 Safari/537.36"
150.107.241.148 - - [17/Apr/2025:14:17:29 +0530] "POST /wp-admin/admin-ajax.php HTTP/2" 200 67 "https://ekakshhomecare.myycard.in/wp-admin/admin.php?page=WPvivid" "Mozilla/5.0 (Windows NT 10.0; Win64; x64) AppleWebKit/537.36 (KHTML, like Gecko) Chrome/135.0.0.0 Safari/537.36"
150.107.241.148 - - [17/Apr/2025:14:17:32 +0530] "POST /wp-admin/admin-ajax.php HTTP/2" 200 2454 "https://ekakshhomecare.myycard.in/wp-admin/admin.php?page=WPvivid" "Mozilla/5.0 (Windows NT 10.0; Win64; x64) AppleWebKit/537.36 (KHTML, like Gecko) Chrome/135.0.0.0 Safari/537.36"
150.107.241.148 - - [17/Apr/2025:14:17:36 +0530] "POST /wp-admin/admin-ajax.php HTTP/2" 200 2453 "https://ekakshhomecare.myycard.in/wp-admin/admin.php?page=WPvivid" "Mozilla/5.0 (Windows NT 10.0; Win64; x64) AppleWebKit/537.36 (KHTML, like Gecko) Chrome/135.0.0.0 Safari/537.36"
150.107.241.148 - - [17/Apr/2025:14:17:40 +0530] "POST /wp-admin/admin-ajax.php HTTP/2" 200 2453 "https://ekakshhomecare.myycard.in/wp-admin/admin.php?page=WPvivid" "Mozilla/5.0 (Windows NT 10.0; Win64; x64) AppleWebKit/537.36 (KHTML, like Gecko) Chrome/135.0.0.0 Safari/537.36"
103.212.120.166 - - [17/Apr/2025:14:17:44 +0530] "POST /wp-cron.php?doing_wp_cron=1744879664.4144859313964843750000 HTTP/1.1" 403 1242 "-" "WordPress/6.7.2; https://ekakshhomecare.myycard.in"
150.107.241.148 - - [17/Apr/2025:14:17:44 +0530] "POST /wp-admin/admin-ajax.php HTTP/2" 200 2454 "https://ekakshhomecare.myycard.in/wp-admin/admin.php?page=WPvivid" "Mozilla/5.0 (Windows NT 10.0; Win64; x64) AppleWebKit/537.36 (KHTML, like Gecko) Chrome/135.0.0.0 Safari/537.36"
150.107.241.148 - - [17/Apr/2025:14:17:48 +0530] "POST /wp-admin/admin-ajax.php HTTP/2" 200 2454 "https://ekakshhomecare.myycard.in/wp-admin/admin.php?page=WPvivid" "Mozilla/5.0 (Windows NT 10.0; Win64; x64) AppleWebKit/537.36 (KHTML, like Gecko) Chrome/135.0.0.0 Safari/537.36"
150.107.241.148 - - [17/Apr/2025:14:17:52 +0530] "POST /wp-admin/admin-ajax.php HTTP/2" 200 2454 "https://ekakshhomecare.myycard.in/wp-admin/admin.php?page=WPvivid" "Mozilla/5.0 (Windows NT 10.0; Win64; x64) AppleWebKit/537.36 (KHTML, like Gecko) Chrome/135.0.0.0 Safari/537.36"
157.32.251.203 - - [17/Apr/2025:14:17:52 +0530] "GET / HTTP/2" 200 19353 "-" "Mozilla/5.0 (Linux; Android 10; K) AppleWebKit/537.36 (KHTML, like Gecko) Chrome/135.0.0.0 Mobile Safari/537.36"
157.32.251.203 - - [17/Apr/2025:14:17:53 +0530] "GET /wp-content/uploads/elementor/css/post-29.css?ver=1744879673 HTTP/2" 200 1177 "https://ekakshhomecare.myycard.in/" "Mozilla/5.0 (Linux; Android 10; K) AppleWebKit/537.36 (KHTML, like Gecko) Chrome/135.0.0.0 Mobile Safari/537.36"
157.32.251.203 - - [17/Apr/2025:14:17:53 +0530] "GET /wp-content/uploads/elementor/css/post-9.css?ver=1744879673 HTTP/2" 200 3158 "https://ekakshhomecare.myycard.in/" "Mozilla/5.0 (Linux; Android 10; K) AppleWebKit/537.36 (KHTML, like Gecko) Chrome/135.0.0.0 Mobile Safari/537.36"
157.32.251.203 - - [17/Apr/2025:14:17:53 +0530] "GET /wp-content/uploads/elementor/css/post-158.css?ver=1744879673 HTTP/2" 200 1170 "https://ekakshhomecare.myycard.in/" "Mozilla/5.0 (Linux; Android 10; K) AppleWebKit/537.36 (KHTML, like Gecko) Chrome/135.0.0.0 Mobile Safari/537.36"
157.32.251.203 - - [17/Apr/2025:14:17:53 +0530] "GET /wp-content/uploads/elementor/css/post-193.css?ver=1744879673 HTTP/2" 200 2604 "https://ekakshhomecare.myycard.in/" "Mozilla/5.0 (Linux; Android 10; K) AppleWebKit/537.36 (KHTML, like Gecko) Chrome/135.0.0.0 Mobile Safari/537.36"
157.32.251.203 - - [17/Apr/2025:14:17:53 +0530] "GET /wp-content/uploads/2025/04/200-removebg-preview.png HTTP/2" 200 110982 "https://ekakshhomecare.myycard.in/" "Mozilla/5.0 (Linux; Android 10; K) AppleWebKit/537.36 (KHTML, like Gecko) Chrome/135.0.0.0 Mobile Safari/537.36"
157.32.251.203 - - [17/Apr/2025:14:17:53 +0530] "GET /wp-content/plugins/click-to-chat-for-whatsapp/new/inc/assets/js/app.js?ver=4.20 HTTP/3" 304 0 "https://ekakshhomecare.myycard.in/" "Mozilla/5.0 (Linux; Android 10; K) AppleWebKit/537.36 (KHTML, like Gecko) Chrome/135.0.0.0 Mobile Safari/537.36"
157.32.251.203 - - [17/Apr/2025:14:17:53 +0530] "GET /wp-content/plugins/elementor/assets/lib/swiper/v8/swiper.min.js?ver=8.4.5 HTTP/3" 304 0 "https://ekakshhomecare.myycard.in/" "Mozilla/5.0 (Linux; Android 10; K) AppleWebKit/537.36 (KHTML, like Gecko) Chrome/135.0.0.0 Mobile Safari/537.36"
157.32.251.203 - - [17/Apr/2025:14:17:53 +0530] "GET /wp-content/themes/hello-elementor/assets/js/hello-frontend.min.js?ver=3.3.0 HTTP/3" 304 0 "https://ekakshhomecare.myycard.in/" "Mozilla/5.0 (Linux; Android 10; K) AppleWebKit/537.36 (KHTML, like Gecko) Chrome/135.0.0.0 Mobile Safari/537.36"
157.32.251.203 - - [17/Apr/2025:14:17:53 +0530] "GET /wp-content/plugins/elementskit-lite/libs/framework/assets/js/frontend-script.js?ver=3.4.9 HTTP/3" 304 0 "https://ekakshhomecare.myycard.in/" "Mozilla/5.0 (Linux; Android 10; K) AppleWebKit/537.36 (KHTML, like Gecko) Chrome/135.0.0.0 Mobile Safari/537.36"
157.32.251.203 - - [17/Apr/2025:14:17:53 +0530] "GET /wp-content/plugins/elementskit-lite/widgets/init/assets/js/widget-scripts.js?ver=3.4.9 HTTP/3" 304 0 "https://ekakshhomecare.myycard.in/" "Mozilla/5.0 (Linux; Android 10; K) AppleWebKit/537.36 (KHTML, like Gecko) Chrome/135.0.0.0 Mobile Safari/537.36"
157.32.251.203 - - [17/Apr/2025:14:17:53 +0530] "GET /wp-content/plugins/master-addons/assets/js/plugins.js?ver=2.0.7.4 HTTP/3" 304 0 "https://ekakshhomecare.myycard.in/" "Mozilla/5.0 (Linux; Android 10; K) AppleWebKit/537.36 (KHTML, like Gecko) Chrome/135.0.0.0 Mobile Safari/537.36"
157.32.251.203 - - [17/Apr/2025:14:17:53 +0530] "GET /wp-content/plugins/master-addons/assets/js/master-addons-scripts.js?ver=2.0.7.4 HTTP/3" 304 0 "https://ekakshhomecare.myycard.in/" "Mozilla/5.0 (Linux; Android 10; K) AppleWebKit/537.36 (KHTML, like Gecko) Chrome/135.0.0.0 Mobile Safari/537.36"
157.32.251.203 - - [17/Apr/2025:14:17:53 +0530] "GET /wp-content/plugins/elementor-pro/assets/lib/smartmenus/jquery.smartmenus.min.js?ver=1.2.1 HTTP/3" 304 0 "https://ekakshhomecare.myycard.in/" "Mozilla/5.0 (Linux; Android 10; K) AppleWebKit/537.36 (KHTML, like Gecko) Chrome/135.0.0.0 Mobile Safari/537.36"
157.32.251.203 - - [17/Apr/2025:14:17:53 +0530] "GET /wp-content/uploads/2025/04/100-removebg-preview.png HTTP/3" 200 165754 "https://ekakshhomecare.myycard.in/" "Mozilla/5.0 (Linux; Android 10; K) AppleWebKit/537.36 (KHTML, like Gecko) Chrome/135.0.0.0 Mobile Safari/537.36"
157.32.251.203 - - [17/Apr/2025:14:17:53 +0530] "GET /wp-content/uploads/2025/04/diploma.webp HTTP/3" 200 129998 "https://ekakshhomecare.myycard.in/" "Mozilla/5.0 (Linux; Android 10; K) AppleWebKit/537.36 (KHTML, like Gecko) Chrome/135.0.0.0 Mobile Safari/537.36"
157.32.251.203 - - [17/Apr/2025:14:17:53 +0530] "GET /wp-content/plugins/elementor-pro/assets/js/webpack-pro.runtime.min.js?ver=3.21.2 HTTP/3" 304 0 "https://ekakshhomecare.myycard.in/" "Mozilla/5.0 (Linux; Android 10; K) AppleWebKit/537.36 (KHTML, like Gecko) Chrome/135.0.0.0 Mobile Safari/537.36"
157.32.251.203 - - [17/Apr/2025:14:17:53 +0530] "GET /wp-content/plugins/elementor/assets/js/webpack.runtime.min.js?ver=3.28.3 HTTP/3" 304 0 "https://ekakshhomecare.myycard.in/" "Mozilla/5.0 (Linux; Android 10; K) AppleWebKit/537.36 (KHTML, like Gecko) Chrome/135.0.0.0 Mobile Safari/537.36"
157.32.251.203 - - [17/Apr/2025:14:17:53 +0530] "GET /wp-content/plugins/elementor/assets/js/frontend-modules.min.js?ver=3.28.3 HTTP/3" 304 0 "https://ekakshhomecare.myycard.in/" "Mozilla/5.0 (Linux; Android 10; K) AppleWebKit/537.36 (KHTML, like Gecko) Chrome/135.0.0.0 Mobile Safari/537.36"
157.32.251.203 - - [17/Apr/2025:14:17:53 +0530] "GET /wp-content/plugins/elementor-pro/assets/js/frontend.min.js?ver=3.21.2 HTTP/3" 304 0 "https://ekakshhomecare.myycard.in/" "Mozilla/5.0 (Linux; Android 10; K) AppleWebKit/537.36 (KHTML, like Gecko) Chrome/135.0.0.0 Mobile Safari/537.36"
157.32.251.203 - - [17/Apr/2025:14:17:53 +0530] "GET /wp-content/plugins/elementskit-lite/widgets/init/assets/js/elementor.js?ver=3.4.9 HTTP/3" 304 0 "https://ekakshhomecare.myycard.in/" "Mozilla/5.0 (Linux; Android 10; K) AppleWebKit/537.36 (KHTML, like Gecko) Chrome/135.0.0.0 Mobile Safari/537.36"
157.32.251.203 - - [17/Apr/2025:14:17:53 +0530] "GET /wp-content/plugins/elementskit-lite/widgets/init/assets/js/animate-circle.min.js?ver=3.4.9 HTTP/3" 304 0 "https://ekakshhomecare.myycard.in/" "Mozilla/5.0 (Linux; Android 10; K) AppleWebKit/537.36 (KHTML, like Gecko) Chrome/135.0.0.0 Mobile Safari/537.36"
157.32.251.203 - - [17/Apr/2025:14:17:53 +0530] "GET /wp-content/plugins/elementor/assets/js/frontend.min.js?ver=3.28.3 HTTP/3" 304 0 "https://ekakshhomecare.myycard.in/" "Mozilla/5.0 (Linux; Android 10; K) AppleWebKit/537.36 (KHTML, like Gecko) Chrome/135.0.0.0 Mobile Safari/537.36"
157.32.251.203 - - [17/Apr/2025:14:17:53 +0530] "GET /wp-content/plugins/elementor-pro/assets/js/elements-handlers.min.js?ver=3.21.2 HTTP/3" 304 0 "https://ekakshhomecare.myycard.in/" "Mozilla/5.0 (Linux; Android 10; K) AppleWebKit/537.36 (KHTML, like Gecko) Chrome/135.0.0.0 Mobile Safari/537.36"
157.32.251.203 - - [17/Apr/2025:14:17:54 +0530] "GET /wp-content/plugins/elementor-pro/assets/js/nav-menu.d43af66e5000fd109c04.bundle.min.js HTTP/3" 304 0 "https://ekakshhomecare.myycard.in/" "Mozilla/5.0 (Linux; Android 10; K) AppleWebKit/537.36 (KHTML, like Gecko) Chrome/135.0.0.0 Mobile Safari/537.36"
157.32.251.203 - - [17/Apr/2025:14:17:54 +0530] "GET /wp-content/plugins/elementor/assets/js/text-editor.c084ef86600b6f11690d.bundle.min.js HTTP/3" 304 0 "https://ekakshhomecare.myycard.in/" "Mozilla/5.0 (Linux; Android 10; K) AppleWebKit/537.36 (KHTML, like Gecko) Chrome/135.0.0.0 Mobile Safari/537.36"
157.32.251.203 - - [17/Apr/2025:14:17:54 +0530] "GET /wp-content/plugins/elementor-pro/assets/js/form.10bf1a6475f0741920ff.bundle.min.js HTTP/3" 304 0 "https://ekakshhomecare.myycard.in/" "Mozilla/5.0 (Linux; Android 10; K) AppleWebKit/537.36 (KHTML, like Gecko) Chrome/135.0.0.0 Mobile Safari/537.36"
157.32.251.203 - - [17/Apr/2025:14:17:54 +0530] "GET /wp-content/plugins/elementor-pro/assets/js/popup.085c1727e36940b18f29.bundle.min.js HTTP/3" 304 0 "https://ekakshhomecare.myycard.in/" "Mozilla/5.0 (Linux; Android 10; K) AppleWebKit/537.36 (KHTML, like Gecko) Chrome/135.0.0.0 Mobile Safari/537.36"
157.32.251.203 - - [17/Apr/2025:14:17:53 +0530] "GET /wp-content/uploads/2025/04/20250110_173722.png HTTP/3" 200 1683086 "https://ekakshhomecare.myycard.in/" "Mozilla/5.0 (Linux; Android 10; K) AppleWebKit/537.36 (KHTML, like Gecko) Chrome/135.0.0.0 Mobile Safari/537.36"
157.32.251.203 - - [17/Apr/2025:14:17:54 +0530] "GET /wp-content/uploads/2025/04/20250110_173317.png HTTP/3" 200 1181040 "https://ekakshhomecare.myycard.in/" "Mozilla/5.0 (Linux; Android 10; K) AppleWebKit/537.36 (KHTML, like Gecko) Chrome/135.0.0.0 Mobile Safari/537.36"
157.32.251.203 - - [17/Apr/2025:14:17:54 +0530] "GET /wp-content/uploads/2025/04/20250110_173500.png HTTP/3" 200 1645832 "https://ekakshhomecare.myycard.in/" "Mozilla/5.0 (Linux; Android 10; K) AppleWebKit/537.36 (KHTML, like Gecko) Chrome/135.0.0.0 Mobile Safari/537.36"
157.32.251.203 - - [17/Apr/2025:14:17:54 +0530] "GET /favicon.ico HTTP/3" 404 1251 "https://ekakshhomecare.myycard.in/" "Mozilla/5.0 (Linux; Android 10; K) AppleWebKit/537.36 (KHTML, like Gecko) Chrome/135.0.0.0 Mobile Safari/537.36"
150.107.241.148 - - [17/Apr/2025:14:17:56 +0530] "POST /wp-admin/admin-ajax.php HTTP/2" 200 2456 "https://ekakshhomecare.myycard.in/wp-admin/admin.php?page=WPvivid" "Mozilla/5.0 (Windows NT 10.0; Win64; x64) AppleWebKit/537.36 (KHTML, like Gecko) Chrome/135.0.0.0 Safari/537.36"
150.107.241.148 - - [17/Apr/2025:14:18:00 +0530] "POST /wp-admin/admin-ajax.php HTTP/2" 200 2454 "https://ekakshhomecare.myycard.in/wp-admin/admin.php?page=WPvivid" "Mozilla/5.0 (Windows NT 10.0; Win64; x64) AppleWebKit/537.36 (KHTML, like Gecko) Chrome/135.0.0.0 Safari/537.36"
150.107.241.148 - - [17/Apr/2025:14:18:04 +0530] "POST /wp-admin/admin-ajax.php HTTP/2" 200 2454 "https://ekakshhomecare.myycard.in/wp-admin/admin.php?page=WPvivid" "Mozilla/5.0 (Windows NT 10.0; Win64; x64) AppleWebKit/537.36 (KHTML, like Gecko) Chrome/135.0.0.0 Safari/537.36"
150.107.241.148 - - [17/Apr/2025:14:18:07 +0530] "POST /wp-admin/admin-ajax.php HTTP/2" 200 2471 "https://ekakshhomecare.myycard.in/wp-admin/admin.php?page=WPvivid" "Mozilla/5.0 (Windows NT 10.0; Win64; x64) AppleWebKit/537.36 (KHTML, like Gecko) Chrome/135.0.0.0 Safari/537.36"
150.107.241.148 - - [17/Apr/2025:14:18:11 +0530] "POST /wp-admin/admin-ajax.php HTTP/2" 200 2471 "https://ekakshhomecare.myycard.in/wp-admin/admin.php?page=WPvivid" "Mozilla/5.0 (Windows NT 10.0; Win64; x64) AppleWebKit/537.36 (KHTML, like Gecko) Chrome/135.0.0.0 Safari/537.36"
150.107.241.148 - - [17/Apr/2025:14:18:15 +0530] "POST /wp-admin/admin-ajax.php HTTP/2" 200 2471 "https://ekakshhomecare.myycard.in/wp-admin/admin.php?page=WPvivid" "Mozilla/5.0 (Windows NT 10.0; Win64; x64) AppleWebKit/537.36 (KHTML, like Gecko) Chrome/135.0.0.0 Safari/537.36"
150.107.241.148 - - [17/Apr/2025:14:18:18 +0530] "POST /wp-admin/admin-ajax.php HTTP/2" 200 2471 "https://ekakshhomecare.myycard.in/wp-admin/admin.php?page=WPvivid" "Mozilla/5.0 (Windows NT 10.0; Win64; x64) AppleWebKit/537.36 (KHTML, like Gecko) Chrome/135.0.0.0 Safari/537.36"
150.107.241.148 - - [17/Apr/2025:14:18:21 +0530] "POST /wp-admin/admin-ajax.php HTTP/2" 200 2471 "https://ekakshhomecare.myycard.in/wp-admin/admin.php?page=WPvivid" "Mozilla/5.0 (Windows NT 10.0; Win64; x64) AppleWebKit/537.36 (KHTML, like Gecko) Chrome/135.0.0.0 Safari/537.36"
150.107.241.148 - - [17/Apr/2025:14:18:25 +0530] "POST /wp-admin/admin-ajax.php HTTP/2" 200 2471 "https://ekakshhomecare.myycard.in/wp-admin/admin.php?page=WPvivid" "Mozilla/5.0 (Windows NT 10.0; Win64; x64) AppleWebKit/537.36 (KHTML, like Gecko) Chrome/135.0.0.0 Safari/537.36"
150.107.241.148 - - [17/Apr/2025:14:18:28 +0530] "POST /wp-admin/admin-ajax.php HTTP/2" 200 2471 "https://ekakshhomecare.myycard.in/wp-admin/admin.php?page=WPvivid" "Mozilla/5.0 (Windows NT 10.0; Win64; x64) AppleWebKit/537.36 (KHTML, like Gecko) Chrome/135.0.0.0 Safari/537.36"
150.107.241.148 - - [17/Apr/2025:14:18:29 +0530] "POST /wp-admin/admin-ajax.php HTTP/2" 200 67 "https://ekakshhomecare.myycard.in/wp-admin/admin.php?page=WPvivid" "Mozilla/5.0 (Windows NT 10.0; Win64; x64) AppleWebKit/537.36 (KHTML, like Gecko) Chrome/135.0.0.0 Safari/537.36"
150.107.241.148 - - [17/Apr/2025:14:18:31 +0530] "POST /wp-admin/admin-ajax.php HTTP/2" 200 2471 "https://ekakshhomecare.myycard.in/wp-admin/admin.php?page=WPvivid" "Mozilla/5.0 (Windows NT 10.0; Win64; x64) AppleWebKit/537.36 (KHTML, like Gecko) Chrome/135.0.0.0 Safari/537.36"
150.107.241.148 - - [17/Apr/2025:14:18:34 +0530] "POST /wp-admin/admin-ajax.php HTTP/2" 200 2463 "https://ekakshhomecare.myycard.in/wp-admin/admin.php?page=WPvivid" "Mozilla/5.0 (Windows NT 10.0; Win64; x64) AppleWebKit/537.36 (KHTML, like Gecko) Chrome/135.0.0.0 Safari/537.36"
150.107.241.148 - - [17/Apr/2025:14:18:38 +0530] "POST /wp-admin/admin-ajax.php HTTP/2" 200 2470 "https://ekakshhomecare.myycard.in/wp-admin/admin.php?page=WPvivid" "Mozilla/5.0 (Windows NT 10.0; Win64; x64) AppleWebKit/537.36 (KHTML, like Gecko) Chrome/135.0.0.0 Safari/537.36"
150.107.241.148 - - [17/Apr/2025:14:18:41 +0530] "POST /wp-admin/admin-ajax.php HTTP/2" 200 2470 "https://ekakshhomecare.myycard.in/wp-admin/admin.php?page=WPvivid" "Mozilla/5.0 (Windows NT 10.0; Win64; x64) AppleWebKit/537.36 (KHTML, like Gecko) Chrome/135.0.0.0 Safari/537.36"
103.212.120.166 - - [17/Apr/2025:14:18:44 +0530] "POST /wp-cron.php?doing_wp_cron=1744879724.7065119743347167968750 HTTP/1.1" 403 1242 "-" "WordPress/6.7.2; https://ekakshhomecare.myycard.in"
150.107.241.148 - - [17/Apr/2025:14:18:44 +0530] "POST /wp-admin/admin-ajax.php HTTP/2" 200 2471 "https://ekakshhomecare.myycard.in/wp-admin/admin.php?page=WPvivid" "Mozilla/5.0 (Windows NT 10.0; Win64; x64) AppleWebKit/537.36 (KHTML, like Gecko) Chrome/135.0.0.0 Safari/537.36"
150.107.241.148 - - [17/Apr/2025:14:18:48 +0530] "POST /wp-admin/admin-ajax.php HTTP/2" 200 2488 "https://ekakshhomecare.myycard.in/wp-admin/admin.php?page=WPvivid" "Mozilla/5.0 (Windows NT 10.0; Win64; x64) AppleWebKit/537.36 (KHTML, like Gecko) Chrome/135.0.0.0 Safari/537.36"
150.107.241.148 - - [17/Apr/2025:14:18:52 +0530] "POST /wp-admin/admin-ajax.php HTTP/2" 200 2488 "https://ekakshhomecare.myycard.in/wp-admin/admin.php?page=WPvivid" "Mozilla/5.0 (Windows NT 10.0; Win64; x64) AppleWebKit/537.36 (KHTML, like Gecko) Chrome/135.0.0.0 Safari/537.36"
150.107.241.148 - - [17/Apr/2025:14:18:56 +0530] "POST /wp-admin/admin-ajax.php HTTP/2" 200 2488 "https://ekakshhomecare.myycard.in/wp-admin/admin.php?page=WPvivid" "Mozilla/5.0 (Windows NT 10.0; Win64; x64) AppleWebKit/537.36 (KHTML, like Gecko) Chrome/135.0.0.0 Safari/537.36"
150.107.241.148 - - [17/Apr/2025:14:18:59 +0530] "POST /wp-admin/admin-ajax.php HTTP/2" 200 2488 "https://ekakshhomecare.myycard.in/wp-admin/admin.php?page=WPvivid" "Mozilla/5.0 (Windows NT 10.0; Win64; x64) AppleWebKit/537.36 (KHTML, like Gecko) Chrome/135.0.0.0 Safari/537.36"
150.107.241.148 - - [17/Apr/2025:14:19:02 +0530] "POST /wp-admin/admin-ajax.php HTTP/2" 200 2488 "https://ekakshhomecare.myycard.in/wp-admin/admin.php?page=WPvivid" "Mozilla/5.0 (Windows NT 10.0; Win64; x64) AppleWebKit/537.36 (KHTML, like Gecko) Chrome/135.0.0.0 Safari/537.36"
150.107.241.148 - - [17/Apr/2025:14:19:06 +0530] "POST /wp-admin/admin-ajax.php HTTP/2" 200 2488 "https://ekakshhomecare.myycard.in/wp-admin/admin.php?page=WPvivid" "Mozilla/5.0 (Windows NT 10.0; Win64; x64) AppleWebKit/537.36 (KHTML, like Gecko) Chrome/135.0.0.0 Safari/537.36"
150.107.241.148 - - [17/Apr/2025:14:19:10 +0530] "POST /wp-admin/admin-ajax.php HTTP/2" 200 2488 "https://ekakshhomecare.myycard.in/wp-admin/admin.php?page=WPvivid" "Mozilla/5.0 (Windows NT 10.0; Win64; x64) AppleWebKit/537.36 (KHTML, like Gecko) Chrome/135.0.0.0 Safari/537.36"
150.107.241.148 - - [17/Apr/2025:14:19:13 +0530] "POST /wp-admin/admin-ajax.php HTTP/2" 200 2488 "https://ekakshhomecare.myycard.in/wp-admin/admin.php?page=WPvivid" "Mozilla/5.0 (Windows NT 10.0; Win64; x64) AppleWebKit/537.36 (KHTML, like Gecko) Chrome/135.0.0.0 Safari/537.36"
150.107.241.148 - - [17/Apr/2025:14:19:16 +0530] "POST /wp-admin/admin-ajax.php HTTP/2" 200 2488 "https://ekakshhomecare.myycard.in/wp-admin/admin.php?page=WPvivid" "Mozilla/5.0 (Windows NT 10.0; Win64; x64) AppleWebKit/537.36 (KHTML, like Gecko) Chrome/135.0.0.0 Safari/537.36"
150.107.241.148 - - [17/Apr/2025:14:19:19 +0530] "POST /wp-admin/admin-ajax.php HTTP/2" 200 2488 "https://ekakshhomecare.myycard.in/wp-admin/admin.php?page=WPvivid" "Mozilla/5.0 (Windows NT 10.0; Win64; x64) AppleWebKit/537.36 (KHTML, like Gecko) Chrome/135.0.0.0 Safari/537.36"
150.107.241.148 - - [17/Apr/2025:14:19:22 +0530] "POST /wp-admin/admin-ajax.php HTTP/2" 200 2488 "https://ekakshhomecare.myycard.in/wp-admin/admin.php?page=WPvivid" "Mozilla/5.0 (Windows NT 10.0; Win64; x64) AppleWebKit/537.36 (KHTML, like Gecko) Chrome/135.0.0.0 Safari/537.36"
150.107.241.148 - - [17/Apr/2025:14:19:25 +0530] "POST /wp-admin/admin-ajax.php HTTP/2" 200 2488 "https://ekakshhomecare.myycard.in/wp-admin/admin.php?page=WPvivid" "Mozilla/5.0 (Windows NT 10.0; Win64; x64) AppleWebKit/537.36 (KHTML, like Gecko) Chrome/135.0.0.0 Safari/537.36"
150.107.241.148 - - [17/Apr/2025:14:19:29 +0530] "POST /wp-admin/admin-ajax.php HTTP/2" 200 2516 "https://ekakshhomecare.myycard.in/wp-admin/admin.php?page=WPvivid" "Mozilla/5.0 (Windows NT 10.0; Win64; x64) AppleWebKit/537.36 (KHTML, like Gecko) Chrome/135.0.0.0 Safari/537.36"
150.107.241.148 - - [17/Apr/2025:14:19:30 +0530] "POST /wp-admin/admin-ajax.php HTTP/2" 200 67 "https://ekakshhomecare.myycard.in/wp-admin/admin.php?page=WPvivid" "Mozilla/5.0 (Windows NT 10.0; Win64; x64) AppleWebKit/537.36 (KHTML, like Gecko) Chrome/135.0.0.0 Safari/537.36"
150.107.241.148 - - [17/Apr/2025:14:19:33 +0530] "POST /wp-admin/admin-ajax.php HTTP/2" 200 2566 "https://ekakshhomecare.myycard.in/wp-admin/admin.php?page=WPvivid" "Mozilla/5.0 (Windows NT 10.0; Win64; x64) AppleWebKit/537.36 (KHTML, like Gecko) Chrome/135.0.0.0 Safari/537.36"
150.107.241.148 - - [17/Apr/2025:14:19:36 +0530] "POST /wp-admin/admin-ajax.php HTTP/2" 200 2407 "https://ekakshhomecare.myycard.in/wp-admin/admin.php?page=WPvivid" "Mozilla/5.0 (Windows NT 10.0; Win64; x64) AppleWebKit/537.36 (KHTML, like Gecko) Chrome/135.0.0.0 Safari/537.36"
150.107.241.148 - - [17/Apr/2025:14:19:36 +0530] "POST /wp-admin/admin-ajax.php HTTP/2" 200 1069 "https://ekakshhomecare.myycard.in/wp-admin/admin.php?page=WPvivid" "Mozilla/5.0 (Windows NT 10.0; Win64; x64) AppleWebKit/537.36 (KHTML, like Gecko) Chrome/135.0.0.0 Safari/537.36"
150.107.241.148 - - [17/Apr/2025:14:19:36 +0530] "POST /wp-admin/admin-ajax.php HTTP/2" 200 359 "https://ekakshhomecare.myycard.in/wp-admin/admin.php?page=WPvivid" "Mozilla/5.0 (Windows NT 10.0; Win64; x64) AppleWebKit/537.36 (KHTML, like Gecko) Chrome/135.0.0.0 Safari/537.36"
