150.107.241.148 - - [17/Apr/2025:13:05:24 +0530] "POST /wp-admin/admin-ajax.php HTTP/3" 200 96 "https://ekakshhomecare.myycard.in/wp-admin/post.php?post=9&action=elementor" "Mozilla/5.0 (Windows NT 10.0; Win64; x64) AppleWebKit/537.36 (KHTML, like Gecko) Chrome/135.0.0.0 Safari/537.36"
150.107.241.148 - - [17/Apr/2025:13:05:25 +0530] "GET /index.php/wp-json/elementor/v1/checklist/user-progress HTTP/3" 200 194 "https://ekakshhomecare.myycard.in/wp-admin/post.php?post=538&action=elementor" "Mozilla/5.0 (Windows NT 10.0; Win64; x64) AppleWebKit/537.36 (KHTML, like Gecko) Chrome/135.0.0.0 Safari/537.36"
150.107.241.148 - - [17/Apr/2025:13:05:27 +0530] "GET /index.php/wp-json/elementor/v1/checklist/user-progress HTTP/3" 200 194 "https://ekakshhomecare.myycard.in/wp-admin/post.php?post=538&action=elementor" "Mozilla/5.0 (Windows NT 10.0; Win64; x64) AppleWebKit/537.36 (KHTML, like Gecko) Chrome/135.0.0.0 Safari/537.36"
150.107.241.148 - - [17/Apr/2025:13:05:27 +0530] "POST /wp-admin/admin-ajax.php HTTP/3" 200 593 "https://ekakshhomecare.myycard.in/wp-admin/post.php?post=538&action=elementor" "Mozilla/5.0 (Windows NT 10.0; Win64; x64) AppleWebKit/537.36 (KHTML, like Gecko) Chrome/135.0.0.0 Safari/537.36"
150.107.241.148 - - [17/Apr/2025:13:05:28 +0530] "GET /index.php/wp-json/elementor/v1/checklist/user-progress HTTP/3" 200 194 "https://ekakshhomecare.myycard.in/wp-admin/post.php?post=538&action=elementor" "Mozilla/5.0 (Windows NT 10.0; Win64; x64) AppleWebKit/537.36 (KHTML, like Gecko) Chrome/135.0.0.0 Safari/537.36"
150.107.241.148 - - [17/Apr/2025:13:05:30 +0530] "POST /wp-admin/admin-ajax.php HTTP/3" 200 96 "https://ekakshhomecare.myycard.in/wp-admin/post.php?post=538&action=elementor" "Mozilla/5.0 (Windows NT 10.0; Win64; x64) AppleWebKit/537.36 (KHTML, like Gecko) Chrome/135.0.0.0 Safari/537.36"
150.107.241.148 - - [17/Apr/2025:13:05:30 +0530] "GET /index.php/wp-json/elementor/v1/checklist/user-progress HTTP/3" 200 194 "https://ekakshhomecare.myycard.in/wp-admin/post.php?post=538&action=elementor" "Mozilla/5.0 (Windows NT 10.0; Win64; x64) AppleWebKit/537.36 (KHTML, like Gecko) Chrome/135.0.0.0 Safari/537.36"
150.107.241.148 - - [17/Apr/2025:13:05:32 +0530] "GET /index.php/third-party-manufacturing/ HTTP/3" 200 23153 "https://ekakshhomecare.myycard.in/" "Mozilla/5.0 (Windows NT 10.0; Win64; x64) AppleWebKit/537.36 (KHTML, like Gecko) Chrome/135.0.0.0 Safari/537.36"
150.107.241.148 - - [17/Apr/2025:13:05:33 +0530] "GET /wp-content/uploads/elementor/css/post-538.css?ver=1744875333 HTTP/3" 200 677 "https://ekakshhomecare.myycard.in/index.php/third-party-manufacturing/" "Mozilla/5.0 (Windows NT 10.0; Win64; x64) AppleWebKit/537.36 (KHTML, like Gecko) Chrome/135.0.0.0 Safari/537.36"
150.107.241.148 - - [17/Apr/2025:13:05:42 +0530] "GET /index.php/wp-json/elementor/v1/checklist/user-progress HTTP/3" 200 194 "https://ekakshhomecare.myycard.in/wp-admin/post.php?post=538&action=elementor" "Mozilla/5.0 (Windows NT 10.0; Win64; x64) AppleWebKit/537.36 (KHTML, like Gecko) Chrome/135.0.0.0 Safari/537.36"
150.107.241.148 - - [17/Apr/2025:13:05:43 +0530] "GET /wp-admin/post.php?post=538&action=edit HTTP/3" 200 84301 "https://ekakshhomecare.myycard.in/index.php/third-party-manufacturing/" "Mozilla/5.0 (Windows NT 10.0; Win64; x64) AppleWebKit/537.36 (KHTML, like Gecko) Chrome/135.0.0.0 Safari/537.36"
103.212.120.166 - - [17/Apr/2025:13:05:44 +0530] "POST /wp-cron.php?doing_wp_cron=1744875344.4026069641113281250000 HTTP/1.1" 403 1242 "-" "WordPress/6.7.2; https://ekakshhomecare.myycard.in"
150.107.241.148 - - [17/Apr/2025:13:05:44 +0530] "GET /wp-admin/post.php?post=538&action=edit HTTP/3" 200 84281 "https://ekakshhomecare.myycard.in/wp-admin/post.php?post=538&action=edit" "Mozilla/5.0 (Windows NT 10.0; Win64; x64) AppleWebKit/537.36 (KHTML, like Gecko) Chrome/135.0.0.0 Safari/537.36"
150.107.241.148 - - [17/Apr/2025:13:05:44 +0530] "GET / HTTP/3" 200 25476 "https://ekakshhomecare.myycard.in/index.php/third-party-manufacturing/" "Mozilla/5.0 (Windows NT 10.0; Win64; x64) AppleWebKit/537.36 (KHTML, like Gecko) Chrome/135.0.0.0 Safari/537.36"
150.107.241.148 - - [17/Apr/2025:13:05:46 +0530] "POST /wp-admin/admin-ajax.php HTTP/3" 200 67 "https://ekakshhomecare.myycard.in/wp-admin/post.php?post=538&action=edit" "Mozilla/5.0 (Windows NT 10.0; Win64; x64) AppleWebKit/537.36 (KHTML, like Gecko) Chrome/135.0.0.0 Safari/537.36"
150.107.241.148 - - [17/Apr/2025:13:05:48 +0530] "GET /index.php/third-party-manufacturing/ HTTP/3" 200 23162 "https://ekakshhomecare.myycard.in/index.php/about-us/" "Mozilla/5.0 (Windows NT 10.0; Win64; x64) AppleWebKit/537.36 (KHTML, like Gecko) Chrome/135.0.0.0 Safari/537.36"
150.107.241.148 - - [17/Apr/2025:13:06:04 +0530] "GET /wp-admin/about.php HTTP/3" 200 24442 "https://ekakshhomecare.myycard.in/index.php/third-party-manufacturing/" "Mozilla/5.0 (Windows NT 10.0; Win64; x64) AppleWebKit/537.36 (KHTML, like Gecko) Chrome/135.0.0.0 Safari/537.36"
150.107.241.148 - - [17/Apr/2025:13:06:17 +0530] "GET /wp-admin/edit.php?post_type=elementor-hf HTTP/3" 200 25218 "https://ekakshhomecare.myycard.in/wp-admin/about.php" "Mozilla/5.0 (Windows NT 10.0; Win64; x64) AppleWebKit/537.36 (KHTML, like Gecko) Chrome/135.0.0.0 Safari/537.36"
150.107.241.148 - - [17/Apr/2025:13:06:18 +0530] "POST /wp-admin/admin-ajax.php HTTP/3" 200 67 "https://ekakshhomecare.myycard.in/wp-admin/edit.php?post_type=elementor-hf" "Mozilla/5.0 (Windows NT 10.0; Win64; x64) AppleWebKit/537.36 (KHTML, like Gecko) Chrome/135.0.0.0 Safari/537.36"
150.107.241.148 - - [17/Apr/2025:13:06:27 +0530] "GET / HTTP/1.1" 200 19350 "-" "WhatsApp/2.23.20.0"
150.107.241.148 - - [17/Apr/2025:13:06:28 +0530] "POST /wp-admin/admin-ajax.php HTTP/3" 200 67 "https://ekakshhomecare.myycard.in/wp-admin/edit.php?post_type=elementor-hf" "Mozilla/5.0 (Windows NT 10.0; Win64; x64) AppleWebKit/537.36 (KHTML, like Gecko) Chrome/135.0.0.0 Safari/537.36"
103.212.120.166 - - [17/Apr/2025:13:07:25 +0530] "POST /wp-cron.php?doing_wp_cron=1744875445.4863688945770263671875 HTTP/1.1" 403 1242 "-" "WordPress/6.7.2; https://ekakshhomecare.myycard.in"
150.107.241.148 - - [17/Apr/2025:13:07:25 +0530] "POST /wp-admin/admin-ajax.php HTTP/3" 200 96 "https://ekakshhomecare.myycard.in/wp-admin/post.php?post=9&action=elementor" "Mozilla/5.0 (Windows NT 10.0; Win64; x64) AppleWebKit/537.36 (KHTML, like Gecko) Chrome/135.0.0.0 Safari/537.36"
150.107.241.148 - - [17/Apr/2025:13:07:40 +0530] "POST /wp-admin/admin-ajax.php HTTP/3" 200 67 "https://ekakshhomecare.myycard.in/wp-admin/edit.php?post_type=elementor-hf" "Mozilla/5.0 (Windows NT 10.0; Win64; x64) AppleWebKit/537.36 (KHTML, like Gecko) Chrome/135.0.0.0 Safari/537.36"
150.107.241.148 - - [17/Apr/2025:13:07:42 +0530] "GET /wp-admin/post.php?post=193&action=elementor HTTP/3" 200 313333 "https://ekakshhomecare.myycard.in/wp-admin/edit.php?post_type=elementor-hf" "Mozilla/5.0 (Windows NT 10.0; Win64; x64) AppleWebKit/537.36 (KHTML, like Gecko) Chrome/135.0.0.0 Safari/537.36"
150.107.241.148 - - [17/Apr/2025:13:07:45 +0530] "GET /index.php/wp-json/elementor/v1/global-widget/templates HTTP/3" 200 22 "https://ekakshhomecare.myycard.in/wp-admin/post.php?post=193&action=elementor" "Mozilla/5.0 (Windows NT 10.0; Win64; x64) AppleWebKit/537.36 (KHTML, like Gecko) Chrome/135.0.0.0 Safari/537.36"
150.107.241.148 - - [17/Apr/2025:13:07:45 +0530] "GET /index.php/elementor-hf/footer/?elementor-preview=193&ver=1744875462 HTTP/3" 200 14185 "https://ekakshhomecare.myycard.in/wp-admin/post.php?post=193&action=elementor" "Mozilla/5.0 (Windows NT 10.0; Win64; x64) AppleWebKit/537.36 (KHTML, like Gecko) Chrome/135.0.0.0 Safari/537.36"
150.107.241.148 - - [17/Apr/2025:13:07:46 +0530] "POST /wp-admin/admin-ajax.php HTTP/3" 200 96 "https://ekakshhomecare.myycard.in/wp-admin/post.php?post=193&action=elementor" "Mozilla/5.0 (Windows NT 10.0; Win64; x64) AppleWebKit/537.36 (KHTML, like Gecko) Chrome/135.0.0.0 Safari/537.36"
150.107.241.148 - - [17/Apr/2025:13:07:46 +0530] "GET /index.php/wp-json/elementor/v1/checklist/user-progress HTTP/3" 200 194 "https://ekakshhomecare.myycard.in/wp-admin/post.php?post=193&action=elementor" "Mozilla/5.0 (Windows NT 10.0; Win64; x64) AppleWebKit/537.36 (KHTML, like Gecko) Chrome/135.0.0.0 Safari/537.36"
150.107.241.148 - - [17/Apr/2025:13:07:46 +0530] "GET /index.php/wp-json/elementor/v1/site-navigation/recent-posts?posts_per_page=6&_locale=user HTTP/3" 200 334 "https://ekakshhomecare.myycard.in/wp-admin/post.php?post=193&action=elementor" "Mozilla/5.0 (Windows NT 10.0; Win64; x64) AppleWebKit/537.36 (KHTML, like Gecko) Chrome/135.0.0.0 Safari/537.36"
150.107.241.148 - - [17/Apr/2025:13:07:46 +0530] "GET /index.php/wp-json/elementor/v1/kit-elements-defaults HTTP/3" 200 22 "https://ekakshhomecare.myycard.in/wp-admin/post.php?post=193&action=elementor" "Mozilla/5.0 (Windows NT 10.0; Win64; x64) AppleWebKit/537.36 (KHTML, like Gecko) Chrome/135.0.0.0 Safari/537.36"
150.107.241.148 - - [17/Apr/2025:13:07:49 +0530] "POST /wp-admin/admin-ajax.php HTTP/3" 200 1576747 "https://ekakshhomecare.myycard.in/wp-admin/post.php?post=193&action=elementor" "Mozilla/5.0 (Windows NT 10.0; Win64; x64) AppleWebKit/537.36 (KHTML, like Gecko) Chrome/135.0.0.0 Safari/537.36"
150.107.241.148 - - [17/Apr/2025:13:07:52 +0530] "GET /index.php/third-party-manufacturing/ HTTP/3" 200 23153 "https://ekakshhomecare.myycard.in/" "Mozilla/5.0 (Windows NT 10.0; Win64; x64) AppleWebKit/537.36 (KHTML, like Gecko) Chrome/135.0.0.0 Safari/537.36"
150.107.241.148 - - [17/Apr/2025:13:08:03 +0530] "GET /wp-content/plugins/powerpack-lite-for-elementor/assets/lib/chartjs/chart.umd.min.js?ver=2.9.1 HTTP/3" 404 22368 "https://ekakshhomecare.myycard.in/index.php/elementor-hf/footer/?elementor-preview=193&ver=1744875462" "Mozilla/5.0 (Windows NT 10.0; Win64; x64) AppleWebKit/537.36 (KHTML, like Gecko) Chrome/135.0.0.0 Safari/537.36"
150.107.241.148 - - [17/Apr/2025:13:08:04 +0530] "GET /index.php/wp-json/elementor/v1/globals HTTP/3" 200 664 "https://ekakshhomecare.myycard.in/wp-admin/post.php?post=193&action=elementor" "Mozilla/5.0 (Windows NT 10.0; Win64; x64) AppleWebKit/537.36 (KHTML, like Gecko) Chrome/135.0.0.0 Safari/537.36"
150.107.241.148 - - [17/Apr/2025:13:08:08 +0530] "GET /index.php/wp-json/elementor/v1/checklist/user-progress HTTP/3" 200 194 "https://ekakshhomecare.myycard.in/wp-admin/post.php?post=193&action=elementor" "Mozilla/5.0 (Windows NT 10.0; Win64; x64) AppleWebKit/537.36 (KHTML, like Gecko) Chrome/135.0.0.0 Safari/537.36"
150.107.241.148 - - [17/Apr/2025:13:08:17 +0530] "POST /wp-admin/admin-ajax.php HTTP/3" 200 96 "https://ekakshhomecare.myycard.in/wp-admin/post.php?post=193&action=elementor" "Mozilla/5.0 (Windows NT 10.0; Win64; x64) AppleWebKit/537.36 (KHTML, like Gecko) Chrome/135.0.0.0 Safari/537.36"
150.107.241.148 - - [17/Apr/2025:13:08:17 +0530] "GET /index.php/wp-json/elementor/v1/checklist/user-progress HTTP/3" 200 194 "https://ekakshhomecare.myycard.in/wp-admin/post.php?post=193&action=elementor" "Mozilla/5.0 (Windows NT 10.0; Win64; x64) AppleWebKit/537.36 (KHTML, like Gecko) Chrome/135.0.0.0 Safari/537.36"
150.107.241.148 - - [17/Apr/2025:13:08:17 +0530] "POST /wp-admin/admin-ajax.php HTTP/3" 200 112 "https://ekakshhomecare.myycard.in/wp-admin/post.php?post=193&action=elementor" "Mozilla/5.0 (Windows NT 10.0; Win64; x64) AppleWebKit/537.36 (KHTML, like Gecko) Chrome/135.0.0.0 Safari/537.36"
103.212.120.166 - - [17/Apr/2025:13:08:33 +0530] "POST /wp-cron.php?doing_wp_cron=1744875513.1772530078887939453125 HTTP/1.1" 403 1242 "-" "WordPress/6.7.2; https://ekakshhomecare.myycard.in"
103.212.120.166 - - [17/Apr/2025:13:08:33 +0530] "POST /wp-cron.php?doing_wp_cron=1744875513.1809430122375488281250 HTTP/1.1" 403 1242 "-" "WordPress/6.7.2; https://ekakshhomecare.myycard.in"
150.107.241.148 - - [17/Apr/2025:13:08:33 +0530] "POST /wp-admin/admin-ajax.php HTTP/3" 200 96 "https://ekakshhomecare.myycard.in/wp-admin/post.php?post=193&action=elementor" "Mozilla/5.0 (Windows NT 10.0; Win64; x64) AppleWebKit/537.36 (KHTML, like Gecko) Chrome/135.0.0.0 Safari/537.36"
150.107.241.148 - - [17/Apr/2025:13:08:33 +0530] "GET /index.php/wp-json/elementor/v1/checklist/user-progress HTTP/3" 200 194 "https://ekakshhomecare.myycard.in/wp-admin/post.php?post=193&action=elementor" "Mozilla/5.0 (Windows NT 10.0; Win64; x64) AppleWebKit/537.36 (KHTML, like Gecko) Chrome/135.0.0.0 Safari/537.36"
150.107.241.148 - - [17/Apr/2025:13:08:36 +0530] "GET /index.php/wp-json/elementor/v1/checklist/user-progress HTTP/3" 200 194 "https://ekakshhomecare.myycard.in/wp-admin/post.php?post=193&action=elementor" "Mozilla/5.0 (Windows NT 10.0; Win64; x64) AppleWebKit/537.36 (KHTML, like Gecko) Chrome/135.0.0.0 Safari/537.36"
150.107.241.148 - - [17/Apr/2025:13:08:38 +0530] "GET /index.php/wp-json/elementor/v1/checklist/user-progress HTTP/3" 200 194 "https://ekakshhomecare.myycard.in/wp-admin/post.php?post=193&action=elementor" "Mozilla/5.0 (Windows NT 10.0; Win64; x64) AppleWebKit/537.36 (KHTML, like Gecko) Chrome/135.0.0.0 Safari/537.36"
150.107.241.148 - - [17/Apr/2025:13:08:48 +0530] "POST /wp-admin/admin-ajax.php HTTP/3" 200 96 "https://ekakshhomecare.myycard.in/wp-admin/post.php?post=193&action=elementor" "Mozilla/5.0 (Windows NT 10.0; Win64; x64) AppleWebKit/537.36 (KHTML, like Gecko) Chrome/135.0.0.0 Safari/537.36"
150.107.241.148 - - [17/Apr/2025:13:08:49 +0530] "GET /index.php/wp-json/elementor/v1/checklist/user-progress HTTP/3" 200 194 "https://ekakshhomecare.myycard.in/wp-admin/post.php?post=193&action=elementor" "Mozilla/5.0 (Windows NT 10.0; Win64; x64) AppleWebKit/537.36 (KHTML, like Gecko) Chrome/135.0.0.0 Safari/537.36"
150.107.241.148 - - [17/Apr/2025:13:08:55 +0530] "GET /index.php/certifications/ HTTP/3" 200 23024 "https://ekakshhomecare.myycard.in/index.php/third-party-manufacturing/" "Mozilla/5.0 (Windows NT 10.0; Win64; x64) AppleWebKit/537.36 (KHTML, like Gecko) Chrome/135.0.0.0 Safari/537.36"
150.107.241.148 - - [17/Apr/2025:13:08:58 +0530] "GET /index.php/wp-json/elementor/v1/checklist/user-progress HTTP/3" 200 194 "https://ekakshhomecare.myycard.in/wp-admin/post.php?post=193&action=elementor" "Mozilla/5.0 (Windows NT 10.0; Win64; x64) AppleWebKit/537.36 (KHTML, like Gecko) Chrome/135.0.0.0 Safari/537.36"
150.107.241.148 - - [17/Apr/2025:13:09:03 +0530] "GET /index.php/wp-json/elementor/v1/checklist/user-progress HTTP/3" 200 194 "https://ekakshhomecare.myycard.in/wp-admin/post.php?post=193&action=elementor" "Mozilla/5.0 (Windows NT 10.0; Win64; x64) AppleWebKit/537.36 (KHTML, like Gecko) Chrome/135.0.0.0 Safari/537.36"
150.107.241.148 - - [17/Apr/2025:13:09:03 +0530] "POST /wp-admin/admin-ajax.php HTTP/3" 200 96 "https://ekakshhomecare.myycard.in/wp-admin/post.php?post=193&action=elementor" "Mozilla/5.0 (Windows NT 10.0; Win64; x64) AppleWebKit/537.36 (KHTML, like Gecko) Chrome/135.0.0.0 Safari/537.36"
150.107.241.148 - - [17/Apr/2025:13:09:03 +0530] "POST /wp-admin/admin-ajax.php HTTP/3" 200 641 "https://ekakshhomecare.myycard.in/wp-admin/post.php?post=193&action=elementor" "Mozilla/5.0 (Windows NT 10.0; Win64; x64) AppleWebKit/537.36 (KHTML, like Gecko) Chrome/135.0.0.0 Safari/537.36"
150.107.241.148 - - [17/Apr/2025:13:09:04 +0530] "GET /index.php/wp-json/elementor/v1/checklist/user-progress HTTP/3" 200 194 "https://ekakshhomecare.myycard.in/wp-admin/post.php?post=193&action=elementor" "Mozilla/5.0 (Windows NT 10.0; Win64; x64) AppleWebKit/537.36 (KHTML, like Gecko) Chrome/135.0.0.0 Safari/537.36"
150.107.241.148 - - [17/Apr/2025:13:09:04 +0530] "POST /wp-admin/admin-ajax.php HTTP/3" 200 745 "https://ekakshhomecare.myycard.in/wp-admin/post.php?post=193&action=elementor" "Mozilla/5.0 (Windows NT 10.0; Win64; x64) AppleWebKit/537.36 (KHTML, like Gecko) Chrome/135.0.0.0 Safari/537.36"
150.107.241.148 - - [17/Apr/2025:13:09:06 +0530] "GET / HTTP/3" 200 25489 "https://ekakshhomecare.myycard.in/index.php/certifications/" "Mozilla/5.0 (Windows NT 10.0; Win64; x64) AppleWebKit/537.36 (KHTML, like Gecko) Chrome/135.0.0.0 Safari/537.36"
150.107.241.148 - - [17/Apr/2025:13:09:06 +0530] "GET /wp-content/uploads/elementor/css/post-193.css?ver=1744875546 HTTP/3" 200 2604 "https://ekakshhomecare.myycard.in/" "Mozilla/5.0 (Windows NT 10.0; Win64; x64) AppleWebKit/537.36 (KHTML, like Gecko) Chrome/135.0.0.0 Safari/537.36"
150.107.241.148 - - [17/Apr/2025:13:09:19 +0530] "POST /wp-admin/admin-ajax.php HTTP/3" 200 96 "https://ekakshhomecare.myycard.in/wp-admin/post.php?post=193&action=elementor" "Mozilla/5.0 (Windows NT 10.0; Win64; x64) AppleWebKit/537.36 (KHTML, like Gecko) Chrome/135.0.0.0 Safari/537.36"
150.107.241.148 - - [17/Apr/2025:13:09:26 +0530] "POST /wp-admin/admin-ajax.php HTTP/3" 200 96 "https://ekakshhomecare.myycard.in/wp-admin/post.php?post=9&action=elementor" "Mozilla/5.0 (Windows NT 10.0; Win64; x64) AppleWebKit/537.36 (KHTML, like Gecko) Chrome/135.0.0.0 Safari/537.36"
103.212.120.166 - - [17/Apr/2025:13:10:21 +0530] "POST /wp-cron.php?doing_wp_cron=1744875621.5786209106445312500000 HTTP/1.1" 403 1242 "-" "WordPress/6.7.2; https://ekakshhomecare.myycard.in"
103.212.120.166 - - [17/Apr/2025:13:10:21 +0530] "POST /wp-cron.php?doing_wp_cron=1744875621.5807819366455078125000 HTTP/1.1" 403 1242 "-" "WordPress/6.7.2; https://ekakshhomecare.myycard.in"
150.107.241.148 - - [17/Apr/2025:13:10:21 +0530] "POST /wp-admin/admin-ajax.php HTTP/3" 200 96 "https://ekakshhomecare.myycard.in/wp-admin/post.php?post=193&action=elementor" "Mozilla/5.0 (Windows NT 10.0; Win64; x64) AppleWebKit/537.36 (KHTML, like Gecko) Chrome/135.0.0.0 Safari/537.36"
150.107.241.148 - - [17/Apr/2025:13:10:21 +0530] "GET /index.php/wp-json/elementor/v1/checklist/user-progress HTTP/3" 200 194 "https://ekakshhomecare.myycard.in/wp-admin/post.php?post=193&action=elementor" "Mozilla/5.0 (Windows NT 10.0; Win64; x64) AppleWebKit/537.36 (KHTML, like Gecko) Chrome/135.0.0.0 Safari/537.36"
150.107.241.148 - - [17/Apr/2025:13:10:30 +0530] "POST /wp-admin/admin-ajax.php HTTP/3" 200 96 "https://ekakshhomecare.myycard.in/wp-admin/post.php?post=9&action=elementor" "Mozilla/5.0 (Windows NT 10.0; Win64; x64) AppleWebKit/537.36 (KHTML, like Gecko) Chrome/135.0.0.0 Safari/537.36"
150.107.241.148 - - [17/Apr/2025:13:10:30 +0530] "GET /index.php/wp-json/elementor/v1/checklist/user-progress HTTP/3" 200 194 "https://ekakshhomecare.myycard.in/wp-admin/post.php?post=9&action=elementor" "Mozilla/5.0 (Windows NT 10.0; Win64; x64) AppleWebKit/537.36 (KHTML, like Gecko) Chrome/135.0.0.0 Safari/537.36"
150.107.241.148 - - [17/Apr/2025:13:10:31 +0530] "GET / HTTP/3" 200 25489 "https://ekakshhomecare.myycard.in/index.php/certifications/" "Mozilla/5.0 (Windows NT 10.0; Win64; x64) AppleWebKit/537.36 (KHTML, like Gecko) Chrome/135.0.0.0 Safari/537.36"
150.107.241.148 - - [17/Apr/2025:13:10:45 +0530] "POST /wp-admin/admin-ajax.php HTTP/3" 200 96 "https://ekakshhomecare.myycard.in/wp-admin/post.php?post=9&action=elementor" "Mozilla/5.0 (Windows NT 10.0; Win64; x64) AppleWebKit/537.36 (KHTML, like Gecko) Chrome/135.0.0.0 Safari/537.36"
103.212.120.166 - - [17/Apr/2025:13:12:45 +0530] "POST /wp-cron.php?doing_wp_cron=1744875765.4921600818634033203125 HTTP/1.1" 403 1242 "-" "WordPress/6.7.2; https://ekakshhomecare.myycard.in"
150.107.241.148 - - [17/Apr/2025:13:12:45 +0530] "POST /wp-admin/admin-ajax.php HTTP/3" 200 96 "https://ekakshhomecare.myycard.in/wp-admin/post.php?post=9&action=elementor" "Mozilla/5.0 (Windows NT 10.0; Win64; x64) AppleWebKit/537.36 (KHTML, like Gecko) Chrome/135.0.0.0 Safari/537.36"
103.212.120.166 - - [17/Apr/2025:13:13:48 +0530] "POST /wp-cron.php?doing_wp_cron=1744875828.3349049091339111328125 HTTP/1.1" 403 1242 "-" "WordPress/6.7.2; https://ekakshhomecare.myycard.in"
103.212.120.166 - - [17/Apr/2025:13:13:48 +0530] "POST /wp-cron.php?doing_wp_cron=1744875828.3375630378723144531250 HTTP/1.1" 403 1242 "-" "WordPress/6.7.2; https://ekakshhomecare.myycard.in"
150.107.241.148 - - [17/Apr/2025:13:13:48 +0530] "POST /wp-admin/admin-ajax.php HTTP/2" 200 96 "https://ekakshhomecare.myycard.in/wp-admin/post.php?post=9&action=elementor" "Mozilla/5.0 (Windows NT 10.0; Win64; x64) AppleWebKit/537.36 (KHTML, like Gecko) Chrome/135.0.0.0 Safari/537.36"
150.107.241.148 - - [17/Apr/2025:13:13:48 +0530] "GET /index.php/wp-json/elementor/v1/checklist/user-progress HTTP/2" 200 194 "https://ekakshhomecare.myycard.in/wp-admin/post.php?post=9&action=elementor" "Mozilla/5.0 (Windows NT 10.0; Win64; x64) AppleWebKit/537.36 (KHTML, like Gecko) Chrome/135.0.0.0 Safari/537.36"
150.107.241.148 - - [17/Apr/2025:13:14:03 +0530] "POST /wp-admin/admin-ajax.php HTTP/3" 200 96 "https://ekakshhomecare.myycard.in/wp-admin/post.php?post=9&action=elementor" "Mozilla/5.0 (Windows NT 10.0; Win64; x64) AppleWebKit/537.36 (KHTML, like Gecko) Chrome/135.0.0.0 Safari/537.36"
103.212.120.166 - - [17/Apr/2025:13:16:03 +0530] "POST /wp-cron.php?doing_wp_cron=1744875963.4681220054626464843750 HTTP/1.1" 403 1242 "-" "WordPress/6.7.2; https://ekakshhomecare.myycard.in"
150.107.241.148 - - [17/Apr/2025:13:16:03 +0530] "POST /wp-admin/admin-ajax.php HTTP/2" 200 96 "https://ekakshhomecare.myycard.in/wp-admin/post.php?post=9&action=elementor" "Mozilla/5.0 (Windows NT 10.0; Win64; x64) AppleWebKit/537.36 (KHTML, like Gecko) Chrome/135.0.0.0 Safari/537.36"
152.58.63.88 - - [17/Apr/2025:13:16:55 +0530] "GET / HTTP/2" 200 19373 "-" "Mozilla/5.0 (X11; Linux x86_64) AppleWebKit/537.36 (KHTML, like Gecko) Chrome/135.0.0.0 Safari/537.36"
152.58.63.88 - - [17/Apr/2025:13:16:55 +0530] "GET /wp-content/uploads/elementor/css/post-9.css?ver=1744873538 HTTP/2" 200 2515 "https://ekakshhomecare.myycard.in/" "Mozilla/5.0 (X11; Linux x86_64) AppleWebKit/537.36 (KHTML, like Gecko) Chrome/135.0.0.0 Safari/537.36"
152.58.63.88 - - [17/Apr/2025:13:16:55 +0530] "GET /wp-content/uploads/elementor/css/post-158.css?ver=1744873520 HTTP/2" 200 1066 "https://ekakshhomecare.myycard.in/" "Mozilla/5.0 (X11; Linux x86_64) AppleWebKit/537.36 (KHTML, like Gecko) Chrome/135.0.0.0 Safari/537.36"
152.58.63.88 - - [17/Apr/2025:13:16:55 +0530] "GET /wp-content/uploads/elementor/css/post-193.css?ver=1744875546 HTTP/2" 200 2321 "https://ekakshhomecare.myycard.in/" "Mozilla/5.0 (X11; Linux x86_64) AppleWebKit/537.36 (KHTML, like Gecko) Chrome/135.0.0.0 Safari/537.36"
152.58.63.88 - - [17/Apr/2025:13:16:56 +0530] "GET /favicon.ico HTTP/2" 404 1251 "https://ekakshhomecare.myycard.in/" "Mozilla/5.0 (X11; Linux x86_64) AppleWebKit/537.36 (KHTML, like Gecko) Chrome/135.0.0.0 Safari/537.36"
103.212.120.166 - - [17/Apr/2025:13:17:04 +0530] "POST /wp-cron.php?doing_wp_cron=1744876024.7627189159393310546875 HTTP/1.1" 403 1242 "-" "WordPress/6.7.2; https://ekakshhomecare.myycard.in"
152.58.63.88 - - [17/Apr/2025:13:17:04 +0530] "GET /index.php/about-us/ HTTP/2" 200 17528 "https://ekakshhomecare.myycard.in/" "Mozilla/5.0 (X11; Linux x86_64) AppleWebKit/537.36 (KHTML, like Gecko) Chrome/135.0.0.0 Safari/537.36"
150.107.241.148 - - [17/Apr/2025:13:17:05 +0530] "POST /wp-admin/admin-ajax.php HTTP/2" 200 96 "https://ekakshhomecare.myycard.in/wp-admin/post.php?post=9&action=elementor" "Mozilla/5.0 (Windows NT 10.0; Win64; x64) AppleWebKit/537.36 (KHTML, like Gecko) Chrome/135.0.0.0 Safari/537.36"
150.107.241.148 - - [17/Apr/2025:13:17:05 +0530] "GET /index.php/wp-json/elementor/v1/checklist/user-progress HTTP/2" 200 194 "https://ekakshhomecare.myycard.in/wp-admin/post.php?post=9&action=elementor" "Mozilla/5.0 (Windows NT 10.0; Win64; x64) AppleWebKit/537.36 (KHTML, like Gecko) Chrome/135.0.0.0 Safari/537.36"
150.107.241.148 - - [17/Apr/2025:13:17:09 +0530] "GET /index.php/wp-json/elementor/v1/checklist/user-progress HTTP/2" 200 194 "https://ekakshhomecare.myycard.in/wp-admin/post.php?post=9&action=elementor" "Mozilla/5.0 (Windows NT 10.0; Win64; x64) AppleWebKit/537.36 (KHTML, like Gecko) Chrome/135.0.0.0 Safari/537.36"
152.58.63.88 - - [17/Apr/2025:13:17:14 +0530] "GET /index.php/certifications/ HTTP/2" 200 16900 "https://ekakshhomecare.myycard.in/index.php/about-us/" "Mozilla/5.0 (X11; Linux x86_64) AppleWebKit/537.36 (KHTML, like Gecko) Chrome/135.0.0.0 Safari/537.36"
152.58.63.88 - - [17/Apr/2025:13:17:14 +0530] "GET /wp-content/uploads/elementor/css/post-248.css?ver=1744874399 HTTP/2" 200 614 "https://ekakshhomecare.myycard.in/index.php/certifications/" "Mozilla/5.0 (X11; Linux x86_64) AppleWebKit/537.36 (KHTML, like Gecko) Chrome/135.0.0.0 Safari/537.36"
152.58.63.88 - - [17/Apr/2025:13:17:14 +0530] "GET /wp-content/uploads/2025/04/ZED-Pledge_page-0001.jpg HTTP/2" 200 595667 "https://ekakshhomecare.myycard.in/index.php/certifications/" "Mozilla/5.0 (X11; Linux x86_64) AppleWebKit/537.36 (KHTML, like Gecko) Chrome/135.0.0.0 Safari/537.36"
152.58.63.88 - - [17/Apr/2025:13:17:14 +0530] "GET /wp-content/uploads/2025/04/ISO-9001-2015-_-I706_page-0001-1087x1536.jpg HTTP/2" 200 428627 "https://ekakshhomecare.myycard.in/index.php/certifications/" "Mozilla/5.0 (X11; Linux x86_64) AppleWebKit/537.36 (KHTML, like Gecko) Chrome/135.0.0.0 Safari/537.36"
152.58.63.88 - - [17/Apr/2025:13:17:14 +0530] "GET /wp-content/uploads/2025/04/ISO-9001-2015-_-I706_page-0001.jpg HTTP/2" 200 1927444 "https://ekakshhomecare.myycard.in/index.php/certifications/" "Mozilla/5.0 (X11; Linux x86_64) AppleWebKit/537.36 (KHTML, like Gecko) Chrome/135.0.0.0 Safari/537.36"
152.58.63.88 - - [17/Apr/2025:13:17:34 +0530] "GET /index.php/certifications/ HTTP/2" 200 16900 "https://ekakshhomecare.myycard.in/index.php/certifications/" "Mozilla/5.0 (X11; Linux x86_64) AppleWebKit/537.36 (KHTML, like Gecko) Chrome/135.0.0.0 Safari/537.36"
152.58.63.88 - - [17/Apr/2025:13:17:40 +0530] "GET /index.php/third-party-manufacturing/ HTTP/2" 200 17052 "https://ekakshhomecare.myycard.in/index.php/certifications/" "Mozilla/5.0 (X11; Linux x86_64) AppleWebKit/537.36 (KHTML, like Gecko) Chrome/135.0.0.0 Safari/537.36"
152.58.63.88 - - [17/Apr/2025:13:17:40 +0530] "GET /wp-content/uploads/elementor/css/post-538.css?ver=1744875333 HTTP/2" 200 624 "https://ekakshhomecare.myycard.in/index.php/third-party-manufacturing/" "Mozilla/5.0 (X11; Linux x86_64) AppleWebKit/537.36 (KHTML, like Gecko) Chrome/135.0.0.0 Safari/537.36"
152.58.63.88 - - [17/Apr/2025:13:17:41 +0530] "GET /wp-content/uploads/2025/04/6z0pVztW93k.jpg HTTP/2" 200 80902 "https://ekakshhomecare.myycard.in/index.php/third-party-manufacturing/" "Mozilla/5.0 (X11; Linux x86_64) AppleWebKit/537.36 (KHTML, like Gecko) Chrome/135.0.0.0 Safari/537.36"
152.58.63.88 - - [17/Apr/2025:13:17:48 +0530] "GET / HTTP/2" 200 19373 "https://ekakshhomecare.myycard.in/index.php/third-party-manufacturing/" "Mozilla/5.0 (X11; Linux x86_64) AppleWebKit/537.36 (KHTML, like Gecko) Chrome/135.0.0.0 Safari/537.36"
152.58.63.88 - - [17/Apr/2025:13:17:56 +0530] "GET /index.php/toilet-cleaner/ HTTP/2" 200 18098 "https://ekakshhomecare.myycard.in/" "Mozilla/5.0 (X11; Linux x86_64) AppleWebKit/537.36 (KHTML, like Gecko) Chrome/135.0.0.0 Safari/537.36"
152.58.63.88 - - [17/Apr/2025:13:17:57 +0530] "GET /wp-content/uploads/elementor/css/post-348.css?ver=1744873100 HTTP/2" 200 626 "https://ekakshhomecare.myycard.in/index.php/toilet-cleaner/" "Mozilla/5.0 (X11; Linux x86_64) AppleWebKit/537.36 (KHTML, like Gecko) Chrome/135.0.0.0 Safari/537.36"
103.212.120.166 - - [17/Apr/2025:13:18:15 +0530] "POST /wp-cron.php?doing_wp_cron=1744876095.9851329326629638671875 HTTP/1.1" 403 1242 "-" "WordPress/6.7.2; https://ekakshhomecare.myycard.in"
152.58.63.88 - - [17/Apr/2025:13:18:15 +0530] "GET / HTTP/2" 200 19373 "https://ekakshhomecare.myycard.in/index.php/toilet-cleaner/" "Mozilla/5.0 (X11; Linux x86_64) AppleWebKit/537.36 (KHTML, like Gecko) Chrome/135.0.0.0 Safari/537.36"
152.58.63.88 - - [17/Apr/2025:13:18:19 +0530] "GET / HTTP/2" 200 19372 "https://ekakshhomecare.myycard.in/index.php/toilet-cleaner/" "Mozilla/5.0 (Linux; Android 10; K) AppleWebKit/537.36 (KHTML, like Gecko) Chrome/135.0.0.0 Mobile Safari/537.36"
152.58.63.88 - - [17/Apr/2025:13:18:27 +0530] "GET /index.php/about-us/ HTTP/2" 200 17526 "-" "Mozilla/5.0 (Linux; Android 10; K) AppleWebKit/537.36 (KHTML, like Gecko) Chrome/135.0.0.0 Mobile Safari/537.36"
152.58.63.88 - - [17/Apr/2025:13:18:43 +0530] "GET /index.php/contact-us/ HTTP/2" 200 17488 "https://ekakshhomecare.myycard.in/index.php/about-us/" "Mozilla/5.0 (Linux; Android 10; K) AppleWebKit/537.36 (KHTML, like Gecko) Chrome/135.0.0.0 Mobile Safari/537.36"
103.212.120.166 - - [17/Apr/2025:13:20:00 +0530] "POST /wp-cron.php?doing_wp_cron=1744876200.0400409698486328125000 HTTP/1.1" 403 1242 "-" "WordPress/6.7.2; https://ekakshhomecare.myycard.in"
152.58.63.88 - - [17/Apr/2025:13:19:59 +0530] "GET / HTTP/2" 200 19372 "-" "Mozilla/5.0 (Linux; Android 10; K) AppleWebKit/537.36 (KHTML, like Gecko) Chrome/135.0.0.0 Mobile Safari/537.36"
152.58.63.88 - - [17/Apr/2025:13:20:00 +0530] "GET /favicon.ico HTTP/2" 404 1251 "https://ekakshhomecare.myycard.in/" "Mozilla/5.0 (Linux; Android 10; K) AppleWebKit/537.36 (KHTML, like Gecko) Chrome/135.0.0.0 Mobile Safari/537.36"
152.58.63.88 - - [17/Apr/2025:13:23:26 +0530] "GET / HTTP/2" 200 19372 "https://ekakshhomecare.myycard.in/index.php/certifications/" "Mozilla/5.0 (Linux; Android 10; K) AppleWebKit/537.36 (KHTML, like Gecko) Chrome/135.0.0.0 Mobile Safari/537.36"
103.212.120.166 - - [17/Apr/2025:13:23:43 +0530] "POST /wp-cron.php?doing_wp_cron=1744876423.5573120117187500000000 HTTP/1.1" 403 1242 "-" "WordPress/6.7.2; https://ekakshhomecare.myycard.in"
152.58.63.88 - - [17/Apr/2025:13:23:43 +0530] "GET /index.php/dishwash-liquid/ HTTP/2" 200 18086 "-" "Mozilla/5.0 (Linux; Android 10; K) AppleWebKit/537.36 (KHTML, like Gecko) Chrome/135.0.0.0 Mobile Safari/537.36"
64.233.173.227 - - [17/Apr/2025:13:23:45 +0530] "GET /index.php/dishwash-liquid/ HTTP/1.1" 200 18086 "-" "Mozilla/5.0 (Linux; Android 7.0; SM-G930V Build/NRD90M) AppleWebKit/537.36 (KHTML, like Gecko) Chrome/59.0.3071.125 Mobile Safari/537.36 (compatible; Google-Read-Aloud; +https://support.google.com/webmasters/answer/1061943)"
64.233.172.36 - - [17/Apr/2025:13:23:47 +0530] "GET /index.php/dishwash-liquid/ HTTP/1.1" 200 18086 "-" "Mozilla/5.0 (Linux; Android 7.0; SM-G930V Build/NRD90M) AppleWebKit/537.36 (KHTML, like Gecko) Chrome/59.0.3071.125 Mobile Safari/537.36 (compatible; Google-Read-Aloud; +https://support.google.com/webmasters/answer/1061943)"
64.233.172.34 - - [17/Apr/2025:13:23:47 +0530] "GET /index.php/dishwash-liquid/ HTTP/1.1" 200 18086 "-" "Mozilla/5.0 (Linux; Android 7.0; SM-G930V Build/NRD90M) AppleWebKit/537.36 (KHTML, like Gecko) Chrome/59.0.3071.125 Mobile Safari/537.36 (compatible; Google-Read-Aloud; +https://support.google.com/webmasters/answer/1061943)"
64.233.172.36 - - [17/Apr/2025:13:23:48 +0530] "GET /wp-content/uploads/elementor/css/post-344.css?ver=1744806735 HTTP/1.1" 200 624 "https://ekakshhomecare.myycard.in/index.php/dishwash-liquid/" "Mozilla/5.0 (Linux; Android 7.0; SM-G930V Build/NRD90M) AppleWebKit/537.36 (KHTML, like Gecko) Chrome/59.0.3071.125 Mobile Safari/537.36 (compatible; Google-Read-Aloud; +https://support.google.com/webmasters/answer/1061943)"
64.233.172.36 - - [17/Apr/2025:13:23:48 +0530] "GET /wp-content/uploads/elementor/css/post-193.css?ver=1744875546 HTTP/1.1" 200 2321 "https://ekakshhomecare.myycard.in/index.php/dishwash-liquid/" "Mozilla/5.0 (Linux; Android 7.0; SM-G930V Build/NRD90M) AppleWebKit/537.36 (KHTML, like Gecko) Chrome/59.0.3071.125 Mobile Safari/537.36 (compatible; Google-Read-Aloud; +https://support.google.com/webmasters/answer/1061943)"
64.233.172.34 - - [17/Apr/2025:13:23:48 +0530] "GET /wp-content/plugins/elementor/assets/lib/animations/styles/fadeInUp.min.css?ver=3.28.3 HTTP/1.1" 200 130 "https://ekakshhomecare.myycard.in/index.php/dishwash-liquid/" "Mozilla/5.0 (Linux; Android 7.0; SM-G930V Build/NRD90M) AppleWebKit/537.36 (KHTML, like Gecko) Chrome/59.0.3071.125 Mobile Safari/537.36 (compatible; Google-Read-Aloud; +https://support.google.com/webmasters/answer/1061943)"
64.233.172.34 - - [17/Apr/2025:13:23:48 +0530] "GET /wp-content/plugins/click-to-chat-for-whatsapp/new/inc/assets/css/main.css?ver=4.20 HTTP/1.1" 200 511 "https://ekakshhomecare.myycard.in/index.php/dishwash-liquid/" "Mozilla/5.0 (Linux; Android 7.0; SM-G930V Build/NRD90M) AppleWebKit/537.36 (KHTML, like Gecko) Chrome/59.0.3071.125 Mobile Safari/537.36 (compatible; Google-Read-Aloud; +https://support.google.com/webmasters/answer/1061943)"
64.233.172.36 - - [17/Apr/2025:13:23:48 +0530] "GET /wp-content/plugins/elementor/assets/css/widget-icon-list.min.css?ver=3.24.3 HTTP/1.1" 200 957 "https://ekakshhomecare.myycard.in/index.php/dishwash-liquid/" "Mozilla/5.0 (Linux; Android 7.0; SM-G930V Build/NRD90M) AppleWebKit/537.36 (KHTML, like Gecko) Chrome/59.0.3071.125 Mobile Safari/537.36 (compatible; Google-Read-Aloud; +https://support.google.com/webmasters/answer/1061943)"
64.233.172.34 - - [17/Apr/2025:13:23:48 +0530] "GET /wp-content/plugins/click-to-chat-for-whatsapp/new/inc/assets/css/main.css?ver=4.20 HTTP/1.1" 200 511 "https://ekakshhomecare.myycard.in/index.php/dishwash-liquid/" "Mozilla/5.0 (Linux; Android 7.0; SM-G930V Build/NRD90M) AppleWebKit/537.36 (KHTML, like Gecko) Chrome/59.0.3071.125 Mobile Safari/537.36 (compatible; Google-Read-Aloud; +https://support.google.com/webmasters/answer/1061943)"
64.233.172.35 - - [17/Apr/2025:13:23:48 +0530] "GET /wp-content/uploads/elementor/css/post-344.css?ver=1744806735 HTTP/1.1" 200 624 "https://ekakshhomecare.myycard.in/index.php/dishwash-liquid/" "Mozilla/5.0 (Linux; Android 7.0; SM-G930V Build/NRD90M) AppleWebKit/537.36 (KHTML, like Gecko) Chrome/59.0.3071.125 Mobile Safari/537.36 (compatible; Google-Read-Aloud; +https://support.google.com/webmasters/answer/1061943)"
64.233.172.35 - - [17/Apr/2025:13:23:48 +0530] "GET /wp-content/plugins/elementor/assets/lib/swiper/v8/css/swiper.min.css?ver=8.4.5 HTTP/1.1" 200 4248 "https://ekakshhomecare.myycard.in/index.php/dishwash-liquid/" "Mozilla/5.0 (Linux; Android 7.0; SM-G930V Build/NRD90M) AppleWebKit/537.36 (KHTML, like Gecko) Chrome/59.0.3071.125 Mobile Safari/537.36 (compatible; Google-Read-Aloud; +https://support.google.com/webmasters/answer/1061943)"
64.233.172.36 - - [17/Apr/2025:13:23:48 +0530] "GET /wp-content/plugins/elementor/assets/css/widget-image.min.css?ver=3.28.3 HTTP/1.1" 200 119 "https://ekakshhomecare.myycard.in/index.php/dishwash-liquid/" "Mozilla/5.0 (Linux; Android 7.0; SM-G930V Build/NRD90M) AppleWebKit/537.36 (KHTML, like Gecko) Chrome/59.0.3071.125 Mobile Safari/537.36 (compatible; Google-Read-Aloud; +https://support.google.com/webmasters/answer/1061943)"
64.233.172.36 - - [17/Apr/2025:13:23:48 +0530] "GET /wp-content/plugins/elementor/assets/css/widget-image-carousel.min.css?ver=3.28.3 HTTP/1.1" 200 163 "https://ekakshhomecare.myycard.in/index.php/dishwash-liquid/" "Mozilla/5.0 (Linux; Android 7.0; SM-G930V Build/NRD90M) AppleWebKit/537.36 (KHTML, like Gecko) Chrome/59.0.3071.125 Mobile Safari/537.36 (compatible; Google-Read-Aloud; +https://support.google.com/webmasters/answer/1061943)"
64.233.172.36 - - [17/Apr/2025:13:23:48 +0530] "GET /wp-content/uploads/elementor/css/post-158.css?ver=1744873520 HTTP/1.1" 200 1066 "https://ekakshhomecare.myycard.in/index.php/dishwash-liquid/" "Mozilla/5.0 (Linux; Android 7.0; SM-G930V Build/NRD90M) AppleWebKit/537.36 (KHTML, like Gecko) Chrome/59.0.3071.125 Mobile Safari/537.36 (compatible; Google-Read-Aloud; +https://support.google.com/webmasters/answer/1061943)"
64.233.172.35 - - [17/Apr/2025:13:23:48 +0530] "GET /wp-content/themes/hello-elementor/header-footer.min.css?ver=3.3.0 HTTP/1.1" 200 1292 "https://ekakshhomecare.myycard.in/index.php/dishwash-liquid/" "Mozilla/5.0 (Linux; Android 7.0; SM-G930V Build/NRD90M) AppleWebKit/537.36 (KHTML, like Gecko) Chrome/59.0.3071.125 Mobile Safari/537.36 (compatible; Google-Read-Aloud; +https://support.google.com/webmasters/answer/1061943)"
64.233.172.35 - - [17/Apr/2025:13:23:48 +0530] "GET /wp-content/plugins/elementor/assets/css/frontend.min.css?ver=3.28.3 HTTP/1.1" 200 6453 "https://ekakshhomecare.myycard.in/index.php/dishwash-liquid/" "Mozilla/5.0 (Linux; Android 7.0; SM-G930V Build/NRD90M) AppleWebKit/537.36 (KHTML, like Gecko) Chrome/59.0.3071.125 Mobile Safari/537.36 (compatible; Google-Read-Aloud; +https://support.google.com/webmasters/answer/1061943)"
64.233.172.34 - - [17/Apr/2025:13:23:48 +0530] "GET /wp-content/plugins/image-hover-effects-addon-for-elementor/assets/style.min.css?ver=1.4.4 HTTP/1.1" 200 2825 "https://ekakshhomecare.myycard.in/index.php/dishwash-liquid/" "Mozilla/5.0 (Linux; Android 7.0; SM-G930V Build/NRD90M) AppleWebKit/537.36 (KHTML, like Gecko) Chrome/59.0.3071.125 Mobile Safari/537.36 (compatible; Google-Read-Aloud; +https://support.google.com/webmasters/answer/1061943)"
64.233.172.35 - - [17/Apr/2025:13:23:48 +0530] "GET /wp-content/themes/hello-elementor/theme.min.css?ver=3.3.0 HTTP/1.1" 200 1131 "https://ekakshhomecare.myycard.in/index.php/dishwash-liquid/" "Mozilla/5.0 (Linux; Android 7.0; SM-G930V Build/NRD90M) AppleWebKit/537.36 (KHTML, like Gecko) Chrome/59.0.3071.125 Mobile Safari/537.36 (compatible; Google-Read-Aloud; +https://support.google.com/webmasters/answer/1061943)"
64.233.172.34 - - [17/Apr/2025:13:23:48 +0530] "GET /wp-content/themes/hello-elementor/style.min.css?ver=3.3.0 HTTP/1.1" 200 1591 "https://ekakshhomecare.myycard.in/index.php/dishwash-liquid/" "Mozilla/5.0 (Linux; Android 7.0; SM-G930V Build/NRD90M) AppleWebKit/537.36 (KHTML, like Gecko) Chrome/59.0.3071.125 Mobile Safari/537.36 (compatible; Google-Read-Aloud; +https://support.google.com/webmasters/answer/1061943)"
64.233.172.34 - - [17/Apr/2025:13:23:48 +0530] "GET /wp-content/plugins/elementor/assets/lib/font-awesome/css/brands.css?ver=5.15.3 HTTP/1.1" 200 296 "https://ekakshhomecare.myycard.in/index.php/dishwash-liquid/" "Mozilla/5.0 (Linux; Android 7.0; SM-G930V Build/NRD90M) AppleWebKit/537.36 (KHTML, like Gecko) Chrome/59.0.3071.125 Mobile Safari/537.36 (compatible; Google-Read-Aloud; +https://support.google.com/webmasters/answer/1061943)"
64.233.172.34 - - [17/Apr/2025:13:23:49 +0530] "GET /wp-content/plugins/elementor/assets/lib/swiper/v8/css/swiper.min.css?ver=8.4.5 HTTP/1.1" 200 4248 "https://ekakshhomecare.myycard.in/index.php/dishwash-liquid/" "Mozilla/5.0 (Linux; Android 7.0; SM-G930V Build/NRD90M) AppleWebKit/537.36 (KHTML, like Gecko) Chrome/59.0.3071.125 Mobile Safari/537.36 (compatible; Google-Read-Aloud; +https://support.google.com/webmasters/answer/1061943)"
64.233.172.36 - - [17/Apr/2025:13:23:49 +0530] "GET /wp-content/themes/hello-elementor/header-footer.min.css?ver=3.3.0 HTTP/1.1" 200 1292 "https://ekakshhomecare.myycard.in/index.php/dishwash-liquid/" "Mozilla/5.0 (Linux; Android 7.0; SM-G930V Build/NRD90M) AppleWebKit/537.36 (KHTML, like Gecko) Chrome/59.0.3071.125 Mobile Safari/537.36 (compatible; Google-Read-Aloud; +https://support.google.com/webmasters/answer/1061943)"
64.233.172.35 - - [17/Apr/2025:13:23:49 +0530] "GET /wp-content/uploads/elementor/css/post-29.css?ver=1744796551 HTTP/1.1" 200 1073 "https://ekakshhomecare.myycard.in/index.php/dishwash-liquid/" "Mozilla/5.0 (Linux; Android 7.0; SM-G930V Build/NRD90M) AppleWebKit/537.36 (KHTML, like Gecko) Chrome/59.0.3071.125 Mobile Safari/537.36 (compatible; Google-Read-Aloud; +https://support.google.com/webmasters/answer/1061943)"
64.233.172.35 - - [17/Apr/2025:13:23:49 +0530] "GET /wp-content/plugins/elementor/assets/css/conditionals/e-swiper.min.css?ver=3.28.3 HTTP/1.1" 200 699 "https://ekakshhomecare.myycard.in/index.php/dishwash-liquid/" "Mozilla/5.0 (Linux; Android 7.0; SM-G930V Build/NRD90M) AppleWebKit/537.36 (KHTML, like Gecko) Chrome/59.0.3071.125 Mobile Safari/537.36 (compatible; Google-Read-Aloud; +https://support.google.com/webmasters/answer/1061943)"
64.233.172.35 - - [17/Apr/2025:13:23:49 +0530] "GET /wp-content/plugins/elementor/assets/lib/eicons/css/elementor-icons.min.css?ver=5.34.0 HTTP/1.1" 200 3845 "https://ekakshhomecare.myycard.in/index.php/dishwash-liquid/" "Mozilla/5.0 (Linux; Android 7.0; SM-G930V Build/NRD90M) AppleWebKit/537.36 (KHTML, like Gecko) Chrome/59.0.3071.125 Mobile Safari/537.36 (compatible; Google-Read-Aloud; +https://support.google.com/webmasters/answer/1061943)"
64.233.172.36 - - [17/Apr/2025:13:23:49 +0530] "GET /wp-content/plugins/elementor/assets/lib/font-awesome/css/fontawesome.css?ver=5.15.3 HTTP/1.1" 200 12526 "https://ekakshhomecare.myycard.in/index.php/dishwash-liquid/" "Mozilla/5.0 (Linux; Android 7.0; SM-G930V Build/NRD90M) AppleWebKit/537.36 (KHTML, like Gecko) Chrome/59.0.3071.125 Mobile Safari/537.36 (compatible; Google-Read-Aloud; +https://support.google.com/webmasters/answer/1061943)"
64.233.172.36 - - [17/Apr/2025:13:23:49 +0530] "GET /wp-content/plugins/elementor/assets/css/widget-heading.min.css?ver=3.28.3 HTTP/1.1" 200 154 "https://ekakshhomecare.myycard.in/index.php/dishwash-liquid/" "Mozilla/5.0 (Linux; Android 7.0; SM-G930V Build/NRD90M) AppleWebKit/537.36 (KHTML, like Gecko) Chrome/59.0.3071.125 Mobile Safari/537.36 (compatible; Google-Read-Aloud; +https://support.google.com/webmasters/answer/1061943)"
64.233.172.35 - - [17/Apr/2025:13:23:49 +0530] "GET /wp-content/themes/hello-elementor/theme.min.css?ver=3.3.0 HTTP/1.1" 200 1131 "https://ekakshhomecare.myycard.in/index.php/dishwash-liquid/" "Mozilla/5.0 (Linux; Android 7.0; SM-G930V Build/NRD90M) AppleWebKit/537.36 (KHTML, like Gecko) Chrome/59.0.3071.125 Mobile Safari/537.36 (compatible; Google-Read-Aloud; +https://support.google.com/webmasters/answer/1061943)"
64.233.172.34 - - [17/Apr/2025:13:23:49 +0530] "GET /wp-content/plugins/elementor/assets/css/widget-image-carousel.min.css?ver=3.28.3 HTTP/1.1" 200 163 "https://ekakshhomecare.myycard.in/index.php/dishwash-liquid/" "Mozilla/5.0 (Linux; Android 7.0; SM-G930V Build/NRD90M) AppleWebKit/537.36 (KHTML, like Gecko) Chrome/59.0.3071.125 Mobile Safari/537.36 (compatible; Google-Read-Aloud; +https://support.google.com/webmasters/answer/1061943)"
64.233.172.34 - - [17/Apr/2025:13:23:49 +0530] "GET /wp-content/plugins/image-hover-effects-addon-for-elementor/assets/style.min.css?ver=1.4.4 HTTP/1.1" 200 2825 "https://ekakshhomecare.myycard.in/index.php/dishwash-liquid/" "Mozilla/5.0 (Linux; Android 7.0; SM-G930V Build/NRD90M) AppleWebKit/537.36 (KHTML, like Gecko) Chrome/59.0.3071.125 Mobile Safari/537.36 (compatible; Google-Read-Aloud; +https://support.google.com/webmasters/answer/1061943)"
64.233.172.35 - - [17/Apr/2025:13:23:49 +0530] "GET /wp-content/plugins/elementor/assets/lib/animations/styles/fadeInUp.min.css?ver=3.28.3 HTTP/1.1" 200 130 "https://ekakshhomecare.myycard.in/index.php/dishwash-liquid/" "Mozilla/5.0 (Linux; Android 7.0; SM-G930V Build/NRD90M) AppleWebKit/537.36 (KHTML, like Gecko) Chrome/59.0.3071.125 Mobile Safari/537.36 (compatible; Google-Read-Aloud; +https://support.google.com/webmasters/answer/1061943)"
64.233.172.34 - - [17/Apr/2025:13:23:49 +0530] "GET /wp-content/uploads/elementor/css/post-158.css?ver=1744873520 HTTP/1.1" 200 1066 "https://ekakshhomecare.myycard.in/index.php/dishwash-liquid/" "Mozilla/5.0 (Linux; Android 7.0; SM-G930V Build/NRD90M) AppleWebKit/537.36 (KHTML, like Gecko) Chrome/59.0.3071.125 Mobile Safari/537.36 (compatible; Google-Read-Aloud; +https://support.google.com/webmasters/answer/1061943)"
64.233.172.34 - - [17/Apr/2025:13:23:49 +0530] "GET /wp-content/themes/hello-elementor/style.min.css?ver=3.3.0 HTTP/1.1" 200 1591 "https://ekakshhomecare.myycard.in/index.php/dishwash-liquid/" "Mozilla/5.0 (Linux; Android 7.0; SM-G930V Build/NRD90M) AppleWebKit/537.36 (KHTML, like Gecko) Chrome/59.0.3071.125 Mobile Safari/537.36 (compatible; Google-Read-Aloud; +https://support.google.com/webmasters/answer/1061943)"
64.233.172.35 - - [17/Apr/2025:13:23:49 +0530] "GET /wp-content/plugins/header-footer-elementor/assets/css/header-footer-elementor.css?ver=2.3.0 HTTP/1.1" 200 259 "https://ekakshhomecare.myycard.in/index.php/dishwash-liquid/" "Mozilla/5.0 (Linux; Android 7.0; SM-G930V Build/NRD90M) AppleWebKit/537.36 (KHTML, like Gecko) Chrome/59.0.3071.125 Mobile Safari/537.36 (compatible; Google-Read-Aloud; +https://support.google.com/webmasters/answer/1061943)"
64.233.172.36 - - [17/Apr/2025:13:23:49 +0530] "GET /wp-content/plugins/elementor/assets/css/widget-heading.min.css?ver=3.28.3 HTTP/1.1" 200 154 "https://ekakshhomecare.myycard.in/index.php/dishwash-liquid/" "Mozilla/5.0 (Linux; Android 7.0; SM-G930V Build/NRD90M) AppleWebKit/537.36 (KHTML, like Gecko) Chrome/59.0.3071.125 Mobile Safari/537.36 (compatible; Google-Read-Aloud; +https://support.google.com/webmasters/answer/1061943)"
64.233.172.34 - - [17/Apr/2025:13:23:49 +0530] "GET /wp-content/plugins/elementor/assets/css/frontend.min.css?ver=3.28.3 HTTP/1.1" 200 6453 "https://ekakshhomecare.myycard.in/index.php/dishwash-liquid/" "Mozilla/5.0 (Linux; Android 7.0; SM-G930V Build/NRD90M) AppleWebKit/537.36 (KHTML, like Gecko) Chrome/59.0.3071.125 Mobile Safari/537.36 (compatible; Google-Read-Aloud; +https://support.google.com/webmasters/answer/1061943)"
64.233.172.34 - - [17/Apr/2025:13:23:49 +0530] "GET /wp-content/plugins/elementor-pro/assets/css/frontend.min.css?ver=3.21.2 HTTP/1.1" 200 41271 "https://ekakshhomecare.myycard.in/index.php/dishwash-liquid/" "Mozilla/5.0 (Linux; Android 7.0; SM-G930V Build/NRD90M) AppleWebKit/537.36 (KHTML, like Gecko) Chrome/59.0.3071.125 Mobile Safari/537.36 (compatible; Google-Read-Aloud; +https://support.google.com/webmasters/answer/1061943)"
64.233.172.36 - - [17/Apr/2025:13:23:49 +0530] "GET /wp-content/plugins/header-footer-elementor/inc/widgets-css/frontend.css?ver=2.3.0 HTTP/1.1" 200 8133 "https://ekakshhomecare.myycard.in/index.php/dishwash-liquid/" "Mozilla/5.0 (Linux; Android 7.0; SM-G930V Build/NRD90M) AppleWebKit/537.36 (KHTML, like Gecko) Chrome/59.0.3071.125 Mobile Safari/537.36 (compatible; Google-Read-Aloud; +https://support.google.com/webmasters/answer/1061943)"
64.233.172.35 - - [17/Apr/2025:13:23:49 +0530] "GET /wp-content/plugins/elementor/assets/lib/eicons/css/elementor-icons.min.css?ver=5.34.0 HTTP/1.1" 200 3845 "https://ekakshhomecare.myycard.in/index.php/dishwash-liquid/" "Mozilla/5.0 (Linux; Android 7.0; SM-G930V Build/NRD90M) AppleWebKit/537.36 (KHTML, like Gecko) Chrome/59.0.3071.125 Mobile Safari/537.36 (compatible; Google-Read-Aloud; +https://support.google.com/webmasters/answer/1061943)"
64.233.172.36 - - [17/Apr/2025:13:23:49 +0530] "GET /wp-content/uploads/elementor/css/post-193.css?ver=1744875546 HTTP/1.1" 200 2321 "https://ekakshhomecare.myycard.in/index.php/dishwash-liquid/" "Mozilla/5.0 (Linux; Android 7.0; SM-G930V Build/NRD90M) AppleWebKit/537.36 (KHTML, like Gecko) Chrome/59.0.3071.125 Mobile Safari/537.36 (compatible; Google-Read-Aloud; +https://support.google.com/webmasters/answer/1061943)"
64.233.172.36 - - [17/Apr/2025:13:23:49 +0530] "GET /wp-content/plugins/header-footer-elementor/assets/css/header-footer-elementor.css?ver=2.3.0 HTTP/1.1" 200 259 "https://ekakshhomecare.myycard.in/index.php/dishwash-liquid/" "Mozilla/5.0 (Linux; Android 7.0; SM-G930V Build/NRD90M) AppleWebKit/537.36 (KHTML, like Gecko) Chrome/59.0.3071.125 Mobile Safari/537.36 (compatible; Google-Read-Aloud; +https://support.google.com/webmasters/answer/1061943)"
64.233.172.36 - - [17/Apr/2025:13:23:49 +0530] "GET /wp-content/plugins/elementor/assets/css/conditionals/e-swiper.min.css?ver=3.28.3 HTTP/1.1" 200 699 "https://ekakshhomecare.myycard.in/index.php/dishwash-liquid/" "Mozilla/5.0 (Linux; Android 7.0; SM-G930V Build/NRD90M) AppleWebKit/537.36 (KHTML, like Gecko) Chrome/59.0.3071.125 Mobile Safari/537.36 (compatible; Google-Read-Aloud; +https://support.google.com/webmasters/answer/1061943)"
64.233.172.36 - - [17/Apr/2025:13:23:49 +0530] "GET /wp-content/uploads/elementor/css/post-29.css?ver=1744796551 HTTP/1.1" 200 1073 "https://ekakshhomecare.myycard.in/index.php/dishwash-liquid/" "Mozilla/5.0 (Linux; Android 7.0; SM-G930V Build/NRD90M) AppleWebKit/537.36 (KHTML, like Gecko) Chrome/59.0.3071.125 Mobile Safari/537.36 (compatible; Google-Read-Aloud; +https://support.google.com/webmasters/answer/1061943)"
64.233.172.34 - - [17/Apr/2025:13:23:49 +0530] "GET /wp-content/plugins/elementor/assets/css/widget-social-icons.min.css?ver=3.24.0 HTTP/1.1" 200 1069 "https://ekakshhomecare.myycard.in/index.php/dishwash-liquid/" "Mozilla/5.0 (Linux; Android 7.0; SM-G930V Build/NRD90M) AppleWebKit/537.36 (KHTML, like Gecko) Chrome/59.0.3071.125 Mobile Safari/537.36 (compatible; Google-Read-Aloud; +https://support.google.com/webmasters/answer/1061943)"
64.233.172.36 - - [17/Apr/2025:13:23:49 +0530] "GET /wp-content/plugins/elementor/assets/lib/font-awesome/css/solid.css?ver=5.15.3 HTTP/1.1" 200 296 "https://ekakshhomecare.myycard.in/index.php/dishwash-liquid/" "Mozilla/5.0 (Linux; Android 7.0; SM-G930V Build/NRD90M) AppleWebKit/537.36 (KHTML, like Gecko) Chrome/59.0.3071.125 Mobile Safari/537.36 (compatible; Google-Read-Aloud; +https://support.google.com/webmasters/answer/1061943)"
64.233.172.35 - - [17/Apr/2025:13:23:49 +0530] "GET /wp-content/plugins/elementor/assets/lib/font-awesome/css/fontawesome.css?ver=5.15.3 HTTP/1.1" 200 12526 "https://ekakshhomecare.myycard.in/index.php/dishwash-liquid/" "Mozilla/5.0 (Linux; Android 7.0; SM-G930V Build/NRD90M) AppleWebKit/537.36 (KHTML, like Gecko) Chrome/59.0.3071.125 Mobile Safari/537.36 (compatible; Google-Read-Aloud; +https://support.google.com/webmasters/answer/1061943)"
64.233.172.36 - - [17/Apr/2025:13:23:49 +0530] "GET /wp-content/plugins/elementor-pro/assets/css/widget-mega-menu.min.css?ver=3.26.2 HTTP/1.1" 200 2698 "https://ekakshhomecare.myycard.in/index.php/dishwash-liquid/" "Mozilla/5.0 (Linux; Android 7.0; SM-G930V Build/NRD90M) AppleWebKit/537.36 (KHTML, like Gecko) Chrome/59.0.3071.125 Mobile Safari/537.36 (compatible; Google-Read-Aloud; +https://support.google.com/webmasters/answer/1061943)"
