150.107.241.148 - - [16/Apr/2025:18:01:13 +0530] "GET /index.php/wp-json/elementor/v1/checklist/user-progress HTTP/3" 200 194 "https://ekakshhomecare.myycard.in/wp-admin/post.php?post=14&action=elementor" "Mozilla/5.0 (Windows NT 10.0; Win64; x64) AppleWebKit/537.36 (KHTML, like Gecko) Chrome/135.0.0.0 Safari/537.36"
150.107.241.148 - - [16/Apr/2025:18:01:13 +0530] "POST /wp-admin/admin-ajax.php HTTP/3" 200 573 "https://ekakshhomecare.myycard.in/wp-admin/post.php?post=14&action=elementor" "Mozilla/5.0 (Windows NT 10.0; Win64; x64) AppleWebKit/537.36 (KHTML, like Gecko) Chrome/135.0.0.0 Safari/537.36"
150.107.241.148 - - [16/Apr/2025:18:01:14 +0530] "GET /index.php/wp-json/elementor/v1/checklist/user-progress HTTP/3" 200 194 "https://ekakshhomecare.myycard.in/wp-admin/post.php?post=14&action=elementor" "Mozilla/5.0 (Windows NT 10.0; Win64; x64) AppleWebKit/537.36 (KHTML, like Gecko) Chrome/135.0.0.0 Safari/537.36"
150.107.241.148 - - [16/Apr/2025:18:01:14 +0530] "POST /wp-admin/admin-ajax.php HTTP/3" 200 452 "https://ekakshhomecare.myycard.in/wp-admin/post.php?post=14&action=elementor" "Mozilla/5.0 (Windows NT 10.0; Win64; x64) AppleWebKit/537.36 (KHTML, like Gecko) Chrome/135.0.0.0 Safari/537.36"
150.107.241.148 - - [16/Apr/2025:18:01:17 +0530] "GET /index.php/our-products/ HTTP/3" 200 23846 "https://ekakshhomecare.myycard.in/index.php/about-us/" "Mozilla/5.0 (Windows NT 10.0; Win64; x64) AppleWebKit/537.36 (KHTML, like Gecko) Chrome/135.0.0.0 Safari/537.36"
150.107.241.148 - - [16/Apr/2025:18:01:17 +0530] "GET /wp-content/uploads/elementor/css/post-14.css?ver=1744806677 HTTP/3" 200 2174 "https://ekakshhomecare.myycard.in/index.php/our-products/" "Mozilla/5.0 (Windows NT 10.0; Win64; x64) AppleWebKit/537.36 (KHTML, like Gecko) Chrome/135.0.0.0 Safari/537.36"
150.107.241.148 - - [16/Apr/2025:18:01:22 +0530] "GET /index.php/contact-us/ HTTP/3" 200 23410 "https://ekakshhomecare.myycard.in/index.php/our-products/" "Mozilla/5.0 (Windows NT 10.0; Win64; x64) AppleWebKit/537.36 (KHTML, like Gecko) Chrome/135.0.0.0 Safari/537.36"
150.107.241.148 - - [16/Apr/2025:18:01:23 +0530] "GET /wp-content/uploads/elementor/css/post-16.css?ver=1744797556 HTTP/3" 200 1694 "https://ekakshhomecare.myycard.in/index.php/contact-us/" "Mozilla/5.0 (Windows NT 10.0; Win64; x64) AppleWebKit/537.36 (KHTML, like Gecko) Chrome/135.0.0.0 Safari/537.36"
150.107.241.148 - - [16/Apr/2025:18:01:23 +0530] "GET /wp-content/plugins/master-addons/assets/fonts/material-icons/material-icons.css?ver=2.0.7.4 HTTP/3" 200 9493 "https://ekakshhomecare.myycard.in/index.php/contact-us/" "Mozilla/5.0 (Windows NT 10.0; Win64; x64) AppleWebKit/537.36 (KHTML, like Gecko) Chrome/135.0.0.0 Safari/537.36"
150.107.241.148 - - [16/Apr/2025:18:01:23 +0530] "GET /wp-content/plugins/master-addons/assets/fonts/material-icons/material-icons.ttf HTTP/3" 200 72501 "https://ekakshhomecare.myycard.in/wp-content/plugins/master-addons/assets/fonts/material-icons/material-icons.css?ver=2.0.7.4" "Mozilla/5.0 (Windows NT 10.0; Win64; x64) AppleWebKit/537.36 (KHTML, like Gecko) Chrome/135.0.0.0 Safari/537.36"
150.107.241.148 - - [16/Apr/2025:18:01:28 +0530] "GET /index.php/handwash/ HTTP/3" 200 24157 "https://ekakshhomecare.myycard.in/index.php/contact-us/" "Mozilla/5.0 (Windows NT 10.0; Win64; x64) AppleWebKit/537.36 (KHTML, like Gecko) Chrome/135.0.0.0 Safari/537.36"
150.107.241.148 - - [16/Apr/2025:18:01:32 +0530] "GET /index.php/dishwash-liquid/ HTTP/3" 200 24008 "https://ekakshhomecare.myycard.in/index.php/handwash/" "Mozilla/5.0 (Windows NT 10.0; Win64; x64) AppleWebKit/537.36 (KHTML, like Gecko) Chrome/135.0.0.0 Safari/537.36"
150.107.241.148 - - [16/Apr/2025:18:01:35 +0530] "GET /wp-admin/post.php?post=344&action=edit HTTP/3" 200 85168 "https://ekakshhomecare.myycard.in/index.php/dishwash-liquid/" "Mozilla/5.0 (Windows NT 10.0; Win64; x64) AppleWebKit/537.36 (KHTML, like Gecko) Chrome/135.0.0.0 Safari/537.36"
150.107.241.148 - - [16/Apr/2025:18:01:36 +0530] "GET /index.php/dishwash-liquid/ HTTP/3" 200 24008 "https://ekakshhomecare.myycard.in/index.php/handwash/" "Mozilla/5.0 (Windows NT 10.0; Win64; x64) AppleWebKit/537.36 (KHTML, like Gecko) Chrome/135.0.0.0 Safari/537.36"
150.107.241.148 - - [16/Apr/2025:18:01:39 +0530] "GET /wp-admin/post.php?post=344&action=elementor HTTP/3" 200 281401 "https://ekakshhomecare.myycard.in/index.php/dishwash-liquid/" "Mozilla/5.0 (Windows NT 10.0; Win64; x64) AppleWebKit/537.36 (KHTML, like Gecko) Chrome/135.0.0.0 Safari/537.36"
150.107.241.148 - - [16/Apr/2025:18:01:44 +0530] "GET /index.php/wp-json/elementor/v1/global-widget/templates HTTP/3" 200 22 "https://ekakshhomecare.myycard.in/wp-admin/post.php?post=344&action=elementor" "Mozilla/5.0 (Windows NT 10.0; Win64; x64) AppleWebKit/537.36 (KHTML, like Gecko) Chrome/135.0.0.0 Safari/537.36"
150.107.241.148 - - [16/Apr/2025:18:01:44 +0530] "POST /wp-admin/admin-ajax.php HTTP/3" 200 96 "https://ekakshhomecare.myycard.in/wp-admin/post.php?post=344&action=elementor" "Mozilla/5.0 (Windows NT 10.0; Win64; x64) AppleWebKit/537.36 (KHTML, like Gecko) Chrome/135.0.0.0 Safari/537.36"
150.107.241.148 - - [16/Apr/2025:18:01:44 +0530] "GET /index.php/dishwash-liquid/?elementor-preview=344&ver=1744806699 HTTP/3" 200 19664 "https://ekakshhomecare.myycard.in/wp-admin/post.php?post=344&action=elementor" "Mozilla/5.0 (Windows NT 10.0; Win64; x64) AppleWebKit/537.36 (KHTML, like Gecko) Chrome/135.0.0.0 Safari/537.36"
150.107.241.148 - - [16/Apr/2025:18:01:45 +0530] "GET /index.php/wp-json/elementor/v1/checklist/user-progress HTTP/3" 200 194 "https://ekakshhomecare.myycard.in/wp-admin/post.php?post=344&action=elementor" "Mozilla/5.0 (Windows NT 10.0; Win64; x64) AppleWebKit/537.36 (KHTML, like Gecko) Chrome/135.0.0.0 Safari/537.36"
150.107.241.148 - - [16/Apr/2025:18:01:44 +0530] "GET /index.php/wp-json/elementor/v1/site-navigation/recent-posts?posts_per_page=6&_locale=user HTTP/3" 200 315 "https://ekakshhomecare.myycard.in/wp-admin/post.php?post=344&action=elementor" "Mozilla/5.0 (Windows NT 10.0; Win64; x64) AppleWebKit/537.36 (KHTML, like Gecko) Chrome/135.0.0.0 Safari/537.36"
150.107.241.148 - - [16/Apr/2025:18:01:45 +0530] "GET /index.php/wp-json/elementor/v1/kit-elements-defaults HTTP/3" 200 22 "https://ekakshhomecare.myycard.in/wp-admin/post.php?post=344&action=elementor" "Mozilla/5.0 (Windows NT 10.0; Win64; x64) AppleWebKit/537.36 (KHTML, like Gecko) Chrome/135.0.0.0 Safari/537.36"
150.107.241.148 - - [16/Apr/2025:18:01:45 +0530] "GET /wp-content/plugins/powerpack-lite-for-elementor/assets/lib/chartjs/chart.umd.min.js?ver=2.9.1 HTTP/3" 404 22177 "https://ekakshhomecare.myycard.in/index.php/dishwash-liquid/?elementor-preview=344&ver=1744806699" "Mozilla/5.0 (Windows NT 10.0; Win64; x64) AppleWebKit/537.36 (KHTML, like Gecko) Chrome/135.0.0.0 Safari/537.36"
150.107.241.148 - - [16/Apr/2025:18:01:45 +0530] "POST /wp-admin/admin-ajax.php HTTP/3" 200 1576751 "https://ekakshhomecare.myycard.in/wp-admin/post.php?post=344&action=elementor" "Mozilla/5.0 (Windows NT 10.0; Win64; x64) AppleWebKit/537.36 (KHTML, like Gecko) Chrome/135.0.0.0 Safari/537.36"
150.107.241.148 - - [16/Apr/2025:18:01:51 +0530] "GET /index.php/wp-json/elementor/v1/globals HTTP/3" 200 664 "https://ekakshhomecare.myycard.in/wp-admin/post.php?post=344&action=elementor" "Mozilla/5.0 (Windows NT 10.0; Win64; x64) AppleWebKit/537.36 (KHTML, like Gecko) Chrome/135.0.0.0 Safari/537.36"
150.107.241.148 - - [16/Apr/2025:18:01:53 +0530] "GET /index.php/wp-json/elementor/v1/checklist/user-progress HTTP/3" 200 194 "https://ekakshhomecare.myycard.in/wp-admin/post.php?post=344&action=elementor" "Mozilla/5.0 (Windows NT 10.0; Win64; x64) AppleWebKit/537.36 (KHTML, like Gecko) Chrome/135.0.0.0 Safari/537.36"
150.107.241.148 - - [16/Apr/2025:18:01:54 +0530] "POST /wp-admin/admin-ajax.php HTTP/3" 200 228 "https://ekakshhomecare.myycard.in/wp-admin/post.php?post=344&action=elementor" "Mozilla/5.0 (Windows NT 10.0; Win64; x64) AppleWebKit/537.36 (KHTML, like Gecko) Chrome/135.0.0.0 Safari/537.36"
150.107.241.148 - - [16/Apr/2025:18:01:54 +0530] "POST /wp-admin/admin-ajax.php HTTP/3" 200 112 "https://ekakshhomecare.myycard.in/wp-admin/post.php?post=344&action=elementor" "Mozilla/5.0 (Windows NT 10.0; Win64; x64) AppleWebKit/537.36 (KHTML, like Gecko) Chrome/135.0.0.0 Safari/537.36"
150.107.241.148 - - [16/Apr/2025:18:01:57 +0530] "POST /wp-admin/admin-ajax.php HTTP/3" 200 625 "https://ekakshhomecare.myycard.in/wp-admin/post.php?post=344&action=elementor" "Mozilla/5.0 (Windows NT 10.0; Win64; x64) AppleWebKit/537.36 (KHTML, like Gecko) Chrome/135.0.0.0 Safari/537.36"
150.107.241.148 - - [16/Apr/2025:18:01:58 +0530] "POST /wp-admin/admin-ajax.php HTTP/3" 200 7334 "https://ekakshhomecare.myycard.in/wp-admin/post.php?post=344&action=elementor" "Mozilla/5.0 (Windows NT 10.0; Win64; x64) AppleWebKit/537.36 (KHTML, like Gecko) Chrome/135.0.0.0 Safari/537.36"
150.107.241.148 - - [16/Apr/2025:18:01:58 +0530] "POST /wp-admin/admin-ajax.php HTTP/3" 200 7086 "https://ekakshhomecare.myycard.in/wp-admin/post.php?post=344&action=elementor" "Mozilla/5.0 (Windows NT 10.0; Win64; x64) AppleWebKit/537.36 (KHTML, like Gecko) Chrome/135.0.0.0 Safari/537.36"
150.107.241.148 - - [16/Apr/2025:18:01:59 +0530] "POST /wp-admin/admin-ajax.php HTTP/3" 200 625 "https://ekakshhomecare.myycard.in/wp-admin/post.php?post=344&action=elementor" "Mozilla/5.0 (Windows NT 10.0; Win64; x64) AppleWebKit/537.36 (KHTML, like Gecko) Chrome/135.0.0.0 Safari/537.36"
150.107.241.148 - - [16/Apr/2025:18:01:59 +0530] "GET /index.php/wp-json/elementor/v1/checklist/user-progress HTTP/3" 200 194 "https://ekakshhomecare.myycard.in/wp-admin/post.php?post=344&action=elementor" "Mozilla/5.0 (Windows NT 10.0; Win64; x64) AppleWebKit/537.36 (KHTML, like Gecko) Chrome/135.0.0.0 Safari/537.36"
150.107.241.148 - - [16/Apr/2025:18:02:00 +0530] "GET /index.php/wp-json/elementor/v1/checklist/user-progress HTTP/3" 200 194 "https://ekakshhomecare.myycard.in/wp-admin/post.php?post=344&action=elementor" "Mozilla/5.0 (Windows NT 10.0; Win64; x64) AppleWebKit/537.36 (KHTML, like Gecko) Chrome/135.0.0.0 Safari/537.36"
150.107.241.148 - - [16/Apr/2025:18:02:00 +0530] "POST /wp-admin/admin-ajax.php HTTP/3" 200 96 "https://ekakshhomecare.myycard.in/wp-admin/post.php?post=344&action=elementor" "Mozilla/5.0 (Windows NT 10.0; Win64; x64) AppleWebKit/537.36 (KHTML, like Gecko) Chrome/135.0.0.0 Safari/537.36"
150.107.241.148 - - [16/Apr/2025:18:01:59 +0530] "GET /wp-content/uploads/2025/04/20250110_173317-1024x1024.png HTTP/3" 200 469792 "https://ekakshhomecare.myycard.in/index.php/dishwash-liquid/?elementor-preview=344&ver=1744806699" "Mozilla/5.0 (Windows NT 10.0; Win64; x64) AppleWebKit/537.36 (KHTML, like Gecko) Chrome/135.0.0.0 Safari/537.36"
150.107.241.148 - - [16/Apr/2025:18:02:00 +0530] "POST /wp-admin/admin-ajax.php HTTP/3" 200 571 "https://ekakshhomecare.myycard.in/wp-admin/post.php?post=344&action=elementor" "Mozilla/5.0 (Windows NT 10.0; Win64; x64) AppleWebKit/537.36 (KHTML, like Gecko) Chrome/135.0.0.0 Safari/537.36"
150.107.241.148 - - [16/Apr/2025:18:02:01 +0530] "GET /index.php/wp-json/elementor/v1/checklist/user-progress HTTP/3" 200 194 "https://ekakshhomecare.myycard.in/wp-admin/post.php?post=344&action=elementor" "Mozilla/5.0 (Windows NT 10.0; Win64; x64) AppleWebKit/537.36 (KHTML, like Gecko) Chrome/135.0.0.0 Safari/537.36"
150.107.241.148 - - [16/Apr/2025:18:02:02 +0530] "POST /wp-admin/admin-ajax.php HTTP/3" 200 420 "https://ekakshhomecare.myycard.in/wp-admin/post.php?post=344&action=elementor" "Mozilla/5.0 (Windows NT 10.0; Win64; x64) AppleWebKit/537.36 (KHTML, like Gecko) Chrome/135.0.0.0 Safari/537.36"
152.58.35.47 - - [16/Apr/2025:18:02:05 +0530] "GET / HTTP/2" 200 20021 "-" "Mozilla/5.0 (Windows NT 10.0; Win64; x64) AppleWebKit/537.36 (KHTML, like Gecko) Chrome/135.0.0.0 Safari/537.36"
103.212.120.166 - - [16/Apr/2025:18:02:13 +0530] "POST /wp-cron.php?doing_wp_cron=1744806733.5556919574737548828125 HTTP/1.1" 403 1242 "-" "WordPress/6.7.2; https://ekakshhomecare.myycard.in"
150.107.241.148 - - [16/Apr/2025:18:02:13 +0530] "GET /index.php/wp-json/elementor/v1/checklist/user-progress HTTP/3" 200 194 "https://ekakshhomecare.myycard.in/wp-admin/post.php?post=344&action=elementor" "Mozilla/5.0 (Windows NT 10.0; Win64; x64) AppleWebKit/537.36 (KHTML, like Gecko) Chrome/135.0.0.0 Safari/537.36"
150.107.241.148 - - [16/Apr/2025:18:02:14 +0530] "GET /index.php/dishwash-liquid/ HTTP/3" 200 23998 "https://ekakshhomecare.myycard.in/index.php/handwash/" "Mozilla/5.0 (Windows NT 10.0; Win64; x64) AppleWebKit/537.36 (KHTML, like Gecko) Chrome/135.0.0.0 Safari/537.36"
150.107.241.148 - - [16/Apr/2025:18:02:15 +0530] "GET /wp-content/uploads/elementor/css/post-344.css?ver=1744806735 HTTP/3" 200 678 "https://ekakshhomecare.myycard.in/index.php/dishwash-liquid/" "Mozilla/5.0 (Windows NT 10.0; Win64; x64) AppleWebKit/537.36 (KHTML, like Gecko) Chrome/135.0.0.0 Safari/537.36"
152.58.35.47 - - [16/Apr/2025:18:03:09 +0530] "GET /index.php/contact-us/ HTTP/2" 200 17290 "-" "Mozilla/5.0 (Windows NT 10.0; Win64; x64) AppleWebKit/537.36 (KHTML, like Gecko) Chrome/135.0.0.0 Safari/537.36"
152.58.35.47 - - [16/Apr/2025:18:03:09 +0530] "GET /wp-content/plugins/elementor/assets/css/widget-google_maps.min.css?ver=3.28.3 HTTP/2" 200 117 "https://ekakshhomecare.myycard.in/index.php/contact-us/" "Mozilla/5.0 (Windows NT 10.0; Win64; x64) AppleWebKit/537.36 (KHTML, like Gecko) Chrome/135.0.0.0 Safari/537.36"
152.58.35.47 - - [16/Apr/2025:18:03:09 +0530] "GET /wp-content/uploads/elementor/css/post-16.css?ver=1744797556 HTTP/2" 200 1694 "https://ekakshhomecare.myycard.in/index.php/contact-us/" "Mozilla/5.0 (Windows NT 10.0; Win64; x64) AppleWebKit/537.36 (KHTML, like Gecko) Chrome/135.0.0.0 Safari/537.36"
152.58.35.47 - - [16/Apr/2025:18:03:09 +0530] "GET /wp-content/plugins/master-addons/assets/fonts/material-icons/material-icons.css?ver=2.0.7.4 HTTP/2" 200 9493 "https://ekakshhomecare.myycard.in/index.php/contact-us/" "Mozilla/5.0 (Windows NT 10.0; Win64; x64) AppleWebKit/537.36 (KHTML, like Gecko) Chrome/135.0.0.0 Safari/537.36"
152.58.35.47 - - [16/Apr/2025:18:03:09 +0530] "GET /wp-content/plugins/master-addons/assets/fonts/material-icons/material-icons.ttf HTTP/2" 200 72501 "https://ekakshhomecare.myycard.in/wp-content/plugins/master-addons/assets/fonts/material-icons/material-icons.css?ver=2.0.7.4" "Mozilla/5.0 (Windows NT 10.0; Win64; x64) AppleWebKit/537.36 (KHTML, like Gecko) Chrome/135.0.0.0 Safari/537.36"
103.212.120.166 - - [16/Apr/2025:18:03:33 +0530] "POST /wp-cron.php?doing_wp_cron=1744806813.3879439830780029296875 HTTP/1.1" 403 1242 "-" "WordPress/6.7.2; https://ekakshhomecare.myycard.in"
152.58.35.47 - - [16/Apr/2025:18:03:33 +0530] "GET /index.php/contact-us/ HTTP/2" 200 17290 "https://ekakshhomecare.myycard.in/index.php/contact-us/" "Mozilla/5.0 (Windows NT 10.0; Win64; x64) AppleWebKit/537.36 (KHTML, like Gecko) Chrome/135.0.0.0 Safari/537.36"
152.58.35.47 - - [16/Apr/2025:18:03:41 +0530] "GET /index.php/dishwash-liquid/ HTTP/2" 200 17888 "https://ekakshhomecare.myycard.in/index.php/contact-us/" "Mozilla/5.0 (Windows NT 10.0; Win64; x64) AppleWebKit/537.36 (KHTML, like Gecko) Chrome/135.0.0.0 Safari/537.36"
152.58.35.47 - - [16/Apr/2025:18:03:41 +0530] "GET /wp-content/uploads/elementor/css/post-344.css?ver=1744806735 HTTP/2" 200 624 "https://ekakshhomecare.myycard.in/index.php/dishwash-liquid/" "Mozilla/5.0 (Windows NT 10.0; Win64; x64) AppleWebKit/537.36 (KHTML, like Gecko) Chrome/135.0.0.0 Safari/537.36"
152.58.35.47 - - [16/Apr/2025:18:03:41 +0530] "GET /wp-content/uploads/2025/04/20250110_173317-1024x1024.png HTTP/2" 200 469792 "https://ekakshhomecare.myycard.in/index.php/dishwash-liquid/" "Mozilla/5.0 (Windows NT 10.0; Win64; x64) AppleWebKit/537.36 (KHTML, like Gecko) Chrome/135.0.0.0 Safari/537.36"
152.58.35.47 - - [16/Apr/2025:18:03:41 +0530] "GET /wp-content/uploads/2025/04/20250110_173317-1-1024x1024.png HTTP/2" 200 469792 "https://ekakshhomecare.myycard.in/index.php/dishwash-liquid/" "Mozilla/5.0 (Windows NT 10.0; Win64; x64) AppleWebKit/537.36 (KHTML, like Gecko) Chrome/135.0.0.0 Safari/537.36"
152.58.35.47 - - [16/Apr/2025:18:03:41 +0530] "GET /wp-content/uploads/2025/04/20250112_170535-1024x1024.png HTTP/2" 200 674161 "https://ekakshhomecare.myycard.in/index.php/dishwash-liquid/" "Mozilla/5.0 (Windows NT 10.0; Win64; x64) AppleWebKit/537.36 (KHTML, like Gecko) Chrome/135.0.0.0 Safari/537.36"
152.58.35.47 - - [16/Apr/2025:18:03:45 +0530] "GET /index.php/our-products/ HTTP/2" 200 17716 "https://ekakshhomecare.myycard.in/index.php/dishwash-liquid/" "Mozilla/5.0 (Windows NT 10.0; Win64; x64) AppleWebKit/537.36 (KHTML, like Gecko) Chrome/135.0.0.0 Safari/537.36"
152.58.35.47 - - [16/Apr/2025:18:03:46 +0530] "GET /wp-content/uploads/elementor/css/post-14.css?ver=1744806677 HTTP/2" 200 1640 "https://ekakshhomecare.myycard.in/index.php/our-products/" "Mozilla/5.0 (Windows NT 10.0; Win64; x64) AppleWebKit/537.36 (KHTML, like Gecko) Chrome/135.0.0.0 Safari/537.36"
152.58.35.47 - - [16/Apr/2025:18:03:53 +0530] "GET /index.php/detergent-liquid/ HTTP/2" 200 17959 "-" "Mozilla/5.0 (Windows NT 10.0; Win64; x64) AppleWebKit/537.36 (KHTML, like Gecko) Chrome/135.0.0.0 Safari/537.36"
152.58.35.47 - - [16/Apr/2025:18:03:53 +0530] "GET /wp-content/uploads/elementor/css/post-346.css?ver=1744800984 HTTP/2" 200 622 "https://ekakshhomecare.myycard.in/index.php/detergent-liquid/" "Mozilla/5.0 (Windows NT 10.0; Win64; x64) AppleWebKit/537.36 (KHTML, like Gecko) Chrome/135.0.0.0 Safari/537.36"
152.58.35.47 - - [16/Apr/2025:18:03:53 +0530] "GET /wp-content/uploads/2025/04/20250110_173513-1024x1024.png HTTP/2" 200 687962 "https://ekakshhomecare.myycard.in/index.php/detergent-liquid/" "Mozilla/5.0 (Windows NT 10.0; Win64; x64) AppleWebKit/537.36 (KHTML, like Gecko) Chrome/135.0.0.0 Safari/537.36"
152.58.35.47 - - [16/Apr/2025:18:03:53 +0530] "GET /wp-content/uploads/2025/04/20250110_173557-1024x1024.png HTTP/2" 200 859468 "https://ekakshhomecare.myycard.in/index.php/detergent-liquid/" "Mozilla/5.0 (Windows NT 10.0; Win64; x64) AppleWebKit/537.36 (KHTML, like Gecko) Chrome/135.0.0.0 Safari/537.36"
152.58.35.47 - - [16/Apr/2025:18:03:53 +0530] "GET /wp-content/uploads/2025/04/20250110_173635-1024x1024.png HTTP/2" 200 459221 "https://ekakshhomecare.myycard.in/index.php/detergent-liquid/" "Mozilla/5.0 (Windows NT 10.0; Win64; x64) AppleWebKit/537.36 (KHTML, like Gecko) Chrome/135.0.0.0 Safari/537.36"
152.58.35.47 - - [16/Apr/2025:18:03:53 +0530] "GET /wp-content/uploads/2025/04/20250110_173602-1024x1024.png HTTP/2" 200 808176 "https://ekakshhomecare.myycard.in/index.php/detergent-liquid/" "Mozilla/5.0 (Windows NT 10.0; Win64; x64) AppleWebKit/537.36 (KHTML, like Gecko) Chrome/135.0.0.0 Safari/537.36"
152.58.35.47 - - [16/Apr/2025:18:03:53 +0530] "GET /wp-content/uploads/2025/04/20250110_173618-1024x1024.png HTTP/2" 200 471618 "https://ekakshhomecare.myycard.in/index.php/detergent-liquid/" "Mozilla/5.0 (Windows NT 10.0; Win64; x64) AppleWebKit/537.36 (KHTML, like Gecko) Chrome/135.0.0.0 Safari/537.36"
152.58.35.47 - - [16/Apr/2025:18:03:57 +0530] "GET /index.php/detergent-liquid/ HTTP/2" 200 17959 "-" "Mozilla/5.0 (Windows NT 10.0; Win64; x64) AppleWebKit/537.36 (KHTML, like Gecko) Chrome/135.0.0.0 Safari/537.36"
152.58.35.47 - - [16/Apr/2025:18:04:07 +0530] "GET /index.php/contact-us/ HTTP/2" 200 17290 "-" "Mozilla/5.0 (Windows NT 10.0; Win64; x64) AppleWebKit/537.36 (KHTML, like Gecko) Chrome/135.0.0.0 Safari/537.36"
103.212.120.166 - - [16/Apr/2025:18:06:05 +0530] "POST /wp-cron.php?doing_wp_cron=1744806965.6073269844055175781250 HTTP/1.1" 403 1242 "-" "WordPress/6.7.2; https://ekakshhomecare.myycard.in"
152.58.35.47 - - [16/Apr/2025:18:06:05 +0530] "GET / HTTP/2" 200 20021 "https://ekakshhomecare.myycard.in/index.php/contact-us/" "Mozilla/5.0 (Windows NT 10.0; Win64; x64) AppleWebKit/537.36 (KHTML, like Gecko) Chrome/135.0.0.0 Safari/537.36"
103.212.120.166 - - [16/Apr/2025:18:07:14 +0530] "POST /wp-cron.php?doing_wp_cron=1744807034.3267540931701660156250 HTTP/1.1" 403 1242 "-" "WordPress/6.7.2; https://ekakshhomecare.myycard.in"
152.58.35.47 - - [16/Apr/2025:18:07:14 +0530] "GET / HTTP/2" 200 20021 "https://ekakshhomecare.myycard.in/index.php/contact-us/" "Mozilla/5.0 (Windows NT 10.0; Win64; x64) AppleWebKit/537.36 (KHTML, like Gecko) Chrome/135.0.0.0 Safari/537.36"
103.212.120.166 - - [16/Apr/2025:18:12:23 +0530] "POST /wp-cron.php?doing_wp_cron=1744807343.8900389671325683593750 HTTP/1.1" 403 1242 "-" "WordPress/6.7.2; https://ekakshhomecare.myycard.in"
152.58.35.47 - - [16/Apr/2025:18:12:23 +0530] "GET / HTTP/3" 200 20021 "https://ekakshhomecare.myycard.in/index.php/contact-us/" "Mozilla/5.0 (Windows NT 10.0; Win64; x64) AppleWebKit/537.36 (KHTML, like Gecko) Chrome/135.0.0.0 Safari/537.36"
152.58.35.47 - - [16/Apr/2025:18:12:24 +0530] "GET /wp-content/plugins/click-to-chat-for-whatsapp/new/inc/assets/js/app.js?ver=4.20 HTTP/3" 304 0 "https://ekakshhomecare.myycard.in/" "Mozilla/5.0 (Windows NT 10.0; Win64; x64) AppleWebKit/537.36 (KHTML, like Gecko) Chrome/135.0.0.0 Safari/537.36"
152.58.35.47 - - [16/Apr/2025:18:12:50 +0530] "GET /index.php/our-products/ HTTP/3" 200 17716 "-" "Mozilla/5.0 (Windows NT 10.0; Win64; x64) AppleWebKit/537.36 (KHTML, like Gecko) Chrome/135.0.0.0 Safari/537.36"
152.58.35.47 - - [16/Apr/2025:18:13:06 +0530] "GET /index.php/contact-us/ HTTP/3" 200 17290 "-" "Mozilla/5.0 (Windows NT 10.0; Win64; x64) AppleWebKit/537.36 (KHTML, like Gecko) Chrome/135.0.0.0 Safari/537.36"
103.212.120.166 - - [16/Apr/2025:18:19:25 +0530] "POST /wp-cron.php?doing_wp_cron=1744807765.5290999412536621093750 HTTP/1.1" 403 1242 "-" "WordPress/6.7.2; https://ekakshhomecare.myycard.in"
152.58.35.47 - - [16/Apr/2025:18:19:25 +0530] "GET /index.php/about-us/ HTTP/3" 200 17325 "https://ekakshhomecare.myycard.in/index.php/contact-us/" "Mozilla/5.0 (Windows NT 10.0; Win64; x64) AppleWebKit/537.36 (KHTML, like Gecko) Chrome/135.0.0.0 Safari/537.36"
152.58.35.47 - - [16/Apr/2025:18:19:25 +0530] "GET /wp-content/uploads/elementor/css/post-12.css?ver=1744806641 HTTP/3" 200 1171 "https://ekakshhomecare.myycard.in/index.php/about-us/" "Mozilla/5.0 (Windows NT 10.0; Win64; x64) AppleWebKit/537.36 (KHTML, like Gecko) Chrome/135.0.0.0 Safari/537.36"
103.212.120.166 - - [16/Apr/2025:18:24:29 +0530] "POST /wp-cron.php?doing_wp_cron=1744808069.1292679309844970703125 HTTP/1.1" 403 1242 "-" "WordPress/6.7.2; https://ekakshhomecare.myycard.in"
152.58.35.47 - - [16/Apr/2025:18:24:29 +0530] "GET / HTTP/3" 200 20021 "https://ekakshhomecare.myycard.in/index.php/about-us/" "Mozilla/5.0 (Windows NT 10.0; Win64; x64) AppleWebKit/537.36 (KHTML, like Gecko) Chrome/135.0.0.0 Safari/537.36"
152.58.35.47 - - [16/Apr/2025:18:24:57 +0530] "GET /index.php/handwash/ HTTP/3" 200 18058 "-" "Mozilla/5.0 (Windows NT 10.0; Win64; x64) AppleWebKit/537.36 (KHTML, like Gecko) Chrome/135.0.0.0 Safari/537.36"
152.58.35.47 - - [16/Apr/2025:18:24:57 +0530] "GET /wp-content/uploads/elementor/css/post-342.css?ver=1744806500 HTTP/3" 200 626 "https://ekakshhomecare.myycard.in/index.php/handwash/" "Mozilla/5.0 (Windows NT 10.0; Win64; x64) AppleWebKit/537.36 (KHTML, like Gecko) Chrome/135.0.0.0 Safari/537.36"
152.58.35.47 - - [16/Apr/2025:18:24:57 +0530] "GET /wp-content/uploads/2025/04/20250110_173722-1024x1024.png HTTP/3" 200 666539 "https://ekakshhomecare.myycard.in/index.php/handwash/" "Mozilla/5.0 (Windows NT 10.0; Win64; x64) AppleWebKit/537.36 (KHTML, like Gecko) Chrome/135.0.0.0 Safari/537.36"
152.58.35.47 - - [16/Apr/2025:18:24:57 +0530] "GET /wp-content/uploads/2025/04/20250110_173830-1024x1024.png HTTP/3" 200 655195 "https://ekakshhomecare.myycard.in/index.php/handwash/" "Mozilla/5.0 (Windows NT 10.0; Win64; x64) AppleWebKit/537.36 (KHTML, like Gecko) Chrome/135.0.0.0 Safari/537.36"
152.58.35.47 - - [16/Apr/2025:18:24:57 +0530] "GET /wp-content/uploads/2025/04/20250110_173836-1024x1024.png HTTP/3" 200 653997 "https://ekakshhomecare.myycard.in/index.php/handwash/" "Mozilla/5.0 (Windows NT 10.0; Win64; x64) AppleWebKit/537.36 (KHTML, like Gecko) Chrome/135.0.0.0 Safari/537.36"
152.58.35.47 - - [16/Apr/2025:18:24:57 +0530] "GET /wp-content/uploads/2025/04/20250110_173730-1024x1024.png HTTP/3" 200 677087 "https://ekakshhomecare.myycard.in/index.php/handwash/" "Mozilla/5.0 (Windows NT 10.0; Win64; x64) AppleWebKit/537.36 (KHTML, like Gecko) Chrome/135.0.0.0 Safari/537.36"
152.58.35.47 - - [16/Apr/2025:18:24:57 +0530] "GET /wp-content/uploads/2025/04/Handwash-Cover-1024x1024.png HTTP/3" 200 481261 "https://ekakshhomecare.myycard.in/index.php/handwash/" "Mozilla/5.0 (Windows NT 10.0; Win64; x64) AppleWebKit/537.36 (KHTML, like Gecko) Chrome/135.0.0.0 Safari/537.36"
152.58.35.47 - - [16/Apr/2025:18:24:57 +0530] "GET /wp-content/uploads/2025/04/20250110_174002-1024x1024.png HTTP/3" 200 668177 "https://ekakshhomecare.myycard.in/index.php/handwash/" "Mozilla/5.0 (Windows NT 10.0; Win64; x64) AppleWebKit/537.36 (KHTML, like Gecko) Chrome/135.0.0.0 Safari/537.36"
152.58.35.47 - - [16/Apr/2025:18:24:57 +0530] "GET /wp-content/uploads/2025/04/20250215_182328-1024x1024.png HTTP/3" 200 754422 "https://ekakshhomecare.myycard.in/index.php/handwash/" "Mozilla/5.0 (Windows NT 10.0; Win64; x64) AppleWebKit/537.36 (KHTML, like Gecko) Chrome/135.0.0.0 Safari/537.36"
152.58.35.47 - - [16/Apr/2025:18:24:57 +0530] "GET /wp-content/uploads/2025/04/20250110_174006-1024x1024.png HTTP/3" 200 666304 "https://ekakshhomecare.myycard.in/index.php/handwash/" "Mozilla/5.0 (Windows NT 10.0; Win64; x64) AppleWebKit/537.36 (KHTML, like Gecko) Chrome/135.0.0.0 Safari/537.36"
152.58.35.47 - - [16/Apr/2025:18:24:57 +0530] "GET /wp-content/uploads/2025/04/20250110_174125-1024x1024.png HTTP/3" 200 711933 "https://ekakshhomecare.myycard.in/index.php/handwash/" "Mozilla/5.0 (Windows NT 10.0; Win64; x64) AppleWebKit/537.36 (KHTML, like Gecko) Chrome/135.0.0.0 Safari/537.36"
152.58.35.47 - - [16/Apr/2025:18:24:57 +0530] "GET /wp-content/uploads/2025/04/20250110_173909-1024x1024.png HTTP/3" 200 713139 "https://ekakshhomecare.myycard.in/index.php/handwash/" "Mozilla/5.0 (Windows NT 10.0; Win64; x64) AppleWebKit/537.36 (KHTML, like Gecko) Chrome/135.0.0.0 Safari/537.36"
152.58.35.47 - - [16/Apr/2025:18:24:57 +0530] "GET /wp-content/uploads/2025/04/20250110_173912-1024x1024.png HTTP/3" 200 723443 "https://ekakshhomecare.myycard.in/index.php/handwash/" "Mozilla/5.0 (Windows NT 10.0; Win64; x64) AppleWebKit/537.36 (KHTML, like Gecko) Chrome/135.0.0.0 Safari/537.36"
103.212.120.166 - - [16/Apr/2025:18:25:34 +0530] "POST /wp-cron.php?doing_wp_cron=1744808134.4615030288696289062500 HTTP/1.1" 403 1242 "-" "WordPress/6.7.2; https://ekakshhomecare.myycard.in"
152.58.35.47 - - [16/Apr/2025:18:25:34 +0530] "GET / HTTP/3" 200 20021 "https://ekakshhomecare.myycard.in/index.php/handwash/" "Mozilla/5.0 (Windows NT 10.0; Win64; x64) AppleWebKit/537.36 (KHTML, like Gecko) Chrome/135.0.0.0 Safari/537.36"
103.212.120.166 - - [16/Apr/2025:18:35:41 +0530] "POST /wp-cron.php?doing_wp_cron=1744808741.8972659111022949218750 HTTP/1.1" 403 1242 "-" "WordPress/6.7.2; https://ekakshhomecare.myycard.in"
152.58.35.47 - - [16/Apr/2025:18:35:41 +0530] "GET / HTTP/2" 200 20021 "-" "Mozilla/5.0 (X11; Linux x86_64) AppleWebKit/537.36 (KHTML, like Gecko) Chrome/135.0.0.0 Safari/537.36"
152.58.35.47 - - [16/Apr/2025:18:35:42 +0530] "GET /wp-content/uploads/elementor/css/post-9.css?ver=1744806253 HTTP/2" 200 2741 "https://ekakshhomecare.myycard.in/" "Mozilla/5.0 (X11; Linux x86_64) AppleWebKit/537.36 (KHTML, like Gecko) Chrome/135.0.0.0 Safari/537.36"
152.58.35.47 - - [16/Apr/2025:18:35:42 +0530] "GET /wp-content/uploads/elementor/css/post-158.css?ver=1744806265 HTTP/2" 200 1049 "https://ekakshhomecare.myycard.in/" "Mozilla/5.0 (X11; Linux x86_64) AppleWebKit/537.36 (KHTML, like Gecko) Chrome/135.0.0.0 Safari/537.36"
152.58.35.47 - - [16/Apr/2025:18:35:42 +0530] "GET /wp-content/uploads/2025/04/200-removebg-preview.png HTTP/2" 200 110982 "https://ekakshhomecare.myycard.in/" "Mozilla/5.0 (X11; Linux x86_64) AppleWebKit/537.36 (KHTML, like Gecko) Chrome/135.0.0.0 Safari/537.36"
152.58.35.47 - - [16/Apr/2025:18:35:42 +0530] "GET /wp-content/uploads/2025/04/diploma.webp HTTP/2" 200 129998 "https://ekakshhomecare.myycard.in/" "Mozilla/5.0 (X11; Linux x86_64) AppleWebKit/537.36 (KHTML, like Gecko) Chrome/135.0.0.0 Safari/537.36"
152.58.35.47 - - [16/Apr/2025:18:35:42 +0530] "GET /wp-content/plugins/click-to-chat-for-whatsapp/new/inc/assets/js/app.js?ver=4.20 HTTP/2" 304 0 "https://ekakshhomecare.myycard.in/" "Mozilla/5.0 (X11; Linux x86_64) AppleWebKit/537.36 (KHTML, like Gecko) Chrome/135.0.0.0 Safari/537.36"
152.58.35.47 - - [16/Apr/2025:18:35:42 +0530] "GET /wp-content/uploads/2025/04/20250110_173722.png HTTP/2" 200 1683086 "https://ekakshhomecare.myycard.in/" "Mozilla/5.0 (X11; Linux x86_64) AppleWebKit/537.36 (KHTML, like Gecko) Chrome/135.0.0.0 Safari/537.36"
152.58.35.47 - - [16/Apr/2025:18:35:42 +0530] "GET /wp-content/uploads/2025/04/1.png HTTP/2" 200 118873 "https://ekakshhomecare.myycard.in/" "Mozilla/5.0 (X11; Linux x86_64) AppleWebKit/537.36 (KHTML, like Gecko) Chrome/135.0.0.0 Safari/537.36"
152.58.35.47 - - [16/Apr/2025:18:35:42 +0530] "GET /wp-content/uploads/2025/04/100-removebg-preview.png HTTP/2" 200 165754 "https://ekakshhomecare.myycard.in/" "Mozilla/5.0 (X11; Linux x86_64) AppleWebKit/537.36 (KHTML, like Gecko) Chrome/135.0.0.0 Safari/537.36"
152.58.35.47 - - [16/Apr/2025:18:35:42 +0530] "GET /wp-content/uploads/2025/04/20250110_173500.png HTTP/2" 200 1645832 "https://ekakshhomecare.myycard.in/" "Mozilla/5.0 (X11; Linux x86_64) AppleWebKit/537.36 (KHTML, like Gecko) Chrome/135.0.0.0 Safari/537.36"
152.58.35.47 - - [16/Apr/2025:18:35:42 +0530] "GET /wp-content/uploads/2025/04/20250110_174557.png HTTP/2" 200 1030204 "https://ekakshhomecare.myycard.in/" "Mozilla/5.0 (X11; Linux x86_64) AppleWebKit/537.36 (KHTML, like Gecko) Chrome/135.0.0.0 Safari/537.36"
152.58.35.47 - - [16/Apr/2025:18:35:42 +0530] "GET /wp-content/uploads/2025/04/20250215_180438.png HTTP/2" 200 990287 "https://ekakshhomecare.myycard.in/" "Mozilla/5.0 (X11; Linux x86_64) AppleWebKit/537.36 (KHTML, like Gecko) Chrome/135.0.0.0 Safari/537.36"
152.58.35.47 - - [16/Apr/2025:18:35:42 +0530] "GET /wp-content/uploads/2025/04/20250110_173317.png HTTP/2" 200 1181040 "https://ekakshhomecare.myycard.in/" "Mozilla/5.0 (X11; Linux x86_64) AppleWebKit/537.36 (KHTML, like Gecko) Chrome/135.0.0.0 Safari/537.36"
152.58.35.47 - - [16/Apr/2025:18:35:42 +0530] "GET /wp-content/uploads/2025/04/20250215_180613.png HTTP/2" 200 1292016 "https://ekakshhomecare.myycard.in/" "Mozilla/5.0 (X11; Linux x86_64) AppleWebKit/537.36 (KHTML, like Gecko) Chrome/135.0.0.0 Safari/537.36"
152.58.35.47 - - [16/Apr/2025:18:35:42 +0530] "GET /wp-content/uploads/2025/04/20250120_1955240.png HTTP/2" 200 1430971 "https://ekakshhomecare.myycard.in/" "Mozilla/5.0 (X11; Linux x86_64) AppleWebKit/537.36 (KHTML, like Gecko) Chrome/135.0.0.0 Safari/537.36"
103.212.120.166 - - [16/Apr/2025:18:37:57 +0530] "POST /wp-cron.php?doing_wp_cron=1744808877.7523839473724365234375 HTTP/1.1" 403 1242 "-" "WordPress/6.7.2; https://ekakshhomecare.myycard.in"
152.58.35.47 - - [16/Apr/2025:18:37:57 +0530] "GET / HTTP/1.1" 200 20021 "-" "WhatsApp/2.23.20.0"
152.58.35.47 - - [16/Apr/2025:18:37:57 +0530] "GET /favicon.ico HTTP/1.1" 404 1251 "-" "WhatsApp/2.23.20.0"
103.212.120.166 - - [16/Apr/2025:18:53:29 +0530] "POST /wp-cron.php?doing_wp_cron=1744809809.9571700096130371093750 HTTP/1.1" 403 1242 "-" "WordPress/6.7.2; https://ekakshhomecare.myycard.in"
149.57.180.42 - - [16/Apr/2025:18:53:29 +0530] "GET / HTTP/1.1" 301 20 "-" "Mozilla/5.0 (X11; Linux i686; rv:109.0) Gecko/20100101 Firefox/120.0"
149.57.180.42 - - [16/Apr/2025:18:53:32 +0530] "GET / HTTP/1.1" 200 20021 "-" "Mozilla/5.0 (X11; Linux i686; rv:109.0) Gecko/20100101 Firefox/120.0"
103.212.120.166 - - [16/Apr/2025:19:20:26 +0530] "POST /wp-cron.php?doing_wp_cron=1744811426.6262409687042236328125 HTTP/1.1" 403 1242 "-" "WordPress/6.7.2; https://ekakshhomecare.myycard.in"
152.59.17.151 - - [16/Apr/2025:19:20:26 +0530] "GET / HTTP/2" 200 20019 "-" "Mozilla/5.0 (Linux; Android 10; K) AppleWebKit/537.36 (KHTML, like Gecko) SamsungBrowser/27.0 Chrome/125.0.0.0 Mobile Safari/537.36"
152.59.17.151 - - [16/Apr/2025:19:20:26 +0530] "GET /wp-content/plugins/click-to-chat-for-whatsapp/new/inc/assets/css/main.css?ver=4.20 HTTP/2" 200 511 "https://ekakshhomecare.myycard.in/" "Mozilla/5.0 (Linux; Android 10; K) AppleWebKit/537.36 (KHTML, like Gecko) SamsungBrowser/27.0 Chrome/125.0.0.0 Mobile Safari/537.36"
152.59.17.151 - - [16/Apr/2025:19:20:26 +0530] "GET /wp-content/plugins/header-footer-elementor/inc/widgets-css/frontend.css?ver=2.3.0 HTTP/2" 200 8133 "https://ekakshhomecare.myycard.in/" "Mozilla/5.0 (Linux; Android 10; K) AppleWebKit/537.36 (KHTML, like Gecko) SamsungBrowser/27.0 Chrome/125.0.0.0 Mobile Safari/537.36"
152.59.17.151 - - [16/Apr/2025:19:20:26 +0530] "GET /wp-content/plugins/header-footer-elementor/assets/css/header-footer-elementor.css?ver=2.3.0 HTTP/2" 200 259 "https://ekakshhomecare.myycard.in/" "Mozilla/5.0 (Linux; Android 10; K) AppleWebKit/537.36 (KHTML, like Gecko) SamsungBrowser/27.0 Chrome/125.0.0.0 Mobile Safari/537.36"
152.59.17.151 - - [16/Apr/2025:19:20:26 +0530] "GET /wp-content/uploads/elementor/css/post-29.css?ver=1744796551 HTTP/2" 200 1073 "https://ekakshhomecare.myycard.in/" "Mozilla/5.0 (Linux; Android 10; K) AppleWebKit/537.36 (KHTML, like Gecko) SamsungBrowser/27.0 Chrome/125.0.0.0 Mobile Safari/537.36"
152.59.17.151 - - [16/Apr/2025:19:20:26 +0530] "GET /wp-content/plugins/image-hover-effects-addon-for-elementor/assets/style.min.css?ver=1.4.4 HTTP/2" 200 2825 "https://ekakshhomecare.myycard.in/" "Mozilla/5.0 (Linux; Android 10; K) AppleWebKit/537.36 (KHTML, like Gecko) SamsungBrowser/27.0 Chrome/125.0.0.0 Mobile Safari/537.36"
152.59.17.151 - - [16/Apr/2025:19:20:26 +0530] "GET /wp-content/plugins/elementor/assets/lib/animations/styles/fadeInUp.min.css?ver=3.28.3 HTTP/2" 200 130 "https://ekakshhomecare.myycard.in/" "Mozilla/5.0 (Linux; Android 10; K) AppleWebKit/537.36 (KHTML, like Gecko) SamsungBrowser/27.0 Chrome/125.0.0.0 Mobile Safari/537.36"
152.59.17.151 - - [16/Apr/2025:19:20:26 +0530] "GET /wp-content/plugins/elementor/assets/css/widget-heading.min.css?ver=3.28.3 HTTP/2" 200 154 "https://ekakshhomecare.myycard.in/" "Mozilla/5.0 (Linux; Android 10; K) AppleWebKit/537.36 (KHTML, like Gecko) SamsungBrowser/27.0 Chrome/125.0.0.0 Mobile Safari/537.36"
152.59.17.151 - - [16/Apr/2025:19:20:26 +0530] "GET /wp-content/plugins/elementor/assets/css/conditionals/e-swiper.min.css?ver=3.28.3 HTTP/2" 200 699 "https://ekakshhomecare.myycard.in/" "Mozilla/5.0 (Linux; Android 10; K) AppleWebKit/537.36 (KHTML, like Gecko) SamsungBrowser/27.0 Chrome/125.0.0.0 Mobile Safari/537.36"
152.59.17.151 - - [16/Apr/2025:19:20:26 +0530] "GET /wp-content/plugins/elementor/assets/css/widget-image.min.css?ver=3.28.3 HTTP/2" 200 119 "https://ekakshhomecare.myycard.in/" "Mozilla/5.0 (Linux; Android 10; K) AppleWebKit/537.36 (KHTML, like Gecko) SamsungBrowser/27.0 Chrome/125.0.0.0 Mobile Safari/537.36"
152.59.17.151 - - [16/Apr/2025:19:20:26 +0530] "GET /wp-content/plugins/elementor/assets/lib/animations/styles/e-animation-grow.min.css?ver=3.28.3 HTTP/2" 200 198 "https://ekakshhomecare.myycard.in/" "Mozilla/5.0 (Linux; Android 10; K) AppleWebKit/537.36 (KHTML, like Gecko) SamsungBrowser/27.0 Chrome/125.0.0.0 Mobile Safari/537.36"
152.59.17.151 - - [16/Apr/2025:19:20:26 +0530] "GET /wp-content/plugins/elementor/assets/css/frontend.min.css?ver=3.28.3 HTTP/2" 200 6453 "https://ekakshhomecare.myycard.in/" "Mozilla/5.0 (Linux; Android 10; K) AppleWebKit/537.36 (KHTML, like Gecko) SamsungBrowser/27.0 Chrome/125.0.0.0 Mobile Safari/537.36"
152.59.17.151 - - [16/Apr/2025:19:20:26 +0530] "GET /wp-content/plugins/elementor-pro/assets/css/frontend.min.css?ver=3.21.2 HTTP/2" 200 41271 "https://ekakshhomecare.myycard.in/" "Mozilla/5.0 (Linux; Android 10; K) AppleWebKit/537.36 (KHTML, like Gecko) SamsungBrowser/27.0 Chrome/125.0.0.0 Mobile Safari/537.36"
152.59.17.151 - - [16/Apr/2025:19:20:26 +0530] "GET /wp-content/plugins/elementor/assets/lib/swiper/v8/css/swiper.min.css?ver=8.4.5 HTTP/2" 200 4248 "https://ekakshhomecare.myycard.in/" "Mozilla/5.0 (Linux; Android 10; K) AppleWebKit/537.36 (KHTML, like Gecko) SamsungBrowser/27.0 Chrome/125.0.0.0 Mobile Safari/537.36"
152.59.17.151 - - [16/Apr/2025:19:20:26 +0530] "GET /wp-content/plugins/master-addons/assets/vendor/tippyjs/css/tippy.css?ver=6.7.2 HTTP/2" 200 1734 "https://ekakshhomecare.myycard.in/" "Mozilla/5.0 (Linux; Android 10; K) AppleWebKit/537.36 (KHTML, like Gecko) SamsungBrowser/27.0 Chrome/125.0.0.0 Mobile Safari/537.36"
152.59.17.151 - - [16/Apr/2025:19:20:26 +0530] "GET /wp-content/uploads/elementor/css/post-9.css?ver=1744806253 HTTP/2" 200 2741 "https://ekakshhomecare.myycard.in/" "Mozilla/5.0 (Linux; Android 10; K) AppleWebKit/537.36 (KHTML, like Gecko) SamsungBrowser/27.0 Chrome/125.0.0.0 Mobile Safari/537.36"
152.59.17.151 - - [16/Apr/2025:19:20:26 +0530] "GET /wp-content/uploads/elementor/css/post-158.css?ver=1744806265 HTTP/2" 200 1049 "https://ekakshhomecare.myycard.in/" "Mozilla/5.0 (Linux; Android 10; K) AppleWebKit/537.36 (KHTML, like Gecko) SamsungBrowser/27.0 Chrome/125.0.0.0 Mobile Safari/537.36"
152.59.17.151 - - [16/Apr/2025:19:20:26 +0530] "GET /wp-content/uploads/elementor/css/post-193.css?ver=1744796987 HTTP/2" 200 2321 "https://ekakshhomecare.myycard.in/" "Mozilla/5.0 (Linux; Android 10; K) AppleWebKit/537.36 (KHTML, like Gecko) SamsungBrowser/27.0 Chrome/125.0.0.0 Mobile Safari/537.36"
152.59.17.151 - - [16/Apr/2025:19:20:26 +0530] "GET /wp-content/themes/hello-elementor/style.min.css?ver=3.3.0 HTTP/2" 200 1591 "https://ekakshhomecare.myycard.in/" "Mozilla/5.0 (Linux; Android 10; K) AppleWebKit/537.36 (KHTML, like Gecko) SamsungBrowser/27.0 Chrome/125.0.0.0 Mobile Safari/537.36"
152.59.17.151 - - [16/Apr/2025:19:20:26 +0530] "GET /wp-content/themes/hello-elementor/theme.min.css?ver=3.3.0 HTTP/2" 200 1131 "https://ekakshhomecare.myycard.in/" "Mozilla/5.0 (Linux; Android 10; K) AppleWebKit/537.36 (KHTML, like Gecko) SamsungBrowser/27.0 Chrome/125.0.0.0 Mobile Safari/537.36"
152.59.17.151 - - [16/Apr/2025:19:20:26 +0530] "GET /wp-content/themes/hello-elementor/header-footer.min.css?ver=3.3.0 HTTP/2" 200 1292 "https://ekakshhomecare.myycard.in/" "Mozilla/5.0 (Linux; Android 10; K) AppleWebKit/537.36 (KHTML, like Gecko) SamsungBrowser/27.0 Chrome/125.0.0.0 Mobile Safari/537.36"
152.59.17.151 - - [16/Apr/2025:19:20:26 +0530] "GET /wp-content/plugins/elementor/assets/lib/eicons/css/elementor-icons.min.css?ver=5.34.0 HTTP/2" 200 3845 "https://ekakshhomecare.myycard.in/" "Mozilla/5.0 (Linux; Android 10; K) AppleWebKit/537.36 (KHTML, like Gecko) SamsungBrowser/27.0 Chrome/125.0.0.0 Mobile Safari/537.36"
152.59.17.151 - - [16/Apr/2025:19:20:26 +0530] "GET /wp-content/plugins/elementor/assets/css/widget-icon-list.min.css?ver=3.24.3 HTTP/2" 200 957 "https://ekakshhomecare.myycard.in/" "Mozilla/5.0 (Linux; Android 10; K) AppleWebKit/537.36 (KHTML, like Gecko) SamsungBrowser/27.0 Chrome/125.0.0.0 Mobile Safari/537.36"
152.59.17.151 - - [16/Apr/2025:19:20:26 +0530] "GET /wp-content/plugins/elementor/assets/css/widget-social-icons.min.css?ver=3.24.0 HTTP/2" 200 1069 "https://ekakshhomecare.myycard.in/" "Mozilla/5.0 (Linux; Android 10; K) AppleWebKit/537.36 (KHTML, like Gecko) SamsungBrowser/27.0 Chrome/125.0.0.0 Mobile Safari/537.36"
152.59.17.151 - - [16/Apr/2025:19:20:26 +0530] "GET /wp-content/plugins/elementor/assets/lib/font-awesome/css/brands.css?ver=5.15.3 HTTP/2" 200 296 "https://ekakshhomecare.myycard.in/" "Mozilla/5.0 (Linux; Android 10; K) AppleWebKit/537.36 (KHTML, like Gecko) SamsungBrowser/27.0 Chrome/125.0.0.0 Mobile Safari/537.36"
152.59.17.151 - - [16/Apr/2025:19:20:26 +0530] "GET /wp-content/plugins/elementor/assets/lib/font-awesome/css/solid.css?ver=5.15.3 HTTP/2" 200 296 "https://ekakshhomecare.myycard.in/" "Mozilla/5.0 (Linux; Android 10; K) AppleWebKit/537.36 (KHTML, like Gecko) SamsungBrowser/27.0 Chrome/125.0.0.0 Mobile Safari/537.36"
152.59.17.151 - - [16/Apr/2025:19:20:26 +0530] "GET /wp-content/plugins/elementor-pro/assets/css/widget-blockquote.min.css?ver=3.25.0 HTTP/2" 200 966 "https://ekakshhomecare.myycard.in/" "Mozilla/5.0 (Linux; Android 10; K) AppleWebKit/537.36 (KHTML, like Gecko) SamsungBrowser/27.0 Chrome/125.0.0.0 Mobile Safari/537.36"
152.59.17.151 - - [16/Apr/2025:19:20:26 +0530] "GET /wp-content/plugins/elementor-pro/assets/css/widget-mega-menu.min.css?ver=3.26.2 HTTP/2" 200 2698 "https://ekakshhomecare.myycard.in/" "Mozilla/5.0 (Linux; Android 10; K) AppleWebKit/537.36 (KHTML, like Gecko) SamsungBrowser/27.0 Chrome/125.0.0.0 Mobile Safari/537.36"
152.59.17.151 - - [16/Apr/2025:19:20:26 +0530] "GET /wp-content/plugins/elementor-pro/assets/css/widget-nav-menu.min.css?ver=3.26.0 HTTP/2" 200 3164 "https://ekakshhomecare.myycard.in/" "Mozilla/5.0 (Linux; Android 10; K) AppleWebKit/537.36 (KHTML, like Gecko) SamsungBrowser/27.0 Chrome/125.0.0.0 Mobile Safari/537.36"
152.59.17.151 - - [16/Apr/2025:19:20:26 +0530] "GET /wp-content/plugins/elementor/assets/lib/font-awesome/css/fontawesome.css?ver=5.15.3 HTTP/2" 200 12526 "https://ekakshhomecare.myycard.in/" "Mozilla/5.0 (Linux; Android 10; K) AppleWebKit/537.36 (KHTML, like Gecko) SamsungBrowser/27.0 Chrome/125.0.0.0 Mobile Safari/537.36"
152.59.17.151 - - [16/Apr/2025:19:20:26 +0530] "GET /wp-content/plugins/elementskit-lite/widgets/init/assets/css/responsive.css?ver=3.4.9 HTTP/2" 200 2859 "https://ekakshhomecare.myycard.in/" "Mozilla/5.0 (Linux; Android 10; K) AppleWebKit/537.36 (KHTML, like Gecko) SamsungBrowser/27.0 Chrome/125.0.0.0 Mobile Safari/537.36"
152.59.17.151 - - [16/Apr/2025:19:20:26 +0530] "GET /wp-includes/js/jquery/jquery.min.js?ver=3.7.1 HTTP/2" 200 29744 "https://ekakshhomecare.myycard.in/" "Mozilla/5.0 (Linux; Android 10; K) AppleWebKit/537.36 (KHTML, like Gecko) SamsungBrowser/27.0 Chrome/125.0.0.0 Mobile Safari/537.36"
152.59.17.151 - - [16/Apr/2025:19:20:26 +0530] "GET /wp-includes/js/jquery/jquery-migrate.min.js?ver=3.4.1 HTTP/2" 200 4678 "https://ekakshhomecare.myycard.in/" "Mozilla/5.0 (Linux; Android 10; K) AppleWebKit/537.36 (KHTML, like Gecko) SamsungBrowser/27.0 Chrome/125.0.0.0 Mobile Safari/537.36"
152.59.17.151 - - [16/Apr/2025:19:20:26 +0530] "GET /wp-content/uploads/2025/04/200-removebg-preview.png HTTP/2" 200 110982 "https://ekakshhomecare.myycard.in/" "Mozilla/5.0 (Linux; Android 10; K) AppleWebKit/537.36 (KHTML, like Gecko) SamsungBrowser/27.0 Chrome/125.0.0.0 Mobile Safari/537.36"
152.59.17.151 - - [16/Apr/2025:19:20:26 +0530] "GET /wp-content/plugins/elementskit-lite/widgets/init/assets/css/widget-styles.css?ver=3.4.9 HTTP/2" 200 48234 "https://ekakshhomecare.myycard.in/" "Mozilla/5.0 (Linux; Android 10; K) AppleWebKit/537.36 (KHTML, like Gecko) SamsungBrowser/27.0 Chrome/125.0.0.0 Mobile Safari/537.36"
152.59.17.151 - - [16/Apr/2025:19:20:26 +0530] "GET /wp-content/plugins/master-addons/assets/css/master-addons-styles.css?ver=6.7.2 HTTP/2" 200 38659 "https://ekakshhomecare.myycard.in/" "Mozilla/5.0 (Linux; Android 10; K) AppleWebKit/537.36 (KHTML, like Gecko) SamsungBrowser/27.0 Chrome/125.0.0.0 Mobile Safari/537.36"
152.59.17.151 - - [16/Apr/2025:19:20:26 +0530] "GET /wp-content/plugins/elementskit-lite/modules/elementskit-icon-pack/assets/css/ekiticons.css?ver=3.4.9 HTTP/2" 200 11776 "https://ekakshhomecare.myycard.in/" "Mozilla/5.0 (Linux; Android 10; K) AppleWebKit/537.36 (KHTML, like Gecko) SamsungBrowser/27.0 Chrome/125.0.0.0 Mobile Safari/537.36"
152.59.17.151 - - [16/Apr/2025:19:20:27 +0530] "GET /wp-content/uploads/2025/04/diploma-1024x683.webp HTTP/2" 200 58652 "https://ekakshhomecare.myycard.in/" "Mozilla/5.0 (Linux; Android 10; K) AppleWebKit/537.36 (KHTML, like Gecko) SamsungBrowser/27.0 Chrome/125.0.0.0 Mobile Safari/537.36"
152.59.17.151 - - [16/Apr/2025:19:20:27 +0530] "GET /wp-content/uploads/2025/04/20250110_173722-1024x1024.png HTTP/2" 200 666539 "https://ekakshhomecare.myycard.in/" "Mozilla/5.0 (Linux; Android 10; K) AppleWebKit/537.36 (KHTML, like Gecko) SamsungBrowser/27.0 Chrome/125.0.0.0 Mobile Safari/537.36"
152.59.17.151 - - [16/Apr/2025:19:20:27 +0530] "GET /wp-content/plugins/elementor/assets/css/widget-social-icons.min.css?ver=3.28.3 HTTP/2" 200 1069 "https://ekakshhomecare.myycard.in/" "Mozilla/5.0 (Linux; Android 10; K) AppleWebKit/537.36 (KHTML, like Gecko) SamsungBrowser/27.0 Chrome/125.0.0.0 Mobile Safari/537.36"
152.59.17.151 - - [16/Apr/2025:19:20:27 +0530] "GET /wp-content/plugins/elementor/assets/css/conditionals/apple-webkit.min.css?ver=3.28.3 HTTP/2" 200 472 "https://ekakshhomecare.myycard.in/" "Mozilla/5.0 (Linux; Android 10; K) AppleWebKit/537.36 (KHTML, like Gecko) SamsungBrowser/27.0 Chrome/125.0.0.0 Mobile Safari/537.36"
152.59.17.151 - - [16/Apr/2025:19:20:27 +0530] "GET /wp-content/plugins/elementor/assets/css/widget-icon-list.min.css?ver=3.28.3 HTTP/2" 200 957 "https://ekakshhomecare.myycard.in/" "Mozilla/5.0 (Linux; Android 10; K) AppleWebKit/537.36 (KHTML, like Gecko) SamsungBrowser/27.0 Chrome/125.0.0.0 Mobile Safari/537.36"
152.59.17.151 - - [16/Apr/2025:19:20:27 +0530] "GET /wp-content/plugins/click-to-chat-for-whatsapp/new/inc/assets/js/app.js?ver=4.20 HTTP/2" 200 2906 "https://ekakshhomecare.myycard.in/" "Mozilla/5.0 (Linux; Android 10; K) AppleWebKit/537.36 (KHTML, like Gecko) SamsungBrowser/27.0 Chrome/125.0.0.0 Mobile Safari/537.36"
152.59.17.151 - - [16/Apr/2025:19:20:27 +0530] "GET /wp-content/plugins/elementor/assets/lib/swiper/v8/swiper.min.js?ver=8.4.5 HTTP/2" 200 38152 "https://ekakshhomecare.myycard.in/" "Mozilla/5.0 (Linux; Android 10; K) AppleWebKit/537.36 (KHTML, like Gecko) SamsungBrowser/27.0 Chrome/125.0.0.0 Mobile Safari/537.36"
152.59.17.151 - - [16/Apr/2025:19:20:27 +0530] "GET /wp-content/plugins/master-addons/assets/vendor/popper.min.js?ver=2.0.7.4 HTTP/2" 200 6526 "https://ekakshhomecare.myycard.in/" "Mozilla/5.0 (Linux; Android 10; K) AppleWebKit/537.36 (KHTML, like Gecko) SamsungBrowser/27.0 Chrome/125.0.0.0 Mobile Safari/537.36"
152.59.17.151 - - [16/Apr/2025:19:20:27 +0530] "GET /wp-content/plugins/master-addons/assets/vendor/tippyjs/js/tippy.min.js?ver=2.0.7.4 HTTP/2" 200 7617 "https://ekakshhomecare.myycard.in/" "Mozilla/5.0 (Linux; Android 10; K) AppleWebKit/537.36 (KHTML, like Gecko) SamsungBrowser/27.0 Chrome/125.0.0.0 Mobile Safari/537.36"
152.59.17.151 - - [16/Apr/2025:19:20:27 +0530] "GET /wp-content/plugins/elementskit-lite/modules/elementskit-icon-pack/assets/fonts/elementskit.woff?y24e1e HTTP/2" 200 459560 "https://ekakshhomecare.myycard.in/wp-content/plugins/elementskit-lite/modules/elementskit-icon-pack/assets/css/ekiticons.css?ver=3.4.9" "Mozilla/5.0 (Linux; Android 10; K) AppleWebKit/537.36 (KHTML, like Gecko) SamsungBrowser/27.0 Chrome/125.0.0.0 Mobile Safari/537.36"
152.59.17.151 - - [16/Apr/2025:19:20:27 +0530] "GET /wp-content/themes/hello-elementor/assets/js/hello-frontend.min.js?ver=3.3.0 HTTP/2" 200 548 "https://ekakshhomecare.myycard.in/" "Mozilla/5.0 (Linux; Android 10; K) AppleWebKit/537.36 (KHTML, like Gecko) SamsungBrowser/27.0 Chrome/125.0.0.0 Mobile Safari/537.36"
152.59.17.151 - - [16/Apr/2025:19:20:27 +0530] "GET /wp-content/plugins/elementskit-lite/libs/framework/assets/js/frontend-script.js?ver=3.4.9 HTTP/2" 200 40 "https://ekakshhomecare.myycard.in/" "Mozilla/5.0 (Linux; Android 10; K) AppleWebKit/537.36 (KHTML, like Gecko) SamsungBrowser/27.0 Chrome/125.0.0.0 Mobile Safari/537.36"
152.59.17.151 - - [16/Apr/2025:19:20:27 +0530] "GET /wp-content/plugins/elementskit-lite/widgets/init/assets/js/widget-scripts.js?ver=3.4.9 HTTP/2" 200 40425 "https://ekakshhomecare.myycard.in/" "Mozilla/5.0 (Linux; Android 10; K) AppleWebKit/537.36 (KHTML, like Gecko) SamsungBrowser/27.0 Chrome/125.0.0.0 Mobile Safari/537.36"
152.59.17.151 - - [16/Apr/2025:19:20:27 +0530] "GET /wp-content/plugins/master-addons/assets/js/plugins.js?ver=2.0.7.4 HTTP/2" 200 8508 "https://ekakshhomecare.myycard.in/" "Mozilla/5.0 (Linux; Android 10; K) AppleWebKit/537.36 (KHTML, like Gecko) SamsungBrowser/27.0 Chrome/125.0.0.0 Mobile Safari/537.36"
152.59.17.151 - - [16/Apr/2025:19:20:27 +0530] "GET /wp-content/plugins/master-addons/assets/js/master-addons-scripts.js?ver=2.0.7.4 HTTP/2" 200 24114 "https://ekakshhomecare.myycard.in/" "Mozilla/5.0 (Linux; Android 10; K) AppleWebKit/537.36 (KHTML, like Gecko) SamsungBrowser/27.0 Chrome/125.0.0.0 Mobile Safari/537.36"
152.59.17.151 - - [16/Apr/2025:19:20:28 +0530] "GET /wp-content/plugins/elementor-pro/assets/js/webpack-pro.runtime.min.js?ver=3.21.2 HTTP/2" 200 2465 "https://ekakshhomecare.myycard.in/" "Mozilla/5.0 (Linux; Android 10; K) AppleWebKit/537.36 (KHTML, like Gecko) SamsungBrowser/27.0 Chrome/125.0.0.0 Mobile Safari/537.36"
152.59.17.151 - - [16/Apr/2025:19:20:28 +0530] "GET /wp-content/plugins/elementor/assets/js/webpack.runtime.min.js?ver=3.28.3 HTTP/2" 200 2228 "https://ekakshhomecare.myycard.in/" "Mozilla/5.0 (Linux; Android 10; K) AppleWebKit/537.36 (KHTML, like Gecko) SamsungBrowser/27.0 Chrome/125.0.0.0 Mobile Safari/537.36"
152.59.17.151 - - [16/Apr/2025:19:20:28 +0530] "GET /wp-includes/js/dist/hooks.min.js?ver=4d63a3d491d11ffd8ac6 HTTP/2" 200 1571 "https://ekakshhomecare.myycard.in/" "Mozilla/5.0 (Linux; Android 10; K) AppleWebKit/537.36 (KHTML, like Gecko) SamsungBrowser/27.0 Chrome/125.0.0.0 Mobile Safari/537.36"
152.59.17.151 - - [16/Apr/2025:19:20:28 +0530] "GET /wp-content/plugins/elementor-pro/assets/lib/smartmenus/jquery.smartmenus.min.js?ver=1.2.1 HTTP/2" 200 6867 "https://ekakshhomecare.myycard.in/" "Mozilla/5.0 (Linux; Android 10; K) AppleWebKit/537.36 (KHTML, like Gecko) SamsungBrowser/27.0 Chrome/125.0.0.0 Mobile Safari/537.36"
