150.107.241.148 - - [17/Apr/2025:12:17:33 +0530] "GET /wp-content/plugins/powerpack-lite-for-elementor/assets/lib/chartjs/chart.umd.min.js?ver=2.9.1 HTTP/3" 404 22158 "https://ekakshhomecare.myycard.in/?elementor-preview=9&ver=1744872442" "Mozilla/5.0 (Windows NT 10.0; Win64; x64) AppleWebKit/537.36 (KHTML, like Gecko) Chrome/135.0.0.0 Safari/537.36"
150.107.241.148 - - [17/Apr/2025:12:17:39 +0530] "GET /wp-content/plugins/elementor-pro/assets/js/1b816ba777b14157325b.bundle.min.js HTTP/3" 304 0 "https://ekakshhomecare.myycard.in/wp-admin/post.php?post=9&action=elementor" "Mozilla/5.0 (Windows NT 10.0; Win64; x64) AppleWebKit/537.36 (KHTML, like Gecko) Chrome/135.0.0.0 Safari/537.36"
150.107.241.148 - - [17/Apr/2025:12:17:39 +0530] "GET /index.php/wp-json/elementor/v1/globals HTTP/3" 200 664 "https://ekakshhomecare.myycard.in/wp-admin/post.php?post=9&action=elementor" "Mozilla/5.0 (Windows NT 10.0; Win64; x64) AppleWebKit/537.36 (KHTML, like Gecko) Chrome/135.0.0.0 Safari/537.36"
150.107.241.148 - - [17/Apr/2025:12:17:45 +0530] "GET /index.php/wp-json/elementor/v1/checklist/user-progress HTTP/3" 200 194 "https://ekakshhomecare.myycard.in/wp-admin/post.php?post=9&action=elementor" "Mozilla/5.0 (Windows NT 10.0; Win64; x64) AppleWebKit/537.36 (KHTML, like Gecko) Chrome/135.0.0.0 Safari/537.36"
150.107.241.148 - - [17/Apr/2025:12:17:46 +0530] "GET /wp-content/plugins/elementor/assets/images/go-pro.svg HTTP/3" 200 7834 "https://ekakshhomecare.myycard.in/wp-admin/post.php?post=9&action=elementor" "Mozilla/5.0 (Windows NT 10.0; Win64; x64) AppleWebKit/537.36 (KHTML, like Gecko) Chrome/135.0.0.0 Safari/537.36"
150.107.241.148 - - [17/Apr/2025:12:17:46 +0530] "POST /wp-admin/admin-ajax.php HTTP/3" 200 96 "https://ekakshhomecare.myycard.in/wp-admin/post.php?post=9&action=elementor" "Mozilla/5.0 (Windows NT 10.0; Win64; x64) AppleWebKit/537.36 (KHTML, like Gecko) Chrome/135.0.0.0 Safari/537.36"
150.107.241.148 - - [17/Apr/2025:12:17:49 +0530] "GET /index.php/wp-json/elementor/v1/checklist/user-progress HTTP/3" 200 194 "https://ekakshhomecare.myycard.in/wp-admin/post.php?post=9&action=elementor" "Mozilla/5.0 (Windows NT 10.0; Win64; x64) AppleWebKit/537.36 (KHTML, like Gecko) Chrome/135.0.0.0 Safari/537.36"
150.107.241.148 - - [17/Apr/2025:12:17:50 +0530] "POST /wp-admin/admin-ajax.php HTTP/3" 200 229 "https://ekakshhomecare.myycard.in/wp-admin/post.php?post=9&action=elementor" "Mozilla/5.0 (Windows NT 10.0; Win64; x64) AppleWebKit/537.36 (KHTML, like Gecko) Chrome/135.0.0.0 Safari/537.36"
150.107.241.148 - - [17/Apr/2025:12:17:52 +0530] "GET /wp-content/plugins/elementor/assets/js/container.0754914e4611dc659a50.bundle.min.js HTTP/3" 304 0 "https://ekakshhomecare.myycard.in/?elementor-preview=9&ver=1744872442" "Mozilla/5.0 (Windows NT 10.0; Win64; x64) AppleWebKit/537.36 (KHTML, like Gecko) Chrome/135.0.0.0 Safari/537.36"
150.107.241.148 - - [17/Apr/2025:12:17:52 +0530] "POST /wp-admin/admin-ajax.php HTTP/3" 200 112 "https://ekakshhomecare.myycard.in/wp-admin/post.php?post=9&action=elementor" "Mozilla/5.0 (Windows NT 10.0; Win64; x64) AppleWebKit/537.36 (KHTML, like Gecko) Chrome/135.0.0.0 Safari/537.36"
150.107.241.148 - - [17/Apr/2025:12:18:00 +0530] "GET /index.php/wp-json/elementor/v1/checklist/user-progress HTTP/3" 200 194 "https://ekakshhomecare.myycard.in/wp-admin/post.php?post=9&action=elementor" "Mozilla/5.0 (Windows NT 10.0; Win64; x64) AppleWebKit/537.36 (KHTML, like Gecko) Chrome/135.0.0.0 Safari/537.36"
150.107.241.148 - - [17/Apr/2025:12:18:02 +0530] "POST /wp-admin/admin-ajax.php HTTP/3" 200 96 "https://ekakshhomecare.myycard.in/wp-admin/post.php?post=9&action=elementor" "Mozilla/5.0 (Windows NT 10.0; Win64; x64) AppleWebKit/537.36 (KHTML, like Gecko) Chrome/135.0.0.0 Safari/537.36"
150.107.241.148 - - [17/Apr/2025:12:18:06 +0530] "GET /wp-admin/ HTTP/3" 200 34986 "-" "Mozilla/5.0 (Windows NT 10.0; Win64; x64) AppleWebKit/537.36 (KHTML, like Gecko) Chrome/135.0.0.0 Safari/537.36"
150.107.241.148 - - [17/Apr/2025:12:18:10 +0530] "GET /index.php/dishwash-liquid/ HTTP/3" 200 23993 "https://ekakshhomecare.myycard.in/" "Mozilla/5.0 (Windows NT 10.0; Win64; x64) AppleWebKit/537.36 (KHTML, like Gecko) Chrome/135.0.0.0 Safari/537.36"
150.107.241.148 - - [17/Apr/2025:12:18:11 +0530] "GET /wp-content/uploads/elementor/css/post-344.css?ver=1744806735 HTTP/3" 200 624 "https://ekakshhomecare.myycard.in/index.php/dishwash-liquid/" "Mozilla/5.0 (Windows NT 10.0; Win64; x64) AppleWebKit/537.36 (KHTML, like Gecko) Chrome/135.0.0.0 Safari/537.36"
150.107.241.148 - - [17/Apr/2025:12:18:12 +0530] "GET /wp-content/plugins/elementor/assets/js/image-carousel.6167d20b95b33386757b.bundle.min.js HTTP/3" 304 0 "https://ekakshhomecare.myycard.in/index.php/dishwash-liquid/" "Mozilla/5.0 (Windows NT 10.0; Win64; x64) AppleWebKit/537.36 (KHTML, like Gecko) Chrome/135.0.0.0 Safari/537.36"
150.107.241.148 - - [17/Apr/2025:12:18:15 +0530] "GET /index.php/detergent-liquid/ HTTP/3" 200 24070 "https://ekakshhomecare.myycard.in/index.php/dishwash-liquid/" "Mozilla/5.0 (Windows NT 10.0; Win64; x64) AppleWebKit/537.36 (KHTML, like Gecko) Chrome/135.0.0.0 Safari/537.36"
150.107.241.148 - - [17/Apr/2025:12:18:15 +0530] "GET /wp-content/uploads/elementor/css/post-346.css?ver=1744800984 HTTP/3" 200 622 "https://ekakshhomecare.myycard.in/index.php/detergent-liquid/" "Mozilla/5.0 (Windows NT 10.0; Win64; x64) AppleWebKit/537.36 (KHTML, like Gecko) Chrome/135.0.0.0 Safari/537.36"
150.107.241.148 - - [17/Apr/2025:12:18:15 +0530] "GET /wp-content/uploads/2025/04/20250110_173557-1024x1024.png HTTP/3" 200 859468 "https://ekakshhomecare.myycard.in/index.php/detergent-liquid/" "Mozilla/5.0 (Windows NT 10.0; Win64; x64) AppleWebKit/537.36 (KHTML, like Gecko) Chrome/135.0.0.0 Safari/537.36"
150.107.241.148 - - [17/Apr/2025:12:18:15 +0530] "GET /wp-content/uploads/2025/04/20250110_173513-1024x1024.png HTTP/3" 200 687962 "https://ekakshhomecare.myycard.in/index.php/detergent-liquid/" "Mozilla/5.0 (Windows NT 10.0; Win64; x64) AppleWebKit/537.36 (KHTML, like Gecko) Chrome/135.0.0.0 Safari/537.36"
150.107.241.148 - - [17/Apr/2025:12:18:16 +0530] "GET /wp-content/uploads/2025/04/20250110_173602-1024x1024.png HTTP/3" 200 808176 "https://ekakshhomecare.myycard.in/index.php/detergent-liquid/" "Mozilla/5.0 (Windows NT 10.0; Win64; x64) AppleWebKit/537.36 (KHTML, like Gecko) Chrome/135.0.0.0 Safari/537.36"
150.107.241.148 - - [17/Apr/2025:12:18:16 +0530] "GET /wp-content/uploads/2025/04/20250110_173618-1024x1024.png HTTP/3" 200 471618 "https://ekakshhomecare.myycard.in/index.php/detergent-liquid/" "Mozilla/5.0 (Windows NT 10.0; Win64; x64) AppleWebKit/537.36 (KHTML, like Gecko) Chrome/135.0.0.0 Safari/537.36"
150.107.241.148 - - [17/Apr/2025:12:18:16 +0530] "GET /wp-content/uploads/2025/04/20250110_173635-1024x1024.png HTTP/3" 200 459221 "https://ekakshhomecare.myycard.in/index.php/detergent-liquid/" "Mozilla/5.0 (Windows NT 10.0; Win64; x64) AppleWebKit/537.36 (KHTML, like Gecko) Chrome/135.0.0.0 Safari/537.36"
150.107.241.148 - - [17/Apr/2025:12:18:18 +0530] "GET / HTTP/3" 200 26126 "https://ekakshhomecare.myycard.in/wp-admin/" "Mozilla/5.0 (Windows NT 10.0; Win64; x64) AppleWebKit/537.36 (KHTML, like Gecko) Chrome/135.0.0.0 Safari/537.36"
103.212.120.166 - - [17/Apr/2025:12:18:24 +0530] "POST /wp-cron.php?doing_wp_cron=1744872504.0785019397735595703125 HTTP/1.1" 403 1242 "-" "WordPress/6.7.2; https://ekakshhomecare.myycard.in"
150.107.241.148 - - [17/Apr/2025:12:18:24 +0530] "GET /index.php/detergent-liquid/ HTTP/3" 200 24059 "https://ekakshhomecare.myycard.in/" "Mozilla/5.0 (Windows NT 10.0; Win64; x64) AppleWebKit/537.36 (KHTML, like Gecko) Chrome/135.0.0.0 Safari/537.36"
150.107.241.148 - - [17/Apr/2025:12:18:25 +0530] "GET /wp-admin/post.php?post=346&action=edit HTTP/3" 200 85259 "https://ekakshhomecare.myycard.in/index.php/detergent-liquid/" "Mozilla/5.0 (Windows NT 10.0; Win64; x64) AppleWebKit/537.36 (KHTML, like Gecko) Chrome/135.0.0.0 Safari/537.36"
150.107.241.148 - - [17/Apr/2025:12:18:28 +0530] "OPTIONS /index.php/wp-json/wp/v2/settings?_locale=user HTTP/3" 200 1221 "https://ekakshhomecare.myycard.in/wp-admin/post.php?post=346&action=edit" "Mozilla/5.0 (Windows NT 10.0; Win64; x64) AppleWebKit/537.36 (KHTML, like Gecko) Chrome/135.0.0.0 Safari/537.36"
150.107.241.148 - - [17/Apr/2025:12:18:28 +0530] "GET /index.php/wp-json/wp/v2/block-patterns/categories?_locale=user HTTP/3" 200 632 "https://ekakshhomecare.myycard.in/wp-admin/post.php?post=346&action=edit" "Mozilla/5.0 (Windows NT 10.0; Win64; x64) AppleWebKit/537.36 (KHTML, like Gecko) Chrome/135.0.0.0 Safari/537.36"
150.107.241.148 - - [17/Apr/2025:12:18:28 +0530] "GET /index.php/wp-json/?_fields=description%2Cgmt_offset%2Chome%2Cname%2Csite_icon%2Csite_icon_url%2Csite_logo%2Ctimezone_string%2Curl&_locale=user HTTP/3" 200 155 "https://ekakshhomecare.myycard.in/wp-admin/post.php?post=346&action=edit" "Mozilla/5.0 (Windows NT 10.0; Win64; x64) AppleWebKit/537.36 (KHTML, like Gecko) Chrome/135.0.0.0 Safari/537.36"
150.107.241.148 - - [17/Apr/2025:12:18:28 +0530] "GET /index.php/wp-json/wp/v2/templates/lookup?slug=page-detergent-liquid&_locale=user HTTP/3" 200 22 "https://ekakshhomecare.myycard.in/wp-admin/post.php?post=346&action=edit" "Mozilla/5.0 (Windows NT 10.0; Win64; x64) AppleWebKit/537.36 (KHTML, like Gecko) Chrome/135.0.0.0 Safari/537.36"
150.107.241.148 - - [17/Apr/2025:12:18:29 +0530] "GET /index.php/wp-json/wp/v2/types?context=view&_locale=user HTTP/3" 200 906 "https://ekakshhomecare.myycard.in/wp-admin/post.php?post=346&action=edit" "Mozilla/5.0 (Windows NT 10.0; Win64; x64) AppleWebKit/537.36 (KHTML, like Gecko) Chrome/135.0.0.0 Safari/537.36"
150.107.241.148 - - [17/Apr/2025:12:18:29 +0530] "GET /index.php/wp-json/wp/v2/wp_pattern_category?context=view&per_page=100&_fields=id%2Cname%2Cdescription%2Cslug&_locale=user HTTP/3" 200 22 "https://ekakshhomecare.myycard.in/wp-admin/post.php?post=346&action=edit" "Mozilla/5.0 (Windows NT 10.0; Win64; x64) AppleWebKit/537.36 (KHTML, like Gecko) Chrome/135.0.0.0 Safari/537.36"
150.107.241.148 - - [17/Apr/2025:12:18:29 +0530] "GET /index.php/wp-json/wp/v2/users?context=view&who=authors&per_page=50&_fields=id%2Cname&_locale=user HTTP/3" 200 54 "https://ekakshhomecare.myycard.in/wp-admin/post.php?post=346&action=edit" "Mozilla/5.0 (Windows NT 10.0; Win64; x64) AppleWebKit/537.36 (KHTML, like Gecko) Chrome/135.0.0.0 Safari/537.36"
150.107.241.148 - - [17/Apr/2025:12:18:29 +0530] "GET /index.php/wp-json/wp/v2/taxonomies?context=edit&per_page=100&_locale=user HTTP/3" 200 1465 "https://ekakshhomecare.myycard.in/wp-admin/post.php?post=346&action=edit" "Mozilla/5.0 (Windows NT 10.0; Win64; x64) AppleWebKit/537.36 (KHTML, like Gecko) Chrome/135.0.0.0 Safari/537.36"
150.107.241.148 - - [17/Apr/2025:12:18:30 +0530] "GET /index.php/wp-json/wp/v2/users/1?context=view&_fields=id%2Cname&_locale=user HTTP/3" 200 52 "https://ekakshhomecare.myycard.in/wp-admin/post.php?post=346&action=edit" "Mozilla/5.0 (Windows NT 10.0; Win64; x64) AppleWebKit/537.36 (KHTML, like Gecko) Chrome/135.0.0.0 Safari/537.36"
150.107.241.148 - - [17/Apr/2025:12:18:30 +0530] "POST /wp-admin/admin-ajax.php HTTP/3" 200 21 "https://ekakshhomecare.myycard.in/wp-admin/post.php?post=346&action=edit" "Mozilla/5.0 (Windows NT 10.0; Win64; x64) AppleWebKit/537.36 (KHTML, like Gecko) Chrome/135.0.0.0 Safari/537.36"
150.107.241.148 - - [17/Apr/2025:12:18:30 +0530] "GET /wp-admin/post.php?post=346&action=elementor HTTP/3" 200 281504 "https://ekakshhomecare.myycard.in/wp-admin/post.php?post=346&action=edit" "Mozilla/5.0 (Windows NT 10.0; Win64; x64) AppleWebKit/537.36 (KHTML, like Gecko) Chrome/135.0.0.0 Safari/537.36"
150.107.241.148 - - [17/Apr/2025:12:18:34 +0530] "GET /index.php/wp-json/elementor/v1/global-widget/templates HTTP/3" 200 22 "https://ekakshhomecare.myycard.in/wp-admin/post.php?post=346&action=elementor" "Mozilla/5.0 (Windows NT 10.0; Win64; x64) AppleWebKit/537.36 (KHTML, like Gecko) Chrome/135.0.0.0 Safari/537.36"
150.107.241.148 - - [17/Apr/2025:12:18:34 +0530] "GET /index.php/detergent-liquid/?elementor-preview=346&ver=1744872510 HTTP/3" 200 19662 "https://ekakshhomecare.myycard.in/wp-admin/post.php?post=346&action=elementor" "Mozilla/5.0 (Windows NT 10.0; Win64; x64) AppleWebKit/537.36 (KHTML, like Gecko) Chrome/135.0.0.0 Safari/537.36"
150.107.241.148 - - [17/Apr/2025:12:18:34 +0530] "POST /wp-admin/admin-ajax.php HTTP/3" 200 96 "https://ekakshhomecare.myycard.in/wp-admin/post.php?post=346&action=elementor" "Mozilla/5.0 (Windows NT 10.0; Win64; x64) AppleWebKit/537.36 (KHTML, like Gecko) Chrome/135.0.0.0 Safari/537.36"
150.107.241.148 - - [17/Apr/2025:12:18:34 +0530] "GET /index.php/wp-json/elementor/v1/checklist/user-progress HTTP/3" 200 194 "https://ekakshhomecare.myycard.in/wp-admin/post.php?post=346&action=elementor" "Mozilla/5.0 (Windows NT 10.0; Win64; x64) AppleWebKit/537.36 (KHTML, like Gecko) Chrome/135.0.0.0 Safari/537.36"
150.107.241.148 - - [17/Apr/2025:12:18:34 +0530] "GET /index.php/wp-json/elementor/v1/site-navigation/recent-posts?posts_per_page=6&_locale=user HTTP/3" 200 322 "https://ekakshhomecare.myycard.in/wp-admin/post.php?post=346&action=elementor" "Mozilla/5.0 (Windows NT 10.0; Win64; x64) AppleWebKit/537.36 (KHTML, like Gecko) Chrome/135.0.0.0 Safari/537.36"
150.107.241.148 - - [17/Apr/2025:12:18:34 +0530] "GET /index.php/wp-json/elementor/v1/kit-elements-defaults HTTP/3" 200 22 "https://ekakshhomecare.myycard.in/wp-admin/post.php?post=346&action=elementor" "Mozilla/5.0 (Windows NT 10.0; Win64; x64) AppleWebKit/537.36 (KHTML, like Gecko) Chrome/135.0.0.0 Safari/537.36"
150.107.241.148 - - [17/Apr/2025:12:18:38 +0530] "POST /wp-admin/admin-ajax.php HTTP/3" 200 1576747 "https://ekakshhomecare.myycard.in/wp-admin/post.php?post=346&action=elementor" "Mozilla/5.0 (Windows NT 10.0; Win64; x64) AppleWebKit/537.36 (KHTML, like Gecko) Chrome/135.0.0.0 Safari/537.36"
152.58.63.65 - - [17/Apr/2025:12:18:41 +0530] "GET /favicon.ico HTTP/2" 404 1251 "https://ekakshhomecare.myycard.in/index.php/contact-us/" "Mozilla/5.0 (X11; Linux x86_64) AppleWebKit/537.36 (KHTML, like Gecko) Chrome/135.0.0.0 Safari/537.36"
152.58.63.65 - - [17/Apr/2025:12:18:46 +0530] "GET /index.php/contact-us/ HTTP/2" 200 17290 "-" "Mozilla/5.0 (X11; Linux x86_64) AppleWebKit/537.36 (KHTML, like Gecko) Chrome/135.0.0.0 Safari/537.36"
152.58.63.65 - - [17/Apr/2025:12:18:47 +0530] "GET /index.php/contact-us/ HTTP/2" 200 17290 "-" "Mozilla/5.0 (X11; Linux x86_64) AppleWebKit/537.36 (KHTML, like Gecko) Chrome/135.0.0.0 Safari/537.36"
150.107.241.148 - - [17/Apr/2025:12:18:57 +0530] "GET /wp-content/plugins/powerpack-lite-for-elementor/assets/lib/chartjs/chart.umd.min.js?ver=2.9.1 HTTP/3" 404 22179 "https://ekakshhomecare.myycard.in/index.php/detergent-liquid/?elementor-preview=346&ver=1744872510" "Mozilla/5.0 (Windows NT 10.0; Win64; x64) AppleWebKit/537.36 (KHTML, like Gecko) Chrome/135.0.0.0 Safari/537.36"
150.107.241.148 - - [17/Apr/2025:12:18:59 +0530] "GET /index.php/wp-json/elementor/v1/globals HTTP/3" 200 664 "https://ekakshhomecare.myycard.in/wp-admin/post.php?post=346&action=elementor" "Mozilla/5.0 (Windows NT 10.0; Win64; x64) AppleWebKit/537.36 (KHTML, like Gecko) Chrome/135.0.0.0 Safari/537.36"
150.107.241.148 - - [17/Apr/2025:12:19:01 +0530] "GET /index.php/wp-json/elementor/v1/checklist/user-progress HTTP/3" 200 194 "https://ekakshhomecare.myycard.in/wp-admin/post.php?post=346&action=elementor" "Mozilla/5.0 (Windows NT 10.0; Win64; x64) AppleWebKit/537.36 (KHTML, like Gecko) Chrome/135.0.0.0 Safari/537.36"
150.107.241.148 - - [17/Apr/2025:12:19:04 +0530] "POST /wp-admin/admin-ajax.php HTTP/3" 200 228 "https://ekakshhomecare.myycard.in/wp-admin/post.php?post=346&action=elementor" "Mozilla/5.0 (Windows NT 10.0; Win64; x64) AppleWebKit/537.36 (KHTML, like Gecko) Chrome/135.0.0.0 Safari/537.36"
150.107.241.148 - - [17/Apr/2025:12:19:04 +0530] "POST /wp-admin/admin-ajax.php HTTP/3" 200 112 "https://ekakshhomecare.myycard.in/wp-admin/post.php?post=346&action=elementor" "Mozilla/5.0 (Windows NT 10.0; Win64; x64) AppleWebKit/537.36 (KHTML, like Gecko) Chrome/135.0.0.0 Safari/537.36"
150.107.241.148 - - [17/Apr/2025:12:19:07 +0530] "POST /wp-admin/admin-ajax.php HTTP/3" 200 96 "https://ekakshhomecare.myycard.in/wp-admin/post.php?post=346&action=elementor" "Mozilla/5.0 (Windows NT 10.0; Win64; x64) AppleWebKit/537.36 (KHTML, like Gecko) Chrome/135.0.0.0 Safari/537.36"
150.107.241.148 - - [17/Apr/2025:12:19:07 +0530] "GET /index.php/wp-json/elementor/v1/checklist/user-progress HTTP/3" 200 194 "https://ekakshhomecare.myycard.in/wp-admin/post.php?post=346&action=elementor" "Mozilla/5.0 (Windows NT 10.0; Win64; x64) AppleWebKit/537.36 (KHTML, like Gecko) Chrome/135.0.0.0 Safari/537.36"
150.107.241.148 - - [17/Apr/2025:12:19:15 +0530] "POST /wp-admin/admin-ajax.php HTTP/3" 200 626 "https://ekakshhomecare.myycard.in/wp-admin/post.php?post=346&action=elementor" "Mozilla/5.0 (Windows NT 10.0; Win64; x64) AppleWebKit/537.36 (KHTML, like Gecko) Chrome/135.0.0.0 Safari/537.36"
150.107.241.148 - - [17/Apr/2025:12:19:16 +0530] "POST /wp-admin/admin-ajax.php HTTP/3" 200 7341 "https://ekakshhomecare.myycard.in/wp-admin/post.php?post=346&action=elementor" "Mozilla/5.0 (Windows NT 10.0; Win64; x64) AppleWebKit/537.36 (KHTML, like Gecko) Chrome/135.0.0.0 Safari/537.36"
150.107.241.148 - - [17/Apr/2025:12:19:16 +0530] "POST /wp-admin/admin-ajax.php HTTP/3" 200 7089 "https://ekakshhomecare.myycard.in/wp-admin/post.php?post=346&action=elementor" "Mozilla/5.0 (Windows NT 10.0; Win64; x64) AppleWebKit/537.36 (KHTML, like Gecko) Chrome/135.0.0.0 Safari/537.36"
150.107.241.148 - - [17/Apr/2025:12:19:17 +0530] "POST /wp-admin/admin-ajax.php HTTP/3" 200 626 "https://ekakshhomecare.myycard.in/wp-admin/post.php?post=346&action=elementor" "Mozilla/5.0 (Windows NT 10.0; Win64; x64) AppleWebKit/537.36 (KHTML, like Gecko) Chrome/135.0.0.0 Safari/537.36"
150.107.241.148 - - [17/Apr/2025:12:19:17 +0530] "GET /index.php/wp-json/elementor/v1/checklist/user-progress HTTP/3" 200 194 "https://ekakshhomecare.myycard.in/wp-admin/post.php?post=346&action=elementor" "Mozilla/5.0 (Windows NT 10.0; Win64; x64) AppleWebKit/537.36 (KHTML, like Gecko) Chrome/135.0.0.0 Safari/537.36"
150.107.241.148 - - [17/Apr/2025:12:19:17 +0530] "GET /wp-content/uploads/2025/04/20250110_173500-1024x1024.png HTTP/3" 200 641245 "https://ekakshhomecare.myycard.in/index.php/detergent-liquid/?elementor-preview=346&ver=1744872510" "Mozilla/5.0 (Windows NT 10.0; Win64; x64) AppleWebKit/537.36 (KHTML, like Gecko) Chrome/135.0.0.0 Safari/537.36"
150.107.241.148 - - [17/Apr/2025:12:19:18 +0530] "GET /index.php/wp-json/elementor/v1/checklist/user-progress HTTP/3" 200 194 "https://ekakshhomecare.myycard.in/wp-admin/post.php?post=346&action=elementor" "Mozilla/5.0 (Windows NT 10.0; Win64; x64) AppleWebKit/537.36 (KHTML, like Gecko) Chrome/135.0.0.0 Safari/537.36"
150.107.241.148 - - [17/Apr/2025:12:19:19 +0530] "POST /wp-admin/admin-ajax.php HTTP/3" 200 577 "https://ekakshhomecare.myycard.in/wp-admin/post.php?post=346&action=elementor" "Mozilla/5.0 (Windows NT 10.0; Win64; x64) AppleWebKit/537.36 (KHTML, like Gecko) Chrome/135.0.0.0 Safari/537.36"
150.107.241.148 - - [17/Apr/2025:12:19:19 +0530] "GET /index.php/wp-json/elementor/v1/checklist/user-progress HTTP/3" 200 194 "https://ekakshhomecare.myycard.in/wp-admin/post.php?post=346&action=elementor" "Mozilla/5.0 (Windows NT 10.0; Win64; x64) AppleWebKit/537.36 (KHTML, like Gecko) Chrome/135.0.0.0 Safari/537.36"
150.107.241.148 - - [17/Apr/2025:12:19:20 +0530] "POST /wp-admin/admin-ajax.php HTTP/3" 200 453 "https://ekakshhomecare.myycard.in/wp-admin/post.php?post=346&action=elementor" "Mozilla/5.0 (Windows NT 10.0; Win64; x64) AppleWebKit/537.36 (KHTML, like Gecko) Chrome/135.0.0.0 Safari/537.36"
150.107.241.148 - - [17/Apr/2025:12:19:22 +0530] "POST /wp-admin/admin-ajax.php HTTP/3" 200 96 "https://ekakshhomecare.myycard.in/wp-admin/post.php?post=346&action=elementor" "Mozilla/5.0 (Windows NT 10.0; Win64; x64) AppleWebKit/537.36 (KHTML, like Gecko) Chrome/135.0.0.0 Safari/537.36"
103.212.120.166 - - [17/Apr/2025:12:19:39 +0530] "POST /wp-cron.php?doing_wp_cron=1744872579.6505599021911621093750 HTTP/1.1" 403 1242 "-" "WordPress/6.7.2; https://ekakshhomecare.myycard.in"
150.107.241.148 - - [17/Apr/2025:12:19:39 +0530] "POST /wp-admin/admin-ajax.php HTTP/3" 200 96 "https://ekakshhomecare.myycard.in/wp-admin/post.php?post=346&action=elementor" "Mozilla/5.0 (Windows NT 10.0; Win64; x64) AppleWebKit/537.36 (KHTML, like Gecko) Chrome/135.0.0.0 Safari/537.36"
103.212.120.166 - - [17/Apr/2025:12:19:39 +0530] "POST /wp-cron.php?doing_wp_cron=1744872579.6819350719451904296875 HTTP/1.1" 403 1242 "-" "WordPress/6.7.2; https://ekakshhomecare.myycard.in"
150.107.241.148 - - [17/Apr/2025:12:19:39 +0530] "GET /index.php/wp-json/elementor/v1/checklist/user-progress HTTP/3" 200 194 "https://ekakshhomecare.myycard.in/wp-admin/post.php?post=346&action=elementor" "Mozilla/5.0 (Windows NT 10.0; Win64; x64) AppleWebKit/537.36 (KHTML, like Gecko) Chrome/135.0.0.0 Safari/537.36"
150.107.241.148 - - [17/Apr/2025:12:19:45 +0530] "GET /index.php/wp-json/elementor/v1/checklist/user-progress HTTP/3" 200 194 "https://ekakshhomecare.myycard.in/wp-admin/post.php?post=346&action=elementor" "Mozilla/5.0 (Windows NT 10.0; Win64; x64) AppleWebKit/537.36 (KHTML, like Gecko) Chrome/135.0.0.0 Safari/537.36"
150.107.241.148 - - [17/Apr/2025:12:19:47 +0530] "GET /index.php/wp-json/elementor/v1/checklist/user-progress HTTP/3" 200 194 "https://ekakshhomecare.myycard.in/wp-admin/post.php?post=346&action=elementor" "Mozilla/5.0 (Windows NT 10.0; Win64; x64) AppleWebKit/537.36 (KHTML, like Gecko) Chrome/135.0.0.0 Safari/537.36"
150.107.241.148 - - [17/Apr/2025:12:19:55 +0530] "POST /wp-admin/admin-ajax.php HTTP/3" 200 96 "https://ekakshhomecare.myycard.in/wp-admin/post.php?post=346&action=elementor" "Mozilla/5.0 (Windows NT 10.0; Win64; x64) AppleWebKit/537.36 (KHTML, like Gecko) Chrome/135.0.0.0 Safari/537.36"
150.107.241.148 - - [17/Apr/2025:12:20:02 +0530] "POST /wp-admin/admin-ajax.php HTTP/3" 200 96 "https://ekakshhomecare.myycard.in/wp-admin/post.php?post=9&action=elementor" "Mozilla/5.0 (Windows NT 10.0; Win64; x64) AppleWebKit/537.36 (KHTML, like Gecko) Chrome/135.0.0.0 Safari/537.36"
152.58.63.65 - - [17/Apr/2025:12:20:13 +0530] "GET /index.php/contact-us/ HTTP/2" 200 17290 "-" "Mozilla/5.0 (X11; Linux x86_64) AppleWebKit/537.36 (KHTML, like Gecko) Chrome/135.0.0.0 Safari/537.36"
152.58.63.65 - - [17/Apr/2025:12:20:23 +0530] "GET / HTTP/2" 200 20021 "https://ekakshhomecare.myycard.in/index.php/contact-us/" "Mozilla/5.0 (X11; Linux x86_64) AppleWebKit/537.36 (KHTML, like Gecko) Chrome/135.0.0.0 Safari/537.36"
152.58.63.65 - - [17/Apr/2025:12:20:29 +0530] "GET /index.php/floor-cleaners/ HTTP/2" 200 17903 "-" "Mozilla/5.0 (X11; Linux x86_64) AppleWebKit/537.36 (KHTML, like Gecko) Chrome/135.0.0.0 Safari/537.36"
152.58.63.65 - - [17/Apr/2025:12:20:30 +0530] "GET /index.php/floor-cleaners/ HTTP/2" 200 17903 "-" "Mozilla/5.0 (X11; Linux x86_64) AppleWebKit/537.36 (KHTML, like Gecko) Chrome/135.0.0.0 Safari/537.36"
152.58.63.65 - - [17/Apr/2025:12:20:31 +0530] "GET /index.php/floor-cleaners/ HTTP/2" 200 17903 "-" "Mozilla/5.0 (X11; Linux x86_64) AppleWebKit/537.36 (KHTML, like Gecko) Chrome/135.0.0.0 Safari/537.36"
152.58.63.65 - - [17/Apr/2025:12:20:35 +0530] "GET /index.php/dishwash-liquid/ HTTP/2" 200 17888 "https://ekakshhomecare.myycard.in/index.php/floor-cleaners/" "Mozilla/5.0 (X11; Linux x86_64) AppleWebKit/537.36 (KHTML, like Gecko) Chrome/135.0.0.0 Safari/537.36"
103.212.120.166 - - [17/Apr/2025:12:20:42 +0530] "POST /wp-cron.php?doing_wp_cron=1744872642.7204449176788330078125 HTTP/1.1" 403 1242 "-" "WordPress/6.7.2; https://ekakshhomecare.myycard.in"
152.58.63.65 - - [17/Apr/2025:12:20:42 +0530] "GET /index.php/our-products/ HTTP/2" 200 17716 "https://ekakshhomecare.myycard.in/index.php/dishwash-liquid/" "Mozilla/5.0 (X11; Linux x86_64) AppleWebKit/537.36 (KHTML, like Gecko) Chrome/135.0.0.0 Safari/537.36"
152.58.63.65 - - [17/Apr/2025:12:20:42 +0530] "GET /wp-content/uploads/elementor/css/post-14.css?ver=1744806677 HTTP/2" 200 1640 "https://ekakshhomecare.myycard.in/index.php/our-products/" "Mozilla/5.0 (X11; Linux x86_64) AppleWebKit/537.36 (KHTML, like Gecko) Chrome/135.0.0.0 Safari/537.36"
152.58.63.65 - - [17/Apr/2025:12:20:45 +0530] "GET /index.php/floor-cleaners/ HTTP/2" 200 17903 "https://ekakshhomecare.myycard.in/index.php/our-products/" "Mozilla/5.0 (X11; Linux x86_64) AppleWebKit/537.36 (KHTML, like Gecko) Chrome/135.0.0.0 Safari/537.36"
103.212.120.166 - - [17/Apr/2025:12:21:43 +0530] "POST /wp-cron.php?doing_wp_cron=1744872703.2187349796295166015625 HTTP/1.1" 403 1242 "-" "WordPress/6.7.2; https://ekakshhomecare.myycard.in"
103.212.120.166 - - [17/Apr/2025:12:21:43 +0530] "POST /wp-cron.php?doing_wp_cron=1744872703.2213120460510253906250 HTTP/1.1" 403 1242 "-" "WordPress/6.7.2; https://ekakshhomecare.myycard.in"
150.107.241.148 - - [17/Apr/2025:12:21:43 +0530] "POST /wp-admin/admin-ajax.php HTTP/3" 200 96 "https://ekakshhomecare.myycard.in/wp-admin/post.php?post=346&action=elementor" "Mozilla/5.0 (Windows NT 10.0; Win64; x64) AppleWebKit/537.36 (KHTML, like Gecko) Chrome/135.0.0.0 Safari/537.36"
150.107.241.148 - - [17/Apr/2025:12:21:43 +0530] "GET /index.php/wp-json/elementor/v1/checklist/user-progress HTTP/3" 200 194 "https://ekakshhomecare.myycard.in/wp-admin/post.php?post=346&action=elementor" "Mozilla/5.0 (Windows NT 10.0; Win64; x64) AppleWebKit/537.36 (KHTML, like Gecko) Chrome/135.0.0.0 Safari/537.36"
150.107.241.148 - - [17/Apr/2025:12:21:45 +0530] "GET /wp-admin/post.php?post=346&action=edit HTTP/3" 200 85271 "https://ekakshhomecare.myycard.in/index.php/detergent-liquid/" "Mozilla/5.0 (Windows NT 10.0; Win64; x64) AppleWebKit/537.36 (KHTML, like Gecko) Chrome/135.0.0.0 Safari/537.36"
150.107.241.148 - - [17/Apr/2025:12:21:45 +0530] "GET /wp-admin/post.php?post=346&action=edit HTTP/3" 200 85253 "https://ekakshhomecare.myycard.in/wp-admin/post.php?post=346&action=edit" "Mozilla/5.0 (Windows NT 10.0; Win64; x64) AppleWebKit/537.36 (KHTML, like Gecko) Chrome/135.0.0.0 Safari/537.36"
150.107.241.148 - - [17/Apr/2025:12:21:52 +0530] "OPTIONS /index.php/wp-json/wp/v2/settings?_locale=user HTTP/3" 200 1221 "https://ekakshhomecare.myycard.in/wp-admin/post.php?post=346&action=edit" "Mozilla/5.0 (Windows NT 10.0; Win64; x64) AppleWebKit/537.36 (KHTML, like Gecko) Chrome/135.0.0.0 Safari/537.36"
150.107.241.148 - - [17/Apr/2025:12:21:52 +0530] "GET /index.php/wp-json/wp/v2/block-patterns/categories?_locale=user HTTP/3" 200 632 "https://ekakshhomecare.myycard.in/wp-admin/post.php?post=346&action=edit" "Mozilla/5.0 (Windows NT 10.0; Win64; x64) AppleWebKit/537.36 (KHTML, like Gecko) Chrome/135.0.0.0 Safari/537.36"
150.107.241.148 - - [17/Apr/2025:12:21:52 +0530] "GET /index.php/wp-json/wp/v2/templates/lookup?slug=page-detergent-liquid&_locale=user HTTP/3" 200 22 "https://ekakshhomecare.myycard.in/wp-admin/post.php?post=346&action=edit" "Mozilla/5.0 (Windows NT 10.0; Win64; x64) AppleWebKit/537.36 (KHTML, like Gecko) Chrome/135.0.0.0 Safari/537.36"
150.107.241.148 - - [17/Apr/2025:12:21:52 +0530] "GET /index.php/wp-json/?_fields=description%2Cgmt_offset%2Chome%2Cname%2Csite_icon%2Csite_icon_url%2Csite_logo%2Ctimezone_string%2Curl&_locale=user HTTP/3" 200 155 "https://ekakshhomecare.myycard.in/wp-admin/post.php?post=346&action=edit" "Mozilla/5.0 (Windows NT 10.0; Win64; x64) AppleWebKit/537.36 (KHTML, like Gecko) Chrome/135.0.0.0 Safari/537.36"
150.107.241.148 - - [17/Apr/2025:12:21:53 +0530] "GET /index.php/wp-json/wp/v2/types?context=view&_locale=user HTTP/3" 200 906 "https://ekakshhomecare.myycard.in/wp-admin/post.php?post=346&action=edit" "Mozilla/5.0 (Windows NT 10.0; Win64; x64) AppleWebKit/537.36 (KHTML, like Gecko) Chrome/135.0.0.0 Safari/537.36"
150.107.241.148 - - [17/Apr/2025:12:21:53 +0530] "GET /index.php/wp-json/wp/v2/wp_pattern_category?context=view&per_page=100&_fields=id%2Cname%2Cdescription%2Cslug&_locale=user HTTP/3" 200 22 "https://ekakshhomecare.myycard.in/wp-admin/post.php?post=346&action=edit" "Mozilla/5.0 (Windows NT 10.0; Win64; x64) AppleWebKit/537.36 (KHTML, like Gecko) Chrome/135.0.0.0 Safari/537.36"
150.107.241.148 - - [17/Apr/2025:12:21:53 +0530] "GET /index.php/wp-json/wp/v2/users?context=view&who=authors&per_page=50&_fields=id%2Cname&_locale=user HTTP/3" 200 54 "https://ekakshhomecare.myycard.in/wp-admin/post.php?post=346&action=edit" "Mozilla/5.0 (Windows NT 10.0; Win64; x64) AppleWebKit/537.36 (KHTML, like Gecko) Chrome/135.0.0.0 Safari/537.36"
150.107.241.148 - - [17/Apr/2025:12:21:53 +0530] "GET /index.php/wp-json/wp/v2/taxonomies?context=edit&per_page=100&_locale=user HTTP/3" 200 1465 "https://ekakshhomecare.myycard.in/wp-admin/post.php?post=346&action=edit" "Mozilla/5.0 (Windows NT 10.0; Win64; x64) AppleWebKit/537.36 (KHTML, like Gecko) Chrome/135.0.0.0 Safari/537.36"
150.107.241.148 - - [17/Apr/2025:12:21:55 +0530] "GET /index.php/wp-json/wp/v2/users/1?context=view&_fields=id%2Cname&_locale=user HTTP/3" 200 52 "https://ekakshhomecare.myycard.in/wp-admin/post.php?post=346&action=edit" "Mozilla/5.0 (Windows NT 10.0; Win64; x64) AppleWebKit/537.36 (KHTML, like Gecko) Chrome/135.0.0.0 Safari/537.36"
150.107.241.148 - - [17/Apr/2025:12:22:01 +0530] "POST /wp-admin/admin-ajax.php HTTP/3" 200 101 "https://ekakshhomecare.myycard.in/wp-admin/post.php?post=346&action=edit" "Mozilla/5.0 (Windows NT 10.0; Win64; x64) AppleWebKit/537.36 (KHTML, like Gecko) Chrome/135.0.0.0 Safari/537.36"
150.107.241.148 - - [17/Apr/2025:12:22:02 +0530] "POST /wp-admin/admin-ajax.php HTTP/3" 200 96 "https://ekakshhomecare.myycard.in/wp-admin/post.php?post=9&action=elementor" "Mozilla/5.0 (Windows NT 10.0; Win64; x64) AppleWebKit/537.36 (KHTML, like Gecko) Chrome/135.0.0.0 Safari/537.36"
150.107.241.148 - - [17/Apr/2025:12:22:12 +0530] "POST /wp-admin/admin-ajax.php HTTP/3" 200 101 "https://ekakshhomecare.myycard.in/wp-admin/post.php?post=346&action=edit" "Mozilla/5.0 (Windows NT 10.0; Win64; x64) AppleWebKit/537.36 (KHTML, like Gecko) Chrome/135.0.0.0 Safari/537.36"
152.58.63.65 - - [17/Apr/2025:12:23:49 +0530] "GET /favicon.ico HTTP/2" 404 1251 "https://ekakshhomecare.myycard.in/index.php/floor-cleaners/" "Mozilla/5.0 (X11; Linux x86_64) AppleWebKit/537.36 (KHTML, like Gecko) Chrome/135.0.0.0 Safari/537.36"
103.212.120.166 - - [17/Apr/2025:12:24:03 +0530] "POST /wp-cron.php?doing_wp_cron=1744872843.5602018833160400390625 HTTP/1.1" 403 1242 "-" "WordPress/6.7.2; https://ekakshhomecare.myycard.in"
150.107.241.148 - - [17/Apr/2025:12:24:03 +0530] "POST /wp-admin/admin-ajax.php HTTP/2" 200 96 "https://ekakshhomecare.myycard.in/wp-admin/post.php?post=9&action=elementor" "Mozilla/5.0 (Windows NT 10.0; Win64; x64) AppleWebKit/537.36 (KHTML, like Gecko) Chrome/135.0.0.0 Safari/537.36"
150.107.241.148 - - [17/Apr/2025:12:24:13 +0530] "POST /wp-admin/admin-ajax.php HTTP/2" 200 101 "https://ekakshhomecare.myycard.in/wp-admin/post.php?post=346&action=edit" "Mozilla/5.0 (Windows NT 10.0; Win64; x64) AppleWebKit/537.36 (KHTML, like Gecko) Chrome/135.0.0.0 Safari/537.36"
103.212.120.166 - - [17/Apr/2025:12:26:04 +0530] "POST /wp-cron.php?doing_wp_cron=1744872964.4932949542999267578125 HTTP/1.1" 403 1242 "-" "WordPress/6.7.2; https://ekakshhomecare.myycard.in"
150.107.241.148 - - [17/Apr/2025:12:26:04 +0530] "POST /wp-admin/admin-ajax.php HTTP/2" 200 96 "https://ekakshhomecare.myycard.in/wp-admin/post.php?post=9&action=elementor" "Mozilla/5.0 (Windows NT 10.0; Win64; x64) AppleWebKit/537.36 (KHTML, like Gecko) Chrome/135.0.0.0 Safari/537.36"
150.107.241.148 - - [17/Apr/2025:12:26:14 +0530] "POST /wp-admin/admin-ajax.php HTTP/2" 200 101 "https://ekakshhomecare.myycard.in/wp-admin/post.php?post=346&action=edit" "Mozilla/5.0 (Windows NT 10.0; Win64; x64) AppleWebKit/537.36 (KHTML, like Gecko) Chrome/135.0.0.0 Safari/537.36"
103.212.120.166 - - [17/Apr/2025:12:27:28 +0530] "POST /wp-cron.php?doing_wp_cron=1744873048.4062330722808837890625 HTTP/1.1" 403 1242 "-" "WordPress/6.7.2; https://ekakshhomecare.myycard.in"
150.107.241.148 - - [17/Apr/2025:12:27:28 +0530] "POST /wp-admin/admin-ajax.php HTTP/2" 200 101 "https://ekakshhomecare.myycard.in/wp-admin/post.php?post=346&action=edit" "Mozilla/5.0 (Windows NT 10.0; Win64; x64) AppleWebKit/537.36 (KHTML, like Gecko) Chrome/135.0.0.0 Safari/537.36"
150.107.241.148 - - [17/Apr/2025:12:27:29 +0530] "POST /wp-admin/admin-ajax.php HTTP/2" 200 21 "https://ekakshhomecare.myycard.in/wp-admin/post.php?post=346&action=edit" "Mozilla/5.0 (Windows NT 10.0; Win64; x64) AppleWebKit/537.36 (KHTML, like Gecko) Chrome/135.0.0.0 Safari/537.36"
150.107.241.148 - - [17/Apr/2025:12:27:29 +0530] "GET /index.php/detergent-liquid/ HTTP/2" 200 24055 "https://ekakshhomecare.myycard.in/" "Mozilla/5.0 (Windows NT 10.0; Win64; x64) AppleWebKit/537.36 (KHTML, like Gecko) Chrome/135.0.0.0 Safari/537.36"
150.107.241.148 - - [17/Apr/2025:12:27:30 +0530] "GET /wp-content/uploads/elementor/css/post-346.css?ver=1744873049 HTTP/2" 200 624 "https://ekakshhomecare.myycard.in/index.php/detergent-liquid/" "Mozilla/5.0 (Windows NT 10.0; Win64; x64) AppleWebKit/537.36 (KHTML, like Gecko) Chrome/135.0.0.0 Safari/537.36"
150.107.241.148 - - [17/Apr/2025:12:27:35 +0530] "GET /index.php/toilet-cleaner/ HTTP/2" 200 24024 "https://ekakshhomecare.myycard.in/index.php/detergent-liquid/" "Mozilla/5.0 (Windows NT 10.0; Win64; x64) AppleWebKit/537.36 (KHTML, like Gecko) Chrome/135.0.0.0 Safari/537.36"
150.107.241.148 - - [17/Apr/2025:12:27:35 +0530] "GET /wp-content/uploads/elementor/css/post-348.css?ver=1744801354 HTTP/2" 200 623 "https://ekakshhomecare.myycard.in/index.php/toilet-cleaner/" "Mozilla/5.0 (Windows NT 10.0; Win64; x64) AppleWebKit/537.36 (KHTML, like Gecko) Chrome/135.0.0.0 Safari/537.36"
150.107.241.148 - - [17/Apr/2025:12:27:35 +0530] "GET /wp-content/uploads/2025/04/20250110_174645-1024x1024.png HTTP/2" 200 365990 "https://ekakshhomecare.myycard.in/index.php/toilet-cleaner/" "Mozilla/5.0 (Windows NT 10.0; Win64; x64) AppleWebKit/537.36 (KHTML, like Gecko) Chrome/135.0.0.0 Safari/537.36"
150.107.241.148 - - [17/Apr/2025:12:27:35 +0530] "GET /wp-content/uploads/2025/04/20250110_174658-1024x1024.png HTTP/2" 200 411882 "https://ekakshhomecare.myycard.in/index.php/toilet-cleaner/" "Mozilla/5.0 (Windows NT 10.0; Win64; x64) AppleWebKit/537.36 (KHTML, like Gecko) Chrome/135.0.0.0 Safari/537.36"
150.107.241.148 - - [17/Apr/2025:12:27:35 +0530] "GET /wp-content/uploads/2025/04/20250110_174709-1024x1024.png HTTP/2" 200 393005 "https://ekakshhomecare.myycard.in/index.php/toilet-cleaner/" "Mozilla/5.0 (Windows NT 10.0; Win64; x64) AppleWebKit/537.36 (KHTML, like Gecko) Chrome/135.0.0.0 Safari/537.36"
150.107.241.148 - - [17/Apr/2025:12:27:35 +0530] "GET /wp-content/uploads/2025/04/20250110_174739-1024x1024.png HTTP/2" 200 641254 "https://ekakshhomecare.myycard.in/index.php/toilet-cleaner/" "Mozilla/5.0 (Windows NT 10.0; Win64; x64) AppleWebKit/537.36 (KHTML, like Gecko) Chrome/135.0.0.0 Safari/537.36"
150.107.241.148 - - [17/Apr/2025:12:27:35 +0530] "GET /wp-content/uploads/2025/04/Cover-1024x1024.png HTTP/2" 200 760684 "https://ekakshhomecare.myycard.in/index.php/toilet-cleaner/" "Mozilla/5.0 (Windows NT 10.0; Win64; x64) AppleWebKit/537.36 (KHTML, like Gecko) Chrome/135.0.0.0 Safari/537.36"
150.107.241.148 - - [17/Apr/2025:12:27:35 +0530] "GET /wp-content/uploads/2025/04/TC-ALL-1024x1024.png HTTP/2" 200 714984 "https://ekakshhomecare.myycard.in/index.php/toilet-cleaner/" "Mozilla/5.0 (Windows NT 10.0; Win64; x64) AppleWebKit/537.36 (KHTML, like Gecko) Chrome/135.0.0.0 Safari/537.36"
150.107.241.148 - - [17/Apr/2025:12:27:38 +0530] "GET /wp-admin/post.php?post=348&action=elementor HTTP/2" 200 281456 "https://ekakshhomecare.myycard.in/index.php/toilet-cleaner/" "Mozilla/5.0 (Windows NT 10.0; Win64; x64) AppleWebKit/537.36 (KHTML, like Gecko) Chrome/135.0.0.0 Safari/537.36"
150.107.241.148 - - [17/Apr/2025:12:27:42 +0530] "GET /index.php/wp-json/elementor/v1/global-widget/templates HTTP/2" 200 22 "https://ekakshhomecare.myycard.in/wp-admin/post.php?post=348&action=elementor" "Mozilla/5.0 (Windows NT 10.0; Win64; x64) AppleWebKit/537.36 (KHTML, like Gecko) Chrome/135.0.0.0 Safari/537.36"
150.107.241.148 - - [17/Apr/2025:12:27:42 +0530] "POST /wp-admin/admin-ajax.php HTTP/2" 200 67 "https://ekakshhomecare.myycard.in/wp-admin/post.php?post=348&action=elementor" "Mozilla/5.0 (Windows NT 10.0; Win64; x64) AppleWebKit/537.36 (KHTML, like Gecko) Chrome/135.0.0.0 Safari/537.36"
150.107.241.148 - - [17/Apr/2025:12:27:42 +0530] "GET /index.php/toilet-cleaner/?elementor-preview=348&ver=1744873058 HTTP/2" 200 19656 "https://ekakshhomecare.myycard.in/wp-admin/post.php?post=348&action=elementor" "Mozilla/5.0 (Windows NT 10.0; Win64; x64) AppleWebKit/537.36 (KHTML, like Gecko) Chrome/135.0.0.0 Safari/537.36"
150.107.241.148 - - [17/Apr/2025:12:27:42 +0530] "GET /index.php/wp-json/elementor/v1/checklist/user-progress HTTP/2" 200 194 "https://ekakshhomecare.myycard.in/wp-admin/post.php?post=348&action=elementor" "Mozilla/5.0 (Windows NT 10.0; Win64; x64) AppleWebKit/537.36 (KHTML, like Gecko) Chrome/135.0.0.0 Safari/537.36"
150.107.241.148 - - [17/Apr/2025:12:27:42 +0530] "GET /index.php/wp-json/elementor/v1/site-navigation/recent-posts?posts_per_page=6&_locale=user HTTP/2" 200 312 "https://ekakshhomecare.myycard.in/wp-admin/post.php?post=348&action=elementor" "Mozilla/5.0 (Windows NT 10.0; Win64; x64) AppleWebKit/537.36 (KHTML, like Gecko) Chrome/135.0.0.0 Safari/537.36"
150.107.241.148 - - [17/Apr/2025:12:27:42 +0530] "POST /wp-admin/admin-ajax.php HTTP/2" 200 96 "https://ekakshhomecare.myycard.in/wp-admin/post.php?post=348&action=elementor" "Mozilla/5.0 (Windows NT 10.0; Win64; x64) AppleWebKit/537.36 (KHTML, like Gecko) Chrome/135.0.0.0 Safari/537.36"
150.107.241.148 - - [17/Apr/2025:12:27:43 +0530] "GET /index.php/wp-json/elementor/v1/kit-elements-defaults HTTP/2" 200 22 "https://ekakshhomecare.myycard.in/wp-admin/post.php?post=348&action=elementor" "Mozilla/5.0 (Windows NT 10.0; Win64; x64) AppleWebKit/537.36 (KHTML, like Gecko) Chrome/135.0.0.0 Safari/537.36"
150.107.241.148 - - [17/Apr/2025:12:27:43 +0530] "POST /wp-admin/admin-ajax.php HTTP/2" 200 1576747 "https://ekakshhomecare.myycard.in/wp-admin/post.php?post=348&action=elementor" "Mozilla/5.0 (Windows NT 10.0; Win64; x64) AppleWebKit/537.36 (KHTML, like Gecko) Chrome/135.0.0.0 Safari/537.36"
150.107.241.148 - - [17/Apr/2025:12:27:55 +0530] "GET /wp-content/plugins/powerpack-lite-for-elementor/assets/lib/chartjs/chart.umd.min.js?ver=2.9.1 HTTP/2" 404 22179 "https://ekakshhomecare.myycard.in/index.php/toilet-cleaner/?elementor-preview=348&ver=1744873058" "Mozilla/5.0 (Windows NT 10.0; Win64; x64) AppleWebKit/537.36 (KHTML, like Gecko) Chrome/135.0.0.0 Safari/537.36"
150.107.241.148 - - [17/Apr/2025:12:27:57 +0530] "GET /index.php/wp-json/elementor/v1/globals HTTP/2" 200 664 "https://ekakshhomecare.myycard.in/wp-admin/post.php?post=348&action=elementor" "Mozilla/5.0 (Windows NT 10.0; Win64; x64) AppleWebKit/537.36 (KHTML, like Gecko) Chrome/135.0.0.0 Safari/537.36"
150.107.241.148 - - [17/Apr/2025:12:27:59 +0530] "GET /index.php/wp-json/elementor/v1/checklist/user-progress HTTP/2" 200 194 "https://ekakshhomecare.myycard.in/wp-admin/post.php?post=348&action=elementor" "Mozilla/5.0 (Windows NT 10.0; Win64; x64) AppleWebKit/537.36 (KHTML, like Gecko) Chrome/135.0.0.0 Safari/537.36"
150.107.241.148 - - [17/Apr/2025:12:28:00 +0530] "POST /wp-admin/admin-ajax.php HTTP/2" 200 96 "https://ekakshhomecare.myycard.in/wp-admin/post.php?post=348&action=elementor" "Mozilla/5.0 (Windows NT 10.0; Win64; x64) AppleWebKit/537.36 (KHTML, like Gecko) Chrome/135.0.0.0 Safari/537.36"
150.107.241.148 - - [17/Apr/2025:12:28:00 +0530] "GET /index.php/wp-json/elementor/v1/checklist/user-progress HTTP/2" 200 194 "https://ekakshhomecare.myycard.in/wp-admin/post.php?post=348&action=elementor" "Mozilla/5.0 (Windows NT 10.0; Win64; x64) AppleWebKit/537.36 (KHTML, like Gecko) Chrome/135.0.0.0 Safari/537.36"
150.107.241.148 - - [17/Apr/2025:12:28:03 +0530] "GET /wp-content/uploads/2025/04/20250110_174557-1024x1024.png HTTP/2" 200 397804 "https://ekakshhomecare.myycard.in/index.php/toilet-cleaner/?elementor-preview=348&ver=1744873058" "Mozilla/5.0 (Windows NT 10.0; Win64; x64) AppleWebKit/537.36 (KHTML, like Gecko) Chrome/135.0.0.0 Safari/537.36"
150.107.241.148 - - [17/Apr/2025:12:28:04 +0530] "POST /wp-admin/admin-ajax.php HTTP/2" 200 228 "https://ekakshhomecare.myycard.in/wp-admin/post.php?post=348&action=elementor" "Mozilla/5.0 (Windows NT 10.0; Win64; x64) AppleWebKit/537.36 (KHTML, like Gecko) Chrome/135.0.0.0 Safari/537.36"
150.107.241.148 - - [17/Apr/2025:12:28:05 +0530] "POST /wp-admin/admin-ajax.php HTTP/2" 200 112 "https://ekakshhomecare.myycard.in/wp-admin/post.php?post=348&action=elementor" "Mozilla/5.0 (Windows NT 10.0; Win64; x64) AppleWebKit/537.36 (KHTML, like Gecko) Chrome/135.0.0.0 Safari/537.36"
150.107.241.148 - - [17/Apr/2025:12:28:05 +0530] "POST /wp-admin/admin-ajax.php HTTP/2" 200 96 "https://ekakshhomecare.myycard.in/wp-admin/post.php?post=9&action=elementor" "Mozilla/5.0 (Windows NT 10.0; Win64; x64) AppleWebKit/537.36 (KHTML, like Gecko) Chrome/135.0.0.0 Safari/537.36"
150.107.241.148 - - [17/Apr/2025:12:28:13 +0530] "GET /index.php/wp-json/elementor/v1/checklist/user-progress HTTP/2" 200 194 "https://ekakshhomecare.myycard.in/wp-admin/post.php?post=348&action=elementor" "Mozilla/5.0 (Windows NT 10.0; Win64; x64) AppleWebKit/537.36 (KHTML, like Gecko) Chrome/135.0.0.0 Safari/537.36"
150.107.241.148 - - [17/Apr/2025:12:28:15 +0530] "POST /wp-admin/admin-ajax.php HTTP/2" 200 96 "https://ekakshhomecare.myycard.in/wp-admin/post.php?post=348&action=elementor" "Mozilla/5.0 (Windows NT 10.0; Win64; x64) AppleWebKit/537.36 (KHTML, like Gecko) Chrome/135.0.0.0 Safari/537.36"
150.107.241.148 - - [17/Apr/2025:12:28:16 +0530] "POST /wp-admin/admin-ajax.php HTTP/2" 200 630 "https://ekakshhomecare.myycard.in/wp-admin/post.php?post=348&action=elementor" "Mozilla/5.0 (Windows NT 10.0; Win64; x64) AppleWebKit/537.36 (KHTML, like Gecko) Chrome/135.0.0.0 Safari/537.36"
150.107.241.148 - - [17/Apr/2025:12:28:16 +0530] "POST /wp-admin/admin-ajax.php HTTP/2" 200 7341 "https://ekakshhomecare.myycard.in/wp-admin/post.php?post=348&action=elementor" "Mozilla/5.0 (Windows NT 10.0; Win64; x64) AppleWebKit/537.36 (KHTML, like Gecko) Chrome/135.0.0.0 Safari/537.36"
150.107.241.148 - - [17/Apr/2025:12:28:16 +0530] "POST /wp-admin/admin-ajax.php HTTP/2" 200 7089 "https://ekakshhomecare.myycard.in/wp-admin/post.php?post=348&action=elementor" "Mozilla/5.0 (Windows NT 10.0; Win64; x64) AppleWebKit/537.36 (KHTML, like Gecko) Chrome/135.0.0.0 Safari/537.36"
150.107.241.148 - - [17/Apr/2025:12:28:17 +0530] "POST /wp-admin/admin-ajax.php HTTP/2" 200 630 "https://ekakshhomecare.myycard.in/wp-admin/post.php?post=348&action=elementor" "Mozilla/5.0 (Windows NT 10.0; Win64; x64) AppleWebKit/537.36 (KHTML, like Gecko) Chrome/135.0.0.0 Safari/537.36"
150.107.241.148 - - [17/Apr/2025:12:28:17 +0530] "GET /index.php/wp-json/elementor/v1/checklist/user-progress HTTP/2" 200 194 "https://ekakshhomecare.myycard.in/wp-admin/post.php?post=348&action=elementor" "Mozilla/5.0 (Windows NT 10.0; Win64; x64) AppleWebKit/537.36 (KHTML, like Gecko) Chrome/135.0.0.0 Safari/537.36"
150.107.241.148 - - [17/Apr/2025:12:28:18 +0530] "GET /index.php/wp-json/elementor/v1/checklist/user-progress HTTP/2" 200 194 "https://ekakshhomecare.myycard.in/wp-admin/post.php?post=348&action=elementor" "Mozilla/5.0 (Windows NT 10.0; Win64; x64) AppleWebKit/537.36 (KHTML, like Gecko) Chrome/135.0.0.0 Safari/537.36"
150.107.241.148 - - [17/Apr/2025:12:28:19 +0530] "POST /wp-admin/admin-ajax.php HTTP/2" 200 569 "https://ekakshhomecare.myycard.in/wp-admin/post.php?post=348&action=elementor" "Mozilla/5.0 (Windows NT 10.0; Win64; x64) AppleWebKit/537.36 (KHTML, like Gecko) Chrome/135.0.0.0 Safari/537.36"
150.107.241.148 - - [17/Apr/2025:12:28:19 +0530] "GET /index.php/wp-json/elementor/v1/checklist/user-progress HTTP/2" 200 194 "https://ekakshhomecare.myycard.in/wp-admin/post.php?post=348&action=elementor" "Mozilla/5.0 (Windows NT 10.0; Win64; x64) AppleWebKit/537.36 (KHTML, like Gecko) Chrome/135.0.0.0 Safari/537.36"
150.107.241.148 - - [17/Apr/2025:12:28:19 +0530] "POST /wp-admin/admin-ajax.php HTTP/2" 200 425 "https://ekakshhomecare.myycard.in/wp-admin/post.php?post=348&action=elementor" "Mozilla/5.0 (Windows NT 10.0; Win64; x64) AppleWebKit/537.36 (KHTML, like Gecko) Chrome/135.0.0.0 Safari/537.36"
150.107.241.148 - - [17/Apr/2025:12:28:19 +0530] "GET /index.php/toilet-cleaner/ HTTP/2" 200 24018 "https://ekakshhomecare.myycard.in/index.php/detergent-liquid/" "Mozilla/5.0 (Windows NT 10.0; Win64; x64) AppleWebKit/537.36 (KHTML, like Gecko) Chrome/135.0.0.0 Safari/537.36"
150.107.241.148 - - [17/Apr/2025:12:28:20 +0530] "GET /wp-content/uploads/elementor/css/post-348.css?ver=1744873100 HTTP/2" 200 678 "https://ekakshhomecare.myycard.in/index.php/toilet-cleaner/" "Mozilla/5.0 (Windows NT 10.0; Win64; x64) AppleWebKit/537.36 (KHTML, like Gecko) Chrome/135.0.0.0 Safari/537.36"
150.107.241.148 - - [17/Apr/2025:12:28:24 +0530] "GET /index.php/floor-cleaners/ HTTP/2" 200 24013 "https://ekakshhomecare.myycard.in/index.php/toilet-cleaner/" "Mozilla/5.0 (Windows NT 10.0; Win64; x64) AppleWebKit/537.36 (KHTML, like Gecko) Chrome/135.0.0.0 Safari/537.36"
150.107.241.148 - - [17/Apr/2025:12:28:24 +0530] "GET /wp-content/uploads/elementor/css/post-350.css?ver=1744801622 HTTP/2" 200 622 "https://ekakshhomecare.myycard.in/index.php/floor-cleaners/" "Mozilla/5.0 (Windows NT 10.0; Win64; x64) AppleWebKit/537.36 (KHTML, like Gecko) Chrome/135.0.0.0 Safari/537.36"
150.107.241.148 - - [17/Apr/2025:12:28:24 +0530] "GET /wp-content/uploads/2025/04/20250120_195524-1024x1024.png HTTP/2" 200 579305 "https://ekakshhomecare.myycard.in/index.php/floor-cleaners/" "Mozilla/5.0 (Windows NT 10.0; Win64; x64) AppleWebKit/537.36 (KHTML, like Gecko) Chrome/135.0.0.0 Safari/537.36"
150.107.241.148 - - [17/Apr/2025:12:28:24 +0530] "GET /wp-content/uploads/2025/04/20250205_162439-1024x1024.png HTTP/2" 200 770862 "https://ekakshhomecare.myycard.in/index.php/floor-cleaners/" "Mozilla/5.0 (Windows NT 10.0; Win64; x64) AppleWebKit/537.36 (KHTML, like Gecko) Chrome/135.0.0.0 Safari/537.36"
150.107.241.148 - - [17/Apr/2025:12:28:24 +0530] "GET /wp-content/uploads/2025/04/20250205_162456-1024x1024.png HTTP/2" 200 772824 "https://ekakshhomecare.myycard.in/index.php/floor-cleaners/" "Mozilla/5.0 (Windows NT 10.0; Win64; x64) AppleWebKit/537.36 (KHTML, like Gecko) Chrome/135.0.0.0 Safari/537.36"
150.107.241.148 - - [17/Apr/2025:12:28:24 +0530] "GET /wp-content/uploads/2025/04/20250205_162529-1024x1024.png HTTP/2" 200 790119 "https://ekakshhomecare.myycard.in/index.php/floor-cleaners/" "Mozilla/5.0 (Windows NT 10.0; Win64; x64) AppleWebKit/537.36 (KHTML, like Gecko) Chrome/135.0.0.0 Safari/537.36"
150.107.241.148 - - [17/Apr/2025:12:28:24 +0530] "GET /wp-content/uploads/2025/04/20250205_162537-1024x1024.png HTTP/2" 200 779243 "https://ekakshhomecare.myycard.in/index.php/floor-cleaners/" "Mozilla/5.0 (Windows NT 10.0; Win64; x64) AppleWebKit/537.36 (KHTML, like Gecko) Chrome/135.0.0.0 Safari/537.36"
103.212.120.166 - - [17/Apr/2025:12:28:30 +0530] "POST /wp-cron.php?doing_wp_cron=1744873110.6980888843536376953125 HTTP/1.1" 403 1242 "-" "WordPress/6.7.2; https://ekakshhomecare.myycard.in"
150.107.241.148 - - [17/Apr/2025:12:28:30 +0530] "GET /wp-admin/post.php?post=350&action=edit HTTP/2" 200 85203 "https://ekakshhomecare.myycard.in/index.php/floor-cleaners/" "Mozilla/5.0 (Windows NT 10.0; Win64; x64) AppleWebKit/537.36 (KHTML, like Gecko) Chrome/135.0.0.0 Safari/537.36"
150.107.241.148 - - [17/Apr/2025:12:28:33 +0530] "GET /wp-admin/post.php?post=350&action=elementor HTTP/2" 200 281425 "https://ekakshhomecare.myycard.in/index.php/floor-cleaners/" "Mozilla/5.0 (Windows NT 10.0; Win64; x64) AppleWebKit/537.36 (KHTML, like Gecko) Chrome/135.0.0.0 Safari/537.36"
150.107.241.148 - - [17/Apr/2025:12:28:36 +0530] "GET /index.php/wp-json/elementor/v1/global-widget/templates HTTP/2" 200 22 "https://ekakshhomecare.myycard.in/wp-admin/post.php?post=350&action=elementor" "Mozilla/5.0 (Windows NT 10.0; Win64; x64) AppleWebKit/537.36 (KHTML, like Gecko) Chrome/135.0.0.0 Safari/537.36"
150.107.241.148 - - [17/Apr/2025:12:28:36 +0530] "GET /index.php/floor-cleaners/?elementor-preview=350&ver=1744873114 HTTP/2" 200 19659 "https://ekakshhomecare.myycard.in/wp-admin/post.php?post=350&action=elementor" "Mozilla/5.0 (Windows NT 10.0; Win64; x64) AppleWebKit/537.36 (KHTML, like Gecko) Chrome/135.0.0.0 Safari/537.36"
150.107.241.148 - - [17/Apr/2025:12:28:36 +0530] "POST /wp-admin/admin-ajax.php HTTP/2" 200 96 "https://ekakshhomecare.myycard.in/wp-admin/post.php?post=350&action=elementor" "Mozilla/5.0 (Windows NT 10.0; Win64; x64) AppleWebKit/537.36 (KHTML, like Gecko) Chrome/135.0.0.0 Safari/537.36"
150.107.241.148 - - [17/Apr/2025:12:28:36 +0530] "GET /index.php/wp-json/elementor/v1/site-navigation/recent-posts?posts_per_page=6&_locale=user HTTP/2" 200 322 "https://ekakshhomecare.myycard.in/wp-admin/post.php?post=350&action=elementor" "Mozilla/5.0 (Windows NT 10.0; Win64; x64) AppleWebKit/537.36 (KHTML, like Gecko) Chrome/135.0.0.0 Safari/537.36"
150.107.241.148 - - [17/Apr/2025:12:28:36 +0530] "GET /index.php/wp-json/elementor/v1/checklist/user-progress HTTP/2" 200 194 "https://ekakshhomecare.myycard.in/wp-admin/post.php?post=350&action=elementor" "Mozilla/5.0 (Windows NT 10.0; Win64; x64) AppleWebKit/537.36 (KHTML, like Gecko) Chrome/135.0.0.0 Safari/537.36"
150.107.241.148 - - [17/Apr/2025:12:28:36 +0530] "GET /index.php/wp-json/elementor/v1/kit-elements-defaults HTTP/2" 200 22 "https://ekakshhomecare.myycard.in/wp-admin/post.php?post=350&action=elementor" "Mozilla/5.0 (Windows NT 10.0; Win64; x64) AppleWebKit/537.36 (KHTML, like Gecko) Chrome/135.0.0.0 Safari/537.36"
