150.107.241.148 - - [17/Apr/2025:12:38:35 +0530] "GET /index.php/wp-json/elementor/v1/checklist/user-progress HTTP/3" 200 194 "https://ekakshhomecare.myycard.in/wp-admin//post.php?post=8&action=elementor" "Mozilla/5.0 (Windows NT 10.0; Win64; x64) AppleWebKit/537.36 (KHTML, like Gecko) Chrome/135.0.0.0 Safari/537.36"
150.107.241.148 - - [17/Apr/2025:12:38:35 +0530] "GET /wp-content/plugins/elementor/assets/images/information.svg HTTP/3" 200 2528 "https://ekakshhomecare.myycard.in/wp-admin//post.php?post=8&action=elementor" "Mozilla/5.0 (Windows NT 10.0; Win64; x64) AppleWebKit/537.36 (KHTML, like Gecko) Chrome/135.0.0.0 Safari/537.36"
150.107.241.148 - - [17/Apr/2025:12:38:36 +0530] "POST /wp-admin/admin-ajax.php HTTP/3" 200 112 "https://ekakshhomecare.myycard.in/wp-admin//post.php?post=8&action=elementor" "Mozilla/5.0 (Windows NT 10.0; Win64; x64) AppleWebKit/537.36 (KHTML, like Gecko) Chrome/135.0.0.0 Safari/537.36"
150.107.241.148 - - [17/Apr/2025:12:38:43 +0530] "POST /wp-admin/admin-ajax.php HTTP/3" 200 96 "https://ekakshhomecare.myycard.in/wp-admin/post.php?post=9&action=elementor" "Mozilla/5.0 (Windows NT 10.0; Win64; x64) AppleWebKit/537.36 (KHTML, like Gecko) Chrome/135.0.0.0 Safari/537.36"
103.212.120.166 - - [17/Apr/2025:12:39:02 +0530] "POST /wp-cron.php?doing_wp_cron=1744873742.1298420429229736328125 HTTP/1.1" 403 1242 "-" "WordPress/6.7.2; https://ekakshhomecare.myycard.in"
150.107.241.148 - - [17/Apr/2025:12:39:02 +0530] "POST /wp-admin/admin-ajax.php HTTP/3" 200 96 "https://ekakshhomecare.myycard.in/wp-admin//post.php?post=8&action=elementor" "Mozilla/5.0 (Windows NT 10.0; Win64; x64) AppleWebKit/537.36 (KHTML, like Gecko) Chrome/135.0.0.0 Safari/537.36"
103.212.120.166 - - [17/Apr/2025:12:39:02 +0530] "POST /wp-cron.php?doing_wp_cron=1744873742.1420619487762451171875 HTTP/1.1" 403 1242 "-" "WordPress/6.7.2; https://ekakshhomecare.myycard.in"
150.107.241.148 - - [17/Apr/2025:12:39:02 +0530] "GET /index.php/wp-json/elementor/v1/checklist/user-progress HTTP/3" 200 194 "https://ekakshhomecare.myycard.in/wp-admin//post.php?post=8&action=elementor" "Mozilla/5.0 (Windows NT 10.0; Win64; x64) AppleWebKit/537.36 (KHTML, like Gecko) Chrome/135.0.0.0 Safari/537.36"
150.107.241.148 - - [17/Apr/2025:12:39:03 +0530] "POST /wp-admin/admin-ajax.php HTTP/3" 200 96 "https://ekakshhomecare.myycard.in/wp-admin/post.php?post=9&action=elementor" "Mozilla/5.0 (Windows NT 10.0; Win64; x64) AppleWebKit/537.36 (KHTML, like Gecko) Chrome/135.0.0.0 Safari/537.36"
150.107.241.148 - - [17/Apr/2025:12:39:03 +0530] "GET /index.php/wp-json/elementor/v1/checklist/user-progress HTTP/3" 200 194 "https://ekakshhomecare.myycard.in/wp-admin/post.php?post=9&action=elementor" "Mozilla/5.0 (Windows NT 10.0; Win64; x64) AppleWebKit/537.36 (KHTML, like Gecko) Chrome/135.0.0.0 Safari/537.36"
150.107.241.148 - - [17/Apr/2025:12:39:04 +0530] "GET /index.php/wp-json/elementor/v1/checklist/user-progress HTTP/3" 200 194 "https://ekakshhomecare.myycard.in/wp-admin//post.php?post=8&action=elementor" "Mozilla/5.0 (Windows NT 10.0; Win64; x64) AppleWebKit/537.36 (KHTML, like Gecko) Chrome/135.0.0.0 Safari/537.36"
150.107.241.148 - - [17/Apr/2025:12:39:05 +0530] "GET / HTTP/3" 200 25403 "https://ekakshhomecare.myycard.in/wp-admin/nav-menus.php" "Mozilla/5.0 (Windows NT 10.0; Win64; x64) AppleWebKit/537.36 (KHTML, like Gecko) Chrome/135.0.0.0 Safari/537.36"
150.107.241.148 - - [17/Apr/2025:12:39:09 +0530] "GET /index.php/about-us/ HTTP/3" 200 23586 "https://ekakshhomecare.myycard.in/" "Mozilla/5.0 (Windows NT 10.0; Win64; x64) AppleWebKit/537.36 (KHTML, like Gecko) Chrome/135.0.0.0 Safari/537.36"
150.107.241.148 - - [17/Apr/2025:12:39:10 +0530] "GET /wp-content/uploads/elementor/css/post-12.css?ver=1744806641 HTTP/3" 200 1171 "https://ekakshhomecare.myycard.in/index.php/about-us/" "Mozilla/5.0 (Windows NT 10.0; Win64; x64) AppleWebKit/537.36 (KHTML, like Gecko) Chrome/135.0.0.0 Safari/537.36"
150.107.241.148 - - [17/Apr/2025:12:39:12 +0530] "GET /wp-admin/post.php?post=12&action=edit HTTP/3" 200 0 "https://ekakshhomecare.myycard.in/index.php/about-us/" "Mozilla/5.0 (Windows NT 10.0; Win64; x64) AppleWebKit/537.36 (KHTML, like Gecko) Chrome/135.0.0.0 Safari/537.36"
150.107.241.148 - - [17/Apr/2025:12:39:12 +0530] "GET /wp-admin/post.php?post=12&action=elementor HTTP/3" 200 278687 "https://ekakshhomecare.myycard.in/index.php/about-us/" "Mozilla/5.0 (Windows NT 10.0; Win64; x64) AppleWebKit/537.36 (KHTML, like Gecko) Chrome/135.0.0.0 Safari/537.36"
150.107.241.148 - - [17/Apr/2025:12:39:14 +0530] "GET /index.php/wp-json/elementor/v1/global-widget/templates HTTP/3" 200 22 "https://ekakshhomecare.myycard.in/wp-admin/post.php?post=12&action=elementor" "Mozilla/5.0 (Windows NT 10.0; Win64; x64) AppleWebKit/537.36 (KHTML, like Gecko) Chrome/135.0.0.0 Safari/537.36"
150.107.241.148 - - [17/Apr/2025:12:39:14 +0530] "GET /index.php/about-us/?elementor-preview=12&ver=1744873753 HTTP/3" 200 19736 "https://ekakshhomecare.myycard.in/wp-admin/post.php?post=12&action=elementor" "Mozilla/5.0 (Windows NT 10.0; Win64; x64) AppleWebKit/537.36 (KHTML, like Gecko) Chrome/135.0.0.0 Safari/537.36"
150.107.241.148 - - [17/Apr/2025:12:39:15 +0530] "POST /wp-admin/admin-ajax.php HTTP/3" 200 96 "https://ekakshhomecare.myycard.in/wp-admin/post.php?post=12&action=elementor" "Mozilla/5.0 (Windows NT 10.0; Win64; x64) AppleWebKit/537.36 (KHTML, like Gecko) Chrome/135.0.0.0 Safari/537.36"
150.107.241.148 - - [17/Apr/2025:12:39:15 +0530] "GET /index.php/wp-json/elementor/v1/site-navigation/recent-posts?posts_per_page=6&_locale=user HTTP/3" 200 305 "https://ekakshhomecare.myycard.in/wp-admin/post.php?post=12&action=elementor" "Mozilla/5.0 (Windows NT 10.0; Win64; x64) AppleWebKit/537.36 (KHTML, like Gecko) Chrome/135.0.0.0 Safari/537.36"
150.107.241.148 - - [17/Apr/2025:12:39:15 +0530] "GET /index.php/wp-json/elementor/v1/checklist/user-progress HTTP/3" 200 194 "https://ekakshhomecare.myycard.in/wp-admin/post.php?post=12&action=elementor" "Mozilla/5.0 (Windows NT 10.0; Win64; x64) AppleWebKit/537.36 (KHTML, like Gecko) Chrome/135.0.0.0 Safari/537.36"
150.107.241.148 - - [17/Apr/2025:12:39:15 +0530] "GET /index.php/wp-json/elementor/v1/kit-elements-defaults HTTP/3" 200 22 "https://ekakshhomecare.myycard.in/wp-admin/post.php?post=12&action=elementor" "Mozilla/5.0 (Windows NT 10.0; Win64; x64) AppleWebKit/537.36 (KHTML, like Gecko) Chrome/135.0.0.0 Safari/537.36"
150.107.241.148 - - [17/Apr/2025:12:39:16 +0530] "POST /wp-admin/admin-ajax.php HTTP/3" 200 1576747 "https://ekakshhomecare.myycard.in/wp-admin/post.php?post=12&action=elementor" "Mozilla/5.0 (Windows NT 10.0; Win64; x64) AppleWebKit/537.36 (KHTML, like Gecko) Chrome/135.0.0.0 Safari/537.36"
150.107.241.148 - - [17/Apr/2025:12:39:19 +0530] "POST /wp-admin/admin-ajax.php HTTP/3" 200 96 "https://ekakshhomecare.myycard.in/wp-admin/post.php?post=9&action=elementor" "Mozilla/5.0 (Windows NT 10.0; Win64; x64) AppleWebKit/537.36 (KHTML, like Gecko) Chrome/135.0.0.0 Safari/537.36"
150.107.241.148 - - [17/Apr/2025:12:39:20 +0530] "GET /wp-content/plugins/powerpack-lite-for-elementor/assets/lib/chartjs/chart.umd.min.js?ver=2.9.1 HTTP/3" 404 22294 "https://ekakshhomecare.myycard.in/index.php/about-us/?elementor-preview=12&ver=1744873753" "Mozilla/5.0 (Windows NT 10.0; Win64; x64) AppleWebKit/537.36 (KHTML, like Gecko) Chrome/135.0.0.0 Safari/537.36"
150.107.241.148 - - [17/Apr/2025:12:39:21 +0530] "GET /index.php/wp-json/elementor/v1/globals HTTP/3" 200 664 "https://ekakshhomecare.myycard.in/wp-admin/post.php?post=12&action=elementor" "Mozilla/5.0 (Windows NT 10.0; Win64; x64) AppleWebKit/537.36 (KHTML, like Gecko) Chrome/135.0.0.0 Safari/537.36"
150.107.241.148 - - [17/Apr/2025:12:39:22 +0530] "GET /index.php/wp-json/elementor/v1/checklist/user-progress HTTP/3" 200 194 "https://ekakshhomecare.myycard.in/wp-admin/post.php?post=12&action=elementor" "Mozilla/5.0 (Windows NT 10.0; Win64; x64) AppleWebKit/537.36 (KHTML, like Gecko) Chrome/135.0.0.0 Safari/537.36"
150.107.241.148 - - [17/Apr/2025:12:39:25 +0530] "POST /wp-admin/admin-ajax.php HTTP/3" 200 229 "https://ekakshhomecare.myycard.in/wp-admin/post.php?post=12&action=elementor" "Mozilla/5.0 (Windows NT 10.0; Win64; x64) AppleWebKit/537.36 (KHTML, like Gecko) Chrome/135.0.0.0 Safari/537.36"
150.107.241.148 - - [17/Apr/2025:12:39:25 +0530] "POST /wp-admin/admin-ajax.php HTTP/3" 200 112 "https://ekakshhomecare.myycard.in/wp-admin/post.php?post=12&action=elementor" "Mozilla/5.0 (Windows NT 10.0; Win64; x64) AppleWebKit/537.36 (KHTML, like Gecko) Chrome/135.0.0.0 Safari/537.36"
150.107.241.148 - - [17/Apr/2025:12:39:30 +0530] "POST /wp-admin/admin-ajax.php HTTP/3" 200 96 "https://ekakshhomecare.myycard.in/wp-admin/post.php?post=12&action=elementor" "Mozilla/5.0 (Windows NT 10.0; Win64; x64) AppleWebKit/537.36 (KHTML, like Gecko) Chrome/135.0.0.0 Safari/537.36"
150.107.241.148 - - [17/Apr/2025:12:39:30 +0530] "GET /index.php/wp-json/elementor/v1/checklist/user-progress HTTP/3" 200 194 "https://ekakshhomecare.myycard.in/wp-admin/post.php?post=12&action=elementor" "Mozilla/5.0 (Windows NT 10.0; Win64; x64) AppleWebKit/537.36 (KHTML, like Gecko) Chrome/135.0.0.0 Safari/537.36"
150.107.241.148 - - [17/Apr/2025:12:39:46 +0530] "POST /wp-admin/admin-ajax.php HTTP/3" 200 96 "https://ekakshhomecare.myycard.in/wp-admin/post.php?post=12&action=elementor" "Mozilla/5.0 (Windows NT 10.0; Win64; x64) AppleWebKit/537.36 (KHTML, like Gecko) Chrome/135.0.0.0 Safari/537.36"
103.212.120.166 - - [17/Apr/2025:12:40:25 +0530] "POST /wp-cron.php?doing_wp_cron=1744873825.1502270698547363281250 HTTP/1.1" 403 1242 "-" "WordPress/6.7.2; https://ekakshhomecare.myycard.in"
103.212.120.166 - - [17/Apr/2025:12:40:25 +0530] "POST /wp-cron.php?doing_wp_cron=1744873825.1538999080657958984375 HTTP/1.1" 403 1242 "-" "WordPress/6.7.2; https://ekakshhomecare.myycard.in"
150.107.241.148 - - [17/Apr/2025:12:40:25 +0530] "POST /wp-admin/admin-ajax.php HTTP/3" 200 96 "https://ekakshhomecare.myycard.in/wp-admin/post.php?post=12&action=elementor" "Mozilla/5.0 (Windows NT 10.0; Win64; x64) AppleWebKit/537.36 (KHTML, like Gecko) Chrome/135.0.0.0 Safari/537.36"
150.107.241.148 - - [17/Apr/2025:12:40:25 +0530] "GET /index.php/wp-json/elementor/v1/checklist/user-progress HTTP/3" 200 194 "https://ekakshhomecare.myycard.in/wp-admin/post.php?post=12&action=elementor" "Mozilla/5.0 (Windows NT 10.0; Win64; x64) AppleWebKit/537.36 (KHTML, like Gecko) Chrome/135.0.0.0 Safari/537.36"
150.107.241.148 - - [17/Apr/2025:12:40:26 +0530] "GET /index.php/wp-json/elementor/v1/checklist/user-progress HTTP/3" 200 194 "https://ekakshhomecare.myycard.in/wp-admin/post.php?post=12&action=elementor" "Mozilla/5.0 (Windows NT 10.0; Win64; x64) AppleWebKit/537.36 (KHTML, like Gecko) Chrome/135.0.0.0 Safari/537.36"
150.107.241.148 - - [17/Apr/2025:12:40:39 +0530] "POST /wp-admin/admin-ajax.php HTTP/3" 200 96 "https://ekakshhomecare.myycard.in/wp-admin/post.php?post=12&action=elementor" "Mozilla/5.0 (Windows NT 10.0; Win64; x64) AppleWebKit/537.36 (KHTML, like Gecko) Chrome/135.0.0.0 Safari/537.36"
150.107.241.148 - - [17/Apr/2025:12:40:54 +0530] "POST /wp-admin/admin-ajax.php HTTP/3" 200 96 "https://ekakshhomecare.myycard.in/wp-admin/post.php?post=12&action=elementor" "Mozilla/5.0 (Windows NT 10.0; Win64; x64) AppleWebKit/537.36 (KHTML, like Gecko) Chrome/135.0.0.0 Safari/537.36"
150.107.241.148 - - [17/Apr/2025:12:41:09 +0530] "POST /wp-admin/admin-ajax.php HTTP/3" 200 96 "https://ekakshhomecare.myycard.in/wp-admin/post.php?post=12&action=elementor" "Mozilla/5.0 (Windows NT 10.0; Win64; x64) AppleWebKit/537.36 (KHTML, like Gecko) Chrome/135.0.0.0 Safari/537.36"
150.107.241.148 - - [17/Apr/2025:12:41:19 +0530] "POST /wp-admin/admin-ajax.php HTTP/3" 200 96 "https://ekakshhomecare.myycard.in/wp-admin/post.php?post=9&action=elementor" "Mozilla/5.0 (Windows NT 10.0; Win64; x64) AppleWebKit/537.36 (KHTML, like Gecko) Chrome/135.0.0.0 Safari/537.36"
150.107.241.148 - - [17/Apr/2025:12:41:24 +0530] "POST /wp-admin/admin-ajax.php HTTP/3" 200 96 "https://ekakshhomecare.myycard.in/wp-admin/post.php?post=12&action=elementor" "Mozilla/5.0 (Windows NT 10.0; Win64; x64) AppleWebKit/537.36 (KHTML, like Gecko) Chrome/135.0.0.0 Safari/537.36"
103.212.120.166 - - [17/Apr/2025:12:41:28 +0530] "POST /wp-cron.php?doing_wp_cron=1744873888.3879480361938476562500 HTTP/1.1" 403 1242 "-" "WordPress/6.7.2; https://ekakshhomecare.myycard.in"
150.107.241.148 - - [17/Apr/2025:12:41:28 +0530] "GET /index.php/wp-json/elementor/v1/checklist/user-progress HTTP/3" 200 194 "https://ekakshhomecare.myycard.in/wp-admin/post.php?post=9&action=elementor" "Mozilla/5.0 (Windows NT 10.0; Win64; x64) AppleWebKit/537.36 (KHTML, like Gecko) Chrome/135.0.0.0 Safari/537.36"
150.107.241.148 - - [17/Apr/2025:12:41:34 +0530] "POST /wp-admin/admin-ajax.php HTTP/3" 200 96 "https://ekakshhomecare.myycard.in/wp-admin/post.php?post=9&action=elementor" "Mozilla/5.0 (Windows NT 10.0; Win64; x64) AppleWebKit/537.36 (KHTML, like Gecko) Chrome/135.0.0.0 Safari/537.36"
150.107.241.148 - - [17/Apr/2025:12:41:38 +0530] "GET /index.php/wp-json/elementor/v1/checklist/user-progress HTTP/3" 200 194 "https://ekakshhomecare.myycard.in/wp-admin/post.php?post=12&action=elementor" "Mozilla/5.0 (Windows NT 10.0; Win64; x64) AppleWebKit/537.36 (KHTML, like Gecko) Chrome/135.0.0.0 Safari/537.36"
150.107.241.148 - - [17/Apr/2025:12:41:40 +0530] "POST /wp-admin/admin-ajax.php HTTP/3" 200 96 "https://ekakshhomecare.myycard.in/wp-admin/post.php?post=12&action=elementor" "Mozilla/5.0 (Windows NT 10.0; Win64; x64) AppleWebKit/537.36 (KHTML, like Gecko) Chrome/135.0.0.0 Safari/537.36"
150.107.241.148 - - [17/Apr/2025:12:41:49 +0530] "GET /wp-admin/ HTTP/3" 200 34979 "-" "Mozilla/5.0 (Windows NT 10.0; Win64; x64) AppleWebKit/537.36 (KHTML, like Gecko) Chrome/135.0.0.0 Safari/537.36"
150.107.241.148 - - [17/Apr/2025:12:41:56 +0530] "POST /wp-admin/admin-ajax.php HTTP/3" 200 96 "https://ekakshhomecare.myycard.in/wp-admin/post.php?post=12&action=elementor" "Mozilla/5.0 (Windows NT 10.0; Win64; x64) AppleWebKit/537.36 (KHTML, like Gecko) Chrome/135.0.0.0 Safari/537.36"
150.107.241.148 - - [17/Apr/2025:12:42:20 +0530] "GET /wp-admin/edit.php?post_type=page HTTP/3" 200 29959 "https://ekakshhomecare.myycard.in/wp-admin/" "Mozilla/5.0 (Windows NT 10.0; Win64; x64) AppleWebKit/537.36 (KHTML, like Gecko) Chrome/135.0.0.0 Safari/537.36"
150.107.241.148 - - [17/Apr/2025:12:42:21 +0530] "POST /wp-admin/admin-ajax.php HTTP/3" 200 67 "https://ekakshhomecare.myycard.in/wp-admin/edit.php?post_type=page" "Mozilla/5.0 (Windows NT 10.0; Win64; x64) AppleWebKit/537.36 (KHTML, like Gecko) Chrome/135.0.0.0 Safari/537.36"
150.107.241.148 - - [17/Apr/2025:12:42:24 +0530] "GET /wp-admin/nav-menus.php HTTP/3" 200 53549 "https://ekakshhomecare.myycard.in/wp-admin/edit.php?post_type=page" "Mozilla/5.0 (Windows NT 10.0; Win64; x64) AppleWebKit/537.36 (KHTML, like Gecko) Chrome/135.0.0.0 Safari/537.36"
150.107.241.148 - - [17/Apr/2025:12:42:24 +0530] "GET /index.php/wp-json/masteraddons/v2/mastermega-content/jltma_content_editor/megamenu/menuitem HTTP/3" 302 20 "https://ekakshhomecare.myycard.in/wp-admin/nav-menus.php" "Mozilla/5.0 (Windows NT 10.0; Win64; x64) AppleWebKit/537.36 (KHTML, like Gecko) Chrome/135.0.0.0 Safari/537.36"
150.107.241.148 - - [17/Apr/2025:12:42:25 +0530] "GET /wp-admin//post.php?post=8&action=elementor HTTP/3" 200 255102 "https://ekakshhomecare.myycard.in/wp-admin/nav-menus.php" "Mozilla/5.0 (Windows NT 10.0; Win64; x64) AppleWebKit/537.36 (KHTML, like Gecko) Chrome/135.0.0.0 Safari/537.36"
150.107.241.148 - - [17/Apr/2025:12:42:26 +0530] "GET /wp-admin/admin-ajax.php?action=jltma_get_megamenu_options HTTP/3" 200 33 "https://ekakshhomecare.myycard.in/wp-admin/nav-menus.php" "Mozilla/5.0 (Windows NT 10.0; Win64; x64) AppleWebKit/537.36 (KHTML, like Gecko) Chrome/135.0.0.0 Safari/537.36"
103.212.120.166 - - [17/Apr/2025:12:42:30 +0530] "POST /wp-cron.php?doing_wp_cron=1744873949.9986340999603271484375 HTTP/1.1" 403 1242 "-" "WordPress/6.7.2; https://ekakshhomecare.myycard.in"
150.107.241.148 - - [17/Apr/2025:12:42:29 +0530] "GET /index.php/wp-json/elementor/v1/global-widget/templates HTTP/3" 200 22 "https://ekakshhomecare.myycard.in/wp-admin//post.php?post=8&action=elementor" "Mozilla/5.0 (Windows NT 10.0; Win64; x64) AppleWebKit/537.36 (KHTML, like Gecko) Chrome/135.0.0.0 Safari/537.36"
103.212.120.166 - - [17/Apr/2025:12:42:30 +0530] "POST /wp-cron.php?doing_wp_cron=1744873950.0304839611053466796875 HTTP/1.1" 403 1242 "-" "WordPress/6.7.2; https://ekakshhomecare.myycard.in"
150.107.241.148 - - [17/Apr/2025:12:42:30 +0530] "POST /wp-admin/admin-ajax.php HTTP/3" 200 96 "https://ekakshhomecare.myycard.in/wp-admin//post.php?post=8&action=elementor" "Mozilla/5.0 (Windows NT 10.0; Win64; x64) AppleWebKit/537.36 (KHTML, like Gecko) Chrome/135.0.0.0 Safari/537.36"
150.107.241.148 - - [17/Apr/2025:12:42:29 +0530] "GET /index.php/mastermega-content/mastermega-content-megamenu-menuitem/?elementor-preview=8&ver=1744873945 HTTP/3" 200 19580 "https://ekakshhomecare.myycard.in/wp-admin//post.php?post=8&action=elementor" "Mozilla/5.0 (Windows NT 10.0; Win64; x64) AppleWebKit/537.36 (KHTML, like Gecko) Chrome/135.0.0.0 Safari/537.36"
150.107.241.148 - - [17/Apr/2025:12:42:30 +0530] "GET /index.php/wp-json/elementor/v1/checklist/user-progress HTTP/3" 200 194 "https://ekakshhomecare.myycard.in/wp-admin//post.php?post=8&action=elementor" "Mozilla/5.0 (Windows NT 10.0; Win64; x64) AppleWebKit/537.36 (KHTML, like Gecko) Chrome/135.0.0.0 Safari/537.36"
150.107.241.148 - - [17/Apr/2025:12:42:30 +0530] "GET /index.php/wp-json/elementor/v1/site-navigation/recent-posts?posts_per_page=6&_locale=user HTTP/3" 200 305 "https://ekakshhomecare.myycard.in/wp-admin//post.php?post=8&action=elementor" "Mozilla/5.0 (Windows NT 10.0; Win64; x64) AppleWebKit/537.36 (KHTML, like Gecko) Chrome/135.0.0.0 Safari/537.36"
150.107.241.148 - - [17/Apr/2025:12:42:30 +0530] "GET /index.php/wp-json/elementor/v1/kit-elements-defaults HTTP/3" 200 22 "https://ekakshhomecare.myycard.in/wp-admin//post.php?post=8&action=elementor" "Mozilla/5.0 (Windows NT 10.0; Win64; x64) AppleWebKit/537.36 (KHTML, like Gecko) Chrome/135.0.0.0 Safari/537.36"
150.107.241.148 - - [17/Apr/2025:12:42:31 +0530] "GET /wp-content/plugins/powerpack-lite-for-elementor/assets/lib/chartjs/chart.umd.min.js?ver=2.9.1 HTTP/3" 404 22305 "https://ekakshhomecare.myycard.in/index.php/mastermega-content/mastermega-content-megamenu-menuitem/?elementor-preview=8&ver=1744873945" "Mozilla/5.0 (Windows NT 10.0; Win64; x64) AppleWebKit/537.36 (KHTML, like Gecko) Chrome/135.0.0.0 Safari/537.36"
150.107.241.148 - - [17/Apr/2025:12:42:31 +0530] "POST /wp-admin/admin-ajax.php HTTP/3" 200 1576747 "https://ekakshhomecare.myycard.in/wp-admin//post.php?post=8&action=elementor" "Mozilla/5.0 (Windows NT 10.0; Win64; x64) AppleWebKit/537.36 (KHTML, like Gecko) Chrome/135.0.0.0 Safari/537.36"
150.107.241.148 - - [17/Apr/2025:12:42:35 +0530] "GET /index.php/wp-json/elementor/v1/globals HTTP/3" 200 664 "https://ekakshhomecare.myycard.in/wp-admin//post.php?post=8&action=elementor" "Mozilla/5.0 (Windows NT 10.0; Win64; x64) AppleWebKit/537.36 (KHTML, like Gecko) Chrome/135.0.0.0 Safari/537.36"
150.107.241.148 - - [17/Apr/2025:12:42:35 +0530] "GET /index.php/wp-json/elementor/v1/checklist/user-progress HTTP/3" 200 194 "https://ekakshhomecare.myycard.in/wp-admin//post.php?post=8&action=elementor" "Mozilla/5.0 (Windows NT 10.0; Win64; x64) AppleWebKit/537.36 (KHTML, like Gecko) Chrome/135.0.0.0 Safari/537.36"
150.107.241.148 - - [17/Apr/2025:12:42:36 +0530] "POST /wp-admin/admin-ajax.php HTTP/3" 200 112 "https://ekakshhomecare.myycard.in/wp-admin//post.php?post=8&action=elementor" "Mozilla/5.0 (Windows NT 10.0; Win64; x64) AppleWebKit/537.36 (KHTML, like Gecko) Chrome/135.0.0.0 Safari/537.36"
150.107.241.148 - - [17/Apr/2025:12:42:41 +0530] "POST /wp-admin/admin-ajax.php HTTP/3" 200 1480 "https://ekakshhomecare.myycard.in/wp-admin/nav-menus.php" "Mozilla/5.0 (Windows NT 10.0; Win64; x64) AppleWebKit/537.36 (KHTML, like Gecko) Chrome/135.0.0.0 Safari/537.36"
150.107.241.148 - - [17/Apr/2025:12:42:45 +0530] "POST /wp-admin/admin-ajax.php HTTP/3" 200 96 "https://ekakshhomecare.myycard.in/wp-admin//post.php?post=8&action=elementor" "Mozilla/5.0 (Windows NT 10.0; Win64; x64) AppleWebKit/537.36 (KHTML, like Gecko) Chrome/135.0.0.0 Safari/537.36"
150.107.241.148 - - [17/Apr/2025:12:42:46 +0530] "POST /wp-admin/nav-menus.php HTTP/3" 200 53850 "https://ekakshhomecare.myycard.in/wp-admin/nav-menus.php" "Mozilla/5.0 (Windows NT 10.0; Win64; x64) AppleWebKit/537.36 (KHTML, like Gecko) Chrome/135.0.0.0 Safari/537.36"
150.107.241.148 - - [17/Apr/2025:12:42:47 +0530] "GET /index.php/wp-json/masteraddons/v2/mastermega-content/jltma_content_editor/megamenu/menuitem HTTP/3" 302 20 "https://ekakshhomecare.myycard.in/wp-admin/nav-menus.php" "Mozilla/5.0 (Windows NT 10.0; Win64; x64) AppleWebKit/537.36 (KHTML, like Gecko) Chrome/135.0.0.0 Safari/537.36"
150.107.241.148 - - [17/Apr/2025:12:42:47 +0530] "GET /wp-admin//post.php?post=8&action=elementor HTTP/3" 200 255102 "https://ekakshhomecare.myycard.in/wp-admin/nav-menus.php" "Mozilla/5.0 (Windows NT 10.0; Win64; x64) AppleWebKit/537.36 (KHTML, like Gecko) Chrome/135.0.0.0 Safari/537.36"
150.107.241.148 - - [17/Apr/2025:12:42:48 +0530] "GET /wp-admin/admin-ajax.php?action=jltma_get_megamenu_options HTTP/3" 200 33 "https://ekakshhomecare.myycard.in/wp-admin/nav-menus.php" "Mozilla/5.0 (Windows NT 10.0; Win64; x64) AppleWebKit/537.36 (KHTML, like Gecko) Chrome/135.0.0.0 Safari/537.36"
150.107.241.148 - - [17/Apr/2025:12:42:52 +0530] "GET / HTTP/3" 200 25446 "https://ekakshhomecare.myycard.in/index.php/detergent-liquid/" "Mozilla/5.0 (Windows NT 10.0; Win64; x64) AppleWebKit/537.36 (KHTML, like Gecko) Chrome/135.0.0.0 Safari/537.36"
150.107.241.148 - - [17/Apr/2025:12:42:54 +0530] "GET /index.php/wp-json/elementor/v1/global-widget/templates HTTP/3" 200 22 "https://ekakshhomecare.myycard.in/wp-admin//post.php?post=8&action=elementor" "Mozilla/5.0 (Windows NT 10.0; Win64; x64) AppleWebKit/537.36 (KHTML, like Gecko) Chrome/135.0.0.0 Safari/537.36"
150.107.241.148 - - [17/Apr/2025:12:42:54 +0530] "GET /index.php/mastermega-content/mastermega-content-megamenu-menuitem/?elementor-preview=8&ver=1744873967 HTTP/3" 200 19608 "https://ekakshhomecare.myycard.in/wp-admin//post.php?post=8&action=elementor" "Mozilla/5.0 (Windows NT 10.0; Win64; x64) AppleWebKit/537.36 (KHTML, like Gecko) Chrome/135.0.0.0 Safari/537.36"
150.107.241.148 - - [17/Apr/2025:12:42:54 +0530] "POST /wp-admin/admin-ajax.php HTTP/3" 200 96 "https://ekakshhomecare.myycard.in/wp-admin//post.php?post=8&action=elementor" "Mozilla/5.0 (Windows NT 10.0; Win64; x64) AppleWebKit/537.36 (KHTML, like Gecko) Chrome/135.0.0.0 Safari/537.36"
150.107.241.148 - - [17/Apr/2025:12:42:55 +0530] "GET /index.php/wp-json/elementor/v1/checklist/user-progress HTTP/3" 200 194 "https://ekakshhomecare.myycard.in/wp-admin//post.php?post=8&action=elementor" "Mozilla/5.0 (Windows NT 10.0; Win64; x64) AppleWebKit/537.36 (KHTML, like Gecko) Chrome/135.0.0.0 Safari/537.36"
150.107.241.148 - - [17/Apr/2025:12:42:55 +0530] "GET /index.php/wp-json/elementor/v1/site-navigation/recent-posts?posts_per_page=6&_locale=user HTTP/3" 200 305 "https://ekakshhomecare.myycard.in/wp-admin//post.php?post=8&action=elementor" "Mozilla/5.0 (Windows NT 10.0; Win64; x64) AppleWebKit/537.36 (KHTML, like Gecko) Chrome/135.0.0.0 Safari/537.36"
150.107.241.148 - - [17/Apr/2025:12:42:56 +0530] "GET /index.php/wp-json/elementor/v1/kit-elements-defaults HTTP/3" 200 22 "https://ekakshhomecare.myycard.in/wp-admin//post.php?post=8&action=elementor" "Mozilla/5.0 (Windows NT 10.0; Win64; x64) AppleWebKit/537.36 (KHTML, like Gecko) Chrome/135.0.0.0 Safari/537.36"
150.107.241.148 - - [17/Apr/2025:12:42:57 +0530] "GET /index.php/wp-json/elementor/v1/checklist/user-progress HTTP/3" 200 194 "https://ekakshhomecare.myycard.in/wp-admin//post.php?post=8&action=elementor" "Mozilla/5.0 (Windows NT 10.0; Win64; x64) AppleWebKit/537.36 (KHTML, like Gecko) Chrome/135.0.0.0 Safari/537.36"
150.107.241.148 - - [17/Apr/2025:12:42:56 +0530] "POST /wp-admin/admin-ajax.php HTTP/3" 200 1576747 "https://ekakshhomecare.myycard.in/wp-admin//post.php?post=8&action=elementor" "Mozilla/5.0 (Windows NT 10.0; Win64; x64) AppleWebKit/537.36 (KHTML, like Gecko) Chrome/135.0.0.0 Safari/537.36"
150.107.241.148 - - [17/Apr/2025:12:42:58 +0530] "GET /wp-content/plugins/powerpack-lite-for-elementor/assets/lib/chartjs/chart.umd.min.js?ver=2.9.1 HTTP/3" 404 22332 "https://ekakshhomecare.myycard.in/index.php/mastermega-content/mastermega-content-megamenu-menuitem/?elementor-preview=8&ver=1744873967" "Mozilla/5.0 (Windows NT 10.0; Win64; x64) AppleWebKit/537.36 (KHTML, like Gecko) Chrome/135.0.0.0 Safari/537.36"
150.107.241.148 - - [17/Apr/2025:12:43:04 +0530] "GET /index.php/wp-json/elementor/v1/globals HTTP/3" 200 664 "https://ekakshhomecare.myycard.in/wp-admin//post.php?post=8&action=elementor" "Mozilla/5.0 (Windows NT 10.0; Win64; x64) AppleWebKit/537.36 (KHTML, like Gecko) Chrome/135.0.0.0 Safari/537.36"
150.107.241.148 - - [17/Apr/2025:12:43:04 +0530] "GET /index.php/wp-json/elementor/v1/checklist/user-progress HTTP/3" 200 194 "https://ekakshhomecare.myycard.in/wp-admin//post.php?post=8&action=elementor" "Mozilla/5.0 (Windows NT 10.0; Win64; x64) AppleWebKit/537.36 (KHTML, like Gecko) Chrome/135.0.0.0 Safari/537.36"
150.107.241.148 - - [17/Apr/2025:12:43:06 +0530] "POST /wp-admin/admin-ajax.php HTTP/3" 200 112 "https://ekakshhomecare.myycard.in/wp-admin//post.php?post=8&action=elementor" "Mozilla/5.0 (Windows NT 10.0; Win64; x64) AppleWebKit/537.36 (KHTML, like Gecko) Chrome/135.0.0.0 Safari/537.36"
150.107.241.148 - - [17/Apr/2025:12:43:13 +0530] "POST /wp-admin/admin-ajax.php HTTP/3" 200 96 "https://ekakshhomecare.myycard.in/wp-admin//post.php?post=8&action=elementor" "Mozilla/5.0 (Windows NT 10.0; Win64; x64) AppleWebKit/537.36 (KHTML, like Gecko) Chrome/135.0.0.0 Safari/537.36"
150.107.241.148 - - [17/Apr/2025:12:43:28 +0530] "POST /wp-admin/admin-ajax.php HTTP/3" 200 96 "https://ekakshhomecare.myycard.in/wp-admin//post.php?post=8&action=elementor" "Mozilla/5.0 (Windows NT 10.0; Win64; x64) AppleWebKit/537.36 (KHTML, like Gecko) Chrome/135.0.0.0 Safari/537.36"
150.107.241.148 - - [17/Apr/2025:12:43:28 +0530] "GET /index.php/wp-json/elementor/v1/checklist/user-progress HTTP/3" 200 194 "https://ekakshhomecare.myycard.in/wp-admin//post.php?post=8&action=elementor" "Mozilla/5.0 (Windows NT 10.0; Win64; x64) AppleWebKit/537.36 (KHTML, like Gecko) Chrome/135.0.0.0 Safari/537.36"
103.212.120.166 - - [17/Apr/2025:12:43:33 +0530] "POST /wp-cron.php?doing_wp_cron=1744874013.3362090587615966796875 HTTP/1.1" 403 1242 "-" "WordPress/6.7.2; https://ekakshhomecare.myycard.in"
150.107.241.148 - - [17/Apr/2025:12:43:33 +0530] "GET / HTTP/3" 200 25429 "https://ekakshhomecare.myycard.in/wp-admin/nav-menus.php" "Mozilla/5.0 (Windows NT 10.0; Win64; x64) AppleWebKit/537.36 (KHTML, like Gecko) Chrome/135.0.0.0 Safari/537.36"
150.107.241.148 - - [17/Apr/2025:12:43:34 +0530] "POST /wp-admin/admin-ajax.php HTTP/3" 200 96 "https://ekakshhomecare.myycard.in/wp-admin/post.php?post=9&action=elementor" "Mozilla/5.0 (Windows NT 10.0; Win64; x64) AppleWebKit/537.36 (KHTML, like Gecko) Chrome/135.0.0.0 Safari/537.36"
150.107.241.148 - - [17/Apr/2025:12:43:36 +0530] "GET /index.php/certifications/ HTTP/3" 200 22482 "https://ekakshhomecare.myycard.in/" "Mozilla/5.0 (Windows NT 10.0; Win64; x64) AppleWebKit/537.36 (KHTML, like Gecko) Chrome/135.0.0.0 Safari/537.36"
150.107.241.148 - - [17/Apr/2025:12:43:39 +0530] "GET /wp-admin/post.php?post=248&action=edit HTTP/3" 200 82854 "https://ekakshhomecare.myycard.in/index.php/certifications/" "Mozilla/5.0 (Windows NT 10.0; Win64; x64) AppleWebKit/537.36 (KHTML, like Gecko) Chrome/135.0.0.0 Safari/537.36"
150.107.241.148 - - [17/Apr/2025:12:43:39 +0530] "POST /wp-admin/admin-ajax.php HTTP/3" 200 96 "https://ekakshhomecare.myycard.in/wp-admin/post.php?post=12&action=elementor" "Mozilla/5.0 (Windows NT 10.0; Win64; x64) AppleWebKit/537.36 (KHTML, like Gecko) Chrome/135.0.0.0 Safari/537.36"
150.107.241.148 - - [17/Apr/2025:12:43:39 +0530] "GET /index.php/wp-json/elementor/v1/checklist/user-progress HTTP/3" 200 194 "https://ekakshhomecare.myycard.in/wp-admin/post.php?post=12&action=elementor" "Mozilla/5.0 (Windows NT 10.0; Win64; x64) AppleWebKit/537.36 (KHTML, like Gecko) Chrome/135.0.0.0 Safari/537.36"
150.107.241.148 - - [17/Apr/2025:12:43:43 +0530] "OPTIONS /index.php/wp-json/wp/v2/settings?_locale=user HTTP/3" 200 1221 "https://ekakshhomecare.myycard.in/wp-admin/post.php?post=248&action=edit" "Mozilla/5.0 (Windows NT 10.0; Win64; x64) AppleWebKit/537.36 (KHTML, like Gecko) Chrome/135.0.0.0 Safari/537.36"
150.107.241.148 - - [17/Apr/2025:12:43:43 +0530] "GET /index.php/wp-json/wp/v2/block-patterns/categories?_locale=user HTTP/3" 200 632 "https://ekakshhomecare.myycard.in/wp-admin/post.php?post=248&action=edit" "Mozilla/5.0 (Windows NT 10.0; Win64; x64) AppleWebKit/537.36 (KHTML, like Gecko) Chrome/135.0.0.0 Safari/537.36"
150.107.241.148 - - [17/Apr/2025:12:43:44 +0530] "GET /index.php/wp-json/wp/v2/templates/lookup?slug=page-certifications&_locale=user HTTP/3" 200 22 "https://ekakshhomecare.myycard.in/wp-admin/post.php?post=248&action=edit" "Mozilla/5.0 (Windows NT 10.0; Win64; x64) AppleWebKit/537.36 (KHTML, like Gecko) Chrome/135.0.0.0 Safari/537.36"
150.107.241.148 - - [17/Apr/2025:12:43:44 +0530] "GET /index.php/wp-json/?_fields=description%2Cgmt_offset%2Chome%2Cname%2Csite_icon%2Csite_icon_url%2Csite_logo%2Ctimezone_string%2Curl&_locale=user HTTP/3" 200 155 "https://ekakshhomecare.myycard.in/wp-admin/post.php?post=248&action=edit" "Mozilla/5.0 (Windows NT 10.0; Win64; x64) AppleWebKit/537.36 (KHTML, like Gecko) Chrome/135.0.0.0 Safari/537.36"
150.107.241.148 - - [17/Apr/2025:12:43:44 +0530] "GET /index.php/wp-json/wp/v2/blocks?context=edit&per_page=100&page=1&_locale=user HTTP/3" 200 22 "https://ekakshhomecare.myycard.in/wp-admin/post.php?post=248&action=edit" "Mozilla/5.0 (Windows NT 10.0; Win64; x64) AppleWebKit/537.36 (KHTML, like Gecko) Chrome/135.0.0.0 Safari/537.36"
150.107.241.148 - - [17/Apr/2025:12:43:44 +0530] "GET /index.php/wp-json/wp/v2/types?context=view&_locale=user HTTP/3" 200 906 "https://ekakshhomecare.myycard.in/wp-admin/post.php?post=248&action=edit" "Mozilla/5.0 (Windows NT 10.0; Win64; x64) AppleWebKit/537.36 (KHTML, like Gecko) Chrome/135.0.0.0 Safari/537.36"
150.107.241.148 - - [17/Apr/2025:12:43:44 +0530] "GET /index.php/wp-json/wp/v2/users?context=view&who=authors&per_page=50&_fields=id%2Cname&_locale=user HTTP/3" 200 54 "https://ekakshhomecare.myycard.in/wp-admin/post.php?post=248&action=edit" "Mozilla/5.0 (Windows NT 10.0; Win64; x64) AppleWebKit/537.36 (KHTML, like Gecko) Chrome/135.0.0.0 Safari/537.36"
150.107.241.148 - - [17/Apr/2025:12:43:44 +0530] "GET /index.php/wp-json/wp/v2/taxonomies?context=edit&per_page=100&_locale=user HTTP/3" 200 1465 "https://ekakshhomecare.myycard.in/wp-admin/post.php?post=248&action=edit" "Mozilla/5.0 (Windows NT 10.0; Win64; x64) AppleWebKit/537.36 (KHTML, like Gecko) Chrome/135.0.0.0 Safari/537.36"
150.107.241.148 - - [17/Apr/2025:12:43:44 +0530] "GET /index.php/wp-json/wp/v2/wp_pattern_category?context=view&per_page=100&_fields=id%2Cname%2Cdescription%2Cslug&_locale=user HTTP/3" 200 22 "https://ekakshhomecare.myycard.in/wp-admin/post.php?post=248&action=edit" "Mozilla/5.0 (Windows NT 10.0; Win64; x64) AppleWebKit/537.36 (KHTML, like Gecko) Chrome/135.0.0.0 Safari/537.36"
150.107.241.148 - - [17/Apr/2025:12:43:45 +0530] "GET /index.php/wp-json/wp/v2/users/1?context=view&_fields=id%2Cname&_locale=user HTTP/3" 200 52 "https://ekakshhomecare.myycard.in/wp-admin/post.php?post=248&action=edit" "Mozilla/5.0 (Windows NT 10.0; Win64; x64) AppleWebKit/537.36 (KHTML, like Gecko) Chrome/135.0.0.0 Safari/537.36"
150.107.241.148 - - [17/Apr/2025:12:43:44 +0530] "GET /index.php/wp-json/wp/v2/block-patterns/patterns?_locale=user HTTP/3" 200 18428 "https://ekakshhomecare.myycard.in/wp-admin/post.php?post=248&action=edit" "Mozilla/5.0 (Windows NT 10.0; Win64; x64) AppleWebKit/537.36 (KHTML, like Gecko) Chrome/135.0.0.0 Safari/537.36"
150.107.241.148 - - [17/Apr/2025:12:43:45 +0530] "POST /wp-admin/admin-ajax.php HTTP/3" 200 21 "https://ekakshhomecare.myycard.in/wp-admin/post.php?post=248&action=edit" "Mozilla/5.0 (Windows NT 10.0; Win64; x64) AppleWebKit/537.36 (KHTML, like Gecko) Chrome/135.0.0.0 Safari/537.36"
150.107.241.148 - - [17/Apr/2025:12:43:45 +0530] "GET /wp-admin/post.php?post=248&action=elementor HTTP/3" 200 256433 "https://ekakshhomecare.myycard.in/wp-admin/post.php?post=248&action=edit" "Mozilla/5.0 (Windows NT 10.0; Win64; x64) AppleWebKit/537.36 (KHTML, like Gecko) Chrome/135.0.0.0 Safari/537.36"
150.107.241.148 - - [17/Apr/2025:12:43:48 +0530] "GET /index.php/wp-json/elementor/v1/global-widget/templates HTTP/3" 200 22 "https://ekakshhomecare.myycard.in/wp-admin/post.php?post=248&action=elementor" "Mozilla/5.0 (Windows NT 10.0; Win64; x64) AppleWebKit/537.36 (KHTML, like Gecko) Chrome/135.0.0.0 Safari/537.36"
150.107.241.148 - - [17/Apr/2025:12:43:48 +0530] "GET /index.php/certifications/?elementor-preview=248&ver=1744874026 HTTP/3" 200 19783 "https://ekakshhomecare.myycard.in/wp-admin/post.php?post=248&action=elementor" "Mozilla/5.0 (Windows NT 10.0; Win64; x64) AppleWebKit/537.36 (KHTML, like Gecko) Chrome/135.0.0.0 Safari/537.36"
150.107.241.148 - - [17/Apr/2025:12:43:48 +0530] "POST /wp-admin/admin-ajax.php HTTP/3" 200 96 "https://ekakshhomecare.myycard.in/wp-admin/post.php?post=248&action=elementor" "Mozilla/5.0 (Windows NT 10.0; Win64; x64) AppleWebKit/537.36 (KHTML, like Gecko) Chrome/135.0.0.0 Safari/537.36"
150.107.241.148 - - [17/Apr/2025:12:43:49 +0530] "GET /index.php/wp-json/elementor/v1/site-navigation/recent-posts?posts_per_page=6&_locale=user HTTP/3" 200 305 "https://ekakshhomecare.myycard.in/wp-admin/post.php?post=248&action=elementor" "Mozilla/5.0 (Windows NT 10.0; Win64; x64) AppleWebKit/537.36 (KHTML, like Gecko) Chrome/135.0.0.0 Safari/537.36"
150.107.241.148 - - [17/Apr/2025:12:43:49 +0530] "GET /index.php/wp-json/elementor/v1/checklist/user-progress HTTP/3" 200 194 "https://ekakshhomecare.myycard.in/wp-admin/post.php?post=248&action=elementor" "Mozilla/5.0 (Windows NT 10.0; Win64; x64) AppleWebKit/537.36 (KHTML, like Gecko) Chrome/135.0.0.0 Safari/537.36"
150.107.241.148 - - [17/Apr/2025:12:43:49 +0530] "GET /index.php/wp-json/elementor/v1/kit-elements-defaults HTTP/3" 200 22 "https://ekakshhomecare.myycard.in/wp-admin/post.php?post=248&action=elementor" "Mozilla/5.0 (Windows NT 10.0; Win64; x64) AppleWebKit/537.36 (KHTML, like Gecko) Chrome/135.0.0.0 Safari/537.36"
150.107.241.148 - - [17/Apr/2025:12:43:49 +0530] "POST /wp-admin/admin-ajax.php HTTP/3" 200 1576747 "https://ekakshhomecare.myycard.in/wp-admin/post.php?post=248&action=elementor" "Mozilla/5.0 (Windows NT 10.0; Win64; x64) AppleWebKit/537.36 (KHTML, like Gecko) Chrome/135.0.0.0 Safari/537.36"
150.107.241.148 - - [17/Apr/2025:12:43:55 +0530] "POST /wp-admin/admin-ajax.php HTTP/3" 200 96 "https://ekakshhomecare.myycard.in/wp-admin/post.php?post=12&action=elementor" "Mozilla/5.0 (Windows NT 10.0; Win64; x64) AppleWebKit/537.36 (KHTML, like Gecko) Chrome/135.0.0.0 Safari/537.36"
150.107.241.148 - - [17/Apr/2025:12:44:04 +0530] "GET /wp-content/plugins/powerpack-lite-for-elementor/assets/lib/chartjs/chart.umd.min.js?ver=2.9.1 HTTP/3" 404 22324 "https://ekakshhomecare.myycard.in/index.php/certifications/?elementor-preview=248&ver=1744874026" "Mozilla/5.0 (Windows NT 10.0; Win64; x64) AppleWebKit/537.36 (KHTML, like Gecko) Chrome/135.0.0.0 Safari/537.36"
150.107.241.148 - - [17/Apr/2025:12:44:06 +0530] "GET /index.php/wp-json/elementor/v1/globals HTTP/3" 200 664 "https://ekakshhomecare.myycard.in/wp-admin/post.php?post=248&action=elementor" "Mozilla/5.0 (Windows NT 10.0; Win64; x64) AppleWebKit/537.36 (KHTML, like Gecko) Chrome/135.0.0.0 Safari/537.36"
150.107.241.148 - - [17/Apr/2025:12:44:07 +0530] "GET /index.php/wp-json/elementor/v1/checklist/user-progress HTTP/3" 200 194 "https://ekakshhomecare.myycard.in/wp-admin/post.php?post=248&action=elementor" "Mozilla/5.0 (Windows NT 10.0; Win64; x64) AppleWebKit/537.36 (KHTML, like Gecko) Chrome/135.0.0.0 Safari/537.36"
150.107.241.148 - - [17/Apr/2025:12:44:10 +0530] "POST /wp-admin/admin-ajax.php HTTP/3" 200 112 "https://ekakshhomecare.myycard.in/wp-admin/post.php?post=248&action=elementor" "Mozilla/5.0 (Windows NT 10.0; Win64; x64) AppleWebKit/537.36 (KHTML, like Gecko) Chrome/135.0.0.0 Safari/537.36"
103.212.120.166 - - [17/Apr/2025:12:44:47 +0530] "POST /wp-cron.php?doing_wp_cron=1744874087.6254599094390869140625 HTTP/1.1" 403 1242 "-" "WordPress/6.7.2; https://ekakshhomecare.myycard.in"
150.107.241.148 - - [17/Apr/2025:12:44:47 +0530] "GET /index.php/wp-json/elementor/v1/checklist/user-progress HTTP/3" 200 194 "https://ekakshhomecare.myycard.in/wp-admin/post.php?post=248&action=elementor" "Mozilla/5.0 (Windows NT 10.0; Win64; x64) AppleWebKit/537.36 (KHTML, like Gecko) Chrome/135.0.0.0 Safari/537.36"
103.212.120.166 - - [17/Apr/2025:12:44:47 +0530] "POST /wp-cron.php?doing_wp_cron=1744874087.6508169174194335937500 HTTP/1.1" 403 1242 "-" "WordPress/6.7.2; https://ekakshhomecare.myycard.in"
150.107.241.148 - - [17/Apr/2025:12:44:47 +0530] "POST /wp-admin/admin-ajax.php HTTP/3" 200 96 "https://ekakshhomecare.myycard.in/wp-admin/post.php?post=248&action=elementor" "Mozilla/5.0 (Windows NT 10.0; Win64; x64) AppleWebKit/537.36 (KHTML, like Gecko) Chrome/135.0.0.0 Safari/537.36"
150.107.241.148 - - [17/Apr/2025:12:44:49 +0530] "POST /wp-admin/admin-ajax.php HTTP/3" 200 96 "https://ekakshhomecare.myycard.in/wp-admin/post.php?post=12&action=elementor" "Mozilla/5.0 (Windows NT 10.0; Win64; x64) AppleWebKit/537.36 (KHTML, like Gecko) Chrome/135.0.0.0 Safari/537.36"
150.107.241.148 - - [17/Apr/2025:12:44:49 +0530] "GET /index.php/wp-json/elementor/v1/checklist/user-progress HTTP/3" 200 194 "https://ekakshhomecare.myycard.in/wp-admin/post.php?post=12&action=elementor" "Mozilla/5.0 (Windows NT 10.0; Win64; x64) AppleWebKit/537.36 (KHTML, like Gecko) Chrome/135.0.0.0 Safari/537.36"
150.107.241.148 - - [17/Apr/2025:12:44:51 +0530] "GET /index.php/wp-json/elementor/v1/checklist/user-progress HTTP/3" 200 194 "https://ekakshhomecare.myycard.in/wp-admin/post.php?post=248&action=elementor" "Mozilla/5.0 (Windows NT 10.0; Win64; x64) AppleWebKit/537.36 (KHTML, like Gecko) Chrome/135.0.0.0 Safari/537.36"
150.107.241.148 - - [17/Apr/2025:12:44:53 +0530] "GET /index.php/wp-json/elementor/v1/checklist/user-progress HTTP/3" 200 194 "https://ekakshhomecare.myycard.in/wp-admin/post.php?post=248&action=elementor" "Mozilla/5.0 (Windows NT 10.0; Win64; x64) AppleWebKit/537.36 (KHTML, like Gecko) Chrome/135.0.0.0 Safari/537.36"
150.107.241.148 - - [17/Apr/2025:12:44:59 +0530] "GET /index.php/wp-json/elementor/v1/checklist/user-progress HTTP/3" 200 194 "https://ekakshhomecare.myycard.in/wp-admin/post.php?post=248&action=elementor" "Mozilla/5.0 (Windows NT 10.0; Win64; x64) AppleWebKit/537.36 (KHTML, like Gecko) Chrome/135.0.0.0 Safari/537.36"
150.107.241.148 - - [17/Apr/2025:12:45:02 +0530] "POST /wp-admin/admin-ajax.php HTTP/3" 200 96 "https://ekakshhomecare.myycard.in/wp-admin/post.php?post=248&action=elementor" "Mozilla/5.0 (Windows NT 10.0; Win64; x64) AppleWebKit/537.36 (KHTML, like Gecko) Chrome/135.0.0.0 Safari/537.36"
150.107.241.148 - - [17/Apr/2025:12:45:04 +0530] "POST /wp-admin/admin-ajax.php HTTP/3" 200 96 "https://ekakshhomecare.myycard.in/wp-admin/post.php?post=12&action=elementor" "Mozilla/5.0 (Windows NT 10.0; Win64; x64) AppleWebKit/537.36 (KHTML, like Gecko) Chrome/135.0.0.0 Safari/537.36"
150.107.241.148 - - [17/Apr/2025:12:45:17 +0530] "POST /wp-admin/admin-ajax.php HTTP/3" 200 96 "https://ekakshhomecare.myycard.in/wp-admin/post.php?post=248&action=elementor" "Mozilla/5.0 (Windows NT 10.0; Win64; x64) AppleWebKit/537.36 (KHTML, like Gecko) Chrome/135.0.0.0 Safari/537.36"
150.107.241.148 - - [17/Apr/2025:12:45:32 +0530] "POST /wp-admin/admin-ajax.php HTTP/3" 200 96 "https://ekakshhomecare.myycard.in/wp-admin/post.php?post=248&action=elementor" "Mozilla/5.0 (Windows NT 10.0; Win64; x64) AppleWebKit/537.36 (KHTML, like Gecko) Chrome/135.0.0.0 Safari/537.36"
150.107.241.148 - - [17/Apr/2025:12:45:35 +0530] "POST /wp-admin/admin-ajax.php HTTP/3" 200 96 "https://ekakshhomecare.myycard.in/wp-admin/post.php?post=9&action=elementor" "Mozilla/5.0 (Windows NT 10.0; Win64; x64) AppleWebKit/537.36 (KHTML, like Gecko) Chrome/135.0.0.0 Safari/537.36"
150.107.241.148 - - [17/Apr/2025:12:45:47 +0530] "POST /wp-admin/admin-ajax.php HTTP/3" 200 96 "https://ekakshhomecare.myycard.in/wp-admin/post.php?post=248&action=elementor" "Mozilla/5.0 (Windows NT 10.0; Win64; x64) AppleWebKit/537.36 (KHTML, like Gecko) Chrome/135.0.0.0 Safari/537.36"
103.212.120.166 - - [17/Apr/2025:12:46:02 +0530] "POST /wp-cron.php?doing_wp_cron=1744874162.5464129447937011718750 HTTP/1.1" 403 1242 "-" "WordPress/6.7.2; https://ekakshhomecare.myycard.in"
150.107.241.148 - - [17/Apr/2025:12:46:02 +0530] "POST /wp-admin/admin-ajax.php HTTP/3" 200 96 "https://ekakshhomecare.myycard.in/wp-admin/post.php?post=248&action=elementor" "Mozilla/5.0 (Windows NT 10.0; Win64; x64) AppleWebKit/537.36 (KHTML, like Gecko) Chrome/135.0.0.0 Safari/537.36"
150.107.241.148 - - [17/Apr/2025:12:46:02 +0530] "GET /index.php/wp-json/elementor/v1/checklist/user-progress HTTP/3" 200 194 "https://ekakshhomecare.myycard.in/wp-admin/post.php?post=248&action=elementor" "Mozilla/5.0 (Windows NT 10.0; Win64; x64) AppleWebKit/537.36 (KHTML, like Gecko) Chrome/135.0.0.0 Safari/537.36"
150.107.241.148 - - [17/Apr/2025:12:46:03 +0530] "POST /wp-admin/admin-ajax.php HTTP/3" 200 598 "https://ekakshhomecare.myycard.in/wp-admin/post.php?post=248&action=elementor" "Mozilla/5.0 (Windows NT 10.0; Win64; x64) AppleWebKit/537.36 (KHTML, like Gecko) Chrome/135.0.0.0 Safari/537.36"
150.107.241.148 - - [17/Apr/2025:12:46:03 +0530] "GET /index.php/wp-json/elementor/v1/checklist/user-progress HTTP/3" 200 194 "https://ekakshhomecare.myycard.in/wp-admin/post.php?post=248&action=elementor" "Mozilla/5.0 (Windows NT 10.0; Win64; x64) AppleWebKit/537.36 (KHTML, like Gecko) Chrome/135.0.0.0 Safari/537.36"
150.107.241.148 - - [17/Apr/2025:12:46:03 +0530] "POST /wp-admin/admin-ajax.php HTTP/3" 200 404 "https://ekakshhomecare.myycard.in/wp-admin/post.php?post=248&action=elementor" "Mozilla/5.0 (Windows NT 10.0; Win64; x64) AppleWebKit/537.36 (KHTML, like Gecko) Chrome/135.0.0.0 Safari/537.36"
150.107.241.148 - - [17/Apr/2025:12:46:09 +0530] "POST /wp-admin/admin-ajax.php HTTP/3" 200 96 "https://ekakshhomecare.myycard.in/wp-admin/post.php?post=12&action=elementor" "Mozilla/5.0 (Windows NT 10.0; Win64; x64) AppleWebKit/537.36 (KHTML, like Gecko) Chrome/135.0.0.0 Safari/537.36"
150.107.241.148 - - [17/Apr/2025:12:46:09 +0530] "GET /index.php/wp-json/elementor/v1/checklist/user-progress HTTP/3" 200 194 "https://ekakshhomecare.myycard.in/wp-admin/post.php?post=12&action=elementor" "Mozilla/5.0 (Windows NT 10.0; Win64; x64) AppleWebKit/537.36 (KHTML, like Gecko) Chrome/135.0.0.0 Safari/537.36"
150.107.241.148 - - [17/Apr/2025:12:46:15 +0530] "GET /index.php/wp-json/elementor/v1/checklist/user-progress HTTP/3" 200 194 "https://ekakshhomecare.myycard.in/wp-admin/post.php?post=248&action=elementor" "Mozilla/5.0 (Windows NT 10.0; Win64; x64) AppleWebKit/537.36 (KHTML, like Gecko) Chrome/135.0.0.0 Safari/537.36"
150.107.241.148 - - [17/Apr/2025:12:46:17 +0530] "GET /index.php/wp-json/elementor/v1/checklist/user-progress HTTP/3" 200 194 "https://ekakshhomecare.myycard.in/wp-admin/post.php?post=248&action=elementor" "Mozilla/5.0 (Windows NT 10.0; Win64; x64) AppleWebKit/537.36 (KHTML, like Gecko) Chrome/135.0.0.0 Safari/537.36"
150.107.241.148 - - [17/Apr/2025:12:46:17 +0530] "POST /wp-admin/admin-ajax.php HTTP/3" 200 96 "https://ekakshhomecare.myycard.in/wp-admin/post.php?post=248&action=elementor" "Mozilla/5.0 (Windows NT 10.0; Win64; x64) AppleWebKit/537.36 (KHTML, like Gecko) Chrome/135.0.0.0 Safari/537.36"
150.107.241.148 - - [17/Apr/2025:12:46:24 +0530] "POST /wp-admin/admin-ajax.php HTTP/3" 200 96 "https://ekakshhomecare.myycard.in/wp-admin/post.php?post=12&action=elementor" "Mozilla/5.0 (Windows NT 10.0; Win64; x64) AppleWebKit/537.36 (KHTML, like Gecko) Chrome/135.0.0.0 Safari/537.36"
150.107.241.148 - - [17/Apr/2025:12:46:32 +0530] "POST /wp-admin/admin-ajax.php HTTP/3" 200 96 "https://ekakshhomecare.myycard.in/wp-admin/post.php?post=248&action=elementor" "Mozilla/5.0 (Windows NT 10.0; Win64; x64) AppleWebKit/537.36 (KHTML, like Gecko) Chrome/135.0.0.0 Safari/537.36"
103.212.120.166 - - [17/Apr/2025:12:47:36 +0530] "POST /wp-cron.php?doing_wp_cron=1744874256.5247929096221923828125 HTTP/1.1" 403 1242 "-" "WordPress/6.7.2; https://ekakshhomecare.myycard.in"
150.107.241.148 - - [17/Apr/2025:12:47:36 +0530] "POST /wp-admin/admin-ajax.php HTTP/2" 200 96 "https://ekakshhomecare.myycard.in/wp-admin/post.php?post=9&action=elementor" "Mozilla/5.0 (Windows NT 10.0; Win64; x64) AppleWebKit/537.36 (KHTML, like Gecko) Chrome/135.0.0.0 Safari/537.36"
150.107.241.148 - - [17/Apr/2025:12:48:24 +0530] "POST /wp-admin/admin-ajax.php HTTP/2" 200 96 "https://ekakshhomecare.myycard.in/wp-admin/post.php?post=12&action=elementor" "Mozilla/5.0 (Windows NT 10.0; Win64; x64) AppleWebKit/537.36 (KHTML, like Gecko) Chrome/135.0.0.0 Safari/537.36"
150.107.241.148 - - [17/Apr/2025:12:48:27 +0530] "POST /wp-admin/admin-ajax.php HTTP/2" 200 96 "https://ekakshhomecare.myycard.in/wp-admin/post.php?post=248&action=elementor" "Mozilla/5.0 (Windows NT 10.0; Win64; x64) AppleWebKit/537.36 (KHTML, like Gecko) Chrome/135.0.0.0 Safari/537.36"
150.107.241.148 - - [17/Apr/2025:12:48:27 +0530] "GET /index.php/wp-json/elementor/v1/checklist/user-progress HTTP/2" 200 194 "https://ekakshhomecare.myycard.in/wp-admin/post.php?post=248&action=elementor" "Mozilla/5.0 (Windows NT 10.0; Win64; x64) AppleWebKit/537.36 (KHTML, like Gecko) Chrome/135.0.0.0 Safari/537.36"
150.107.241.148 - - [17/Apr/2025:12:48:30 +0530] "POST /wp-admin/admin-ajax.php HTTP/2" 200 206 "https://ekakshhomecare.myycard.in/wp-admin/post.php?post=248&action=elementor" "Mozilla/5.0 (Windows NT 10.0; Win64; x64) AppleWebKit/537.36 (KHTML, like Gecko) Chrome/135.0.0.0 Safari/537.36"
103.212.120.166 - - [17/Apr/2025:12:48:42 +0530] "POST /wp-cron.php?doing_wp_cron=1744874322.8251419067382812500000 HTTP/1.1" 403 1242 "-" "WordPress/6.7.2; https://ekakshhomecare.myycard.in"
150.107.241.148 - - [17/Apr/2025:12:48:42 +0530] "POST /wp-admin/admin-ajax.php HTTP/2" 200 96 "https://ekakshhomecare.myycard.in/wp-admin/post.php?post=248&action=elementor" "Mozilla/5.0 (Windows NT 10.0; Win64; x64) AppleWebKit/537.36 (KHTML, like Gecko) Chrome/135.0.0.0 Safari/537.36"
150.107.241.148 - - [17/Apr/2025:12:48:58 +0530] "POST /wp-admin/admin-ajax.php HTTP/2" 200 96 "https://ekakshhomecare.myycard.in/wp-admin/post.php?post=248&action=elementor" "Mozilla/5.0 (Windows NT 10.0; Win64; x64) AppleWebKit/537.36 (KHTML, like Gecko) Chrome/135.0.0.0 Safari/537.36"
150.107.241.148 - - [17/Apr/2025:12:49:03 +0530] "POST /wp-admin/admin-ajax.php HTTP/2" 200 96 "https://ekakshhomecare.myycard.in/wp-admin/post.php?post=12&action=elementor" "Mozilla/5.0 (Windows NT 10.0; Win64; x64) AppleWebKit/537.36 (KHTML, like Gecko) Chrome/135.0.0.0 Safari/537.36"
150.107.241.148 - - [17/Apr/2025:12:49:03 +0530] "GET /index.php/wp-json/elementor/v1/checklist/user-progress HTTP/2" 200 194 "https://ekakshhomecare.myycard.in/wp-admin/post.php?post=12&action=elementor" "Mozilla/5.0 (Windows NT 10.0; Win64; x64) AppleWebKit/537.36 (KHTML, like Gecko) Chrome/135.0.0.0 Safari/537.36"
150.107.241.148 - - [17/Apr/2025:12:49:09 +0530] "GET /index.php/wp-json/elementor/v1/checklist/user-progress HTTP/2" 200 194 "https://ekakshhomecare.myycard.in/wp-admin/post.php?post=248&action=elementor" "Mozilla/5.0 (Windows NT 10.0; Win64; x64) AppleWebKit/537.36 (KHTML, like Gecko) Chrome/135.0.0.0 Safari/537.36"
150.107.241.148 - - [17/Apr/2025:12:49:13 +0530] "POST /wp-admin/admin-ajax.php HTTP/2" 200 7341 "https://ekakshhomecare.myycard.in/wp-admin/post.php?post=248&action=elementor" "Mozilla/5.0 (Windows NT 10.0; Win64; x64) AppleWebKit/537.36 (KHTML, like Gecko) Chrome/135.0.0.0 Safari/537.36"
150.107.241.148 - - [17/Apr/2025:12:49:13 +0530] "POST /wp-admin/admin-ajax.php HTTP/2" 200 7089 "https://ekakshhomecare.myycard.in/wp-admin/post.php?post=248&action=elementor" "Mozilla/5.0 (Windows NT 10.0; Win64; x64) AppleWebKit/537.36 (KHTML, like Gecko) Chrome/135.0.0.0 Safari/537.36"
150.107.241.148 - - [17/Apr/2025:12:49:13 +0530] "POST /wp-admin/admin-ajax.php HTTP/2" 200 96 "https://ekakshhomecare.myycard.in/wp-admin/post.php?post=248&action=elementor" "Mozilla/5.0 (Windows NT 10.0; Win64; x64) AppleWebKit/537.36 (KHTML, like Gecko) Chrome/135.0.0.0 Safari/537.36"
150.107.241.148 - - [17/Apr/2025:12:49:17 +0530] "POST /wp-admin/async-upload.php HTTP/2" 200 685 "https://ekakshhomecare.myycard.in/wp-admin/post.php?post=248&action=elementor" "Mozilla/5.0 (Windows NT 10.0; Win64; x64) AppleWebKit/537.36 (KHTML, like Gecko) Chrome/135.0.0.0 Safari/537.36"
150.107.241.148 - - [17/Apr/2025:12:49:18 +0530] "GET /wp-content/uploads/2025/04/ISO-9001-2015-_-I706_page-0001-212x300.jpg HTTP/2" 200 21591 "https://ekakshhomecare.myycard.in/wp-admin/post.php?post=248&action=elementor" "Mozilla/5.0 (Windows NT 10.0; Win64; x64) AppleWebKit/537.36 (KHTML, like Gecko) Chrome/135.0.0.0 Safari/537.36"
150.107.241.148 - - [17/Apr/2025:12:49:19 +0530] "POST /wp-admin/admin-ajax.php HTTP/2" 200 96 "https://ekakshhomecare.myycard.in/wp-admin/post.php?post=12&action=elementor" "Mozilla/5.0 (Windows NT 10.0; Win64; x64) AppleWebKit/537.36 (KHTML, like Gecko) Chrome/135.0.0.0 Safari/537.36"
